{"id":8,"date":"2026-01-20T10:44:16","date_gmt":"2026-01-20T13:44:16","guid":{"rendered":"http:\/\/ww16.ce.gov.br\/sspds\/?page_id=8"},"modified":"2026-01-20T10:44:17","modified_gmt":"2026-01-20T13:44:17","slug":"fluxogramas","status":"publish","type":"page","link":"https:\/\/ww16.ce.gov.br\/sspds\/fluxogramas\/","title":{"rendered":"Fluxogramas"},"content":{"rendered":"\n<p><\/p>\n\n\n\n<p class=\"is-style-justified\">Visando \u00e0 formaliza\u00e7\u00e3o das rotinas administrativas, como forma de viabilizar o controle, a organiza\u00e7\u00e3o e a difus\u00e3o do conhecimento sobre as atribui\u00e7\u00f5es dos seus setores, a&nbsp;Secretaria da Seguran\u00e7a P\u00fablica e Defesa Social do Estado do Cear\u00e1 (SSPDS\/CE) publica, por meio de portarias, os fluxogramas de seus principais processos internos, para conhecimento de seu p\u00fablico interno e externo.<\/p>\n\n\n\n<ul class=\"wp-block-list\">\n<li class=\"has-black-color has-text-color has-link-color wp-elements-b1863c7ba2af688b342b62fe3a00a3ea\"><a href=\"https:\/\/www.sspds.ce.gov.br\/wp-content\/uploads\/sites\/24\/2020\/08\/Portaria-n%C2%BA-9152016-%E2%80%93-GS-DOE-149-de-08.08.2016-Fluxogramas.pdf\"><strong>Portaria n\u00ba 915\/2016 \u2013 GS \u2013 DOE 149, 08.08.2016<\/strong><\/a><\/li>\n<\/ul>\n\n\n\n<p class=\"is-style-justified\"><a href=\"https:\/\/www.sspds.ce.gov.br\/wp-content\/uploads\/sites\/24\/2020\/08\/Solicita%C3%A7%C3%A3o-de-Reserva-Remunerada.jpg\">Processo de Solicita\u00e7\u00e3o de Reserva Remunerada<\/a><\/p>\n\n\n\n<p class=\"is-style-justified\"><a href=\"https:\/\/www.sspds.ce.gov.br\/wp-content\/uploads\/sites\/24\/2020\/08\/Gratifica%C3%A7%C3%A3o-por-arma-apreendida.jpg\">Processo de Solicita\u00e7\u00e3o de Gratifica\u00e7\u00e3o por Arma Apreendida<\/a><\/p>\n\n\n\n<p class=\"is-style-justified\"><a href=\"https:\/\/www.sspds.ce.gov.br\/wp-content\/uploads\/sites\/24\/2020\/08\/Notifica%C3%A7%C3%B5es-Judiciais-e-MS.jpg\">Processo de Notifica\u00e7\u00e3o Judicial e Mandado de Seguran\u00e7a<\/a><\/p>\n\n\n\n<p class=\"is-style-justified\"><a href=\"https:\/\/www.sspds.ce.gov.br\/wp-content\/uploads\/sites\/24\/2020\/08\/Acordo-de-Coopera%C3%A7%C3%A3o-T%C3%A9cnica.jpg\">Processo de Acordo de Coopera\u00e7\u00e3o T\u00e9cnica<\/a><\/p>\n\n\n\n<p class=\"is-style-justified\"><a href=\"https:\/\/www.sspds.ce.gov.br\/wp-content\/uploads\/sites\/24\/2020\/08\/Convenios-Federais.jpg\">Processo de Formaliza\u00e7\u00e3o de Conv\u00eanios Federais<\/a><\/p>\n\n\n\n<p class=\"is-style-justified\"><a href=\"https:\/\/www.sspds.ce.gov.br\/wp-content\/uploads\/sites\/24\/2020\/08\/Repactua%C3%A7%C3%A3o-Contrato-Terceiriza%C3%A7%C3%A3o.jpg\">Processo de Repactua\u00e7\u00e3o Financeira nos Contratos de Terceiriza\u00e7\u00e3o<\/a><\/p>\n\n\n\n<p class=\"is-style-justified\"><a href=\"https:\/\/www.sspds.ce.gov.br\/wp-content\/uploads\/sites\/24\/2020\/08\/Fluxo-de-Despesa-manuten%C3%A7%C3%A3o-Ciopaer.jpg\">Fluxo de Despesa para Manuten\u00e7\u00f5es da Ciopaer<\/a><\/p>\n\n\n\n<p class=\"is-style-justified\"><a href=\"https:\/\/www.sspds.ce.gov.br\/wp-content\/uploads\/sites\/24\/2020\/08\/Ocorr%C3%AAncia-CIOPS.png\">Fluxo de Ocorr\u00eancia da Ciops<\/a><\/p>\n\n\n\n<p><a href=\"https:\/\/www.sspds.ce.gov.br\/wp-content\/uploads\/sites\/24\/2020\/08\/Teleatendimento-Ciops.png\">Fluxo de Teleatendimento da Ciops<\/a><\/p>\n\n\n\n<ul class=\"wp-block-list\">\n<li class=\"has-black-color has-text-color has-link-color wp-elements-acbd8b22783176513d629cbbb9862d76\"><a href=\"https:\/\/www.sspds.ce.gov.br\/wp-content\/uploads\/sites\/24\/2020\/08\/Portaria-n%C2%BA-11152020-%E2%80%93-GS-DOE-168-de-04.08.2020-Fluxogramas.pdf\"><strong>Portaria n\u00ba 1115\/2020 \u2013 GS \u2013 DOE 168, 04.08.2020<\/strong><\/a><\/li>\n<\/ul>\n\n\n\n<p><a href=\"https:\/\/www.sspds.ce.gov.br\/wp-content\/uploads\/sites\/24\/2020\/08\/Sele%C3%A7%C3%A3o-de-estagi%C3%A1rios-remunerados.jpg\">Processo de Sele\u00e7\u00e3o de Estagi\u00e1rios Remunerados<\/a><\/p>\n\n\n\n<p><a href=\"https:\/\/www.sspds.ce.gov.br\/wp-content\/uploads\/sites\/24\/2020\/08\/Contrata%C3%A7%C3%A3o-de-estagi%C3%A1rios-remunerados.jpg\">Processo de Contrata\u00e7\u00e3o de Estagi\u00e1rios Remunerados<\/a><\/p>\n\n\n\n<p><a href=\"https:\/\/www.sspds.ce.gov.br\/wp-content\/uploads\/sites\/24\/2020\/08\/Prorroga%C3%A7%C3%A3o-do-contrato-dos-estagi%C3%A1rios.jpg\">Processo de Renova\u00e7\u00e3o de Contrato de Estagi\u00e1rios Remunerados<\/a><\/p>\n\n\n\n<p><a href=\"https:\/\/www.sspds.ce.gov.br\/wp-content\/uploads\/sites\/24\/2020\/08\/Revista-Cient%C3%ADfica.jpg\">Processo de Publica\u00e7\u00e3o da Revista Cient\u00edfica da SSPDS<\/a><\/p>\n","protected":false},"excerpt":{"rendered":"<p>Visando \u00e0 formaliza\u00e7\u00e3o das rotinas administrativas, como forma de viabilizar o controle, a organiza\u00e7\u00e3o e a difus\u00e3o do conhecimento sobre as atribui\u00e7\u00f5es dos seus setores, a&nbsp;Secretaria da Seguran\u00e7a P\u00fablica e Defesa Social do Estado do Cear\u00e1 (SSPDS\/CE) publica, por meio de portarias, os fluxogramas de seus principais processos internos, para conhecimento de seu p\u00fablico interno [&hellip;]<\/p>\n","protected":false},"author":5,"featured_media":0,"parent":0,"menu_order":0,"comment_status":"closed","ping_status":"closed","template":"page-model-padrao.php","meta":{"_acf_changed":false,"inline_featured_image":false,"footnotes":""},"class_list":["post-8","page","type-page","status-publish","hentry"],"acf":[],"yoast_head":"<!-- This site is optimized with the Yoast SEO plugin v26.9 - https:\/\/yoast.com\/product\/yoast-seo-wordpress\/ -->\n<title>Fluxogramas - Secretaria da Seguran\u00e7a P\u00fablica e Defesa Social<\/title>\n<meta name=\"robots\" content=\"index, follow, max-snippet:-1, max-image-preview:large, max-video-preview:-1\" \/>\n<link rel=\"canonical\" href=\"https:\/\/ww16.ce.gov.br\/sspds\/fluxogramas\/\" \/>\n<meta property=\"og:locale\" content=\"pt_BR\" \/>\n<meta property=\"og:type\" content=\"article\" \/>\n<meta property=\"og:title\" content=\"Fluxogramas - Secretaria da Seguran\u00e7a P\u00fablica e Defesa Social\" \/>\n<meta property=\"og:description\" content=\"Visando \u00e0 formaliza\u00e7\u00e3o das rotinas administrativas, como forma de viabilizar o controle, a organiza\u00e7\u00e3o e a difus\u00e3o do conhecimento sobre as atribui\u00e7\u00f5es dos seus setores, a&nbsp;Secretaria da Seguran\u00e7a P\u00fablica e Defesa Social do Estado do Cear\u00e1 (SSPDS\/CE) publica, por meio de portarias, os fluxogramas de seus principais processos internos, para conhecimento de seu p\u00fablico interno [&hellip;]\" \/>\n<meta property=\"og:url\" content=\"https:\/\/ww16.ce.gov.br\/sspds\/fluxogramas\/\" \/>\n<meta property=\"og:site_name\" content=\"Secretaria da Seguran\u00e7a P\u00fablica e Defesa Social\" \/>\n<meta property=\"article:modified_time\" content=\"2026-01-20T13:44:17+00:00\" \/>\n<meta name=\"twitter:card\" content=\"summary_large_image\" \/>\n<meta name=\"twitter:label1\" content=\"Est. reading time\" \/>\n\t<meta name=\"twitter:data1\" content=\"1 minuto\" \/>\n<script type=\"application\/ld+json\" class=\"yoast-schema-graph\">{\"@context\":\"https:\/\/schema.org\",\"@graph\":[{\"@type\":\"WebPage\",\"@id\":\"https:\/\/ww16.ce.gov.br\/sspds\/fluxogramas\/\",\"url\":\"https:\/\/ww16.ce.gov.br\/sspds\/fluxogramas\/\",\"name\":\"Fluxogramas - Secretaria da Seguran\u00e7a P\u00fablica e Defesa Social\",\"isPartOf\":{\"@id\":\"https:\/\/ww16.ce.gov.br\/sspds\/#website\"},\"datePublished\":\"2026-01-20T13:44:16+00:00\",\"dateModified\":\"2026-01-20T13:44:17+00:00\",\"breadcrumb\":{\"@id\":\"https:\/\/ww16.ce.gov.br\/sspds\/fluxogramas\/#breadcrumb\"},\"inLanguage\":\"pt-BR\",\"potentialAction\":[{\"@type\":\"ReadAction\",\"target\":[\"https:\/\/ww16.ce.gov.br\/sspds\/fluxogramas\/\"]}]},{\"@type\":\"BreadcrumbList\",\"@id\":\"https:\/\/ww16.ce.gov.br\/sspds\/fluxogramas\/#breadcrumb\",\"itemListElement\":[{\"@type\":\"ListItem\",\"position\":1,\"name\":\"Home\",\"item\":\"https:\/\/ww16.ce.gov.br\/sspds\/\"},{\"@type\":\"ListItem\",\"position\":2,\"name\":\"Fluxogramas\"}]},{\"@type\":\"WebSite\",\"@id\":\"https:\/\/ww16.ce.gov.br\/sspds\/#website\",\"url\":\"https:\/\/ww16.ce.gov.br\/sspds\/\",\"name\":\"Secretaria da Seguran\u00e7a P\u00fablica e Defesa Social\",\"description\":\"\",\"potentialAction\":[{\"@type\":\"SearchAction\",\"target\":{\"@type\":\"EntryPoint\",\"urlTemplate\":\"https:\/\/ww16.ce.gov.br\/sspds\/?s={search_term_string}\"},\"query-input\":{\"@type\":\"PropertyValueSpecification\",\"valueRequired\":true,\"valueName\":\"search_term_string\"}}],\"inLanguage\":\"pt-BR\"}]}<\/script>\n<!-- \/ Yoast SEO plugin. -->","yoast_head_json":{"title":"Fluxogramas - Secretaria da Seguran\u00e7a P\u00fablica e Defesa Social","robots":{"index":"index","follow":"follow","max-snippet":"max-snippet:-1","max-image-preview":"max-image-preview:large","max-video-preview":"max-video-preview:-1"},"canonical":"https:\/\/ww16.ce.gov.br\/sspds\/fluxogramas\/","og_locale":"pt_BR","og_type":"article","og_title":"Fluxogramas - Secretaria da Seguran\u00e7a P\u00fablica e Defesa Social","og_description":"Visando \u00e0 formaliza\u00e7\u00e3o das rotinas administrativas, como forma de viabilizar o controle, a organiza\u00e7\u00e3o e a difus\u00e3o do conhecimento sobre as atribui\u00e7\u00f5es dos seus setores, a&nbsp;Secretaria da Seguran\u00e7a P\u00fablica e Defesa Social do Estado do Cear\u00e1 (SSPDS\/CE) publica, por meio de portarias, os fluxogramas de seus principais processos internos, para conhecimento de seu p\u00fablico interno [&hellip;]","og_url":"https:\/\/ww16.ce.gov.br\/sspds\/fluxogramas\/","og_site_name":"Secretaria da Seguran\u00e7a P\u00fablica e Defesa Social","article_modified_time":"2026-01-20T13:44:17+00:00","twitter_card":"summary_large_image","twitter_misc":{"Est. reading time":"1 minuto"},"schema":{"@context":"https:\/\/schema.org","@graph":[{"@type":"WebPage","@id":"https:\/\/ww16.ce.gov.br\/sspds\/fluxogramas\/","url":"https:\/\/ww16.ce.gov.br\/sspds\/fluxogramas\/","name":"Fluxogramas - Secretaria da Seguran\u00e7a P\u00fablica e Defesa Social","isPartOf":{"@id":"https:\/\/ww16.ce.gov.br\/sspds\/#website"},"datePublished":"2026-01-20T13:44:16+00:00","dateModified":"2026-01-20T13:44:17+00:00","breadcrumb":{"@id":"https:\/\/ww16.ce.gov.br\/sspds\/fluxogramas\/#breadcrumb"},"inLanguage":"pt-BR","potentialAction":[{"@type":"ReadAction","target":["https:\/\/ww16.ce.gov.br\/sspds\/fluxogramas\/"]}]},{"@type":"BreadcrumbList","@id":"https:\/\/ww16.ce.gov.br\/sspds\/fluxogramas\/#breadcrumb","itemListElement":[{"@type":"ListItem","position":1,"name":"Home","item":"https:\/\/ww16.ce.gov.br\/sspds\/"},{"@type":"ListItem","position":2,"name":"Fluxogramas"}]},{"@type":"WebSite","@id":"https:\/\/ww16.ce.gov.br\/sspds\/#website","url":"https:\/\/ww16.ce.gov.br\/sspds\/","name":"Secretaria da Seguran\u00e7a P\u00fablica e Defesa Social","description":"","potentialAction":[{"@type":"SearchAction","target":{"@type":"EntryPoint","urlTemplate":"https:\/\/ww16.ce.gov.br\/sspds\/?s={search_term_string}"},"query-input":{"@type":"PropertyValueSpecification","valueRequired":true,"valueName":"search_term_string"}}],"inLanguage":"pt-BR"}]}},"_links":{"self":[{"href":"https:\/\/ww16.ce.gov.br\/sspds\/wp-json\/wp\/v2\/pages\/8","targetHints":{"allow":["GET"]}}],"collection":[{"href":"https:\/\/ww16.ce.gov.br\/sspds\/wp-json\/wp\/v2\/pages"}],"about":[{"href":"https:\/\/ww16.ce.gov.br\/sspds\/wp-json\/wp\/v2\/types\/page"}],"author":[{"embeddable":true,"href":"https:\/\/ww16.ce.gov.br\/sspds\/wp-json\/wp\/v2\/users\/5"}],"replies":[{"embeddable":true,"href":"https:\/\/ww16.ce.gov.br\/sspds\/wp-json\/wp\/v2\/comments?post=8"}],"version-history":[{"count":1,"href":"https:\/\/ww16.ce.gov.br\/sspds\/wp-json\/wp\/v2\/pages\/8\/revisions"}],"predecessor-version":[{"id":9,"href":"https:\/\/ww16.ce.gov.br\/sspds\/wp-json\/wp\/v2\/pages\/8\/revisions\/9"}],"wp:attachment":[{"href":"https:\/\/ww16.ce.gov.br\/sspds\/wp-json\/wp\/v2\/media?parent=8"}],"curies":[{"name":"wp","href":"https:\/\/api.w.org\/{rel}","templated":true}]}}