{"id":4,"date":"2026-01-20T10:41:19","date_gmt":"2026-01-20T13:41:19","guid":{"rendered":"http:\/\/ww16.ce.gov.br\/sspds\/?page_id=4"},"modified":"2026-01-28T14:42:04","modified_gmt":"2026-01-28T17:42:04","slug":"institucional","status":"publish","type":"page","link":"https:\/\/ww16.ce.gov.br\/sspds\/institucional\/","title":{"rendered":"Institucional"},"content":{"rendered":"\n<p><strong>Hist\u00f3rico<\/strong><\/p>\n\n\n\n<p class=\"is-style-justified\">Tendo sido criada em 16 de maio de 1997, sob a denomina\u00e7\u00e3o de Secretaria de Seguran\u00e7a P\u00fablica e Defesa da Cidadania (SSPDC), atrav\u00e9s da lei estadual n\u00ba 12.691, esta Pasta recebeu nova denomina\u00e7\u00e3o em 7 de mar\u00e7o de 2003, Com ao advento da lei estadual n\u00ba 13.297, passando a se chamar Secretaria da Seguran\u00e7a P\u00fablica e Defesa Social (SSPDS).<\/p>\n\n\n\n<p class=\"is-style-justified\">Com a extin\u00e7\u00e3o da ent\u00e3o Secretaria da Seguran\u00e7a P\u00fablica (que controlava exclusivamente a Pol\u00edcia Civil) e a correlata cria\u00e7\u00e3o dessa nova pasta, o Poder Executivo Estadual objetivou vincular na sua estrutura a coordena\u00e7\u00e3o, o controle e a integra\u00e7\u00e3o das a\u00e7\u00f5es da Pol\u00edcia Civil, da Pol\u00edcia Militar, do Corpo de Bombeiros Militar, dos Institutos de Pol\u00edcia Cient\u00edfica e da Corregedoria, que passou a ser \u00fanica, subordinada diretamente ao Secret\u00e1rio.<\/p>\n\n\n\n<p class=\"is-style-justified\">Ao longo desse poucos anos de exist\u00eancia, a SSPDS vem, paulatinamente, reestruturando o sistema de atua\u00e7\u00e3o das Pol\u00edcias e do Corpo de Bombeiros, a fim de que, atrav\u00e9s de um comando unificado, possam trabalhar em estreita colabora\u00e7\u00e3o, apoiando-se mutuamente, com o claro objetivo de melhor aproveitarem os meios disponibilizados de forma integrada e em aproximada parceria com a comunidade.<\/p>\n\n\n\n<p class=\"is-style-justified\">Esse novo modelo de gest\u00e3o proporcionou, dentre outras, as seguintes inova\u00e7\u00f5es:<\/p>\n\n\n\n<ul class=\"wp-block-list\">\n<li><a>Cria\u00e7\u00e3o de uma Corregedoria \u00fanica para o sistema de seguran\u00e7a p\u00fablica, subordinada diretamente ao Secret\u00e1rio da Pasta;<\/a><\/li>\n\n\n\n<li><a>Subordina\u00e7\u00e3o dos institutos de pol\u00edcia cient\u00edfica diretamente ao Secret\u00e1rio da Pasta;<\/a><\/li>\n\n\n\n<li><a>Implanta\u00e7\u00e3o de uma rede telem\u00e1tica de comunica\u00e7\u00e3o integrando as delegacias de pol\u00edcia, as companhias e batalh\u00f5es PM, os institutos de pol\u00edcia cient\u00edfica e a Corregedoria Geral ao Sistema de Informa\u00e7\u00f5es Policiais (Intranet);<\/a><\/li>\n\n\n\n<li><a>Implanta\u00e7\u00e3o das \u00c1reas Operacionais Integradas (antigos Distritos-modelo), estando a Regi\u00e3o Metropolitana de Fortaleza dividida em doze \u00e1reas integradas, compostas de policiais civis, militares e de bombeiros;<\/a><\/li>\n\n\n\n<li><a>Implanta\u00e7\u00e3o de quase 900 Conselhos Comunit\u00e1rios de Defesa Social em todo o Estado, tendo como objetivo fomentar uma sociedade participativa, dentro de esp\u00edrito de concidadania;<\/a><\/li>\n\n\n\n<li><a>Pleno exerc\u00edcio do conceito de pol\u00edcia cidad\u00e3, com a efetiva participa\u00e7\u00e3o dos Conselhos Comunit\u00e1rios de Defesa Social, interagindo diretamente com os profissionais de seguran\u00e7a p\u00fablica nas suas localidades;<\/a><\/li>\n\n\n\n<li><a>Implanta\u00e7\u00e3o de complexos integrados de seguran\u00e7a p\u00fablica, em que policiais civis e militares ocupam uma mesma estrutura f\u00edsica (Companhia PM e Delegacia Distrital);<\/a><\/li>\n\n\n\n<li><a>Implanta\u00e7\u00e3o da Coordenadoria Integrada de Opera\u00e7\u00f5es de Seguran\u00e7a (Ciops), seguramente o mais moderno centro de comunica\u00e7\u00f5es policiais do Pa\u00eds (central unificada de despacho de viaturas, composta de policiais civis e militares, bombeiros e peritos dos institutos de pol\u00edcia cient\u00edfica);<\/a><\/li>\n\n\n\n<li><a>Implanta\u00e7\u00e3o da Coordenadoria Integrada de Opera\u00e7\u00f5es A\u00e9reas (Ciopaer), possuindo tr\u00eas helic\u00f3pteros e composto por policiais militares e civis e por bombeiros militares;<\/a><\/li>\n\n\n\n<li><a>Implanta\u00e7\u00e3o com apoio da Universidade Estadual do Cear\u00e1 de um Programa de Capacita\u00e7\u00e3o Continuada, destinado a qualificar os profissionais de seguran\u00e7a p\u00fablica \u2013 o Campus Virtual de Seguran\u00e7a P\u00fablica;<\/a><\/li>\n\n\n\n<li><a>Ingresso de pra\u00e7as PMCE e CBMCE somente com o ensino m\u00e9dio completo (sele\u00e7\u00e3o e forma\u00e7\u00e3o em parceria com a Universidade Estadual do Cear\u00e1). Busca agora o Governo do Estado, atrav\u00e9s desta Secretaria da Seguran\u00e7a P\u00fablica e Defesa Social, n\u00e3o somente consolidar esses avan\u00e7os, como, de forma planejada, inovar e aperfei\u00e7oar cada vez mais, tendo como escopo a redu\u00e7\u00e3o e controle com rigor e efetividade da viol\u00eancia e da criminalidade no Estado do Cear\u00e1, utilizando-se dos modernos conceitos de gest\u00e3o contempor\u00e2nea, com \u00eanfase na parceria comunit\u00e1ria com as institui\u00e7\u00f5es co-respons\u00e1veis, direta ou indiretamente, pelas a\u00e7\u00f5es que busquem a preven\u00e7\u00e3o ou redu\u00e7\u00e3o dos il\u00edcitos penais, nas esferas federal, estadual e municipal.<\/a><\/li>\n<\/ul>\n\n\n\n<h4 class=\"wp-block-heading\"><strong>Miss\u00e3o<\/strong><\/h4>\n\n\n\n<p class=\"is-style-justified\">Zelar pela ordem p\u00fablica e pela incolumidade das pessoas e do patrim\u00f4nio, coordenando, controlando e integrando as a\u00e7\u00f5es da Pol\u00edcia Civil do Estado do Cear\u00e1 (PCCE), da Pol\u00edcia Militar do Cear\u00e1 (PMCE), do Corpo de Bombeiros Militar do Estado do Cear\u00e1 (CBMCE), da Per\u00edcia Forense do Estado do Cear\u00e1 (Pefoce), da Academia Estadual de Seguran\u00e7a P\u00fablica (Aesp) e da Superintend\u00eancia de Pesquisa e Estrat\u00e9gia de Seguran\u00e7a P\u00fablica (Supesp).<\/p>\n\n\n\n<h4 class=\"wp-block-heading\"><strong>Compet\u00eancia<\/strong><\/h4>\n\n\n\n<ul class=\"wp-block-list\">\n<li><a>Assessorar o Governador do Estado da Formula\u00e7\u00e3o de diretrizes e na pol\u00edtica de garantia e manuten\u00e7\u00e3o da ordem e defesa social;<\/a><\/li>\n\n\n\n<li><a>Exercer outras atribui\u00e7\u00f5es necess\u00e1rias ao cumprimento de suas finalidades, nos termos do Regulamento.<\/a><\/li>\n<\/ul>\n","protected":false},"excerpt":{"rendered":"<p>Hist\u00f3rico Tendo sido criada em 16 de maio de 1997, sob a denomina\u00e7\u00e3o de Secretaria de Seguran\u00e7a P\u00fablica e Defesa da Cidadania (SSPDC), atrav\u00e9s da lei estadual n\u00ba 12.691, esta Pasta recebeu nova denomina\u00e7\u00e3o em 7 de mar\u00e7o de 2003, Com ao advento da lei estadual n\u00ba 13.297, passando a se chamar Secretaria da Seguran\u00e7a [&hellip;]<\/p>\n","protected":false},"author":5,"featured_media":0,"parent":0,"menu_order":0,"comment_status":"closed","ping_status":"closed","template":"page-model-padrao.php","meta":{"_acf_changed":false,"inline_featured_image":false,"footnotes":""},"class_list":["post-4","page","type-page","status-publish","hentry"],"acf":[],"yoast_head":"<!-- This site is optimized with the Yoast SEO plugin v26.9 - https:\/\/yoast.com\/product\/yoast-seo-wordpress\/ -->\n<title>Institucional - Secretaria da Seguran\u00e7a P\u00fablica e Defesa Social<\/title>\n<meta name=\"robots\" content=\"index, follow, max-snippet:-1, max-image-preview:large, max-video-preview:-1\" \/>\n<link rel=\"canonical\" href=\"https:\/\/ww16.ce.gov.br\/sspds\/institucional\/\" \/>\n<meta property=\"og:locale\" content=\"pt_BR\" \/>\n<meta property=\"og:type\" content=\"article\" \/>\n<meta property=\"og:title\" content=\"Institucional - Secretaria da Seguran\u00e7a P\u00fablica e Defesa Social\" \/>\n<meta property=\"og:description\" content=\"Hist\u00f3rico Tendo sido criada em 16 de maio de 1997, sob a denomina\u00e7\u00e3o de Secretaria de Seguran\u00e7a P\u00fablica e Defesa da Cidadania (SSPDC), atrav\u00e9s da lei estadual n\u00ba 12.691, esta Pasta recebeu nova denomina\u00e7\u00e3o em 7 de mar\u00e7o de 2003, Com ao advento da lei estadual n\u00ba 13.297, passando a se chamar Secretaria da Seguran\u00e7a [&hellip;]\" \/>\n<meta property=\"og:url\" content=\"https:\/\/ww16.ce.gov.br\/sspds\/institucional\/\" \/>\n<meta property=\"og:site_name\" content=\"Secretaria da Seguran\u00e7a P\u00fablica e Defesa Social\" \/>\n<meta property=\"article:modified_time\" content=\"2026-01-28T17:42:04+00:00\" \/>\n<meta name=\"twitter:card\" content=\"summary_large_image\" \/>\n<meta name=\"twitter:label1\" content=\"Est. reading time\" \/>\n\t<meta name=\"twitter:data1\" content=\"4 minutos\" \/>\n<script type=\"application\/ld+json\" class=\"yoast-schema-graph\">{\"@context\":\"https:\/\/schema.org\",\"@graph\":[{\"@type\":\"WebPage\",\"@id\":\"https:\/\/ww16.ce.gov.br\/sspds\/institucional\/\",\"url\":\"https:\/\/ww16.ce.gov.br\/sspds\/institucional\/\",\"name\":\"Institucional - Secretaria da Seguran\u00e7a P\u00fablica e Defesa Social\",\"isPartOf\":{\"@id\":\"https:\/\/ww16.ce.gov.br\/sspds\/#website\"},\"datePublished\":\"2026-01-20T13:41:19+00:00\",\"dateModified\":\"2026-01-28T17:42:04+00:00\",\"breadcrumb\":{\"@id\":\"https:\/\/ww16.ce.gov.br\/sspds\/institucional\/#breadcrumb\"},\"inLanguage\":\"pt-BR\",\"potentialAction\":[{\"@type\":\"ReadAction\",\"target\":[\"https:\/\/ww16.ce.gov.br\/sspds\/institucional\/\"]}]},{\"@type\":\"BreadcrumbList\",\"@id\":\"https:\/\/ww16.ce.gov.br\/sspds\/institucional\/#breadcrumb\",\"itemListElement\":[{\"@type\":\"ListItem\",\"position\":1,\"name\":\"Home\",\"item\":\"https:\/\/ww16.ce.gov.br\/sspds\/\"},{\"@type\":\"ListItem\",\"position\":2,\"name\":\"Institucional\"}]},{\"@type\":\"WebSite\",\"@id\":\"https:\/\/ww16.ce.gov.br\/sspds\/#website\",\"url\":\"https:\/\/ww16.ce.gov.br\/sspds\/\",\"name\":\"Secretaria da Seguran\u00e7a P\u00fablica e Defesa Social\",\"description\":\"\",\"potentialAction\":[{\"@type\":\"SearchAction\",\"target\":{\"@type\":\"EntryPoint\",\"urlTemplate\":\"https:\/\/ww16.ce.gov.br\/sspds\/?s={search_term_string}\"},\"query-input\":{\"@type\":\"PropertyValueSpecification\",\"valueRequired\":true,\"valueName\":\"search_term_string\"}}],\"inLanguage\":\"pt-BR\"}]}<\/script>\n<!-- \/ Yoast SEO plugin. -->","yoast_head_json":{"title":"Institucional - Secretaria da Seguran\u00e7a P\u00fablica e Defesa Social","robots":{"index":"index","follow":"follow","max-snippet":"max-snippet:-1","max-image-preview":"max-image-preview:large","max-video-preview":"max-video-preview:-1"},"canonical":"https:\/\/ww16.ce.gov.br\/sspds\/institucional\/","og_locale":"pt_BR","og_type":"article","og_title":"Institucional - Secretaria da Seguran\u00e7a P\u00fablica e Defesa Social","og_description":"Hist\u00f3rico Tendo sido criada em 16 de maio de 1997, sob a denomina\u00e7\u00e3o de Secretaria de Seguran\u00e7a P\u00fablica e Defesa da Cidadania (SSPDC), atrav\u00e9s da lei estadual n\u00ba 12.691, esta Pasta recebeu nova denomina\u00e7\u00e3o em 7 de mar\u00e7o de 2003, Com ao advento da lei estadual n\u00ba 13.297, passando a se chamar Secretaria da Seguran\u00e7a [&hellip;]","og_url":"https:\/\/ww16.ce.gov.br\/sspds\/institucional\/","og_site_name":"Secretaria da Seguran\u00e7a P\u00fablica e Defesa Social","article_modified_time":"2026-01-28T17:42:04+00:00","twitter_card":"summary_large_image","twitter_misc":{"Est. reading time":"4 minutos"},"schema":{"@context":"https:\/\/schema.org","@graph":[{"@type":"WebPage","@id":"https:\/\/ww16.ce.gov.br\/sspds\/institucional\/","url":"https:\/\/ww16.ce.gov.br\/sspds\/institucional\/","name":"Institucional - Secretaria da Seguran\u00e7a P\u00fablica e Defesa Social","isPartOf":{"@id":"https:\/\/ww16.ce.gov.br\/sspds\/#website"},"datePublished":"2026-01-20T13:41:19+00:00","dateModified":"2026-01-28T17:42:04+00:00","breadcrumb":{"@id":"https:\/\/ww16.ce.gov.br\/sspds\/institucional\/#breadcrumb"},"inLanguage":"pt-BR","potentialAction":[{"@type":"ReadAction","target":["https:\/\/ww16.ce.gov.br\/sspds\/institucional\/"]}]},{"@type":"BreadcrumbList","@id":"https:\/\/ww16.ce.gov.br\/sspds\/institucional\/#breadcrumb","itemListElement":[{"@type":"ListItem","position":1,"name":"Home","item":"https:\/\/ww16.ce.gov.br\/sspds\/"},{"@type":"ListItem","position":2,"name":"Institucional"}]},{"@type":"WebSite","@id":"https:\/\/ww16.ce.gov.br\/sspds\/#website","url":"https:\/\/ww16.ce.gov.br\/sspds\/","name":"Secretaria da Seguran\u00e7a P\u00fablica e Defesa Social","description":"","potentialAction":[{"@type":"SearchAction","target":{"@type":"EntryPoint","urlTemplate":"https:\/\/ww16.ce.gov.br\/sspds\/?s={search_term_string}"},"query-input":{"@type":"PropertyValueSpecification","valueRequired":true,"valueName":"search_term_string"}}],"inLanguage":"pt-BR"}]}},"_links":{"self":[{"href":"https:\/\/ww16.ce.gov.br\/sspds\/wp-json\/wp\/v2\/pages\/4","targetHints":{"allow":["GET"]}}],"collection":[{"href":"https:\/\/ww16.ce.gov.br\/sspds\/wp-json\/wp\/v2\/pages"}],"about":[{"href":"https:\/\/ww16.ce.gov.br\/sspds\/wp-json\/wp\/v2\/types\/page"}],"author":[{"embeddable":true,"href":"https:\/\/ww16.ce.gov.br\/sspds\/wp-json\/wp\/v2\/users\/5"}],"replies":[{"embeddable":true,"href":"https:\/\/ww16.ce.gov.br\/sspds\/wp-json\/wp\/v2\/comments?post=4"}],"version-history":[{"count":3,"href":"https:\/\/ww16.ce.gov.br\/sspds\/wp-json\/wp\/v2\/pages\/4\/revisions"}],"predecessor-version":[{"id":543,"href":"https:\/\/ww16.ce.gov.br\/sspds\/wp-json\/wp\/v2\/pages\/4\/revisions\/543"}],"wp:attachment":[{"href":"https:\/\/ww16.ce.gov.br\/sspds\/wp-json\/wp\/v2\/media?parent=4"}],"curies":[{"name":"wp","href":"https:\/\/api.w.org\/{rel}","templated":true}]}}