{"id":99038,"date":"2026-05-14T08:59:12","date_gmt":"2026-05-14T11:59:12","guid":{"rendered":"https:\/\/ww16.ce.gov.br\/seplag\/?page_id=99038"},"modified":"2026-05-14T13:08:06","modified_gmt":"2026-05-14T16:08:06","slug":"cohab-ce","status":"publish","type":"page","link":"https:\/\/ww16.ce.gov.br\/seplag\/institucional\/entidades-vinculadas\/cohab-ce\/","title":{"rendered":"COHAB-CE"},"content":{"rendered":"\n<figure class=\"wp-block-image size-large\"><img loading=\"lazy\" decoding=\"async\" width=\"1200\" height=\"300\" src=\"https:\/\/ww16.ce.gov.br\/seplag\/wp-content\/uploads\/sites\/62\/2024\/10\/Cabecalho-final-2023-1200x300.png\" alt=\"\" class=\"wp-image-90671\" srcset=\"https:\/\/ww16.ce.gov.br\/seplag\/wp-content\/uploads\/sites\/62\/2024\/10\/Cabecalho-final-2023-1200x300.png 1200w, https:\/\/ww16.ce.gov.br\/seplag\/wp-content\/uploads\/sites\/62\/2024\/10\/Cabecalho-final-2023-600x150.png 600w, https:\/\/ww16.ce.gov.br\/seplag\/wp-content\/uploads\/sites\/62\/2024\/10\/Cabecalho-final-2023-768x192.png 768w, https:\/\/ww16.ce.gov.br\/seplag\/wp-content\/uploads\/sites\/62\/2024\/10\/Cabecalho-final-2023-1536x384.png 1536w, https:\/\/ww16.ce.gov.br\/seplag\/wp-content\/uploads\/sites\/62\/2024\/10\/Cabecalho-final-2023-2048x512.png 2048w\" sizes=\"auto, (max-width: 1200px) 100vw, 1200px\" \/><\/figure>\n\n\n\n<p>A Companhia de Habita\u00e7\u00e3o do Estado do Cear\u00e1 (Cohab-CE) foi criada atrav\u00e9s da Lei n\u00b0 9.557, de 14 de dezembro de 1971, para administrar os financiamentos concedidos pelo extinto Banco Nacional de Habita\u00e7\u00e3o (BNH), destinados \u00e0 constru\u00e7\u00e3o de unidades integrantes de conjuntos habitacionais de interesse social, e administrar conjuntos por ela edificados, tendo em vista sua condi\u00e7\u00e3o de Agente do Sistema Financeiro de Habita\u00e7\u00e3o, para atender as necessidades habitacionais da popula\u00e7\u00e3o carente do Estado do Cear\u00e1.<\/p>\n\n\n\n<p>Atualmente, a Cohab-CE integra a Estrutura Administrativa do Estado do Cear\u00e1, vinculada \u00e0 Secretaria de Planejamento e Gest\u00e3o (Seplag), conforme a Lei n\u00ba15.005, publicada no Di\u00e1rio Oficial de 10\/10\/2011, e o Decreto n\u00ba 30.717, publicado em 25\/10\/2011. O quadro societ\u00e1rio atual da Cohab-CE \u00e9 o Estado do Cear\u00e1, acionista majorit\u00e1rio que det\u00e9m 99,98% das a\u00e7\u00f5es, e o Munic\u00edpio de Fortaleza, com 0,02% das a\u00e7\u00f5es.<\/p>\n\n\n\n<p>Com a Lei Estadual n\u00b0 12.961, de 03 de novembro de 1999, foi iniciado,em dezembro de 1999, o processo de liquida\u00e7\u00e3o da Cohab-CE, motivada pelo decl\u00ednio do Sistema Financeiro de Habita\u00e7\u00e3o (SFH), ocasi\u00e3o em que a Companhia encerrou suas atividades de constru\u00e7\u00e3ode conjuntos habitacionais. A Cohab-CE permaneceu com as obriga\u00e7\u00f5es legais em andamento, incluindo as emiss\u00f5es dos Contratos de Compra e Venda com Desmembramento e Libera\u00e7\u00e3o de Hipoteca (Escritura) e T\u00edtulos de Propriedade relacionados aos mutu\u00e1rios que adquiriram seus im\u00f3veis atrav\u00e9s de financiamentos e aos que receberam suas unidades habitacionais em regime de Mutir\u00e3o.<\/p>\n\n\n\n<p>Ao longo de sua hist\u00f3ria, a Cohab-CE construiu 65.411 unidades habitacionais na Regi\u00e3o Metropolitana de Fortaleza e em 80 munic\u00edpios do interior do Cear\u00e1, atrav\u00e9s financiamento junto ao BNH, al\u00e9m de 26.000 unidades em regime de Mutir\u00e3o Habitacional, em cumprimento aos programas e pol\u00edticas habitacionais do Governo do Estado.<\/p>\n\n\n\n<details class=\"wp-block-details is-layout-flow wp-block-details-is-layout-flow\"><summary>Miss\u00e3o<\/summary>\n<p>Administrar os financiamentos concedidos pelo extinto Banco Nacional de Habita\u00e7\u00e3o (BNH) \u2013 atualmente, Caixa Econ\u00f4mica Federal &#8211; destinados \u00e0 constru\u00e7\u00e3o de unidades integrantes de conjuntos habitacionais de interesse social para fam\u00edlias de baixa renda.<\/p>\n<\/details>\n\n\n\n<details class=\"wp-block-details is-layout-flow wp-block-details-is-layout-flow\"><summary>Compet\u00eancias<\/summary>\n<ul class=\"wp-block-list\">\n<li><a href=\"\/seplag\/wp-content\/uploads\/sites\/62\/2024\/10\/ESTATUTO-COHAB-AUTENTICADO.pdf.pdf\" target=\"_blank\" rel=\"noreferrer noopener\">ESTATUTO COHAB AUTENTICADO.pdf<\/a><\/li>\n<\/ul>\n\n\n\n<p><strong>Compet\u00eancia original<\/strong><\/p>\n\n\n\n<ol style=\"list-style-type:upper-roman\" class=\"wp-block-list\">\n<li>Produ\u00e7\u00e3o e comercializa\u00e7\u00e3o de unidades habitacionais de interesse social, obedecidos os crit\u00e9rios e normas estabelecidos pelo Governo do Estado e pela legisla\u00e7\u00e3o federal;<\/li>\n\n\n\n<li>Aquisi\u00e7\u00e3o, urbaniza\u00e7\u00e3o e venda de terrenos;<\/li>\n\n\n\n<li>Exerc\u00edcio das atividades de constru\u00e7\u00e3o civil, para si ou para terceiros;<\/li>\n\n\n\n<li>Promover por meio de projetos de desenvolvimento comunit\u00e1rios, a melhoria de qualidade de vida das fam\u00edlias residentes em seus conjuntos habitacionais, ouvida a popula\u00e7\u00e3o beneficiada;<\/li>\n\n\n\n<li>Compra e venda de materiais de constru\u00e7\u00e3o destinados a produ\u00e7\u00e3o de habita\u00e7\u00f5es para fam\u00edlias de baixa renda.<\/li>\n<\/ol>\n\n\n\n<p><strong>Altera\u00e7\u00f5es na compet\u00eancia ap\u00f3s o in\u00edcio da Liquida\u00e7\u00e3o<\/strong><\/p>\n\n\n\n<ol style=\"list-style-type:upper-roman\" class=\"wp-block-list\">\n<li>Regulariza\u00e7\u00e3o Fundi\u00e1ria dos conjuntos habitacionais constru\u00eddos em regime de Mutir\u00e3o;<\/li>\n\n\n\n<li>Emiss\u00f5es dos Contratos de Compra e Venda com Desmembramento e Libera\u00e7\u00e3o de Hipoteca (Escritura) e T\u00edtulos de Propriedade, relacionados aos Mutu\u00e1rios que adquiriram seus im\u00f3veis atrav\u00e9s de financiamentos e os que receberam suas unidades habitacionais em regime de Mutir\u00e3o;<\/li>\n\n\n\n<li>Depura\u00e7\u00e3o de Cr\u00e9ditos para nova\u00e7\u00e3o junto ao FCVS;<\/li>\n\n\n\n<li>Acompanhamento jur\u00eddico administrativo e judicial;<\/li>\n\n\n\n<li>Atividades pr\u00f3prias do processo de liquida\u00e7\u00e3o.<\/li>\n<\/ol>\n<\/details>\n","protected":false},"excerpt":{"rendered":"<p>A Companhia de Habita\u00e7\u00e3o do Estado do Cear\u00e1 (Cohab-CE) foi criada atrav\u00e9s da Lei n\u00b0 9.557, de 14 de dezembro de 1971, para administrar os financiamentos concedidos pelo extinto Banco Nacional de Habita\u00e7\u00e3o (BNH), destinados \u00e0 constru\u00e7\u00e3o de unidades integrantes de conjuntos habitacionais de interesse social, e administrar conjuntos por ela edificados, tendo em vista [&hellip;]<\/p>\n","protected":false},"author":135,"featured_media":0,"parent":90583,"menu_order":0,"comment_status":"closed","ping_status":"closed","template":"","meta":{"_acf_changed":false,"inline_featured_image":false,"footnotes":""},"class_list":["post-99038","page","type-page","status-publish","hentry"],"acf":[],"yoast_head":"<!-- This site is optimized with the Yoast SEO plugin v26.9 - https:\/\/yoast.com\/product\/yoast-seo-wordpress\/ -->\n<title>COHAB-CE - Secretaria do Planejamento e Gest\u00e3o<\/title>\n<meta name=\"robots\" content=\"index, follow, max-snippet:-1, max-image-preview:large, max-video-preview:-1\" \/>\n<link rel=\"canonical\" href=\"https:\/\/ww16.ce.gov.br\/seplag\/institucional\/entidades-vinculadas\/cohab-ce\/\" \/>\n<meta property=\"og:locale\" content=\"pt_BR\" \/>\n<meta property=\"og:type\" content=\"article\" \/>\n<meta property=\"og:title\" content=\"COHAB-CE - Secretaria do Planejamento e Gest\u00e3o\" \/>\n<meta property=\"og:description\" content=\"A Companhia de Habita\u00e7\u00e3o do Estado do Cear\u00e1 (Cohab-CE) foi criada atrav\u00e9s da Lei n\u00b0 9.557, de 14 de dezembro de 1971, para administrar os financiamentos concedidos pelo extinto Banco Nacional de Habita\u00e7\u00e3o (BNH), destinados \u00e0 constru\u00e7\u00e3o de unidades integrantes de conjuntos habitacionais de interesse social, e administrar conjuntos por ela edificados, tendo em vista [&hellip;]\" \/>\n<meta property=\"og:url\" content=\"https:\/\/ww16.ce.gov.br\/seplag\/institucional\/entidades-vinculadas\/cohab-ce\/\" \/>\n<meta property=\"og:site_name\" content=\"Secretaria do Planejamento e Gest\u00e3o\" \/>\n<meta property=\"article:modified_time\" content=\"2026-05-14T16:08:06+00:00\" \/>\n<meta property=\"og:image\" content=\"https:\/\/ww16.ce.gov.br\/seplag\/wp-content\/uploads\/sites\/62\/2024\/10\/Cabecalho-final-2023.png\" \/>\n\t<meta property=\"og:image:width\" content=\"4000\" \/>\n\t<meta property=\"og:image:height\" content=\"1000\" \/>\n\t<meta property=\"og:image:type\" content=\"image\/png\" \/>\n<meta name=\"twitter:card\" content=\"summary_large_image\" \/>\n<meta name=\"twitter:label1\" content=\"Est. reading time\" \/>\n\t<meta name=\"twitter:data1\" content=\"3 minutos\" \/>\n<script type=\"application\/ld+json\" class=\"yoast-schema-graph\">{\"@context\":\"https:\/\/schema.org\",\"@graph\":[{\"@type\":\"WebPage\",\"@id\":\"https:\/\/ww16.ce.gov.br\/seplag\/institucional\/entidades-vinculadas\/cohab-ce\/\",\"url\":\"https:\/\/ww16.ce.gov.br\/seplag\/institucional\/entidades-vinculadas\/cohab-ce\/\",\"name\":\"COHAB-CE - Secretaria do Planejamento e Gest\u00e3o\",\"isPartOf\":{\"@id\":\"https:\/\/ww16.ce.gov.br\/seplag\/#website\"},\"primaryImageOfPage\":{\"@id\":\"https:\/\/ww16.ce.gov.br\/seplag\/institucional\/entidades-vinculadas\/cohab-ce\/#primaryimage\"},\"image\":{\"@id\":\"https:\/\/ww16.ce.gov.br\/seplag\/institucional\/entidades-vinculadas\/cohab-ce\/#primaryimage\"},\"thumbnailUrl\":\"https:\/\/ww16.ce.gov.br\/seplag\/wp-content\/uploads\/sites\/62\/2024\/10\/Cabecalho-final-2023-1200x300.png\",\"datePublished\":\"2026-05-14T11:59:12+00:00\",\"dateModified\":\"2026-05-14T16:08:06+00:00\",\"breadcrumb\":{\"@id\":\"https:\/\/ww16.ce.gov.br\/seplag\/institucional\/entidades-vinculadas\/cohab-ce\/#breadcrumb\"},\"inLanguage\":\"pt-BR\",\"potentialAction\":[{\"@type\":\"ReadAction\",\"target\":[\"https:\/\/ww16.ce.gov.br\/seplag\/institucional\/entidades-vinculadas\/cohab-ce\/\"]}]},{\"@type\":\"ImageObject\",\"inLanguage\":\"pt-BR\",\"@id\":\"https:\/\/ww16.ce.gov.br\/seplag\/institucional\/entidades-vinculadas\/cohab-ce\/#primaryimage\",\"url\":\"https:\/\/ww16.ce.gov.br\/seplag\/wp-content\/uploads\/sites\/62\/2024\/10\/Cabecalho-final-2023.png\",\"contentUrl\":\"https:\/\/ww16.ce.gov.br\/seplag\/wp-content\/uploads\/sites\/62\/2024\/10\/Cabecalho-final-2023.png\",\"width\":4000,\"height\":1000},{\"@type\":\"BreadcrumbList\",\"@id\":\"https:\/\/ww16.ce.gov.br\/seplag\/institucional\/entidades-vinculadas\/cohab-ce\/#breadcrumb\",\"itemListElement\":[{\"@type\":\"ListItem\",\"position\":1,\"name\":\"In\u00edcio\",\"item\":\"https:\/\/ww16.ce.gov.br\/seplag\/\"},{\"@type\":\"ListItem\",\"position\":2,\"name\":\"Institucional\",\"item\":\"https:\/\/ww16.ce.gov.br\/seplag\/institucional\/\"},{\"@type\":\"ListItem\",\"position\":3,\"name\":\"Entidades vinculadas\",\"item\":\"https:\/\/ww16.ce.gov.br\/seplag\/institucional\/entidades-vinculadas\/\"},{\"@type\":\"ListItem\",\"position\":4,\"name\":\"COHAB-CE\"}]},{\"@type\":\"WebSite\",\"@id\":\"https:\/\/ww16.ce.gov.br\/seplag\/#website\",\"url\":\"https:\/\/ww16.ce.gov.br\/seplag\/\",\"name\":\"Secretaria do Planejamento e Gest\u00e3o\",\"description\":\"Secretaria do Planejamento e Gest\u00e3o\",\"publisher\":{\"@id\":\"https:\/\/ww16.ce.gov.br\/seplag\/#organization\"},\"potentialAction\":[{\"@type\":\"SearchAction\",\"target\":{\"@type\":\"EntryPoint\",\"urlTemplate\":\"https:\/\/ww16.ce.gov.br\/seplag\/?s={search_term_string}\"},\"query-input\":{\"@type\":\"PropertyValueSpecification\",\"valueRequired\":true,\"valueName\":\"search_term_string\"}}],\"inLanguage\":\"pt-BR\"},{\"@type\":\"Organization\",\"@id\":\"https:\/\/ww16.ce.gov.br\/seplag\/#organization\",\"name\":\"Secretaria do Planejamento e Gest\u00e3o\",\"url\":\"https:\/\/ww16.ce.gov.br\/seplag\/\",\"logo\":{\"@type\":\"ImageObject\",\"inLanguage\":\"pt-BR\",\"@id\":\"https:\/\/ww16.ce.gov.br\/seplag\/#\/schema\/logo\/image\/\",\"url\":\"http:\/\/ww16.ce.gov.br\/seplag\/wp-content\/uploads\/sites\/14\/2017\/11\/clara-1.png\",\"contentUrl\":\"http:\/\/ww16.ce.gov.br\/seplag\/wp-content\/uploads\/sites\/14\/2017\/11\/clara-1.png\",\"width\":559,\"height\":106,\"caption\":\"Secretaria do Planejamento e Gest\u00e3o\"},\"image\":{\"@id\":\"https:\/\/ww16.ce.gov.br\/seplag\/#\/schema\/logo\/image\/\"}}]}<\/script>\n<!-- \/ Yoast SEO plugin. -->","yoast_head_json":{"title":"COHAB-CE - Secretaria do Planejamento e Gest\u00e3o","robots":{"index":"index","follow":"follow","max-snippet":"max-snippet:-1","max-image-preview":"max-image-preview:large","max-video-preview":"max-video-preview:-1"},"canonical":"https:\/\/ww16.ce.gov.br\/seplag\/institucional\/entidades-vinculadas\/cohab-ce\/","og_locale":"pt_BR","og_type":"article","og_title":"COHAB-CE - Secretaria do Planejamento e Gest\u00e3o","og_description":"A Companhia de Habita\u00e7\u00e3o do Estado do Cear\u00e1 (Cohab-CE) foi criada atrav\u00e9s da Lei n\u00b0 9.557, de 14 de dezembro de 1971, para administrar os financiamentos concedidos pelo extinto Banco Nacional de Habita\u00e7\u00e3o (BNH), destinados \u00e0 constru\u00e7\u00e3o de unidades integrantes de conjuntos habitacionais de interesse social, e administrar conjuntos por ela edificados, tendo em vista [&hellip;]","og_url":"https:\/\/ww16.ce.gov.br\/seplag\/institucional\/entidades-vinculadas\/cohab-ce\/","og_site_name":"Secretaria do Planejamento e Gest\u00e3o","article_modified_time":"2026-05-14T16:08:06+00:00","og_image":[{"width":4000,"height":1000,"url":"https:\/\/ww16.ce.gov.br\/seplag\/wp-content\/uploads\/sites\/62\/2024\/10\/Cabecalho-final-2023.png","type":"image\/png"}],"twitter_card":"summary_large_image","twitter_misc":{"Est. reading time":"3 minutos"},"schema":{"@context":"https:\/\/schema.org","@graph":[{"@type":"WebPage","@id":"https:\/\/ww16.ce.gov.br\/seplag\/institucional\/entidades-vinculadas\/cohab-ce\/","url":"https:\/\/ww16.ce.gov.br\/seplag\/institucional\/entidades-vinculadas\/cohab-ce\/","name":"COHAB-CE - Secretaria do Planejamento e Gest\u00e3o","isPartOf":{"@id":"https:\/\/ww16.ce.gov.br\/seplag\/#website"},"primaryImageOfPage":{"@id":"https:\/\/ww16.ce.gov.br\/seplag\/institucional\/entidades-vinculadas\/cohab-ce\/#primaryimage"},"image":{"@id":"https:\/\/ww16.ce.gov.br\/seplag\/institucional\/entidades-vinculadas\/cohab-ce\/#primaryimage"},"thumbnailUrl":"https:\/\/ww16.ce.gov.br\/seplag\/wp-content\/uploads\/sites\/62\/2024\/10\/Cabecalho-final-2023-1200x300.png","datePublished":"2026-05-14T11:59:12+00:00","dateModified":"2026-05-14T16:08:06+00:00","breadcrumb":{"@id":"https:\/\/ww16.ce.gov.br\/seplag\/institucional\/entidades-vinculadas\/cohab-ce\/#breadcrumb"},"inLanguage":"pt-BR","potentialAction":[{"@type":"ReadAction","target":["https:\/\/ww16.ce.gov.br\/seplag\/institucional\/entidades-vinculadas\/cohab-ce\/"]}]},{"@type":"ImageObject","inLanguage":"pt-BR","@id":"https:\/\/ww16.ce.gov.br\/seplag\/institucional\/entidades-vinculadas\/cohab-ce\/#primaryimage","url":"https:\/\/ww16.ce.gov.br\/seplag\/wp-content\/uploads\/sites\/62\/2024\/10\/Cabecalho-final-2023.png","contentUrl":"https:\/\/ww16.ce.gov.br\/seplag\/wp-content\/uploads\/sites\/62\/2024\/10\/Cabecalho-final-2023.png","width":4000,"height":1000},{"@type":"BreadcrumbList","@id":"https:\/\/ww16.ce.gov.br\/seplag\/institucional\/entidades-vinculadas\/cohab-ce\/#breadcrumb","itemListElement":[{"@type":"ListItem","position":1,"name":"In\u00edcio","item":"https:\/\/ww16.ce.gov.br\/seplag\/"},{"@type":"ListItem","position":2,"name":"Institucional","item":"https:\/\/ww16.ce.gov.br\/seplag\/institucional\/"},{"@type":"ListItem","position":3,"name":"Entidades vinculadas","item":"https:\/\/ww16.ce.gov.br\/seplag\/institucional\/entidades-vinculadas\/"},{"@type":"ListItem","position":4,"name":"COHAB-CE"}]},{"@type":"WebSite","@id":"https:\/\/ww16.ce.gov.br\/seplag\/#website","url":"https:\/\/ww16.ce.gov.br\/seplag\/","name":"Secretaria do Planejamento e Gest\u00e3o","description":"Secretaria do Planejamento e Gest\u00e3o","publisher":{"@id":"https:\/\/ww16.ce.gov.br\/seplag\/#organization"},"potentialAction":[{"@type":"SearchAction","target":{"@type":"EntryPoint","urlTemplate":"https:\/\/ww16.ce.gov.br\/seplag\/?s={search_term_string}"},"query-input":{"@type":"PropertyValueSpecification","valueRequired":true,"valueName":"search_term_string"}}],"inLanguage":"pt-BR"},{"@type":"Organization","@id":"https:\/\/ww16.ce.gov.br\/seplag\/#organization","name":"Secretaria do Planejamento e Gest\u00e3o","url":"https:\/\/ww16.ce.gov.br\/seplag\/","logo":{"@type":"ImageObject","inLanguage":"pt-BR","@id":"https:\/\/ww16.ce.gov.br\/seplag\/#\/schema\/logo\/image\/","url":"http:\/\/ww16.ce.gov.br\/seplag\/wp-content\/uploads\/sites\/14\/2017\/11\/clara-1.png","contentUrl":"http:\/\/ww16.ce.gov.br\/seplag\/wp-content\/uploads\/sites\/14\/2017\/11\/clara-1.png","width":559,"height":106,"caption":"Secretaria do Planejamento e Gest\u00e3o"},"image":{"@id":"https:\/\/ww16.ce.gov.br\/seplag\/#\/schema\/logo\/image\/"}}]}},"_links":{"self":[{"href":"https:\/\/ww16.ce.gov.br\/seplag\/wp-json\/wp\/v2\/pages\/99038","targetHints":{"allow":["GET"]}}],"collection":[{"href":"https:\/\/ww16.ce.gov.br\/seplag\/wp-json\/wp\/v2\/pages"}],"about":[{"href":"https:\/\/ww16.ce.gov.br\/seplag\/wp-json\/wp\/v2\/types\/page"}],"author":[{"embeddable":true,"href":"https:\/\/ww16.ce.gov.br\/seplag\/wp-json\/wp\/v2\/users\/135"}],"replies":[{"embeddable":true,"href":"https:\/\/ww16.ce.gov.br\/seplag\/wp-json\/wp\/v2\/comments?post=99038"}],"version-history":[{"count":8,"href":"https:\/\/ww16.ce.gov.br\/seplag\/wp-json\/wp\/v2\/pages\/99038\/revisions"}],"predecessor-version":[{"id":99082,"href":"https:\/\/ww16.ce.gov.br\/seplag\/wp-json\/wp\/v2\/pages\/99038\/revisions\/99082"}],"up":[{"embeddable":true,"href":"https:\/\/ww16.ce.gov.br\/seplag\/wp-json\/wp\/v2\/pages\/90583"}],"wp:attachment":[{"href":"https:\/\/ww16.ce.gov.br\/seplag\/wp-json\/wp\/v2\/media?parent=99038"}],"curies":[{"name":"wp","href":"https:\/\/api.w.org\/{rel}","templated":true}]}}