{"id":97854,"date":"2026-04-28T11:12:29","date_gmt":"2026-04-28T14:12:29","guid":{"rendered":"https:\/\/ww16.ce.gov.br\/seplag\/?page_id=97854"},"modified":"2026-05-06T08:46:59","modified_gmt":"2026-05-06T11:46:59","slug":"contratos-de-gestao","status":"publish","type":"page","link":"https:\/\/ww16.ce.gov.br\/seplag\/planejamento\/contrato-de-gestao\/contratos-de-gestao\/","title":{"rendered":"Contratos de Gest\u00e3o com Organiza\u00e7\u00f5es Sociais"},"content":{"rendered":"\n<p class=\"has-small-font-size\">O Contrato de Gest\u00e3o \u00e9 o Instrumento firmado entre o&nbsp;<strong>Poder P\u00fablico<\/strong>&nbsp;e as&nbsp;<strong>entidades do terceiro Setor qualificadas como Organiza\u00e7\u00f5es Sociais \u2013 OS\u2019s<\/strong>&nbsp;com vistas \u00e0 forma\u00e7\u00e3o de parceria entre as partes para fomento e execu\u00e7\u00e3o de atividades p\u00fablicas n\u00e3o exclusivas.<\/p>\n\n\n\n<p class=\"has-small-font-size\">Segundo o Minist\u00e9rio da Administra\u00e7\u00e3o Federal e Reforma do Estado, o<strong>&nbsp;CG<\/strong>&nbsp;tem como objetivos:<\/p>\n\n\n\n<ul class=\"wp-block-list\">\n<li class=\"has-small-font-size\">Transferir para o terceiro setor a gest\u00e3o de servi\u00e7os e atividades, n\u00e3o exclusivas do Estado, possibilitando a coopera\u00e7\u00e3o das entidades qualificadas como<strong>&nbsp;OSs<\/strong>;<\/li>\n\n\n\n<li class=\"has-small-font-size\">Conferir \u00e0s OSs maior autonomia e flexibilidade, bem como uma consequente maior responsabilidade para os dirigentes desses servi\u00e7os;<\/li>\n\n\n\n<li class=\"has-small-font-size\">Lograr um maior foco no cidad\u00e3o-usu\u00e1rio e um maior controle social direto desses servi\u00e7os por parte da sociedade, por meio dos seus conselhos de administra\u00e7\u00e3o;<\/li>\n\n\n\n<li class=\"has-small-font-size\">Mais amplamente, fortalecer pr\u00e1ticas de ado\u00e7\u00e3o de mecanismos que privilegiam a participa\u00e7\u00e3o da sociedade tanto na formula\u00e7\u00e3o, quanto na avalia\u00e7\u00e3o do desempenho da&nbsp;<strong>OS<\/strong>, viabilizando o controle social; <\/li>\n\n\n\n<li class=\"has-small-font-size\">&nbsp;Por fim, maior parceria entre o Estado e a sociedade baseada em resultados.<\/li>\n<\/ul>\n\n\n\n<div class=\"wp-block-group is-layout-constrained wp-block-group-is-layout-constrained\">\n<p class=\"has-small-font-size\">O Estado continuar\u00e1 a financiar as atividades p\u00fablicas, absorvidas pela&nbsp;<strong>OS<\/strong>&nbsp;qualificadas para tal, e esta ser\u00e1 respons\u00e1vel pelos resultados pactuados mediante o&nbsp;<strong>CG<\/strong>.<\/p>\n\n\n\n<p class=\"has-small-font-size\">Essas rela\u00e7\u00f5es entre o Estado e o terceiro setor (<strong>OSs<\/strong>) permitem que o Estado deixe de ser executor direto desses servi\u00e7os e passe a atuar como agente promotor e regulador.<\/p>\n\n\n\n<p class=\"has-small-font-size\">Essa estrat\u00e9gia de publiciza\u00e7\u00e3o (movimento em dire\u00e7\u00e3o ao setor p\u00fablico n\u00e3o-estatal, no sentido de responsabiliz\u00e1-lo pela execu\u00e7\u00e3o de servi\u00e7os que n\u00e3o envolvem o exerc\u00edcio do poder de Estado, mas devem ser subsidiados pelo Estado, como \u00e9 o caso dos servi\u00e7os de educa\u00e7\u00e3o, sa\u00fade, cultura e pesquisa cient\u00edfica.) dos servi\u00e7os, focada em resultados, deve viabilizar uma atua\u00e7\u00e3o mais eficiente, com mais agilidade e maior alcance, atendendo melhor o cidad\u00e3o cliente a um custo menor.<\/p>\n\n\n\n<p class=\"has-small-font-size\">Em \u00e2mbito Federal, o&nbsp;<strong>CG<\/strong>&nbsp;foi institu\u00eddo pela&nbsp;<strong>Lei Federal 9.637\/1998<\/strong>&nbsp;e em \u00e2mbito Estadual \u00e9 regido pela Lei Estadual 12.781\/1997 e suas altera\u00e7\u00f5es. Esse \u00e9 uma esp\u00e9cie de ajuste criado pela Lei Federal n.\u00ba 9.637, de 15\/05\/98, que re\u00fane caracter\u00edsticas dos contratos e conv\u00eanios tradicionais. Sua principal finalidade \u00e9 \u00e0 disponibiliza\u00e7\u00e3o de recursos p\u00fablicos para entidades do Terceiro Setor, que obtenham para tanto, a qualifica\u00e7\u00e3o de Organiza\u00e7\u00f5es Sociais (<strong>OS<\/strong>). Pode ser qualificada como&nbsp;<strong>OS<\/strong>&nbsp;para prestar servi\u00e7os ao Estado do Cear\u00e1 as pessoas jur\u00eddicas de direito privado, que exercer atividades sem fins lucrativos. E que segundo \u201c<strong>Novo<\/strong>\u201d C\u00f3digo Civil s\u00e3o classificadas como Associa\u00e7\u00f5es (constitu\u00eddas por Associados, Assembleia Geral, Conselho de Administra\u00e7\u00e3o e Conselho Fiscal), atendendo os requisitos da&nbsp;<strong>Lei n.\u00ba 12.781\/1997<\/strong>&nbsp;e suas altera\u00e7\u00f5es.<\/p>\n\n\n\n<p class=\"has-small-font-size\">O Estado do Cear\u00e1 come\u00e7ou a acompanhar a celebra\u00e7\u00e3o dos&nbsp;<strong>CG<\/strong>&nbsp;em 2007. Naquele ano, foram&nbsp;<strong>09<\/strong>&nbsp;(nove) instrumentos que totalizavam, em valor nominal, cerca de&nbsp;<strong>R$ 75.895 mil<\/strong>&nbsp;(setenta e cinco milh\u00f5es, oitocentos e noventa e cinco mil reais), equivalentes, a cerca de&nbsp;<strong>R$ 188.187 mil<\/strong>&nbsp;(cento e oitenta e oito milh\u00f5es e cento e oitenta e sete mil reais) a pre\u00e7os de dezembro de 2023.<\/p>\n\n\n\n<p class=\"has-small-font-size\">No decorrer dos&nbsp;<strong>17<\/strong>&nbsp;(dezessete) anos, houve um aumento na quantidade e no volume de recursos relativos a essa modalidade de contrata\u00e7\u00e3o, finalizando o ano de 2023 com um total de&nbsp;<strong>45<\/strong>&nbsp;(quarenta e cinco) contrata\u00e7\u00f5es que totalizaram, aproximadamente,&nbsp;<strong>R$ 1.776.929 mil<\/strong>&nbsp;(um bilh\u00e3o, setecentos e setenta e seis milh\u00f5es e novecentos e vinte e nove mil reais). Em 2024 (at\u00e9 30 de junho) j\u00e1 s\u00e3o contabilizados um total de 50 (cinquenta) contrata\u00e7\u00f5es totalizando aproximadamente&nbsp;<strong>R$<\/strong>&nbsp;<strong>1.546.414 mil<\/strong>&nbsp;(um bilh\u00e3o, quinhentos e quarenta e seis milh\u00f5es e quatrocentos e quatorze mil reais).<\/p>\n<\/div>\n\n\n\n<h2 class=\"wp-block-heading has-small-font-size\"><strong>LEGISLA\u00c7\u00c3O<\/strong><\/h2>\n\n\n\n<div data-wp-context=\"{ &quot;autoclose&quot;: false, &quot;accordionItems&quot;: [] }\" data-wp-interactive=\"core\/accordion\" role=\"group\" class=\"wp-block-accordion is-layout-flow wp-block-accordion-is-layout-flow\">\n<div data-wp-class--is-open=\"state.isOpen\" data-wp-context=\"{ &quot;id&quot;: &quot;accordion-item-1&quot;, &quot;openByDefault&quot;: false }\" data-wp-init=\"callbacks.initAccordionItems\" data-wp-on-window--hashchange=\"callbacks.hashChange\" class=\"wp-block-accordion-item is-layout-flow wp-block-accordion-item-is-layout-flow\">\n<h3 class=\"wp-block-accordion-heading has-small-font-size\"><button aria-expanded=\"false\" aria-controls=\"accordion-item-1-panel\" data-wp-bind--aria-expanded=\"state.isOpen\" data-wp-on--click=\"actions.toggle\" data-wp-on--keydown=\"actions.handleKeyDown\" id=\"accordion-item-1\" class=\"wp-block-accordion-heading__toggle\"><span class=\"wp-block-accordion-heading__toggle-title\">ESTADUAL<\/span><span class=\"wp-block-accordion-heading__toggle-icon\" aria-hidden=\"true\">+<\/span><\/button><\/h3>\n\n\n\n<div inert aria-labelledby=\"accordion-item-1\" data-wp-bind--inert=\"!state.isOpen\" id=\"accordion-item-1-panel\" role=\"region\" class=\"wp-block-accordion-panel is-layout-flow wp-block-accordion-panel-is-layout-flow\">\n<ul class=\"wp-block-list\">\n<li><a href=\"https:\/\/Decreto-No-36.862-de-26-de-setembro-de-2025_Selecao-OS.pdf\" target=\"_blank\" rel=\"noreferrer noopener\">Decreto N\u00ba 36.862, de 26 de setembro de 2025_Sele\u00e7\u00e3o OS<\/a><\/li>\n\n\n\n<li><a href=\"https:\/\/Lei12781_97_autlizada_ate_Dez24.pdf\" target=\"_blank\" rel=\"noreferrer noopener\">Lei12781_97_autlizada_ate_Dez24<\/a><\/li>\n\n\n\n<li><a href=\"https:\/\/Resolucao-Cogerf-no.-12-2025-Prazo-Apresentacao-Contrato-de-Gestao.pdf\" target=\"_blank\" rel=\"noreferrer noopener\">Resolu\u00e7\u00e3o Cogerf n\u00ba. 12_2025_Prazo Apresenta\u00e7\u00e3o CG<\/a><\/li>\n\n\n\n<li><a href=\"https:\/\/do20241213p01_Prz-de-5-anos.pdf\" target=\"_blank\" rel=\"noreferrer noopener\">Lei 19.114 de 13 de dezembro de 2024<\/a><\/li>\n\n\n\n<li><a href=\"https:\/\/10744-lei-n-18-980-de-22-de-agosto-de-2024\" target=\"_blank\" rel=\"noreferrer noopener\">Lei estadual n\u00ba 18.890 de 22 de agosto de 2024<\/a><\/li>\n\n\n\n<li><a href=\"https:\/\/belt.al.ce.gov.br\/index.php\/legislacao-do-ceara\/organizacao-tematica\/trabalho-administracao-e-servico-publico\/item\/8292-lei-n-12-781-de-30-12-97-d-o-de-30-12-97\" target=\"_blank\" rel=\"noreferrer noopener\">Lei_12.781_atualizada_at\u00e9 2023<\/a><\/li>\n\n\n\n<li><a href=\"https:\/\/Decreto-Estadual-35.283_jan2023_Regulamenta-a-Lei-14.133_Licitacoes.pdf\" target=\"_blank\" rel=\"noreferrer noopener\">Decreto Estadual 35.283_jan2023_Regulamenta a Lei 14.133_Licita\u00e7\u00f5es<\/a><\/li>\n\n\n\n<li><a href=\"https:\/\/Resolucao-COGERF-009_2023_Saldo-remanescente_CG.pdf\" target=\"_blank\" rel=\"noreferrer noopener\">Resolu\u00e7\u00e3o COGERF 009_2023_Saldo remanescente_CG<\/a><\/li>\n\n\n\n<li><a href=\"https:\/\/Lei-19.393_19Ago2025_Sd-Remanescente_Aplic-Lei-15.950_CG.pdf\" target=\"_blank\" rel=\"noreferrer noopener\">Lei 15.950 de 14 jan 2016<\/a><\/li>\n\n\n\n<li><a href=\"https:\/\/Lei-19.393_19Ago2025_Sd-Remanescente_Aplic-Lei-15.950_CG.pdf\" target=\"_blank\" rel=\"noreferrer noopener\">Lei 19.393_19Ago2025_Sd Remanescente_Aplic Lei 15.950_CG<\/a><\/li>\n\n\n\n<li><a href=\"https:\/\/Resolucao-COGERF-No-17-2025-CONTA-VINCULADA-CONTRATO-DE-GESTAO.pdf\" target=\"_blank\" rel=\"noreferrer noopener\">Resolu\u00e7\u00e3o COGERF N\u00ba 017 \u2013 2025 \u2013 CONTA VINCULADA CONTRATO DE GEST\u00c3O<\/a><\/li>\n<\/ul>\n\n\n\n<p><\/p>\n<\/div>\n<\/div>\n<\/div>\n\n\n\n<div data-wp-context=\"{ &quot;autoclose&quot;: false, &quot;accordionItems&quot;: [] }\" data-wp-interactive=\"core\/accordion\" role=\"group\" class=\"wp-block-accordion is-layout-flow wp-block-accordion-is-layout-flow\">\n<div data-wp-class--is-open=\"state.isOpen\" data-wp-context=\"{ &quot;id&quot;: &quot;accordion-item-2&quot;, &quot;openByDefault&quot;: false }\" data-wp-init=\"callbacks.initAccordionItems\" data-wp-on-window--hashchange=\"callbacks.hashChange\" class=\"wp-block-accordion-item is-layout-flow wp-block-accordion-item-is-layout-flow\">\n<h3 class=\"wp-block-accordion-heading has-small-font-size\"><button aria-expanded=\"false\" aria-controls=\"accordion-item-2-panel\" data-wp-bind--aria-expanded=\"state.isOpen\" data-wp-on--click=\"actions.toggle\" data-wp-on--keydown=\"actions.handleKeyDown\" id=\"accordion-item-2\" class=\"wp-block-accordion-heading__toggle\"><span class=\"wp-block-accordion-heading__toggle-title\">FEDERAL<\/span><span class=\"wp-block-accordion-heading__toggle-icon\" aria-hidden=\"true\">+<\/span><\/button><\/h3>\n\n\n\n<div inert aria-labelledby=\"accordion-item-2\" data-wp-bind--inert=\"!state.isOpen\" id=\"accordion-item-2-panel\" role=\"region\" class=\"wp-block-accordion-panel is-layout-flow wp-block-accordion-panel-is-layout-flow\">\n<ul class=\"wp-block-list\">\n<li><a href=\"https:\/\/www.planalto.gov.br\/ccivil_03\/leis\/l9637.htm\" target=\"_blank\" rel=\"noreferrer noopener\">Lei Federal 9.637_OS_1998<\/a><\/li>\n\n\n\n<li><a href=\"https:\/\/www.planalto.gov.br\/ccivil_03\/leis\/l8666cons.htm\" target=\"_blank\" rel=\"noreferrer noopener\">Lei Federal 8.666_1993_Licita\u00e7\u00f5es<\/a><\/li>\n\n\n\n<li><a href=\"https:\/\/www.planalto.gov.br\/ccivil_03\/_ato2019-2022\/2021\/lei\/l14133.htm\" target=\"_blank\" rel=\"noreferrer noopener\">Lei federal 14.133_2021_Licita\u00e7\u00f5es&nbsp;<\/a><\/li>\n<\/ul>\n<\/div>\n<\/div>\n<\/div>\n\n\n\n<p><\/p>\n","protected":false},"excerpt":{"rendered":"<p>O Contrato de Gest\u00e3o \u00e9 o Instrumento firmado entre o&nbsp;Poder P\u00fablico&nbsp;e as&nbsp;entidades do terceiro Setor qualificadas como Organiza\u00e7\u00f5es Sociais \u2013 OS\u2019s&nbsp;com vistas \u00e0 forma\u00e7\u00e3o de parceria entre as partes para fomento e execu\u00e7\u00e3o de atividades p\u00fablicas n\u00e3o exclusivas. Segundo o Minist\u00e9rio da Administra\u00e7\u00e3o Federal e Reforma do Estado, o&nbsp;CG&nbsp;tem como objetivos: O Estado continuar\u00e1 a [&hellip;]<\/p>\n","protected":false},"author":135,"featured_media":0,"parent":98044,"menu_order":0,"comment_status":"closed","ping_status":"closed","template":"","meta":{"_acf_changed":false,"inline_featured_image":false,"footnotes":""},"class_list":["post-97854","page","type-page","status-publish","hentry"],"acf":[],"yoast_head":"<!-- This site is optimized with the Yoast SEO plugin v26.9 - https:\/\/yoast.com\/product\/yoast-seo-wordpress\/ -->\n<title>Contratos de Gest\u00e3o com Organiza\u00e7\u00f5es Sociais - Secretaria do Planejamento e Gest\u00e3o<\/title>\n<meta name=\"robots\" content=\"index, follow, max-snippet:-1, max-image-preview:large, max-video-preview:-1\" \/>\n<link rel=\"canonical\" href=\"https:\/\/ww16.ce.gov.br\/seplag\/planejamento\/contrato-de-gestao\/contratos-de-gestao\/\" \/>\n<meta property=\"og:locale\" content=\"pt_BR\" \/>\n<meta property=\"og:type\" content=\"article\" \/>\n<meta property=\"og:title\" content=\"Contratos de Gest\u00e3o com Organiza\u00e7\u00f5es Sociais - Secretaria do Planejamento e Gest\u00e3o\" \/>\n<meta property=\"og:description\" content=\"O Contrato de Gest\u00e3o \u00e9 o Instrumento firmado entre o&nbsp;Poder P\u00fablico&nbsp;e as&nbsp;entidades do terceiro Setor qualificadas como Organiza\u00e7\u00f5es Sociais \u2013 OS\u2019s&nbsp;com vistas \u00e0 forma\u00e7\u00e3o de parceria entre as partes para fomento e execu\u00e7\u00e3o de atividades p\u00fablicas n\u00e3o exclusivas. Segundo o Minist\u00e9rio da Administra\u00e7\u00e3o Federal e Reforma do Estado, o&nbsp;CG&nbsp;tem como objetivos: O Estado continuar\u00e1 a [&hellip;]\" \/>\n<meta property=\"og:url\" content=\"https:\/\/ww16.ce.gov.br\/seplag\/planejamento\/contrato-de-gestao\/contratos-de-gestao\/\" \/>\n<meta property=\"og:site_name\" content=\"Secretaria do Planejamento e Gest\u00e3o\" \/>\n<meta property=\"article:modified_time\" content=\"2026-05-06T11:46:59+00:00\" \/>\n<meta name=\"twitter:card\" content=\"summary_large_image\" \/>\n<meta name=\"twitter:label1\" content=\"Est. reading time\" \/>\n\t<meta name=\"twitter:data1\" content=\"4 minutos\" \/>\n<script type=\"application\/ld+json\" class=\"yoast-schema-graph\">{\"@context\":\"https:\/\/schema.org\",\"@graph\":[{\"@type\":\"WebPage\",\"@id\":\"https:\/\/ww16.ce.gov.br\/seplag\/planejamento\/contrato-de-gestao\/contratos-de-gestao\/\",\"url\":\"https:\/\/ww16.ce.gov.br\/seplag\/planejamento\/contrato-de-gestao\/contratos-de-gestao\/\",\"name\":\"Contratos de Gest\u00e3o com Organiza\u00e7\u00f5es Sociais - Secretaria do Planejamento e Gest\u00e3o\",\"isPartOf\":{\"@id\":\"https:\/\/ww16.ce.gov.br\/seplag\/#website\"},\"datePublished\":\"2026-04-28T14:12:29+00:00\",\"dateModified\":\"2026-05-06T11:46:59+00:00\",\"breadcrumb\":{\"@id\":\"https:\/\/ww16.ce.gov.br\/seplag\/planejamento\/contrato-de-gestao\/contratos-de-gestao\/#breadcrumb\"},\"inLanguage\":\"pt-BR\",\"potentialAction\":[{\"@type\":\"ReadAction\",\"target\":[\"https:\/\/ww16.ce.gov.br\/seplag\/planejamento\/contrato-de-gestao\/contratos-de-gestao\/\"]}]},{\"@type\":\"BreadcrumbList\",\"@id\":\"https:\/\/ww16.ce.gov.br\/seplag\/planejamento\/contrato-de-gestao\/contratos-de-gestao\/#breadcrumb\",\"itemListElement\":[{\"@type\":\"ListItem\",\"position\":1,\"name\":\"In\u00edcio\",\"item\":\"https:\/\/ww16.ce.gov.br\/seplag\/\"},{\"@type\":\"ListItem\",\"position\":2,\"name\":\"Planejamento\",\"item\":\"https:\/\/ww16.ce.gov.br\/seplag\/planejamento\/\"},{\"@type\":\"ListItem\",\"position\":3,\"name\":\"Contrato de Gest\u00e3o\",\"item\":\"https:\/\/ww16.ce.gov.br\/seplag\/planejamento\/contrato-de-gestao\/\"},{\"@type\":\"ListItem\",\"position\":4,\"name\":\"Contratos de Gest\u00e3o com Organiza\u00e7\u00f5es Sociais\"}]},{\"@type\":\"WebSite\",\"@id\":\"https:\/\/ww16.ce.gov.br\/seplag\/#website\",\"url\":\"https:\/\/ww16.ce.gov.br\/seplag\/\",\"name\":\"Secretaria do Planejamento e Gest\u00e3o\",\"description\":\"Secretaria do Planejamento e Gest\u00e3o\",\"publisher\":{\"@id\":\"https:\/\/ww16.ce.gov.br\/seplag\/#organization\"},\"potentialAction\":[{\"@type\":\"SearchAction\",\"target\":{\"@type\":\"EntryPoint\",\"urlTemplate\":\"https:\/\/ww16.ce.gov.br\/seplag\/?s={search_term_string}\"},\"query-input\":{\"@type\":\"PropertyValueSpecification\",\"valueRequired\":true,\"valueName\":\"search_term_string\"}}],\"inLanguage\":\"pt-BR\"},{\"@type\":\"Organization\",\"@id\":\"https:\/\/ww16.ce.gov.br\/seplag\/#organization\",\"name\":\"Secretaria do Planejamento e Gest\u00e3o\",\"url\":\"https:\/\/ww16.ce.gov.br\/seplag\/\",\"logo\":{\"@type\":\"ImageObject\",\"inLanguage\":\"pt-BR\",\"@id\":\"https:\/\/ww16.ce.gov.br\/seplag\/#\/schema\/logo\/image\/\",\"url\":\"http:\/\/ww16.ce.gov.br\/seplag\/wp-content\/uploads\/sites\/14\/2017\/11\/clara-1.png\",\"contentUrl\":\"http:\/\/ww16.ce.gov.br\/seplag\/wp-content\/uploads\/sites\/14\/2017\/11\/clara-1.png\",\"width\":559,\"height\":106,\"caption\":\"Secretaria do Planejamento e Gest\u00e3o\"},\"image\":{\"@id\":\"https:\/\/ww16.ce.gov.br\/seplag\/#\/schema\/logo\/image\/\"}}]}<\/script>\n<!-- \/ Yoast SEO plugin. -->","yoast_head_json":{"title":"Contratos de Gest\u00e3o com Organiza\u00e7\u00f5es Sociais - Secretaria do Planejamento e Gest\u00e3o","robots":{"index":"index","follow":"follow","max-snippet":"max-snippet:-1","max-image-preview":"max-image-preview:large","max-video-preview":"max-video-preview:-1"},"canonical":"https:\/\/ww16.ce.gov.br\/seplag\/planejamento\/contrato-de-gestao\/contratos-de-gestao\/","og_locale":"pt_BR","og_type":"article","og_title":"Contratos de Gest\u00e3o com Organiza\u00e7\u00f5es Sociais - Secretaria do Planejamento e Gest\u00e3o","og_description":"O Contrato de Gest\u00e3o \u00e9 o Instrumento firmado entre o&nbsp;Poder P\u00fablico&nbsp;e as&nbsp;entidades do terceiro Setor qualificadas como Organiza\u00e7\u00f5es Sociais \u2013 OS\u2019s&nbsp;com vistas \u00e0 forma\u00e7\u00e3o de parceria entre as partes para fomento e execu\u00e7\u00e3o de atividades p\u00fablicas n\u00e3o exclusivas. Segundo o Minist\u00e9rio da Administra\u00e7\u00e3o Federal e Reforma do Estado, o&nbsp;CG&nbsp;tem como objetivos: O Estado continuar\u00e1 a [&hellip;]","og_url":"https:\/\/ww16.ce.gov.br\/seplag\/planejamento\/contrato-de-gestao\/contratos-de-gestao\/","og_site_name":"Secretaria do Planejamento e Gest\u00e3o","article_modified_time":"2026-05-06T11:46:59+00:00","twitter_card":"summary_large_image","twitter_misc":{"Est. reading time":"4 minutos"},"schema":{"@context":"https:\/\/schema.org","@graph":[{"@type":"WebPage","@id":"https:\/\/ww16.ce.gov.br\/seplag\/planejamento\/contrato-de-gestao\/contratos-de-gestao\/","url":"https:\/\/ww16.ce.gov.br\/seplag\/planejamento\/contrato-de-gestao\/contratos-de-gestao\/","name":"Contratos de Gest\u00e3o com Organiza\u00e7\u00f5es Sociais - Secretaria do Planejamento e Gest\u00e3o","isPartOf":{"@id":"https:\/\/ww16.ce.gov.br\/seplag\/#website"},"datePublished":"2026-04-28T14:12:29+00:00","dateModified":"2026-05-06T11:46:59+00:00","breadcrumb":{"@id":"https:\/\/ww16.ce.gov.br\/seplag\/planejamento\/contrato-de-gestao\/contratos-de-gestao\/#breadcrumb"},"inLanguage":"pt-BR","potentialAction":[{"@type":"ReadAction","target":["https:\/\/ww16.ce.gov.br\/seplag\/planejamento\/contrato-de-gestao\/contratos-de-gestao\/"]}]},{"@type":"BreadcrumbList","@id":"https:\/\/ww16.ce.gov.br\/seplag\/planejamento\/contrato-de-gestao\/contratos-de-gestao\/#breadcrumb","itemListElement":[{"@type":"ListItem","position":1,"name":"In\u00edcio","item":"https:\/\/ww16.ce.gov.br\/seplag\/"},{"@type":"ListItem","position":2,"name":"Planejamento","item":"https:\/\/ww16.ce.gov.br\/seplag\/planejamento\/"},{"@type":"ListItem","position":3,"name":"Contrato de Gest\u00e3o","item":"https:\/\/ww16.ce.gov.br\/seplag\/planejamento\/contrato-de-gestao\/"},{"@type":"ListItem","position":4,"name":"Contratos de Gest\u00e3o com Organiza\u00e7\u00f5es Sociais"}]},{"@type":"WebSite","@id":"https:\/\/ww16.ce.gov.br\/seplag\/#website","url":"https:\/\/ww16.ce.gov.br\/seplag\/","name":"Secretaria do Planejamento e Gest\u00e3o","description":"Secretaria do Planejamento e Gest\u00e3o","publisher":{"@id":"https:\/\/ww16.ce.gov.br\/seplag\/#organization"},"potentialAction":[{"@type":"SearchAction","target":{"@type":"EntryPoint","urlTemplate":"https:\/\/ww16.ce.gov.br\/seplag\/?s={search_term_string}"},"query-input":{"@type":"PropertyValueSpecification","valueRequired":true,"valueName":"search_term_string"}}],"inLanguage":"pt-BR"},{"@type":"Organization","@id":"https:\/\/ww16.ce.gov.br\/seplag\/#organization","name":"Secretaria do Planejamento e Gest\u00e3o","url":"https:\/\/ww16.ce.gov.br\/seplag\/","logo":{"@type":"ImageObject","inLanguage":"pt-BR","@id":"https:\/\/ww16.ce.gov.br\/seplag\/#\/schema\/logo\/image\/","url":"http:\/\/ww16.ce.gov.br\/seplag\/wp-content\/uploads\/sites\/14\/2017\/11\/clara-1.png","contentUrl":"http:\/\/ww16.ce.gov.br\/seplag\/wp-content\/uploads\/sites\/14\/2017\/11\/clara-1.png","width":559,"height":106,"caption":"Secretaria do Planejamento e Gest\u00e3o"},"image":{"@id":"https:\/\/ww16.ce.gov.br\/seplag\/#\/schema\/logo\/image\/"}}]}},"_links":{"self":[{"href":"https:\/\/ww16.ce.gov.br\/seplag\/wp-json\/wp\/v2\/pages\/97854","targetHints":{"allow":["GET"]}}],"collection":[{"href":"https:\/\/ww16.ce.gov.br\/seplag\/wp-json\/wp\/v2\/pages"}],"about":[{"href":"https:\/\/ww16.ce.gov.br\/seplag\/wp-json\/wp\/v2\/types\/page"}],"author":[{"embeddable":true,"href":"https:\/\/ww16.ce.gov.br\/seplag\/wp-json\/wp\/v2\/users\/135"}],"replies":[{"embeddable":true,"href":"https:\/\/ww16.ce.gov.br\/seplag\/wp-json\/wp\/v2\/comments?post=97854"}],"version-history":[{"count":3,"href":"https:\/\/ww16.ce.gov.br\/seplag\/wp-json\/wp\/v2\/pages\/97854\/revisions"}],"predecessor-version":[{"id":98424,"href":"https:\/\/ww16.ce.gov.br\/seplag\/wp-json\/wp\/v2\/pages\/97854\/revisions\/98424"}],"up":[{"embeddable":true,"href":"https:\/\/ww16.ce.gov.br\/seplag\/wp-json\/wp\/v2\/pages\/98044"}],"wp:attachment":[{"href":"https:\/\/ww16.ce.gov.br\/seplag\/wp-json\/wp\/v2\/media?parent=97854"}],"curies":[{"name":"wp","href":"https:\/\/api.w.org\/{rel}","templated":true}]}}