{"id":87348,"date":"2024-02-07T09:05:39","date_gmt":"2024-02-07T12:05:39","guid":{"rendered":"http:\/\/ww16.ce.gov.br\/seplag\/?page_id=87348"},"modified":"2025-11-26T13:57:43","modified_gmt":"2025-11-26T16:57:43","slug":"mensagem-a-assembleia-legislativa-2025","status":"publish","type":"page","link":"https:\/\/ww16.ce.gov.br\/seplag\/planejamento\/menu-mensagem-a-a-l\/mensagem-a-assembleia-legislativa-2025\/","title":{"rendered":"Mensagem \u00e0 Assembleia Legislativa \u2013 2024"},"content":{"rendered":"\n\n<ul class=\"CategoriasNoticias\">\r\n <li>\r\n  <a href=\"\/menu-mensagem-a-a-l\/\"><strong>Mensagem \u00e0 Assembleia Legislativa<\/strong><\/a>\r\n <\/li>\r\n<\/ul>\n<h2 class=\"-bold\"><strong>Mensagem \u00e0 Assembleia Legislativa \u2013 2025<\/strong><\/h2>\n<p>&nbsp;<\/p>\n<p>A Mensagem \u00e0 Assembleia constitui-se como um documento de presta\u00e7\u00e3o de contas da a\u00e7\u00e3o governamental e, portanto, atende aos princ\u00edpios da transpar\u00eancia e publicidade das a\u00e7\u00f5es de governo e do controle social.<\/p>\n<p>&nbsp;<\/p>\n<p>A Constitui\u00e7\u00e3o do Estado do Cear\u00e1, em seu art. 88, inciso VIII, atribui ao Governador a compet\u00eancia de enviar \u00e0 Assembleia Legislativa mensagem contendo a situa\u00e7\u00e3o estadual.<\/p>\n<p>&nbsp;<\/p>\n<p>A Mensagem 2025 \u00e9 composta pelos seguintes cap\u00edtulos: Pronunciamento do Governador; Destaques 2024; Desenvolvimento Estadual; Panorama Socioecon\u00f4mico e Perspectivas; Desempenho dos Eixos da Pol\u00edtica de Governo; e Desempenho da A\u00e7\u00e3o Governamental.<\/p>\n<p>&nbsp;<\/p>\n<ul class=\"ListaEst col1\" style=\"font-weight: bold\">\n<li><a href=\"https:\/\/ww16.ce.gov.br\/seplag\/wp-content\/uploads\/sites\/62\/2025\/11\/Mensagem-a-Assembleia-2025.pdf\" target=\"_blank\" rel=\"noopener\">Mensagem \u00e0 Assembleia Legislativa &#8211; 2025<\/a><\/li>\n<\/ul>\n<p>&nbsp;<\/p>\n","protected":false},"excerpt":{"rendered":"<p>Mensagem \u00e0 Assembleia Legislativa \u2013 2025 &nbsp; A Mensagem \u00e0 Assembleia constitui-se como um documento de presta\u00e7\u00e3o de contas da a\u00e7\u00e3o governamental e, portanto, atende aos princ\u00edpios da transpar\u00eancia e publicidade das a\u00e7\u00f5es de governo e do controle social. &nbsp; A Constitui\u00e7\u00e3o do Estado do Cear\u00e1, em seu art. 88, inciso VIII, atribui ao Governador [&hellip;]<\/p>\n","protected":false},"author":68,"featured_media":0,"parent":8640,"menu_order":0,"comment_status":"closed","ping_status":"closed","template":"","meta":{"_acf_changed":false,"inline_featured_image":false,"footnotes":""},"class_list":["post-87348","page","type-page","status-publish","hentry"],"acf":[],"yoast_head":"<!-- This site is optimized with the Yoast SEO plugin v26.9 - https:\/\/yoast.com\/product\/yoast-seo-wordpress\/ -->\n<title>Mensagem \u00e0 Assembleia Legislativa \u2013 2024 - Secretaria do Planejamento e Gest\u00e3o<\/title>\n<meta name=\"robots\" content=\"index, follow, max-snippet:-1, max-image-preview:large, max-video-preview:-1\" \/>\n<link rel=\"canonical\" href=\"https:\/\/ww16.ce.gov.br\/seplag\/planejamento\/menu-mensagem-a-a-l\/mensagem-a-assembleia-legislativa-2025\/\" \/>\n<meta property=\"og:locale\" content=\"pt_BR\" \/>\n<meta property=\"og:type\" content=\"article\" \/>\n<meta property=\"og:title\" content=\"Mensagem \u00e0 Assembleia Legislativa \u2013 2024 - Secretaria do Planejamento e Gest\u00e3o\" \/>\n<meta property=\"og:description\" content=\"Mensagem \u00e0 Assembleia Legislativa \u2013 2025 &nbsp; A Mensagem \u00e0 Assembleia constitui-se como um documento de presta\u00e7\u00e3o de contas da a\u00e7\u00e3o governamental e, portanto, atende aos princ\u00edpios da transpar\u00eancia e publicidade das a\u00e7\u00f5es de governo e do controle social. &nbsp; A Constitui\u00e7\u00e3o do Estado do Cear\u00e1, em seu art. 88, inciso VIII, atribui ao Governador [&hellip;]\" \/>\n<meta property=\"og:url\" content=\"https:\/\/ww16.ce.gov.br\/seplag\/planejamento\/menu-mensagem-a-a-l\/mensagem-a-assembleia-legislativa-2025\/\" \/>\n<meta property=\"og:site_name\" content=\"Secretaria do Planejamento e Gest\u00e3o\" \/>\n<meta property=\"article:modified_time\" content=\"2025-11-26T16:57:43+00:00\" \/>\n<meta name=\"twitter:card\" content=\"summary_large_image\" \/>\n<meta name=\"twitter:label1\" content=\"Est. reading time\" \/>\n\t<meta name=\"twitter:data1\" content=\"1 minuto\" \/>\n<script type=\"application\/ld+json\" class=\"yoast-schema-graph\">{\"@context\":\"https:\/\/schema.org\",\"@graph\":[{\"@type\":\"WebPage\",\"@id\":\"https:\/\/ww16.ce.gov.br\/seplag\/planejamento\/menu-mensagem-a-a-l\/mensagem-a-assembleia-legislativa-2025\/\",\"url\":\"https:\/\/ww16.ce.gov.br\/seplag\/planejamento\/menu-mensagem-a-a-l\/mensagem-a-assembleia-legislativa-2025\/\",\"name\":\"Mensagem \u00e0 Assembleia Legislativa \u2013 2024 - Secretaria do Planejamento e Gest\u00e3o\",\"isPartOf\":{\"@id\":\"https:\/\/ww16.ce.gov.br\/seplag\/#website\"},\"datePublished\":\"2024-02-07T12:05:39+00:00\",\"dateModified\":\"2025-11-26T16:57:43+00:00\",\"breadcrumb\":{\"@id\":\"https:\/\/ww16.ce.gov.br\/seplag\/planejamento\/menu-mensagem-a-a-l\/mensagem-a-assembleia-legislativa-2025\/#breadcrumb\"},\"inLanguage\":\"pt-BR\",\"potentialAction\":[{\"@type\":\"ReadAction\",\"target\":[\"https:\/\/ww16.ce.gov.br\/seplag\/planejamento\/menu-mensagem-a-a-l\/mensagem-a-assembleia-legislativa-2025\/\"]}]},{\"@type\":\"BreadcrumbList\",\"@id\":\"https:\/\/ww16.ce.gov.br\/seplag\/planejamento\/menu-mensagem-a-a-l\/mensagem-a-assembleia-legislativa-2025\/#breadcrumb\",\"itemListElement\":[{\"@type\":\"ListItem\",\"position\":1,\"name\":\"In\u00edcio\",\"item\":\"https:\/\/ww16.ce.gov.br\/seplag\/\"},{\"@type\":\"ListItem\",\"position\":2,\"name\":\"Planejamento\",\"item\":\"https:\/\/ww16.ce.gov.br\/seplag\/planejamento\/\"},{\"@type\":\"ListItem\",\"position\":3,\"name\":\"Mensagem \u00e0 Assembleia Legislativa_\",\"item\":\"https:\/\/ww16.ce.gov.br\/seplag\/?page_id=8640\"},{\"@type\":\"ListItem\",\"position\":4,\"name\":\"Mensagem \u00e0 Assembleia Legislativa \u2013 2024\"}]},{\"@type\":\"WebSite\",\"@id\":\"https:\/\/ww16.ce.gov.br\/seplag\/#website\",\"url\":\"https:\/\/ww16.ce.gov.br\/seplag\/\",\"name\":\"Secretaria do Planejamento e Gest\u00e3o\",\"description\":\"Secretaria do Planejamento e Gest\u00e3o\",\"publisher\":{\"@id\":\"https:\/\/ww16.ce.gov.br\/seplag\/#organization\"},\"potentialAction\":[{\"@type\":\"SearchAction\",\"target\":{\"@type\":\"EntryPoint\",\"urlTemplate\":\"https:\/\/ww16.ce.gov.br\/seplag\/?s={search_term_string}\"},\"query-input\":{\"@type\":\"PropertyValueSpecification\",\"valueRequired\":true,\"valueName\":\"search_term_string\"}}],\"inLanguage\":\"pt-BR\"},{\"@type\":\"Organization\",\"@id\":\"https:\/\/ww16.ce.gov.br\/seplag\/#organization\",\"name\":\"Secretaria do Planejamento e Gest\u00e3o\",\"url\":\"https:\/\/ww16.ce.gov.br\/seplag\/\",\"logo\":{\"@type\":\"ImageObject\",\"inLanguage\":\"pt-BR\",\"@id\":\"https:\/\/ww16.ce.gov.br\/seplag\/#\/schema\/logo\/image\/\",\"url\":\"http:\/\/ww16.ce.gov.br\/seplag\/wp-content\/uploads\/sites\/14\/2017\/11\/clara-1.png\",\"contentUrl\":\"http:\/\/ww16.ce.gov.br\/seplag\/wp-content\/uploads\/sites\/14\/2017\/11\/clara-1.png\",\"width\":559,\"height\":106,\"caption\":\"Secretaria do Planejamento e Gest\u00e3o\"},\"image\":{\"@id\":\"https:\/\/ww16.ce.gov.br\/seplag\/#\/schema\/logo\/image\/\"}}]}<\/script>\n<!-- \/ Yoast SEO plugin. -->","yoast_head_json":{"title":"Mensagem \u00e0 Assembleia Legislativa \u2013 2024 - Secretaria do Planejamento e Gest\u00e3o","robots":{"index":"index","follow":"follow","max-snippet":"max-snippet:-1","max-image-preview":"max-image-preview:large","max-video-preview":"max-video-preview:-1"},"canonical":"https:\/\/ww16.ce.gov.br\/seplag\/planejamento\/menu-mensagem-a-a-l\/mensagem-a-assembleia-legislativa-2025\/","og_locale":"pt_BR","og_type":"article","og_title":"Mensagem \u00e0 Assembleia Legislativa \u2013 2024 - Secretaria do Planejamento e Gest\u00e3o","og_description":"Mensagem \u00e0 Assembleia Legislativa \u2013 2025 &nbsp; A Mensagem \u00e0 Assembleia constitui-se como um documento de presta\u00e7\u00e3o de contas da a\u00e7\u00e3o governamental e, portanto, atende aos princ\u00edpios da transpar\u00eancia e publicidade das a\u00e7\u00f5es de governo e do controle social. &nbsp; A Constitui\u00e7\u00e3o do Estado do Cear\u00e1, em seu art. 88, inciso VIII, atribui ao Governador [&hellip;]","og_url":"https:\/\/ww16.ce.gov.br\/seplag\/planejamento\/menu-mensagem-a-a-l\/mensagem-a-assembleia-legislativa-2025\/","og_site_name":"Secretaria do Planejamento e Gest\u00e3o","article_modified_time":"2025-11-26T16:57:43+00:00","twitter_card":"summary_large_image","twitter_misc":{"Est. reading time":"1 minuto"},"schema":{"@context":"https:\/\/schema.org","@graph":[{"@type":"WebPage","@id":"https:\/\/ww16.ce.gov.br\/seplag\/planejamento\/menu-mensagem-a-a-l\/mensagem-a-assembleia-legislativa-2025\/","url":"https:\/\/ww16.ce.gov.br\/seplag\/planejamento\/menu-mensagem-a-a-l\/mensagem-a-assembleia-legislativa-2025\/","name":"Mensagem \u00e0 Assembleia Legislativa \u2013 2024 - Secretaria do Planejamento e Gest\u00e3o","isPartOf":{"@id":"https:\/\/ww16.ce.gov.br\/seplag\/#website"},"datePublished":"2024-02-07T12:05:39+00:00","dateModified":"2025-11-26T16:57:43+00:00","breadcrumb":{"@id":"https:\/\/ww16.ce.gov.br\/seplag\/planejamento\/menu-mensagem-a-a-l\/mensagem-a-assembleia-legislativa-2025\/#breadcrumb"},"inLanguage":"pt-BR","potentialAction":[{"@type":"ReadAction","target":["https:\/\/ww16.ce.gov.br\/seplag\/planejamento\/menu-mensagem-a-a-l\/mensagem-a-assembleia-legislativa-2025\/"]}]},{"@type":"BreadcrumbList","@id":"https:\/\/ww16.ce.gov.br\/seplag\/planejamento\/menu-mensagem-a-a-l\/mensagem-a-assembleia-legislativa-2025\/#breadcrumb","itemListElement":[{"@type":"ListItem","position":1,"name":"In\u00edcio","item":"https:\/\/ww16.ce.gov.br\/seplag\/"},{"@type":"ListItem","position":2,"name":"Planejamento","item":"https:\/\/ww16.ce.gov.br\/seplag\/planejamento\/"},{"@type":"ListItem","position":3,"name":"Mensagem \u00e0 Assembleia Legislativa_","item":"https:\/\/ww16.ce.gov.br\/seplag\/?page_id=8640"},{"@type":"ListItem","position":4,"name":"Mensagem \u00e0 Assembleia Legislativa \u2013 2024"}]},{"@type":"WebSite","@id":"https:\/\/ww16.ce.gov.br\/seplag\/#website","url":"https:\/\/ww16.ce.gov.br\/seplag\/","name":"Secretaria do Planejamento e Gest\u00e3o","description":"Secretaria do Planejamento e Gest\u00e3o","publisher":{"@id":"https:\/\/ww16.ce.gov.br\/seplag\/#organization"},"potentialAction":[{"@type":"SearchAction","target":{"@type":"EntryPoint","urlTemplate":"https:\/\/ww16.ce.gov.br\/seplag\/?s={search_term_string}"},"query-input":{"@type":"PropertyValueSpecification","valueRequired":true,"valueName":"search_term_string"}}],"inLanguage":"pt-BR"},{"@type":"Organization","@id":"https:\/\/ww16.ce.gov.br\/seplag\/#organization","name":"Secretaria do Planejamento e Gest\u00e3o","url":"https:\/\/ww16.ce.gov.br\/seplag\/","logo":{"@type":"ImageObject","inLanguage":"pt-BR","@id":"https:\/\/ww16.ce.gov.br\/seplag\/#\/schema\/logo\/image\/","url":"http:\/\/ww16.ce.gov.br\/seplag\/wp-content\/uploads\/sites\/14\/2017\/11\/clara-1.png","contentUrl":"http:\/\/ww16.ce.gov.br\/seplag\/wp-content\/uploads\/sites\/14\/2017\/11\/clara-1.png","width":559,"height":106,"caption":"Secretaria do Planejamento e Gest\u00e3o"},"image":{"@id":"https:\/\/ww16.ce.gov.br\/seplag\/#\/schema\/logo\/image\/"}}]}},"_links":{"self":[{"href":"https:\/\/ww16.ce.gov.br\/seplag\/wp-json\/wp\/v2\/pages\/87348","targetHints":{"allow":["GET"]}}],"collection":[{"href":"https:\/\/ww16.ce.gov.br\/seplag\/wp-json\/wp\/v2\/pages"}],"about":[{"href":"https:\/\/ww16.ce.gov.br\/seplag\/wp-json\/wp\/v2\/types\/page"}],"author":[{"embeddable":true,"href":"https:\/\/ww16.ce.gov.br\/seplag\/wp-json\/wp\/v2\/users\/68"}],"replies":[{"embeddable":true,"href":"https:\/\/ww16.ce.gov.br\/seplag\/wp-json\/wp\/v2\/comments?post=87348"}],"version-history":[{"count":10,"href":"https:\/\/ww16.ce.gov.br\/seplag\/wp-json\/wp\/v2\/pages\/87348\/revisions"}],"predecessor-version":[{"id":96423,"href":"https:\/\/ww16.ce.gov.br\/seplag\/wp-json\/wp\/v2\/pages\/87348\/revisions\/96423"}],"up":[{"embeddable":true,"href":"https:\/\/ww16.ce.gov.br\/seplag\/wp-json\/wp\/v2\/pages\/8640"}],"wp:attachment":[{"href":"https:\/\/ww16.ce.gov.br\/seplag\/wp-json\/wp\/v2\/media?parent=87348"}],"curies":[{"name":"wp","href":"https:\/\/api.w.org\/{rel}","templated":true}]}}