{"id":85555,"date":"2023-10-04T10:17:04","date_gmt":"2023-10-04T13:17:04","guid":{"rendered":"http:\/\/ww16.ce.gov.br\/seplag\/?page_id=85555"},"modified":"2023-10-25T16:23:29","modified_gmt":"2023-10-25T19:23:29","slug":"mes-do-servidor-2023","status":"publish","type":"page","link":"https:\/\/ww16.ce.gov.br\/seplag\/mes-do-servidor-2023\/","title":{"rendered":"M\u00eas do Servidor 2023"},"content":{"rendered":"<p>&nbsp;<\/p>\n<p>Para reconhecer os trabalhadores que atuam na administra\u00e7\u00e3o p\u00fablica estadual, o Governo do Cear\u00e1, por meio da Secretaria do Planejamento e Gest\u00e3o (Seplag), preparou uma programa\u00e7\u00e3o especial para o m\u00eas de outubro em alus\u00e3o ao Dia do Servidor P\u00fablico Estadual, celebrado no pr\u00f3ximo dia 28. Confira:<\/p>\n<p><img loading=\"lazy\" decoding=\"async\" class=\"aligncenter wp-image-86020 size-full\" src=\"https:\/\/ww16.ce.gov.br\/seplag\/wp-content\/uploads\/sites\/62\/2023\/10\/IMG-20231025-WA0027.jpg\" alt=\"\" width=\"1131\" height=\"1600\" srcset=\"https:\/\/ww16.ce.gov.br\/seplag\/wp-content\/uploads\/sites\/62\/2023\/10\/IMG-20231025-WA0027.jpg 1131w, https:\/\/ww16.ce.gov.br\/seplag\/wp-content\/uploads\/sites\/62\/2023\/10\/IMG-20231025-WA0027-600x849.jpg 600w, https:\/\/ww16.ce.gov.br\/seplag\/wp-content\/uploads\/sites\/62\/2023\/10\/IMG-20231025-WA0027-768x1086.jpg 768w, https:\/\/ww16.ce.gov.br\/seplag\/wp-content\/uploads\/sites\/62\/2023\/10\/IMG-20231025-WA0027-1086x1536.jpg 1086w\" sizes=\"auto, (max-width: 1131px) 100vw, 1131px\" \/><\/p>\n<p>&nbsp;<\/p>\n<h3><span style=\"color: #fc6836\"><strong><span style=\"font-size: large\">Saiba mais<\/span><\/strong><\/span><\/h3>\n<p>&nbsp;<\/p>\n<p><a href=\"https:\/\/ww16.ce.gov.br\/seplag\/2023\/10\/03\/solenidade-ecumenica-abre-programacao-do-mes-do-servidor-2023\/\">Solenidade ecum\u00eanica abre programa\u00e7\u00e3o do M\u00eas do Servidor 2023<\/a><\/p>\n<p><a href=\"https:\/\/ww16.ce.gov.br\/seplag\/2023\/10\/03\/abertas-as-inscricoes-para-a-mostra-de-talentos-do-mes-do-servidor-2023\/\">Abertas as inscri\u00e7\u00f5es para a Mostra de Talentos do M\u00eas do Servidor 2023<\/a><\/p>\n<p><a href=\"https:\/\/ww16.ce.gov.br\/seplag\/2023\/10\/03\/candidatos-ja-podem-se-inscrever-para-o-desfile-beleza-do-servico-publico-2023\/\">Candidatos j\u00e1 podem se inscrever para o desfile Beleza do Servi\u00e7o P\u00fablico 2023<\/a><\/p>\n<p><a href=\"https:\/\/ww16.ce.gov.br\/seplag\/2023\/10\/03\/caminhao-do-cidadao-estaciona-no-cambeba-para-atendimentos-aos-servidores-e-colaboradores-estaduais\/\">Caminh\u00e3o do Cidad\u00e3o estaciona no Cambeba para atendimentos aos servidores e colaboradores estaduais<\/a><\/p>\n<div class=\"adL\">\n<p><a href=\"https:\/\/ww16.ce.gov.br\/seplag\/2023\/10\/05\/feira-criativa-reune-o-melhor-do-artesanato-cearense\/\" target=\"_blank\" rel=\"noopener\">Feira Criativa re\u00fane o melhor do artesanato cearense<\/a><\/p>\n<p><a href=\"https:\/\/ww16.ce.gov.br\/seplag\/2023\/10\/06\/inscricoes-abertas-para-a-visita-a-cidade-mais-infancia\/\" target=\"_blank\" rel=\"noopener\">Inscri\u00e7\u00f5es abertas para a visita \u00e0 Cidade Mais Inf\u00e2ncia<\/a><\/p>\n<p><a href=\"https:\/\/ww16.ce.gov.br\/seplag\/2023\/10\/17\/interessados-ja-podem-se-inscrever-para-vender-alimentos-na-festa-do-servidor\/\" target=\"_blank\" rel=\"noopener\">Interessados podem se inscrever para vender alimentos no encerramento do M\u00eas do Servidor<\/a><\/p>\n<p><a href=\"https:\/\/ww16.ce.gov.br\/seplag\/2023\/10\/19\/egpce-divulga-lista-de-agraciados-com-a-medalha-e-premio-do-merito-funcional-2023\/\" target=\"_blank\" rel=\"noopener\">EGPCE divulga lista de agraciados com a Medalha e Pr\u00eamio do M\u00e9rito Funcional \u2013 2023<\/a><\/p>\n<p><a href=\"https:\/\/ww16.ce.gov.br\/seplag\/2023\/10\/19\/servidores-e-colaboradores-do-governo-do-ceara-apresentam-seus-talentos-no-mes-do-servidor\/\" target=\"_blank\" rel=\"noopener\">Servidores e colaboradores do Governo do Cear\u00e1 apresentam seus talentos no M\u00eas do Servidor<\/a><\/p>\n<p><a href=\"https:\/\/ww16.ce.gov.br\/seplag\/2023\/10\/23\/solenidade-homenageia-servidores-estaduais-aposentados\/\" target=\"_blank\" rel=\"noopener\">Solenidade homenageia servidores estaduais aposentados<\/a><\/p>\n<p><a href=\"https:\/\/ww16.ce.gov.br\/seplag\/2023\/10\/23\/governo-do-ceara-reconhece-importancia-do-servidor-publico-com-entrega-de-medalha-e-premio-do-merito-funcional\/\" target=\"_blank\" rel=\"noopener\">Governo do Cear\u00e1 reconhece servidores com entrega de Medalha e Pr\u00eamio do M\u00e9rito Funcional<\/a><\/p>\n<p><a href=\"https:\/\/ww16.ce.gov.br\/seplag\/2023\/10\/25\/apresentacoes-culturais-marcam-o-encerramento-do-mes-do-servidor-publico-nesta-sexta-feira-27\/\" target=\"_blank\" rel=\"noopener\">Apresenta\u00e7\u00f5es culturais marcam o encerramento do M\u00eas do Servidor P\u00fablico nesta sexta-feira (27)<\/a><\/p>\n<\/div>\n","protected":false},"excerpt":{"rendered":"<p>&nbsp; Para reconhecer os trabalhadores que atuam na administra\u00e7\u00e3o p\u00fablica estadual, o Governo do Cear\u00e1, por meio da Secretaria do Planejamento e Gest\u00e3o (Seplag), preparou uma programa\u00e7\u00e3o especial para o m\u00eas de outubro em alus\u00e3o ao Dia do Servidor P\u00fablico Estadual, celebrado no pr\u00f3ximo dia 28. Confira: &nbsp; Saiba mais &nbsp; Solenidade ecum\u00eanica abre programa\u00e7\u00e3o [&hellip;]<\/p>\n","protected":false},"author":68,"featured_media":0,"parent":0,"menu_order":0,"comment_status":"closed","ping_status":"closed","template":"","meta":{"_acf_changed":false,"inline_featured_image":false,"footnotes":""},"class_list":["post-85555","page","type-page","status-publish","hentry"],"acf":[],"yoast_head":"<!-- This site is optimized with the Yoast SEO plugin v26.9 - https:\/\/yoast.com\/product\/yoast-seo-wordpress\/ -->\n<title>M\u00eas do Servidor 2023 - Secretaria do Planejamento e Gest\u00e3o<\/title>\n<meta name=\"robots\" content=\"index, follow, max-snippet:-1, max-image-preview:large, max-video-preview:-1\" \/>\n<link rel=\"canonical\" href=\"https:\/\/ww16.ce.gov.br\/seplag\/mes-do-servidor-2023\/\" \/>\n<meta property=\"og:locale\" content=\"pt_BR\" \/>\n<meta property=\"og:type\" content=\"article\" \/>\n<meta property=\"og:title\" content=\"M\u00eas do Servidor 2023 - Secretaria do Planejamento e Gest\u00e3o\" \/>\n<meta property=\"og:description\" content=\"&nbsp; Para reconhecer os trabalhadores que atuam na administra\u00e7\u00e3o p\u00fablica estadual, o Governo do Cear\u00e1, por meio da Secretaria do Planejamento e Gest\u00e3o (Seplag), preparou uma programa\u00e7\u00e3o especial para o m\u00eas de outubro em alus\u00e3o ao Dia do Servidor P\u00fablico Estadual, celebrado no pr\u00f3ximo dia 28. Confira: &nbsp; Saiba mais &nbsp; Solenidade ecum\u00eanica abre programa\u00e7\u00e3o [&hellip;]\" \/>\n<meta property=\"og:url\" content=\"https:\/\/ww16.ce.gov.br\/seplag\/mes-do-servidor-2023\/\" \/>\n<meta property=\"og:site_name\" content=\"Secretaria do Planejamento e Gest\u00e3o\" \/>\n<meta property=\"article:modified_time\" content=\"2023-10-25T19:23:29+00:00\" \/>\n<meta property=\"og:image\" content=\"http:\/\/ww16.ce.gov.br\/seplag\/wp-content\/uploads\/sites\/62\/2023\/10\/IMG-20231025-WA0027.jpg\" \/>\n<meta name=\"twitter:card\" content=\"summary_large_image\" \/>\n<meta name=\"twitter:label1\" content=\"Est. reading time\" \/>\n\t<meta name=\"twitter:data1\" content=\"2 minutos\" \/>\n<script type=\"application\/ld+json\" class=\"yoast-schema-graph\">{\"@context\":\"https:\/\/schema.org\",\"@graph\":[{\"@type\":\"WebPage\",\"@id\":\"https:\/\/ww16.ce.gov.br\/seplag\/mes-do-servidor-2023\/\",\"url\":\"https:\/\/ww16.ce.gov.br\/seplag\/mes-do-servidor-2023\/\",\"name\":\"M\u00eas do Servidor 2023 - Secretaria do Planejamento e Gest\u00e3o\",\"isPartOf\":{\"@id\":\"https:\/\/ww16.ce.gov.br\/seplag\/#website\"},\"primaryImageOfPage\":{\"@id\":\"https:\/\/ww16.ce.gov.br\/seplag\/mes-do-servidor-2023\/#primaryimage\"},\"image\":{\"@id\":\"https:\/\/ww16.ce.gov.br\/seplag\/mes-do-servidor-2023\/#primaryimage\"},\"thumbnailUrl\":\"http:\/\/ww16.ce.gov.br\/seplag\/wp-content\/uploads\/sites\/62\/2023\/10\/IMG-20231025-WA0027.jpg\",\"datePublished\":\"2023-10-04T13:17:04+00:00\",\"dateModified\":\"2023-10-25T19:23:29+00:00\",\"breadcrumb\":{\"@id\":\"https:\/\/ww16.ce.gov.br\/seplag\/mes-do-servidor-2023\/#breadcrumb\"},\"inLanguage\":\"pt-BR\",\"potentialAction\":[{\"@type\":\"ReadAction\",\"target\":[\"https:\/\/ww16.ce.gov.br\/seplag\/mes-do-servidor-2023\/\"]}]},{\"@type\":\"ImageObject\",\"inLanguage\":\"pt-BR\",\"@id\":\"https:\/\/ww16.ce.gov.br\/seplag\/mes-do-servidor-2023\/#primaryimage\",\"url\":\"http:\/\/ww16.ce.gov.br\/seplag\/wp-content\/uploads\/sites\/62\/2023\/10\/IMG-20231025-WA0027.jpg\",\"contentUrl\":\"http:\/\/ww16.ce.gov.br\/seplag\/wp-content\/uploads\/sites\/62\/2023\/10\/IMG-20231025-WA0027.jpg\"},{\"@type\":\"BreadcrumbList\",\"@id\":\"https:\/\/ww16.ce.gov.br\/seplag\/mes-do-servidor-2023\/#breadcrumb\",\"itemListElement\":[{\"@type\":\"ListItem\",\"position\":1,\"name\":\"In\u00edcio\",\"item\":\"https:\/\/ww16.ce.gov.br\/seplag\/\"},{\"@type\":\"ListItem\",\"position\":2,\"name\":\"M\u00eas do Servidor 2023\"}]},{\"@type\":\"WebSite\",\"@id\":\"https:\/\/ww16.ce.gov.br\/seplag\/#website\",\"url\":\"https:\/\/ww16.ce.gov.br\/seplag\/\",\"name\":\"Secretaria do Planejamento e Gest\u00e3o\",\"description\":\"Secretaria do Planejamento e Gest\u00e3o\",\"publisher\":{\"@id\":\"https:\/\/ww16.ce.gov.br\/seplag\/#organization\"},\"potentialAction\":[{\"@type\":\"SearchAction\",\"target\":{\"@type\":\"EntryPoint\",\"urlTemplate\":\"https:\/\/ww16.ce.gov.br\/seplag\/?s={search_term_string}\"},\"query-input\":{\"@type\":\"PropertyValueSpecification\",\"valueRequired\":true,\"valueName\":\"search_term_string\"}}],\"inLanguage\":\"pt-BR\"},{\"@type\":\"Organization\",\"@id\":\"https:\/\/ww16.ce.gov.br\/seplag\/#organization\",\"name\":\"Secretaria do Planejamento e Gest\u00e3o\",\"url\":\"https:\/\/ww16.ce.gov.br\/seplag\/\",\"logo\":{\"@type\":\"ImageObject\",\"inLanguage\":\"pt-BR\",\"@id\":\"https:\/\/ww16.ce.gov.br\/seplag\/#\/schema\/logo\/image\/\",\"url\":\"http:\/\/ww16.ce.gov.br\/seplag\/wp-content\/uploads\/sites\/14\/2017\/11\/clara-1.png\",\"contentUrl\":\"http:\/\/ww16.ce.gov.br\/seplag\/wp-content\/uploads\/sites\/14\/2017\/11\/clara-1.png\",\"width\":559,\"height\":106,\"caption\":\"Secretaria do Planejamento e Gest\u00e3o\"},\"image\":{\"@id\":\"https:\/\/ww16.ce.gov.br\/seplag\/#\/schema\/logo\/image\/\"}}]}<\/script>\n<!-- \/ Yoast SEO plugin. -->","yoast_head_json":{"title":"M\u00eas do Servidor 2023 - Secretaria do Planejamento e Gest\u00e3o","robots":{"index":"index","follow":"follow","max-snippet":"max-snippet:-1","max-image-preview":"max-image-preview:large","max-video-preview":"max-video-preview:-1"},"canonical":"https:\/\/ww16.ce.gov.br\/seplag\/mes-do-servidor-2023\/","og_locale":"pt_BR","og_type":"article","og_title":"M\u00eas do Servidor 2023 - Secretaria do Planejamento e Gest\u00e3o","og_description":"&nbsp; Para reconhecer os trabalhadores que atuam na administra\u00e7\u00e3o p\u00fablica estadual, o Governo do Cear\u00e1, por meio da Secretaria do Planejamento e Gest\u00e3o (Seplag), preparou uma programa\u00e7\u00e3o especial para o m\u00eas de outubro em alus\u00e3o ao Dia do Servidor P\u00fablico Estadual, celebrado no pr\u00f3ximo dia 28. Confira: &nbsp; Saiba mais &nbsp; Solenidade ecum\u00eanica abre programa\u00e7\u00e3o [&hellip;]","og_url":"https:\/\/ww16.ce.gov.br\/seplag\/mes-do-servidor-2023\/","og_site_name":"Secretaria do Planejamento e Gest\u00e3o","article_modified_time":"2023-10-25T19:23:29+00:00","og_image":[{"url":"http:\/\/ww16.ce.gov.br\/seplag\/wp-content\/uploads\/sites\/62\/2023\/10\/IMG-20231025-WA0027.jpg","type":"","width":"","height":""}],"twitter_card":"summary_large_image","twitter_misc":{"Est. reading time":"2 minutos"},"schema":{"@context":"https:\/\/schema.org","@graph":[{"@type":"WebPage","@id":"https:\/\/ww16.ce.gov.br\/seplag\/mes-do-servidor-2023\/","url":"https:\/\/ww16.ce.gov.br\/seplag\/mes-do-servidor-2023\/","name":"M\u00eas do Servidor 2023 - Secretaria do Planejamento e Gest\u00e3o","isPartOf":{"@id":"https:\/\/ww16.ce.gov.br\/seplag\/#website"},"primaryImageOfPage":{"@id":"https:\/\/ww16.ce.gov.br\/seplag\/mes-do-servidor-2023\/#primaryimage"},"image":{"@id":"https:\/\/ww16.ce.gov.br\/seplag\/mes-do-servidor-2023\/#primaryimage"},"thumbnailUrl":"http:\/\/ww16.ce.gov.br\/seplag\/wp-content\/uploads\/sites\/62\/2023\/10\/IMG-20231025-WA0027.jpg","datePublished":"2023-10-04T13:17:04+00:00","dateModified":"2023-10-25T19:23:29+00:00","breadcrumb":{"@id":"https:\/\/ww16.ce.gov.br\/seplag\/mes-do-servidor-2023\/#breadcrumb"},"inLanguage":"pt-BR","potentialAction":[{"@type":"ReadAction","target":["https:\/\/ww16.ce.gov.br\/seplag\/mes-do-servidor-2023\/"]}]},{"@type":"ImageObject","inLanguage":"pt-BR","@id":"https:\/\/ww16.ce.gov.br\/seplag\/mes-do-servidor-2023\/#primaryimage","url":"http:\/\/ww16.ce.gov.br\/seplag\/wp-content\/uploads\/sites\/62\/2023\/10\/IMG-20231025-WA0027.jpg","contentUrl":"http:\/\/ww16.ce.gov.br\/seplag\/wp-content\/uploads\/sites\/62\/2023\/10\/IMG-20231025-WA0027.jpg"},{"@type":"BreadcrumbList","@id":"https:\/\/ww16.ce.gov.br\/seplag\/mes-do-servidor-2023\/#breadcrumb","itemListElement":[{"@type":"ListItem","position":1,"name":"In\u00edcio","item":"https:\/\/ww16.ce.gov.br\/seplag\/"},{"@type":"ListItem","position":2,"name":"M\u00eas do Servidor 2023"}]},{"@type":"WebSite","@id":"https:\/\/ww16.ce.gov.br\/seplag\/#website","url":"https:\/\/ww16.ce.gov.br\/seplag\/","name":"Secretaria do Planejamento e Gest\u00e3o","description":"Secretaria do Planejamento e Gest\u00e3o","publisher":{"@id":"https:\/\/ww16.ce.gov.br\/seplag\/#organization"},"potentialAction":[{"@type":"SearchAction","target":{"@type":"EntryPoint","urlTemplate":"https:\/\/ww16.ce.gov.br\/seplag\/?s={search_term_string}"},"query-input":{"@type":"PropertyValueSpecification","valueRequired":true,"valueName":"search_term_string"}}],"inLanguage":"pt-BR"},{"@type":"Organization","@id":"https:\/\/ww16.ce.gov.br\/seplag\/#organization","name":"Secretaria do Planejamento e Gest\u00e3o","url":"https:\/\/ww16.ce.gov.br\/seplag\/","logo":{"@type":"ImageObject","inLanguage":"pt-BR","@id":"https:\/\/ww16.ce.gov.br\/seplag\/#\/schema\/logo\/image\/","url":"http:\/\/ww16.ce.gov.br\/seplag\/wp-content\/uploads\/sites\/14\/2017\/11\/clara-1.png","contentUrl":"http:\/\/ww16.ce.gov.br\/seplag\/wp-content\/uploads\/sites\/14\/2017\/11\/clara-1.png","width":559,"height":106,"caption":"Secretaria do Planejamento e Gest\u00e3o"},"image":{"@id":"https:\/\/ww16.ce.gov.br\/seplag\/#\/schema\/logo\/image\/"}}]}},"_links":{"self":[{"href":"https:\/\/ww16.ce.gov.br\/seplag\/wp-json\/wp\/v2\/pages\/85555","targetHints":{"allow":["GET"]}}],"collection":[{"href":"https:\/\/ww16.ce.gov.br\/seplag\/wp-json\/wp\/v2\/pages"}],"about":[{"href":"https:\/\/ww16.ce.gov.br\/seplag\/wp-json\/wp\/v2\/types\/page"}],"author":[{"embeddable":true,"href":"https:\/\/ww16.ce.gov.br\/seplag\/wp-json\/wp\/v2\/users\/68"}],"replies":[{"embeddable":true,"href":"https:\/\/ww16.ce.gov.br\/seplag\/wp-json\/wp\/v2\/comments?post=85555"}],"version-history":[{"count":21,"href":"https:\/\/ww16.ce.gov.br\/seplag\/wp-json\/wp\/v2\/pages\/85555\/revisions"}],"predecessor-version":[{"id":86026,"href":"https:\/\/ww16.ce.gov.br\/seplag\/wp-json\/wp\/v2\/pages\/85555\/revisions\/86026"}],"wp:attachment":[{"href":"https:\/\/ww16.ce.gov.br\/seplag\/wp-json\/wp\/v2\/media?parent=85555"}],"curies":[{"name":"wp","href":"https:\/\/api.w.org\/{rel}","templated":true}]}}