{"id":76060,"date":"2020-09-04T15:47:30","date_gmt":"2020-09-04T18:47:30","guid":{"rendered":"http:\/\/ww16.ce.gov.br\/seplag\/?page_id=76060"},"modified":"2020-09-04T16:05:58","modified_gmt":"2020-09-04T19:05:58","slug":"apresentacao","status":"publish","type":"page","link":"https:\/\/ww16.ce.gov.br\/seplag\/planejamento\/ceara-2050\/apresentacao\/","title":{"rendered":"APRESENTA\u00c7\u00c3O"},"content":{"rendered":"<p><strong><span style=\"color: #fc6836;font-size: 0.8em\">PLANEJAMENTO\u00a0 &gt;\u00a0\u00a0<\/span><\/strong><a href=\"https:\/\/ww16.ce.gov.br\/seplag\/planejamento\/ceara-2050\/\"><strong><span style=\"color: #fc6836;font-size: 0.8em\">CEAR\u00c1 2050<\/span><\/strong><\/a><\/p>\n<h2><strong>Plataforma de Desenvolvimento Cear\u00e1 2050<\/strong><\/h2>\n<p>&nbsp;<\/p>\n<p>A Plataforma Estrat\u00e9gica de Desenvolvimento de Longo Prazo \u2013 Cear\u00e1 2050 tem o objetivo de tra\u00e7ar estrat\u00e9gias para acelerar o crescimento econ\u00f4mico estadual nas pr\u00f3ximas tr\u00eas d\u00e9cadas e atender, de forma mais eficiente, \u00e0s expectativas da sociedade pela oferta de servi\u00e7os essenciais como sa\u00fade, educa\u00e7\u00e3o, abastecimento de \u00e1gua, seguran\u00e7a p\u00fablica e gera\u00e7\u00e3o de emprego e renda.<\/p>\n<p>&nbsp;<\/p>\n<p>A Plataforma \u00e9 uma iniciativa do Governo do Estado, gerenciada pela Secretaria do Planejamento e Gest\u00e3o (Seplag) e pelo Instituto de Pesquisa e Estrat\u00e9gia Econ\u00f4mica do Cear\u00e1 (Ipece), cuja coordenada t\u00e9cnica da elabora\u00e7\u00e3o ficou a cargo da Universidade Federal do Cear\u00e1, por meio da Funda\u00e7\u00e3o de Apoio a Servi\u00e7os T\u00e9cnicos, Ensino e Fomento a Pesquisas (Funda\u00e7\u00e3o Astef).<\/p>\n<p>&nbsp;<\/p>\n<p>Governos, entidades privadas, academia, movimentos sociais e sociedade civil fazem parte deste pacto pelo planejamento do Estado que queremos ter em 2050.<\/p>\n<p>&nbsp;<\/p>\n<p><strong>A constru\u00e7\u00e3o do Pensamento Estrat\u00e9gico de Longo Prazo est\u00e1 estruturada em cinco etapas:<\/strong><\/p>\n<p style=\"padding-left: 30px\">1) Diagn\u00f3stico: identifica\u00e7\u00e3o das problem\u00e1ticas e dos pontos fortes nos \u00faltimos 30 anos que influenciam no desenvolvimento do Estado.<\/p>\n<p style=\"padding-left: 30px\">2) An\u00e1lise Externa e Constru\u00e7\u00e3o de Cen\u00e1rios:mapeamento de algumas solu\u00e7\u00f5es testadas em outros Estados e pa\u00edses para saber quais s\u00e3o aplic\u00e1veis no Cear\u00e1.<\/p>\n<p style=\"padding-left: 30px\">3) Elabora\u00e7\u00e3o da Vis\u00e3o de Futuro e Objetivos Estrat\u00e9gicos: atrav\u00e9s de encontros e pesquisas nas 14 regi\u00f5es do Cear\u00e1, a popula\u00e7\u00e3o e os setores ser\u00e3o consultados para determinar qual o futuro desejado para todos.<\/p>\n<p style=\"padding-left: 30px\">4) Concep\u00e7\u00e3o de Programas Estrat\u00e9gicos: como vamos chegar l\u00e1? Apoiados nas etapas anteriores, \u00e9 poss\u00edvel responder a essa pergunta com a elabora\u00e7\u00e3o de um portf\u00f3lio com projetos estrat\u00e9gicos.<\/p>\n<p style=\"padding-left: 30px\">5) Consolida\u00e7\u00e3o e Lan\u00e7amento do Plano Estrat\u00e9gico de Desenvolvimento de Longo Prazo: por \u00faltimo, \u00e9 tra\u00e7ado um modelo de gest\u00e3o e governan\u00e7a do Plano e, logo ap\u00f3s, ser\u00e1 realizado o seu lan\u00e7amento em evento p\u00fablico.<\/p>\n<p>&nbsp;<\/p>\n<p>Para ter acesso ao site oficial da Plataforma Cear\u00e1 2050, clique no link: <a href=\"https:\/\/www.ceara2050.ce.gov.br\/\" target=\"_blank\" rel=\"noopener\">https:\/\/www.ceara2050.ce.gov.br\/<\/a><\/p>\n<p><a href=\"https:\/\/ww16.ce.gov.br\/seplag\/wp-content\/uploads\/sites\/62\/2020\/07\/Mapa-Estrat\u00e9gico-e-Objetivos-Cear\u00e1-2050.pdf\" target=\"_blank\" rel=\"noopener\"><strong>Clique aqu<\/strong>i<\/a> para baixar o Mapa da Estrat\u00e9gia do Cear\u00e1 2050 e os Objetivos Estrat\u00e9gicos.<\/p>\n<p>&nbsp;<\/p>\n<p>Para alcan\u00e7ar a Vis\u00e3o de Futuro do Cear\u00e1 como um \u201cEstado justo e sustent\u00e1vel. Forte em conhecimento<br \/>\ne oportunidades\u201d e gerar os impactos desejados, traduzidos na Arquitetura do Pensamento Estrat\u00e9gico, organizada nos 29 Objetivos Estrat\u00e9gicos de Desenvolvimento de Longo Prazo, foi estruturada uma carteira transversal com 20 Programas Estrat\u00e9gicos, sendo eles:<\/p>\n<p style=\"padding-left: 30px\">\u2022\u00a0\u00a0<a href=\"https:\/\/ww16.ce.gov.br\/seplag\/wp-content\/uploads\/sites\/62\/2020\/07\/Ativos-Ambientais.pdf\" target=\"_blank\" rel=\"noopener\">Ativos Ambientais<\/a><\/p>\n<p style=\"padding-left: 30px\">\u2022\u00a0 <a href=\"https:\/\/ww16.ce.gov.br\/seplag\/wp-content\/uploads\/sites\/62\/2020\/07\/Cear\u00e1-Seguro.pdf\" target=\"_blank\" rel=\"noopener\">Cear\u00e1 Seguro<\/a><\/p>\n<p style=\"padding-left: 30px\">\u2022\u00a0\u00a0<a href=\"https:\/\/ww16.ce.gov.br\/seplag\/wp-content\/uploads\/sites\/62\/2020\/07\/Ci\u00eancia-e-Futuro.pdf\" target=\"_blank\" rel=\"noopener\">Ci\u00eancia e Futuro<\/a><\/p>\n<p style=\"padding-left: 30px\">\u2022\u00a0\u00a0<a href=\"https:\/\/ww16.ce.gov.br\/seplag\/wp-content\/uploads\/sites\/62\/2020\/07\/Economia-e-Inova\u00e7\u00e3o-em-Sa\u00fade.pdf\" target=\"_blank\" rel=\"noopener\">Economia e Inova\u00e7\u00e3o em Sa\u00fade<\/a><\/p>\n<p style=\"padding-left: 30px\">\u2022\u00a0\u00a0<a href=\"https:\/\/ww16.ce.gov.br\/seplag\/wp-content\/uploads\/sites\/62\/2020\/07\/Educa\u00e7\u00e3o-Empreendedora.pdf\" target=\"_blank\" rel=\"noopener\">Educa\u00e7\u00e3o Empreendedora<\/a><\/p>\n<p style=\"padding-left: 30px\">\u2022\u00a0\u00a0<a href=\"https:\/\/ww16.ce.gov.br\/seplag\/wp-content\/uploads\/sites\/62\/2020\/07\/Educa\u00e7\u00e3o-Transformadora.pdf\">Educa\u00e7\u00e3o Transformadora<\/a><\/p>\n<p style=\"padding-left: 30px\">\u2022\u00a0\u00a0<a href=\"https:\/\/ww16.ce.gov.br\/seplag\/wp-content\/uploads\/sites\/62\/2020\/07\/Energia-e-Negocios.pdf\" target=\"_blank\" rel=\"noopener\">Energia e Neg\u00f3cios<\/a><\/p>\n<p style=\"padding-left: 30px\">\u2022\u00a0\u00a0<a href=\"https:\/\/ww16.ce.gov.br\/seplag\/wp-content\/uploads\/sites\/62\/2020\/07\/Festivais-de-Cultura-e-Rotas-Tur\u00edsticas.pdf\" target=\"_blank\" rel=\"noopener\">Festivais de Cultura e Rotas Tur\u00edsticas<\/a><\/p>\n<p style=\"padding-left: 30px\">\u2022\u00a0\u00a0<a href=\"https:\/\/ww16.ce.gov.br\/seplag\/wp-content\/uploads\/sites\/62\/2020\/07\/Futuro-no-Esporte.pdf\" target=\"_blank\" rel=\"noopener\">Futuro no Esporte<\/a><\/p>\n<p style=\"padding-left: 30px\">\u2022\u00a0\u00a0<a href=\"https:\/\/ww16.ce.gov.br\/seplag\/wp-content\/uploads\/sites\/62\/2020\/07\/Ind\u00fastria-4.0.pdf\" target=\"_blank\" rel=\"noopener\">Ind\u00fastria 4.0<\/a><\/p>\n<p style=\"padding-left: 30px\">\u2022\u00a0\u00a0<a href=\"https:\/\/ww16.ce.gov.br\/seplag\/wp-content\/uploads\/sites\/62\/2020\/07\/Inf\u00e2ncia-Transformadora.pdf\" target=\"_blank\" rel=\"noopener\">Inf\u00e2ncia Transformadora<\/a><\/p>\n<p style=\"padding-left: 30px\">\u2022\u00a0\u00a0<a href=\"https:\/\/ww16.ce.gov.br\/seplag\/wp-content\/uploads\/sites\/62\/2020\/07\/Inova-Governo.pdf\" target=\"_blank\" rel=\"noopener\">Inova Governo<\/a><\/p>\n<p style=\"padding-left: 30px\">\u2022\u00a0\u00a0<a href=\"https:\/\/ww16.ce.gov.br\/seplag\/wp-content\/uploads\/sites\/62\/2020\/07\/Log\u00edstica-do-Atl\u00e2ntico.pdf\" target=\"_blank\" rel=\"noopener\">Log\u00edstica do Atl\u00e2ntico<\/a><\/p>\n<p style=\"padding-left: 30px\">\u2022\u00a0\u00a0<a href=\"https:\/\/ww16.ce.gov.br\/seplag\/wp-content\/uploads\/sites\/62\/2020\/07\/Mais-Valor-no-Campo.pdf\" target=\"_blank\" rel=\"noopener\">Mais Valor no Campo<\/a><\/p>\n<p style=\"padding-left: 30px\">\u2022\u00a0\u00a0<a href=\"https:\/\/ww16.ce.gov.br\/seplag\/wp-content\/uploads\/sites\/62\/2020\/07\/Minera\u00e7\u00e3o.pdf\" target=\"_blank\" rel=\"noopener\">Minera\u00e7\u00e3o<\/a><\/p>\n<p style=\"padding-left: 30px\">\u2022\u00a0\u00a0<a href=\"https:\/\/ww16.ce.gov.br\/seplag\/wp-content\/uploads\/sites\/62\/2020\/07\/Munic\u00edpio-Fortes.pdf\" target=\"_blank\" rel=\"noopener\">Munic\u00edpio Fortes<\/a><\/p>\n<p style=\"padding-left: 30px\">\u2022\u00a0\u00a0<a href=\"https:\/\/ww16.ce.gov.br\/seplag\/wp-content\/uploads\/sites\/62\/2020\/07\/Orla-do-Entretenimento.pdf\" target=\"_blank\" rel=\"noopener\">Orla do Entretenimento<\/a><\/p>\n<p style=\"padding-left: 30px\">\u2022\u00a0\u00a0<a href=\"https:\/\/ww16.ce.gov.br\/seplag\/wp-content\/uploads\/sites\/62\/2020\/07\/Renda-do-Sol.pdf\" target=\"_blank\" rel=\"noopener\">Renda do Sol<\/a><\/p>\n<p style=\"padding-left: 30px\">\u2022\u00a0\u00a0<a href=\"https:\/\/ww16.ce.gov.br\/seplag\/wp-content\/uploads\/sites\/62\/2020\/07\/Riquezas-do-Mar.pdf\" target=\"_blank\" rel=\"noopener\">Riquezas do Mar<\/a><\/p>\n<p style=\"padding-left: 30px\">\u2022\u00a0\u00a0<a href=\"https:\/\/ww16.ce.gov.br\/seplag\/wp-content\/uploads\/sites\/62\/2020\/07\/Seguran\u00e7a-H\u00eddrica-no-Semi\u00e1rido.pdf\" target=\"_blank\" rel=\"noopener\">Seguran\u00e7a H\u00eddrica no Semi\u00e1rido<\/a><\/p>\n<p>&nbsp;<\/p>\n","protected":false},"excerpt":{"rendered":"<p>PLANEJAMENTO\u00a0 &gt;\u00a0\u00a0CEAR\u00c1 2050 Plataforma de Desenvolvimento Cear\u00e1 2050 &nbsp; A Plataforma Estrat\u00e9gica de Desenvolvimento de Longo Prazo \u2013 Cear\u00e1 2050 tem o objetivo de tra\u00e7ar estrat\u00e9gias para acelerar o crescimento econ\u00f4mico estadual nas pr\u00f3ximas tr\u00eas d\u00e9cadas e atender, de forma mais eficiente, \u00e0s expectativas da sociedade pela oferta de servi\u00e7os essenciais como sa\u00fade, educa\u00e7\u00e3o, abastecimento [&hellip;]<\/p>\n","protected":false},"author":68,"featured_media":0,"parent":75366,"menu_order":0,"comment_status":"closed","ping_status":"closed","template":"","meta":{"_acf_changed":false,"inline_featured_image":false,"footnotes":""},"class_list":["post-76060","page","type-page","status-publish","hentry"],"acf":[],"yoast_head":"<!-- This site is optimized with the Yoast SEO plugin v26.9 - https:\/\/yoast.com\/product\/yoast-seo-wordpress\/ -->\n<title>APRESENTA\u00c7\u00c3O - Secretaria do Planejamento e Gest\u00e3o<\/title>\n<meta name=\"robots\" content=\"index, follow, max-snippet:-1, max-image-preview:large, max-video-preview:-1\" \/>\n<link rel=\"canonical\" href=\"https:\/\/ww16.ce.gov.br\/seplag\/planejamento\/ceara-2050\/apresentacao\/\" \/>\n<meta property=\"og:locale\" content=\"pt_BR\" \/>\n<meta property=\"og:type\" content=\"article\" \/>\n<meta property=\"og:title\" content=\"APRESENTA\u00c7\u00c3O - Secretaria do Planejamento e Gest\u00e3o\" \/>\n<meta property=\"og:description\" content=\"PLANEJAMENTO\u00a0 &gt;\u00a0\u00a0CEAR\u00c1 2050 Plataforma de Desenvolvimento Cear\u00e1 2050 &nbsp; A Plataforma Estrat\u00e9gica de Desenvolvimento de Longo Prazo \u2013 Cear\u00e1 2050 tem o objetivo de tra\u00e7ar estrat\u00e9gias para acelerar o crescimento econ\u00f4mico estadual nas pr\u00f3ximas tr\u00eas d\u00e9cadas e atender, de forma mais eficiente, \u00e0s expectativas da sociedade pela oferta de servi\u00e7os essenciais como sa\u00fade, educa\u00e7\u00e3o, abastecimento [&hellip;]\" \/>\n<meta property=\"og:url\" content=\"https:\/\/ww16.ce.gov.br\/seplag\/planejamento\/ceara-2050\/apresentacao\/\" \/>\n<meta property=\"og:site_name\" content=\"Secretaria do Planejamento e Gest\u00e3o\" \/>\n<meta property=\"article:modified_time\" content=\"2020-09-04T19:05:58+00:00\" \/>\n<meta name=\"twitter:card\" content=\"summary_large_image\" \/>\n<meta name=\"twitter:label1\" content=\"Est. reading time\" \/>\n\t<meta name=\"twitter:data1\" content=\"3 minutos\" \/>\n<script type=\"application\/ld+json\" class=\"yoast-schema-graph\">{\"@context\":\"https:\/\/schema.org\",\"@graph\":[{\"@type\":\"WebPage\",\"@id\":\"https:\/\/ww16.ce.gov.br\/seplag\/planejamento\/ceara-2050\/apresentacao\/\",\"url\":\"https:\/\/ww16.ce.gov.br\/seplag\/planejamento\/ceara-2050\/apresentacao\/\",\"name\":\"APRESENTA\u00c7\u00c3O - Secretaria do Planejamento e Gest\u00e3o\",\"isPartOf\":{\"@id\":\"https:\/\/ww16.ce.gov.br\/seplag\/#website\"},\"datePublished\":\"2020-09-04T18:47:30+00:00\",\"dateModified\":\"2020-09-04T19:05:58+00:00\",\"breadcrumb\":{\"@id\":\"https:\/\/ww16.ce.gov.br\/seplag\/planejamento\/ceara-2050\/apresentacao\/#breadcrumb\"},\"inLanguage\":\"pt-BR\",\"potentialAction\":[{\"@type\":\"ReadAction\",\"target\":[\"https:\/\/ww16.ce.gov.br\/seplag\/planejamento\/ceara-2050\/apresentacao\/\"]}]},{\"@type\":\"BreadcrumbList\",\"@id\":\"https:\/\/ww16.ce.gov.br\/seplag\/planejamento\/ceara-2050\/apresentacao\/#breadcrumb\",\"itemListElement\":[{\"@type\":\"ListItem\",\"position\":1,\"name\":\"In\u00edcio\",\"item\":\"https:\/\/ww16.ce.gov.br\/seplag\/\"},{\"@type\":\"ListItem\",\"position\":2,\"name\":\"Planejamento\",\"item\":\"https:\/\/ww16.ce.gov.br\/seplag\/planejamento\/\"},{\"@type\":\"ListItem\",\"position\":3,\"name\":\"Cear\u00e1 2050\",\"item\":\"https:\/\/ww16.ce.gov.br\/seplag\/planejamento\/ceara-2050\/\"},{\"@type\":\"ListItem\",\"position\":4,\"name\":\"APRESENTA\u00c7\u00c3O\"}]},{\"@type\":\"WebSite\",\"@id\":\"https:\/\/ww16.ce.gov.br\/seplag\/#website\",\"url\":\"https:\/\/ww16.ce.gov.br\/seplag\/\",\"name\":\"Secretaria do Planejamento e Gest\u00e3o\",\"description\":\"Secretaria do Planejamento e Gest\u00e3o\",\"publisher\":{\"@id\":\"https:\/\/ww16.ce.gov.br\/seplag\/#organization\"},\"potentialAction\":[{\"@type\":\"SearchAction\",\"target\":{\"@type\":\"EntryPoint\",\"urlTemplate\":\"https:\/\/ww16.ce.gov.br\/seplag\/?s={search_term_string}\"},\"query-input\":{\"@type\":\"PropertyValueSpecification\",\"valueRequired\":true,\"valueName\":\"search_term_string\"}}],\"inLanguage\":\"pt-BR\"},{\"@type\":\"Organization\",\"@id\":\"https:\/\/ww16.ce.gov.br\/seplag\/#organization\",\"name\":\"Secretaria do Planejamento e Gest\u00e3o\",\"url\":\"https:\/\/ww16.ce.gov.br\/seplag\/\",\"logo\":{\"@type\":\"ImageObject\",\"inLanguage\":\"pt-BR\",\"@id\":\"https:\/\/ww16.ce.gov.br\/seplag\/#\/schema\/logo\/image\/\",\"url\":\"http:\/\/ww16.ce.gov.br\/seplag\/wp-content\/uploads\/sites\/14\/2017\/11\/clara-1.png\",\"contentUrl\":\"http:\/\/ww16.ce.gov.br\/seplag\/wp-content\/uploads\/sites\/14\/2017\/11\/clara-1.png\",\"width\":559,\"height\":106,\"caption\":\"Secretaria do Planejamento e Gest\u00e3o\"},\"image\":{\"@id\":\"https:\/\/ww16.ce.gov.br\/seplag\/#\/schema\/logo\/image\/\"}}]}<\/script>\n<!-- \/ Yoast SEO plugin. -->","yoast_head_json":{"title":"APRESENTA\u00c7\u00c3O - Secretaria do Planejamento e Gest\u00e3o","robots":{"index":"index","follow":"follow","max-snippet":"max-snippet:-1","max-image-preview":"max-image-preview:large","max-video-preview":"max-video-preview:-1"},"canonical":"https:\/\/ww16.ce.gov.br\/seplag\/planejamento\/ceara-2050\/apresentacao\/","og_locale":"pt_BR","og_type":"article","og_title":"APRESENTA\u00c7\u00c3O - Secretaria do Planejamento e Gest\u00e3o","og_description":"PLANEJAMENTO\u00a0 &gt;\u00a0\u00a0CEAR\u00c1 2050 Plataforma de Desenvolvimento Cear\u00e1 2050 &nbsp; A Plataforma Estrat\u00e9gica de Desenvolvimento de Longo Prazo \u2013 Cear\u00e1 2050 tem o objetivo de tra\u00e7ar estrat\u00e9gias para acelerar o crescimento econ\u00f4mico estadual nas pr\u00f3ximas tr\u00eas d\u00e9cadas e atender, de forma mais eficiente, \u00e0s expectativas da sociedade pela oferta de servi\u00e7os essenciais como sa\u00fade, educa\u00e7\u00e3o, abastecimento [&hellip;]","og_url":"https:\/\/ww16.ce.gov.br\/seplag\/planejamento\/ceara-2050\/apresentacao\/","og_site_name":"Secretaria do Planejamento e Gest\u00e3o","article_modified_time":"2020-09-04T19:05:58+00:00","twitter_card":"summary_large_image","twitter_misc":{"Est. reading time":"3 minutos"},"schema":{"@context":"https:\/\/schema.org","@graph":[{"@type":"WebPage","@id":"https:\/\/ww16.ce.gov.br\/seplag\/planejamento\/ceara-2050\/apresentacao\/","url":"https:\/\/ww16.ce.gov.br\/seplag\/planejamento\/ceara-2050\/apresentacao\/","name":"APRESENTA\u00c7\u00c3O - Secretaria do Planejamento e Gest\u00e3o","isPartOf":{"@id":"https:\/\/ww16.ce.gov.br\/seplag\/#website"},"datePublished":"2020-09-04T18:47:30+00:00","dateModified":"2020-09-04T19:05:58+00:00","breadcrumb":{"@id":"https:\/\/ww16.ce.gov.br\/seplag\/planejamento\/ceara-2050\/apresentacao\/#breadcrumb"},"inLanguage":"pt-BR","potentialAction":[{"@type":"ReadAction","target":["https:\/\/ww16.ce.gov.br\/seplag\/planejamento\/ceara-2050\/apresentacao\/"]}]},{"@type":"BreadcrumbList","@id":"https:\/\/ww16.ce.gov.br\/seplag\/planejamento\/ceara-2050\/apresentacao\/#breadcrumb","itemListElement":[{"@type":"ListItem","position":1,"name":"In\u00edcio","item":"https:\/\/ww16.ce.gov.br\/seplag\/"},{"@type":"ListItem","position":2,"name":"Planejamento","item":"https:\/\/ww16.ce.gov.br\/seplag\/planejamento\/"},{"@type":"ListItem","position":3,"name":"Cear\u00e1 2050","item":"https:\/\/ww16.ce.gov.br\/seplag\/planejamento\/ceara-2050\/"},{"@type":"ListItem","position":4,"name":"APRESENTA\u00c7\u00c3O"}]},{"@type":"WebSite","@id":"https:\/\/ww16.ce.gov.br\/seplag\/#website","url":"https:\/\/ww16.ce.gov.br\/seplag\/","name":"Secretaria do Planejamento e Gest\u00e3o","description":"Secretaria do Planejamento e Gest\u00e3o","publisher":{"@id":"https:\/\/ww16.ce.gov.br\/seplag\/#organization"},"potentialAction":[{"@type":"SearchAction","target":{"@type":"EntryPoint","urlTemplate":"https:\/\/ww16.ce.gov.br\/seplag\/?s={search_term_string}"},"query-input":{"@type":"PropertyValueSpecification","valueRequired":true,"valueName":"search_term_string"}}],"inLanguage":"pt-BR"},{"@type":"Organization","@id":"https:\/\/ww16.ce.gov.br\/seplag\/#organization","name":"Secretaria do Planejamento e Gest\u00e3o","url":"https:\/\/ww16.ce.gov.br\/seplag\/","logo":{"@type":"ImageObject","inLanguage":"pt-BR","@id":"https:\/\/ww16.ce.gov.br\/seplag\/#\/schema\/logo\/image\/","url":"http:\/\/ww16.ce.gov.br\/seplag\/wp-content\/uploads\/sites\/14\/2017\/11\/clara-1.png","contentUrl":"http:\/\/ww16.ce.gov.br\/seplag\/wp-content\/uploads\/sites\/14\/2017\/11\/clara-1.png","width":559,"height":106,"caption":"Secretaria do Planejamento e Gest\u00e3o"},"image":{"@id":"https:\/\/ww16.ce.gov.br\/seplag\/#\/schema\/logo\/image\/"}}]}},"_links":{"self":[{"href":"https:\/\/ww16.ce.gov.br\/seplag\/wp-json\/wp\/v2\/pages\/76060","targetHints":{"allow":["GET"]}}],"collection":[{"href":"https:\/\/ww16.ce.gov.br\/seplag\/wp-json\/wp\/v2\/pages"}],"about":[{"href":"https:\/\/ww16.ce.gov.br\/seplag\/wp-json\/wp\/v2\/types\/page"}],"author":[{"embeddable":true,"href":"https:\/\/ww16.ce.gov.br\/seplag\/wp-json\/wp\/v2\/users\/68"}],"replies":[{"embeddable":true,"href":"https:\/\/ww16.ce.gov.br\/seplag\/wp-json\/wp\/v2\/comments?post=76060"}],"version-history":[{"count":2,"href":"https:\/\/ww16.ce.gov.br\/seplag\/wp-json\/wp\/v2\/pages\/76060\/revisions"}],"predecessor-version":[{"id":76079,"href":"https:\/\/ww16.ce.gov.br\/seplag\/wp-json\/wp\/v2\/pages\/76060\/revisions\/76079"}],"up":[{"embeddable":true,"href":"https:\/\/ww16.ce.gov.br\/seplag\/wp-json\/wp\/v2\/pages\/75366"}],"wp:attachment":[{"href":"https:\/\/ww16.ce.gov.br\/seplag\/wp-json\/wp\/v2\/media?parent=76060"}],"curies":[{"name":"wp","href":"https:\/\/api.w.org\/{rel}","templated":true}]}}