{"id":26976,"date":"2022-11-08T09:00:36","date_gmt":"2022-11-08T12:00:36","guid":{"rendered":"http:\/\/ww16.ce.gov.br\/sefaz\/?page_id=26976"},"modified":"2026-02-06T13:47:07","modified_gmt":"2026-02-06T16:47:07","slug":"incentivos-fiscais","status":"publish","type":"page","link":"https:\/\/ww16.ce.gov.br\/sefaz\/incentivos-fiscais\/","title":{"rendered":"Incentivos Fiscais"},"content":{"rendered":"<h4><a href=\"https:\/\/api2.sefaz.ce.gov.br\/alfresco\/AlfrescoWS\/public\/download?node=64373234636331622d343434642d346663662d386639382d6336396439666265666466612d5f2d736566617a5f6c656769735f757365722d5f2d354d79713549402d51564649\">&#8211; Lei n\u00ba 10.367\/1979 &#8211; Cria o Fundo de Desenvolvimento Industrial do Cear\u00e1 (FDI)<\/a><\/h4>\n<h4><a href=\"https:\/\/api2.sefaz.ce.gov.br\/alfresco\/AlfrescoWS\/public\/download?node=31343834376339612d626235622d343930322d616332332d3138316539313534393337342d5f2d736566617a5f6c656769735f757365722d5f2d354d79713549402d51564649\">&#8211; Decreto n\u00ba 34.508\/2022 &#8211; Regulamenta a Lei n\u00ba 10.367<\/a><\/h4>\n<h4><a href=\"https:\/\/www.adece.ce.gov.br\/empresas\/\">&#8211; Empresas Benefici\u00e1rias do FDI<\/a><\/h4>\n<h4><a href=\"https:\/\/ww16.ce.gov.br\/sefaz\/wp-content\/uploads\/sites\/46\/2020\/08\/Sicret_RETs_Monitorados_2022.11.09.xlsx-Exportar-Planilha.pdf\">&#8211; Contribuintes beneficiados por meio de Regime Especial de Tributa\u00e7\u00e3o celebrado nos termos da Lei n. 14.237, de 2008, (CARGA L\u00cdQUIDA)<\/a><\/h4>\n<h4><a href=\"https:\/\/ww16.ce.gov.br\/sefaz\/wp-content\/uploads\/sites\/46\/2020\/08\/Lei-no-14.237-de-2008-a.pdf\">&#8211; Lei n\u00ba 14.237 de 2008- Disp\u00f5e sobre o regime de substitui\u00e7\u00e3o tribut\u00e1ria nas opera\u00e7\u00f5es realizadas por contribuintes do ICMS, enquadrados nas atividades econ\u00f4micas que indica e d\u00e1 outras provid\u00eancias<\/a><\/h4>\n","protected":false},"excerpt":{"rendered":"<p>&#8211; Lei n\u00ba 10.367\/1979 &#8211; Cria o Fundo de Desenvolvimento Industrial do Cear\u00e1 (FDI) &#8211; Decreto n\u00ba 34.508\/2022 &#8211; Regulamenta a Lei n\u00ba 10.367 &#8211; Empresas Benefici\u00e1rias do FDI &#8211; Contribuintes beneficiados por meio de Regime Especial de Tributa\u00e7\u00e3o celebrado nos termos da Lei n. 14.237, de 2008, (CARGA L\u00cdQUIDA) &#8211; Lei n\u00ba 14.237 de [&hellip;]<\/p>\n","protected":false},"author":12,"featured_media":0,"parent":0,"menu_order":0,"comment_status":"closed","ping_status":"closed","template":"","meta":{"_acf_changed":false,"inline_featured_image":false,"footnotes":""},"class_list":["post-26976","page","type-page","status-publish","hentry"],"acf":[],"yoast_head":"<!-- This site is optimized with the Yoast SEO plugin v26.9 - https:\/\/yoast.com\/product\/yoast-seo-wordpress\/ -->\n<title>Incentivos Fiscais - SEFAZ<\/title>\n<meta name=\"robots\" content=\"index, follow, max-snippet:-1, max-image-preview:large, max-video-preview:-1\" \/>\n<link rel=\"canonical\" href=\"https:\/\/ww16.ce.gov.br\/sefaz\/incentivos-fiscais\/\" \/>\n<meta property=\"og:locale\" content=\"pt_BR\" \/>\n<meta property=\"og:type\" content=\"article\" \/>\n<meta property=\"og:title\" content=\"Incentivos Fiscais - SEFAZ\" \/>\n<meta property=\"og:description\" content=\"&#8211; Lei n\u00ba 10.367\/1979 &#8211; Cria o Fundo de Desenvolvimento Industrial do Cear\u00e1 (FDI) &#8211; Decreto n\u00ba 34.508\/2022 &#8211; Regulamenta a Lei n\u00ba 10.367 &#8211; Empresas Benefici\u00e1rias do FDI &#8211; Contribuintes beneficiados por meio de Regime Especial de Tributa\u00e7\u00e3o celebrado nos termos da Lei n. 14.237, de 2008, (CARGA L\u00cdQUIDA) &#8211; Lei n\u00ba 14.237 de [&hellip;]\" \/>\n<meta property=\"og:url\" content=\"https:\/\/ww16.ce.gov.br\/sefaz\/incentivos-fiscais\/\" \/>\n<meta property=\"og:site_name\" content=\"SEFAZ\" \/>\n<meta property=\"article:modified_time\" content=\"2026-02-06T16:47:07+00:00\" \/>\n<meta name=\"twitter:card\" content=\"summary_large_image\" \/>\n<meta name=\"twitter:label1\" content=\"Est. reading time\" \/>\n\t<meta name=\"twitter:data1\" content=\"1 minuto\" \/>\n<script type=\"application\/ld+json\" class=\"yoast-schema-graph\">{\"@context\":\"https:\/\/schema.org\",\"@graph\":[{\"@type\":\"WebPage\",\"@id\":\"https:\/\/ww16.ce.gov.br\/sefaz\/incentivos-fiscais\/\",\"url\":\"https:\/\/ww16.ce.gov.br\/sefaz\/incentivos-fiscais\/\",\"name\":\"Incentivos Fiscais - SEFAZ\",\"isPartOf\":{\"@id\":\"https:\/\/ww16.ce.gov.br\/sefaz\/#website\"},\"datePublished\":\"2022-11-08T12:00:36+00:00\",\"dateModified\":\"2026-02-06T16:47:07+00:00\",\"breadcrumb\":{\"@id\":\"https:\/\/ww16.ce.gov.br\/sefaz\/incentivos-fiscais\/#breadcrumb\"},\"inLanguage\":\"pt-BR\",\"potentialAction\":[{\"@type\":\"ReadAction\",\"target\":[\"https:\/\/ww16.ce.gov.br\/sefaz\/incentivos-fiscais\/\"]}]},{\"@type\":\"BreadcrumbList\",\"@id\":\"https:\/\/ww16.ce.gov.br\/sefaz\/incentivos-fiscais\/#breadcrumb\",\"itemListElement\":[{\"@type\":\"ListItem\",\"position\":1,\"name\":\"In\u00edcio\",\"item\":\"https:\/\/ww16.ce.gov.br\/sefaz\/\"},{\"@type\":\"ListItem\",\"position\":2,\"name\":\"Incentivos Fiscais\"}]},{\"@type\":\"WebSite\",\"@id\":\"https:\/\/ww16.ce.gov.br\/sefaz\/#website\",\"url\":\"https:\/\/ww16.ce.gov.br\/sefaz\/\",\"name\":\"Secretaria da Fazenda\",\"description\":\"Portal SEFAZ\",\"publisher\":{\"@id\":\"https:\/\/ww16.ce.gov.br\/sefaz\/#organization\"},\"potentialAction\":[{\"@type\":\"SearchAction\",\"target\":{\"@type\":\"EntryPoint\",\"urlTemplate\":\"https:\/\/ww16.ce.gov.br\/sefaz\/?s={search_term_string}\"},\"query-input\":{\"@type\":\"PropertyValueSpecification\",\"valueRequired\":true,\"valueName\":\"search_term_string\"}}],\"inLanguage\":\"pt-BR\"},{\"@type\":\"Organization\",\"@id\":\"https:\/\/ww16.ce.gov.br\/sefaz\/#organization\",\"name\":\"Secretaria da Fazenda\",\"url\":\"https:\/\/ww16.ce.gov.br\/sefaz\/\",\"logo\":{\"@type\":\"ImageObject\",\"inLanguage\":\"pt-BR\",\"@id\":\"https:\/\/ww16.ce.gov.br\/sefaz\/#\/schema\/logo\/image\/\",\"url\":\"http:\/\/ww16.ce.gov.br\/sefaz\/wp-content\/uploads\/sites\/61\/2018\/05\/sefaz-clara2.png\",\"contentUrl\":\"http:\/\/ww16.ce.gov.br\/sefaz\/wp-content\/uploads\/sites\/61\/2018\/05\/sefaz-clara2.png\",\"width\":559,\"height\":106,\"caption\":\"Secretaria da Fazenda\"},\"image\":{\"@id\":\"https:\/\/ww16.ce.gov.br\/sefaz\/#\/schema\/logo\/image\/\"}}]}<\/script>\n<!-- \/ Yoast SEO plugin. -->","yoast_head_json":{"title":"Incentivos Fiscais - SEFAZ","robots":{"index":"index","follow":"follow","max-snippet":"max-snippet:-1","max-image-preview":"max-image-preview:large","max-video-preview":"max-video-preview:-1"},"canonical":"https:\/\/ww16.ce.gov.br\/sefaz\/incentivos-fiscais\/","og_locale":"pt_BR","og_type":"article","og_title":"Incentivos Fiscais - SEFAZ","og_description":"&#8211; Lei n\u00ba 10.367\/1979 &#8211; Cria o Fundo de Desenvolvimento Industrial do Cear\u00e1 (FDI) &#8211; Decreto n\u00ba 34.508\/2022 &#8211; Regulamenta a Lei n\u00ba 10.367 &#8211; Empresas Benefici\u00e1rias do FDI &#8211; Contribuintes beneficiados por meio de Regime Especial de Tributa\u00e7\u00e3o celebrado nos termos da Lei n. 14.237, de 2008, (CARGA L\u00cdQUIDA) &#8211; Lei n\u00ba 14.237 de [&hellip;]","og_url":"https:\/\/ww16.ce.gov.br\/sefaz\/incentivos-fiscais\/","og_site_name":"SEFAZ","article_modified_time":"2026-02-06T16:47:07+00:00","twitter_card":"summary_large_image","twitter_misc":{"Est. reading time":"1 minuto"},"schema":{"@context":"https:\/\/schema.org","@graph":[{"@type":"WebPage","@id":"https:\/\/ww16.ce.gov.br\/sefaz\/incentivos-fiscais\/","url":"https:\/\/ww16.ce.gov.br\/sefaz\/incentivos-fiscais\/","name":"Incentivos Fiscais - SEFAZ","isPartOf":{"@id":"https:\/\/ww16.ce.gov.br\/sefaz\/#website"},"datePublished":"2022-11-08T12:00:36+00:00","dateModified":"2026-02-06T16:47:07+00:00","breadcrumb":{"@id":"https:\/\/ww16.ce.gov.br\/sefaz\/incentivos-fiscais\/#breadcrumb"},"inLanguage":"pt-BR","potentialAction":[{"@type":"ReadAction","target":["https:\/\/ww16.ce.gov.br\/sefaz\/incentivos-fiscais\/"]}]},{"@type":"BreadcrumbList","@id":"https:\/\/ww16.ce.gov.br\/sefaz\/incentivos-fiscais\/#breadcrumb","itemListElement":[{"@type":"ListItem","position":1,"name":"In\u00edcio","item":"https:\/\/ww16.ce.gov.br\/sefaz\/"},{"@type":"ListItem","position":2,"name":"Incentivos Fiscais"}]},{"@type":"WebSite","@id":"https:\/\/ww16.ce.gov.br\/sefaz\/#website","url":"https:\/\/ww16.ce.gov.br\/sefaz\/","name":"Secretaria da Fazenda","description":"Portal SEFAZ","publisher":{"@id":"https:\/\/ww16.ce.gov.br\/sefaz\/#organization"},"potentialAction":[{"@type":"SearchAction","target":{"@type":"EntryPoint","urlTemplate":"https:\/\/ww16.ce.gov.br\/sefaz\/?s={search_term_string}"},"query-input":{"@type":"PropertyValueSpecification","valueRequired":true,"valueName":"search_term_string"}}],"inLanguage":"pt-BR"},{"@type":"Organization","@id":"https:\/\/ww16.ce.gov.br\/sefaz\/#organization","name":"Secretaria da Fazenda","url":"https:\/\/ww16.ce.gov.br\/sefaz\/","logo":{"@type":"ImageObject","inLanguage":"pt-BR","@id":"https:\/\/ww16.ce.gov.br\/sefaz\/#\/schema\/logo\/image\/","url":"http:\/\/ww16.ce.gov.br\/sefaz\/wp-content\/uploads\/sites\/61\/2018\/05\/sefaz-clara2.png","contentUrl":"http:\/\/ww16.ce.gov.br\/sefaz\/wp-content\/uploads\/sites\/61\/2018\/05\/sefaz-clara2.png","width":559,"height":106,"caption":"Secretaria da Fazenda"},"image":{"@id":"https:\/\/ww16.ce.gov.br\/sefaz\/#\/schema\/logo\/image\/"}}]}},"_links":{"self":[{"href":"https:\/\/ww16.ce.gov.br\/sefaz\/wp-json\/wp\/v2\/pages\/26976","targetHints":{"allow":["GET"]}}],"collection":[{"href":"https:\/\/ww16.ce.gov.br\/sefaz\/wp-json\/wp\/v2\/pages"}],"about":[{"href":"https:\/\/ww16.ce.gov.br\/sefaz\/wp-json\/wp\/v2\/types\/page"}],"author":[{"embeddable":true,"href":"https:\/\/ww16.ce.gov.br\/sefaz\/wp-json\/wp\/v2\/users\/12"}],"replies":[{"embeddable":true,"href":"https:\/\/ww16.ce.gov.br\/sefaz\/wp-json\/wp\/v2\/comments?post=26976"}],"version-history":[{"count":11,"href":"https:\/\/ww16.ce.gov.br\/sefaz\/wp-json\/wp\/v2\/pages\/26976\/revisions"}],"predecessor-version":[{"id":27207,"href":"https:\/\/ww16.ce.gov.br\/sefaz\/wp-json\/wp\/v2\/pages\/26976\/revisions\/27207"}],"wp:attachment":[{"href":"https:\/\/ww16.ce.gov.br\/sefaz\/wp-json\/wp\/v2\/media?parent=26976"}],"curies":[{"name":"wp","href":"https:\/\/api.w.org\/{rel}","templated":true}]}}