{"id":21224,"date":"2021-02-12T16:09:08","date_gmt":"2021-02-12T19:09:08","guid":{"rendered":"http:\/\/ww16.ce.gov.br\/sefaz\/?page_id=21224"},"modified":"2024-11-12T13:56:44","modified_gmt":"2024-11-12T16:56:44","slug":"pai-degua","status":"publish","type":"page","link":"https:\/\/ww16.ce.gov.br\/sefaz\/pai-degua\/","title":{"rendered":"Pai d\u00b4\u00e9gua"},"content":{"rendered":"<p><img loading=\"lazy\" decoding=\"async\" class=\"wp-image-21225 aligncenter\" src=\"https:\/\/ww16.ce.gov.br\/sefaz\/wp-content\/uploads\/sites\/46\/2021\/02\/Logomarca-Pai-degua-solida-600x459.png\" alt=\"\" width=\"324\" height=\"248\" srcset=\"https:\/\/ww16.ce.gov.br\/sefaz\/wp-content\/uploads\/sites\/46\/2021\/02\/Logomarca-Pai-degua-solida-600x459.png 600w, https:\/\/ww16.ce.gov.br\/sefaz\/wp-content\/uploads\/sites\/46\/2021\/02\/Logomarca-Pai-degua-solida-1200x918.png 1200w, https:\/\/ww16.ce.gov.br\/sefaz\/wp-content\/uploads\/sites\/46\/2021\/02\/Logomarca-Pai-degua-solida-768x587.png 768w, https:\/\/ww16.ce.gov.br\/sefaz\/wp-content\/uploads\/sites\/46\/2021\/02\/Logomarca-Pai-degua-solida-1536x1175.png 1536w, https:\/\/ww16.ce.gov.br\/sefaz\/wp-content\/uploads\/sites\/46\/2021\/02\/Logomarca-Pai-degua-solida.png 1901w\" sizes=\"auto, (max-width: 324px) 100vw, 324px\" \/><\/p>\n<p>&nbsp;<\/p>\n<p>A Sefaz est\u00e1 investindo na excel\u00eancia do relacionamento com os seus contribuintes.<\/p>\n<p>&nbsp;<\/p>\n<p>O Contribuinte Pai d\u2019\u00c9gua \u00e9 um programa que tem como objetivo fomentar a autorregulariza\u00e7\u00e3o e a autoconformidade tribut\u00e1ria por meio de uma mudan\u00e7a no relacionamento com o contribuinte.<\/p>\n<p>&nbsp;<\/p>\n<p>Ao conceder um tratamento diferenciado aos contribuintes que cumprem regularmente as obriga\u00e7\u00f5es tribut\u00e1rias, a Secretaria da Fazenda do Cear\u00e1 (Sefaz-CE) pretende promover a justi\u00e7a fiscal e melhorar o ambiente de neg\u00f3cios no estado do Cear\u00e1.<\/p>\n<p>&nbsp;<\/p>\n<p>Dentre os focos do Programa Pai d\u2019\u00c9gua, est\u00e3o a simplifica\u00e7\u00e3o de processos tribut\u00e1rios, a transpar\u00eancia, a comunica\u00e7\u00e3o e o di\u00e1logo.<\/p>\n<p>&nbsp;<\/p>\n<h3><strong>Pilares<\/strong><\/h3>\n<p>&nbsp;<\/p>\n<p>A iniciativa se baseia em dois pilares de atua\u00e7\u00e3o: o Relacionamento e o Fortalecimento da Confian\u00e7a. O primeiro se sustenta na postura orientativa do Fisco, de forma a trazer mais facilidade aos processos, transpar\u00eancia nas informa\u00e7\u00f5es e um ambiente de melhor comunica\u00e7\u00e3o e di\u00e1logo.<\/p>\n<p>&nbsp;<\/p>\n<p>Com essas estrat\u00e9gias, o programa visa a aprimorar o relacionamento entre a Sefaz-CE e os contribuintes.<\/p>\n<p>&nbsp;<\/p>\n<p>No pilar do Fortalecimento da Confian\u00e7a, o programa utiliza o conceito da pir\u00e2mide de risco para instituir uma nova forma de atua\u00e7\u00e3o da administra\u00e7\u00e3o tribut\u00e1ria, buscando oferecer o tratamento tribut\u00e1rio adequado \u00e0s diferentes categorias de contribuintes. Isso porque a Fazenda acredita que a confian\u00e7a \u00e9 a base na nossa rela\u00e7\u00e3o.<\/p>\n<p>&nbsp;<\/p>\n<p><img loading=\"lazy\" decoding=\"async\" class=\"alignnone wp-image-25830\" src=\"https:\/\/ww16.ce.gov.br\/sefaz\/wp-content\/uploads\/sites\/46\/2022\/04\/piramide-1-600x424.jpg\" alt=\"\" width=\"729\" height=\"516\" srcset=\"https:\/\/ww16.ce.gov.br\/sefaz\/wp-content\/uploads\/sites\/46\/2022\/04\/piramide-1-600x424.jpg 600w, https:\/\/ww16.ce.gov.br\/sefaz\/wp-content\/uploads\/sites\/46\/2022\/04\/piramide-1-1200x849.jpg 1200w, https:\/\/ww16.ce.gov.br\/sefaz\/wp-content\/uploads\/sites\/46\/2022\/04\/piramide-1-768x543.jpg 768w, https:\/\/ww16.ce.gov.br\/sefaz\/wp-content\/uploads\/sites\/46\/2022\/04\/piramide-1-1536x1087.jpg 1536w, https:\/\/ww16.ce.gov.br\/sefaz\/wp-content\/uploads\/sites\/46\/2022\/04\/piramide-1-2048x1449.jpg 2048w\" sizes=\"auto, (max-width: 729px) 100vw, 729px\" \/><\/p>\n<p>&nbsp;<\/p>\n<p>Com a institui\u00e7\u00e3o do Programa do Contribuinte Pai d\u2019\u00c9gua, certamente teremos um ambiente fiscal mais justo e eficiente para todos, com base na simplifica\u00e7\u00e3o e na educa\u00e7\u00e3o fiscal.<\/p>\n<p>&nbsp;<\/p>\n<p>&nbsp;<\/p>\n<h3><strong>&#8211; Legisla\u00e7\u00e3o<\/strong><\/h3>\n<p><a href=\"https:\/\/ww16.ce.gov.br\/sefaz\/wp-content\/uploads\/sites\/46\/2024\/11\/Instrucao-Normativa-no-84-de-2024.pdf\">Instru\u00e7\u00e3o Normativa n\u00b084\/2024<\/a><\/p>\n<p>&nbsp;<\/p>\n<p><a href=\"https:\/\/ww16.ce.gov.br\/sefaz\/wp-content\/uploads\/sites\/46\/2020\/08\/Lei-no-17.087-de-2019-lei-que-institui-o-programa-de-conformidade-fiscal-no-Estado-do-Ceara-1.pdf\">Lei n\u00ba 17.087\/2019<\/a><\/p>\n<p>&nbsp;<\/p>\n<p><a href=\"https:\/\/ww16.ce.gov.br\/sefaz\/wp-content\/uploads\/sites\/46\/2020\/08\/Decreto-33820-2020-1.pdf\">Decreto n\u00ba 33.820\/2020<\/a><\/p>\n<p>&nbsp;<\/p>\n<p>&nbsp;<\/p>\n<p>&nbsp;<\/p>\n\n<div class=\"CategoriasDestaque  TresCategorias  row  nested\">\n    <h2 class=\"-SmallTitle -verde\">Categorias em Destaque<\/h4>\n            <div class=\"tl-4\">\n            <a href=\"https:\/\/ww16.ce.gov.br\/sefaz\/categoria\/contribuinte-pai-degua\/\"><h3  class=\"-bold\">Contribuinte Pai d'\u00c9gua<\/h3><\/a>\n            <ul>\n                                    <li>\n                        <div class=\"destacado\">\n                            <a href=\"https:\/\/ww16.ce.gov.br\/sefaz\/2025\/02\/24\/sefaz-ce-premia-empresas-e-contadores-por-compromisso-com-obrigacoes-tributarias\/\"><h4>Sefaz-CE premia empresas e contadores por compromisso com obriga\u00e7\u00f5es tribut\u00e1rias<\/h4><\/a>\n                        <\/div>\n                    <\/li>\n                                    <li>\n                        <div class=\"destacado\">\n                            <a href=\"https:\/\/ww16.ce.gov.br\/sefaz\/2023\/10\/27\/classificacao-atualizada-do-programa-contribuinte-pai-degua-2\/\"><h4>Classifica\u00e7\u00e3o atualizada do Programa Contribuinte Pai d\u2019\u00c9gua<\/h4><\/a>\n                        <\/div>\n                    <\/li>\n                                    <li>\n                        <div class=\"destacado\">\n                            <a href=\"https:\/\/ww16.ce.gov.br\/sefaz\/2022\/05\/04\/contribuinte-pai-degua-conheca-as-mais-de-16-mil-empresas-participantes\/\"><h4>Contribuinte Pai d\u2019\u00c9gua: conhe\u00e7a as mais de 16 mil empresas participantes<\/h4><\/a>\n                        <\/div>\n                    <\/li>\n                                    <li>\n                        <div class=\"destacado\">\n                            <a href=\"https:\/\/ww16.ce.gov.br\/sefaz\/2022\/03\/14\/novos-contribuintes-serao-inseridos-no-programa-contribuinte-pai-degua\/\"><h4>Novos contribuintes ser\u00e3o inseridos no Programa Contribuinte Pai d\u2019\u00c9gua<\/h4><\/a>\n                        <\/div>\n                    <\/li>\n                                    <li>\n                        <div class=\"destacado\">\n                            <a href=\"https:\/\/ww16.ce.gov.br\/sefaz\/2022\/01\/24\/classificacao-atualizada-das-empresas-no-programa-contribuinte-pai-degua-2\/\"><h4>Classifica\u00e7\u00e3o atualizada das empresas no programa Contribuinte Pai d\u2019\u00c9gua<\/h4><\/a>\n                        <\/div>\n                    <\/li>\n                                    <li>\n                        <div class=\"destacado\">\n                            <a href=\"https:\/\/ww16.ce.gov.br\/sefaz\/2022\/01\/04\/classificacao-atualizada-das-empresas-no-programa-contribuinte-pai-degua\/\"><h4>Classifica\u00e7\u00e3o atualizada das empresas no programa Contribuinte Pai d&#8217;\u00c9gua<\/h4><\/a>\n                        <\/div>\n                    <\/li>\n                            <\/ul>\n        <\/div>\n    <\/div>\n","protected":false},"excerpt":{"rendered":"<p>&nbsp; A Sefaz est\u00e1 investindo na excel\u00eancia do relacionamento com os seus contribuintes. &nbsp; O Contribuinte Pai d\u2019\u00c9gua \u00e9 um programa que tem como objetivo fomentar a autorregulariza\u00e7\u00e3o e a autoconformidade tribut\u00e1ria por meio de uma mudan\u00e7a no relacionamento com o contribuinte. &nbsp; Ao conceder um tratamento diferenciado aos contribuintes que cumprem regularmente as obriga\u00e7\u00f5es [&hellip;]<\/p>\n","protected":false},"author":12,"featured_media":0,"parent":0,"menu_order":0,"comment_status":"closed","ping_status":"closed","template":"","meta":{"_acf_changed":false,"inline_featured_image":false,"footnotes":""},"class_list":["post-21224","page","type-page","status-publish","hentry"],"acf":[],"yoast_head":"<!-- This site is optimized with the Yoast SEO plugin v26.9 - https:\/\/yoast.com\/product\/yoast-seo-wordpress\/ -->\n<title>Pai d\u00b4\u00e9gua - SEFAZ<\/title>\n<meta name=\"robots\" content=\"index, follow, max-snippet:-1, max-image-preview:large, max-video-preview:-1\" \/>\n<link rel=\"canonical\" href=\"https:\/\/ww16.ce.gov.br\/sefaz\/pai-degua\/\" \/>\n<meta property=\"og:locale\" content=\"pt_BR\" \/>\n<meta property=\"og:type\" content=\"article\" \/>\n<meta property=\"og:title\" content=\"Pai d\u00b4\u00e9gua - SEFAZ\" \/>\n<meta property=\"og:description\" content=\"&nbsp; A Sefaz est\u00e1 investindo na excel\u00eancia do relacionamento com os seus contribuintes. &nbsp; O Contribuinte Pai d\u2019\u00c9gua \u00e9 um programa que tem como objetivo fomentar a autorregulariza\u00e7\u00e3o e a autoconformidade tribut\u00e1ria por meio de uma mudan\u00e7a no relacionamento com o contribuinte. &nbsp; Ao conceder um tratamento diferenciado aos contribuintes que cumprem regularmente as obriga\u00e7\u00f5es [&hellip;]\" \/>\n<meta property=\"og:url\" content=\"https:\/\/ww16.ce.gov.br\/sefaz\/pai-degua\/\" \/>\n<meta property=\"og:site_name\" content=\"SEFAZ\" \/>\n<meta property=\"article:modified_time\" content=\"2024-11-12T16:56:44+00:00\" \/>\n<meta property=\"og:image\" content=\"http:\/\/ww16.ce.gov.br\/sefaz\/wp-content\/uploads\/sites\/46\/2021\/02\/Logomarca-Pai-degua-solida-600x459.png\" \/>\n<meta name=\"twitter:card\" content=\"summary_large_image\" \/>\n<meta name=\"twitter:label1\" content=\"Est. reading time\" \/>\n\t<meta name=\"twitter:data1\" content=\"2 minutos\" \/>\n<script type=\"application\/ld+json\" class=\"yoast-schema-graph\">{\"@context\":\"https:\/\/schema.org\",\"@graph\":[{\"@type\":\"WebPage\",\"@id\":\"https:\/\/ww16.ce.gov.br\/sefaz\/pai-degua\/\",\"url\":\"https:\/\/ww16.ce.gov.br\/sefaz\/pai-degua\/\",\"name\":\"Pai d\u00b4\u00e9gua - SEFAZ\",\"isPartOf\":{\"@id\":\"https:\/\/ww16.ce.gov.br\/sefaz\/#website\"},\"primaryImageOfPage\":{\"@id\":\"https:\/\/ww16.ce.gov.br\/sefaz\/pai-degua\/#primaryimage\"},\"image\":{\"@id\":\"https:\/\/ww16.ce.gov.br\/sefaz\/pai-degua\/#primaryimage\"},\"thumbnailUrl\":\"http:\/\/ww16.ce.gov.br\/sefaz\/wp-content\/uploads\/sites\/46\/2021\/02\/Logomarca-Pai-degua-solida-600x459.png\",\"datePublished\":\"2021-02-12T19:09:08+00:00\",\"dateModified\":\"2024-11-12T16:56:44+00:00\",\"breadcrumb\":{\"@id\":\"https:\/\/ww16.ce.gov.br\/sefaz\/pai-degua\/#breadcrumb\"},\"inLanguage\":\"pt-BR\",\"potentialAction\":[{\"@type\":\"ReadAction\",\"target\":[\"https:\/\/ww16.ce.gov.br\/sefaz\/pai-degua\/\"]}]},{\"@type\":\"ImageObject\",\"inLanguage\":\"pt-BR\",\"@id\":\"https:\/\/ww16.ce.gov.br\/sefaz\/pai-degua\/#primaryimage\",\"url\":\"https:\/\/ww16.ce.gov.br\/sefaz\/wp-content\/uploads\/sites\/46\/2021\/02\/Logomarca-Pai-degua-solida.png\",\"contentUrl\":\"https:\/\/ww16.ce.gov.br\/sefaz\/wp-content\/uploads\/sites\/46\/2021\/02\/Logomarca-Pai-degua-solida.png\",\"width\":1901,\"height\":1454},{\"@type\":\"BreadcrumbList\",\"@id\":\"https:\/\/ww16.ce.gov.br\/sefaz\/pai-degua\/#breadcrumb\",\"itemListElement\":[{\"@type\":\"ListItem\",\"position\":1,\"name\":\"In\u00edcio\",\"item\":\"https:\/\/ww16.ce.gov.br\/sefaz\/\"},{\"@type\":\"ListItem\",\"position\":2,\"name\":\"Pai d\u00b4\u00e9gua\"}]},{\"@type\":\"WebSite\",\"@id\":\"https:\/\/ww16.ce.gov.br\/sefaz\/#website\",\"url\":\"https:\/\/ww16.ce.gov.br\/sefaz\/\",\"name\":\"Secretaria da Fazenda\",\"description\":\"Portal SEFAZ\",\"publisher\":{\"@id\":\"https:\/\/ww16.ce.gov.br\/sefaz\/#organization\"},\"potentialAction\":[{\"@type\":\"SearchAction\",\"target\":{\"@type\":\"EntryPoint\",\"urlTemplate\":\"https:\/\/ww16.ce.gov.br\/sefaz\/?s={search_term_string}\"},\"query-input\":{\"@type\":\"PropertyValueSpecification\",\"valueRequired\":true,\"valueName\":\"search_term_string\"}}],\"inLanguage\":\"pt-BR\"},{\"@type\":\"Organization\",\"@id\":\"https:\/\/ww16.ce.gov.br\/sefaz\/#organization\",\"name\":\"Secretaria da Fazenda\",\"url\":\"https:\/\/ww16.ce.gov.br\/sefaz\/\",\"logo\":{\"@type\":\"ImageObject\",\"inLanguage\":\"pt-BR\",\"@id\":\"https:\/\/ww16.ce.gov.br\/sefaz\/#\/schema\/logo\/image\/\",\"url\":\"http:\/\/ww16.ce.gov.br\/sefaz\/wp-content\/uploads\/sites\/61\/2018\/05\/sefaz-clara2.png\",\"contentUrl\":\"http:\/\/ww16.ce.gov.br\/sefaz\/wp-content\/uploads\/sites\/61\/2018\/05\/sefaz-clara2.png\",\"width\":559,\"height\":106,\"caption\":\"Secretaria da Fazenda\"},\"image\":{\"@id\":\"https:\/\/ww16.ce.gov.br\/sefaz\/#\/schema\/logo\/image\/\"}}]}<\/script>\n<!-- \/ Yoast SEO plugin. -->","yoast_head_json":{"title":"Pai d\u00b4\u00e9gua - SEFAZ","robots":{"index":"index","follow":"follow","max-snippet":"max-snippet:-1","max-image-preview":"max-image-preview:large","max-video-preview":"max-video-preview:-1"},"canonical":"https:\/\/ww16.ce.gov.br\/sefaz\/pai-degua\/","og_locale":"pt_BR","og_type":"article","og_title":"Pai d\u00b4\u00e9gua - SEFAZ","og_description":"&nbsp; A Sefaz est\u00e1 investindo na excel\u00eancia do relacionamento com os seus contribuintes. &nbsp; O Contribuinte Pai d\u2019\u00c9gua \u00e9 um programa que tem como objetivo fomentar a autorregulariza\u00e7\u00e3o e a autoconformidade tribut\u00e1ria por meio de uma mudan\u00e7a no relacionamento com o contribuinte. &nbsp; Ao conceder um tratamento diferenciado aos contribuintes que cumprem regularmente as obriga\u00e7\u00f5es [&hellip;]","og_url":"https:\/\/ww16.ce.gov.br\/sefaz\/pai-degua\/","og_site_name":"SEFAZ","article_modified_time":"2024-11-12T16:56:44+00:00","og_image":[{"url":"http:\/\/ww16.ce.gov.br\/sefaz\/wp-content\/uploads\/sites\/46\/2021\/02\/Logomarca-Pai-degua-solida-600x459.png","type":"","width":"","height":""}],"twitter_card":"summary_large_image","twitter_misc":{"Est. reading time":"2 minutos"},"schema":{"@context":"https:\/\/schema.org","@graph":[{"@type":"WebPage","@id":"https:\/\/ww16.ce.gov.br\/sefaz\/pai-degua\/","url":"https:\/\/ww16.ce.gov.br\/sefaz\/pai-degua\/","name":"Pai d\u00b4\u00e9gua - SEFAZ","isPartOf":{"@id":"https:\/\/ww16.ce.gov.br\/sefaz\/#website"},"primaryImageOfPage":{"@id":"https:\/\/ww16.ce.gov.br\/sefaz\/pai-degua\/#primaryimage"},"image":{"@id":"https:\/\/ww16.ce.gov.br\/sefaz\/pai-degua\/#primaryimage"},"thumbnailUrl":"http:\/\/ww16.ce.gov.br\/sefaz\/wp-content\/uploads\/sites\/46\/2021\/02\/Logomarca-Pai-degua-solida-600x459.png","datePublished":"2021-02-12T19:09:08+00:00","dateModified":"2024-11-12T16:56:44+00:00","breadcrumb":{"@id":"https:\/\/ww16.ce.gov.br\/sefaz\/pai-degua\/#breadcrumb"},"inLanguage":"pt-BR","potentialAction":[{"@type":"ReadAction","target":["https:\/\/ww16.ce.gov.br\/sefaz\/pai-degua\/"]}]},{"@type":"ImageObject","inLanguage":"pt-BR","@id":"https:\/\/ww16.ce.gov.br\/sefaz\/pai-degua\/#primaryimage","url":"https:\/\/ww16.ce.gov.br\/sefaz\/wp-content\/uploads\/sites\/46\/2021\/02\/Logomarca-Pai-degua-solida.png","contentUrl":"https:\/\/ww16.ce.gov.br\/sefaz\/wp-content\/uploads\/sites\/46\/2021\/02\/Logomarca-Pai-degua-solida.png","width":1901,"height":1454},{"@type":"BreadcrumbList","@id":"https:\/\/ww16.ce.gov.br\/sefaz\/pai-degua\/#breadcrumb","itemListElement":[{"@type":"ListItem","position":1,"name":"In\u00edcio","item":"https:\/\/ww16.ce.gov.br\/sefaz\/"},{"@type":"ListItem","position":2,"name":"Pai d\u00b4\u00e9gua"}]},{"@type":"WebSite","@id":"https:\/\/ww16.ce.gov.br\/sefaz\/#website","url":"https:\/\/ww16.ce.gov.br\/sefaz\/","name":"Secretaria da Fazenda","description":"Portal SEFAZ","publisher":{"@id":"https:\/\/ww16.ce.gov.br\/sefaz\/#organization"},"potentialAction":[{"@type":"SearchAction","target":{"@type":"EntryPoint","urlTemplate":"https:\/\/ww16.ce.gov.br\/sefaz\/?s={search_term_string}"},"query-input":{"@type":"PropertyValueSpecification","valueRequired":true,"valueName":"search_term_string"}}],"inLanguage":"pt-BR"},{"@type":"Organization","@id":"https:\/\/ww16.ce.gov.br\/sefaz\/#organization","name":"Secretaria da Fazenda","url":"https:\/\/ww16.ce.gov.br\/sefaz\/","logo":{"@type":"ImageObject","inLanguage":"pt-BR","@id":"https:\/\/ww16.ce.gov.br\/sefaz\/#\/schema\/logo\/image\/","url":"http:\/\/ww16.ce.gov.br\/sefaz\/wp-content\/uploads\/sites\/61\/2018\/05\/sefaz-clara2.png","contentUrl":"http:\/\/ww16.ce.gov.br\/sefaz\/wp-content\/uploads\/sites\/61\/2018\/05\/sefaz-clara2.png","width":559,"height":106,"caption":"Secretaria da Fazenda"},"image":{"@id":"https:\/\/ww16.ce.gov.br\/sefaz\/#\/schema\/logo\/image\/"}}]}},"_links":{"self":[{"href":"https:\/\/ww16.ce.gov.br\/sefaz\/wp-json\/wp\/v2\/pages\/21224","targetHints":{"allow":["GET"]}}],"collection":[{"href":"https:\/\/ww16.ce.gov.br\/sefaz\/wp-json\/wp\/v2\/pages"}],"about":[{"href":"https:\/\/ww16.ce.gov.br\/sefaz\/wp-json\/wp\/v2\/types\/page"}],"author":[{"embeddable":true,"href":"https:\/\/ww16.ce.gov.br\/sefaz\/wp-json\/wp\/v2\/users\/12"}],"replies":[{"embeddable":true,"href":"https:\/\/ww16.ce.gov.br\/sefaz\/wp-json\/wp\/v2\/comments?post=21224"}],"version-history":[{"count":19,"href":"https:\/\/ww16.ce.gov.br\/sefaz\/wp-json\/wp\/v2\/pages\/21224\/revisions"}],"predecessor-version":[{"id":32812,"href":"https:\/\/ww16.ce.gov.br\/sefaz\/wp-json\/wp\/v2\/pages\/21224\/revisions\/32812"}],"wp:attachment":[{"href":"https:\/\/ww16.ce.gov.br\/sefaz\/wp-json\/wp\/v2\/media?parent=21224"}],"curies":[{"name":"wp","href":"https:\/\/api.w.org\/{rel}","templated":true}]}}