{"id":6954,"date":"2018-09-28T15:15:16","date_gmt":"2018-09-28T18:15:16","guid":{"rendered":"http:\/\/www.secult.ce.gov.br\/?page_id=6954"},"modified":"2026-04-23T11:40:43","modified_gmt":"2026-04-23T14:40:43","slug":"mecenas","status":"publish","type":"page","link":"https:\/\/ww16.ce.gov.br\/secult\/politica\/eixos\/economia-da-cultura\/mecenas\/","title":{"rendered":"Mecenas do Cear\u00e1"},"content":{"rendered":"\n<figure class=\"wp-block-image aligncenter size-full\"><img loading=\"lazy\" decoding=\"async\" width=\"768\" height=\"512\" src=\"https:\/\/ww16.ce.gov.br\/secult\/wp-content\/uploads\/sites\/83\/2026\/03\/Foto-Tim-Oliveira-The-Draculoides-768x512-1.jpg\" alt=\"Festival Nordestino de Teatro de Guaramiranga recebeu apoio institucional da Secretaria da Cultura, por meio do Mecenas do Cear\u00e1.\" class=\"wp-image-51501\" srcset=\"https:\/\/ww16.ce.gov.br\/secult\/wp-content\/uploads\/sites\/83\/2026\/03\/Foto-Tim-Oliveira-The-Draculoides-768x512-1.jpg 768w, https:\/\/ww16.ce.gov.br\/secult\/wp-content\/uploads\/sites\/83\/2026\/03\/Foto-Tim-Oliveira-The-Draculoides-768x512-1-600x400.jpg 600w\" sizes=\"auto, (max-width: 768px) 100vw, 768px\" \/><figcaption class=\"wp-element-caption\">O espet\u00e1culo \u201cA idade da terra\u201d integrou a Mostra Palco Cear\u00e1, do Festival Nordestino de Teatro de Guaramiranga, que conta com apoio institucional da Secretaria da Cultura, por meio do Mecenas do Cear\u00e1. Foto: Tim Oliveira. <\/figcaption><\/figure>\n\n\n\n<div class=\"wp-block-cegovbr-titulo-personalizado cegovbr-titulo-personalizado\"><div class=\"cegovbr-titulo-header\"><span class=\"material-symbols-outlined cegovbr-titulo-icon\">task_alt<\/span><h6 class=\"cegovbr-titulo-text\">O que \u00e9 o Mecenas do Cear\u00e1?<\/h6><\/div><\/div>\n\n\n\n<p class=\"is-style-justified\">O <strong>Mecenas do Cear\u00e1<\/strong> \u00e9 o mecanismo de fomento a atividades culturais por meio da ren\u00fancia fiscal, no qual os contribuintes do <strong>Imposto sobre Opera\u00e7\u00f5es Relativas \u00e0 Circula\u00e7\u00e3o de Mercadorias e sobre a Presta\u00e7\u00e3o de Servi\u00e7os de Transporte Interestadual e Intermunicipal e de Comunica\u00e7\u00e3o (ICMS)<\/strong> incentivam projetos culturais mediante doa\u00e7\u00e3o ou investimento, deduzindo o percentual legal do imposto devido no limite de at\u00e9 2% (dois por cento) do ICMS a ser recolhido mensalmente, na forma estabelecida da Lei e regulamento.<\/p>\n\n\n\n<div style=\"height:20px\" aria-hidden=\"true\" class=\"wp-block-spacer\"><\/div>\n\n\n\n<div class=\"wp-block-cegovbr-titulo-personalizado cegovbr-titulo-personalizado\"><div class=\"cegovbr-titulo-header\"><span class=\"material-symbols-outlined cegovbr-titulo-icon\">groups<\/span><h6 class=\"cegovbr-titulo-text\">Quem pode incentivar?<\/h6><\/div><\/div>\n\n\n\n<p class=\"is-style-justified\">Empresa contribuinte de ICMS no Cear\u00e1 e que n\u00e3o gozem de nenhuma dedu\u00e7\u00e3o legal que ultrapasse os 70% (setenta por cento) do imposto ou que tenha muita substitui\u00e7\u00e3o tribut\u00e1ria e que se encontra em situa\u00e7\u00e3o de regularidade fiscal com a Secretaria da Fazenda Estadual do Cear\u00e1 e com a Receita Federal.<\/p>\n\n\n\n<div style=\"height:20px\" aria-hidden=\"true\" class=\"wp-block-spacer\"><\/div>\n\n\n\n<div class=\"wp-block-cegovbr-titulo-personalizado cegovbr-titulo-personalizado\"><div class=\"cegovbr-titulo-header\"><span class=\"material-symbols-outlined cegovbr-titulo-icon\">info<\/span><h6 class=\"cegovbr-titulo-text\">Como funciona o incentivo fiscal?<\/h6><\/div><\/div>\n\n\n\n<p class=\"is-style-justified\">O Contribuinte, em situa\u00e7\u00e3o de regularidade fiscal com a SEFAZ, pode deduzir o ICMS at\u00e9 o limite de 2% (dois por cento)* devido mensalmente e de acordo com o valor constante do Certificado Fiscal de Incentivo \u00e0 Cultura (CEFIC), que \u00e9 definido pela Secult com base no limite financeiro mensal no limite de 2% do recolhimento do ICMS dos \u00faltimos 6 meses do contribuinte.<\/p>\n\n\n\n<div style=\"height:20px\" aria-hidden=\"true\" class=\"wp-block-spacer\"><\/div>\n\n\n\n<div class=\"wp-block-cegovbr-titulo-personalizado cegovbr-titulo-personalizado\"><div class=\"cegovbr-titulo-header\"><span class=\"material-symbols-outlined cegovbr-titulo-icon\">bookmark<\/span><h6 class=\"cegovbr-titulo-text\">Quais projetos podem ser incentivados?<\/h6><\/div><\/div>\n\n\n\n<p class=\"is-style-justified\">Os projetos inscritos e aprovados no edital Mecenas do Cear\u00e1, lan\u00e7ado anualmente pela Secretaria da Cultura do Estado do Cear\u00e1. A autoriza\u00e7\u00e3o para capta\u00e7\u00e3o de recursos ocorrer\u00e1 ap\u00f3s homologa\u00e7\u00e3o dos projetos pela Comiss\u00e3o Estadual de Incentivo \u00e0 Cultura \u2013 CEIC, respons\u00e1vel pela avalia\u00e7\u00e3o e decis\u00e3o sobre os projetos submetidos ao Mecenato Estadual.<\/p>\n\n\n\n<p class=\"is-style-justified\">A CEIC \u00e9 vinculada ao Conselho Estadual de Pol\u00edtica Cultural do Cear\u00e1 e \u00e9 formada por representantes da Secult e por representantes indicados pelas associa\u00e7\u00f5es civis e entidades escolhidos por meio de editais p\u00fablicos da Secult.<\/p>\n\n\n\n<div style=\"height:20px\" aria-hidden=\"true\" class=\"wp-block-spacer\"><\/div>\n\n\n\n<div class=\"wp-block-cegovbr-titulo-personalizado cegovbr-titulo-personalizado\"><div class=\"cegovbr-titulo-header\"><span class=\"material-symbols-outlined cegovbr-titulo-icon\">handshake<\/span><h6 class=\"cegovbr-titulo-text\">Quais os benef\u00edcios para o incentivador?<\/h6><\/div><\/div>\n\n\n\n<p class=\"is-style-justified\">O incentivo ao setor cultural tem impacto principalmente sobre a imagem institucional da empresa, pois ela poder\u00e1 agregar valor a sua marca, refor\u00e7ar seu papel na localidade onde atua, desenvolver novas oportunidades de neg\u00f3cio e refor\u00e7ar a pol\u00edtica de relacionamento da empresa com outras esferas do governo e, principalmente, com os artistas e grupos art\u00edsticos.<\/p>\n","protected":false},"excerpt":{"rendered":"<p>O Mecenas do Cear\u00e1 \u00e9 o mecanismo de fomento a atividades culturais por meio da ren\u00fancia fiscal, no qual os contribuintes do Imposto sobre Opera\u00e7\u00f5es Relativas \u00e0 Circula\u00e7\u00e3o de Mercadorias e sobre a Presta\u00e7\u00e3o de Servi\u00e7os de Transporte Interestadual e Intermunicipal e de Comunica\u00e7\u00e3o (ICMS) incentivam projetos culturais mediante doa\u00e7\u00e3o ou investimento, deduzindo o percentual [&hellip;]<\/p>\n","protected":false},"author":12,"featured_media":51501,"parent":6784,"menu_order":0,"comment_status":"closed","ping_status":"closed","template":"","meta":{"_acf_changed":false,"inline_featured_image":false,"footnotes":""},"class_list":["post-6954","page","type-page","status-publish","has-post-thumbnail","hentry"],"acf":[],"yoast_head":"<!-- This site is optimized with the Yoast SEO plugin v26.9 - https:\/\/yoast.com\/product\/yoast-seo-wordpress\/ -->\n<title>Mecenas do Cear\u00e1 - Secult<\/title>\n<meta name=\"description\" content=\"O Mecenas do Cear\u00e1 \u00e9 o mecanismo de fomento a atividades culturais por meio da ren\u00fancia fiscal do ICMS\" \/>\n<meta name=\"robots\" content=\"index, follow, max-snippet:-1, max-image-preview:large, max-video-preview:-1\" \/>\n<link rel=\"canonical\" href=\"https:\/\/ww16.ce.gov.br\/secult\/politica\/eixos\/economia-da-cultura\/mecenas\/\" \/>\n<meta property=\"og:locale\" content=\"pt_BR\" \/>\n<meta property=\"og:type\" content=\"article\" \/>\n<meta property=\"og:title\" content=\"Mecenas do Cear\u00e1 - Secult\" \/>\n<meta property=\"og:description\" content=\"O Mecenas do Cear\u00e1 \u00e9 o mecanismo de fomento a atividades culturais por meio da ren\u00fancia fiscal do ICMS\" \/>\n<meta property=\"og:url\" content=\"https:\/\/ww16.ce.gov.br\/secult\/politica\/eixos\/economia-da-cultura\/mecenas\/\" \/>\n<meta property=\"og:site_name\" content=\"Secult\" \/>\n<meta property=\"article:modified_time\" content=\"2026-04-23T14:40:43+00:00\" \/>\n<meta property=\"og:image\" content=\"https:\/\/ww16.ce.gov.br\/secult\/wp-content\/uploads\/sites\/83\/2026\/03\/Foto-Tim-Oliveira-The-Draculoides-768x512-1.jpg\" \/>\n\t<meta property=\"og:image:width\" content=\"768\" \/>\n\t<meta property=\"og:image:height\" content=\"512\" \/>\n\t<meta property=\"og:image:type\" content=\"image\/jpeg\" \/>\n<meta name=\"twitter:card\" content=\"summary_large_image\" \/>\n<meta name=\"twitter:label1\" content=\"Est. reading time\" \/>\n\t<meta name=\"twitter:data1\" content=\"3 minutos\" \/>\n<script type=\"application\/ld+json\" class=\"yoast-schema-graph\">{\"@context\":\"https:\/\/schema.org\",\"@graph\":[{\"@type\":\"WebPage\",\"@id\":\"https:\/\/ww16.ce.gov.br\/secult\/politica\/eixos\/economia-da-cultura\/mecenas\/\",\"url\":\"https:\/\/ww16.ce.gov.br\/secult\/politica\/eixos\/economia-da-cultura\/mecenas\/\",\"name\":\"Mecenas do Cear\u00e1 - Secult\",\"isPartOf\":{\"@id\":\"https:\/\/ww16.ce.gov.br\/secult\/#website\"},\"primaryImageOfPage\":{\"@id\":\"https:\/\/ww16.ce.gov.br\/secult\/politica\/eixos\/economia-da-cultura\/mecenas\/#primaryimage\"},\"image\":{\"@id\":\"https:\/\/ww16.ce.gov.br\/secult\/politica\/eixos\/economia-da-cultura\/mecenas\/#primaryimage\"},\"thumbnailUrl\":\"https:\/\/ww16.ce.gov.br\/secult\/wp-content\/uploads\/sites\/83\/2026\/03\/Foto-Tim-Oliveira-The-Draculoides-768x512-1.jpg\",\"datePublished\":\"2018-09-28T18:15:16+00:00\",\"dateModified\":\"2026-04-23T14:40:43+00:00\",\"description\":\"O Mecenas do Cear\u00e1 \u00e9 o mecanismo de fomento a atividades culturais por meio da ren\u00fancia fiscal do ICMS\",\"breadcrumb\":{\"@id\":\"https:\/\/ww16.ce.gov.br\/secult\/politica\/eixos\/economia-da-cultura\/mecenas\/#breadcrumb\"},\"inLanguage\":\"pt-BR\",\"potentialAction\":[{\"@type\":\"ReadAction\",\"target\":[\"https:\/\/ww16.ce.gov.br\/secult\/politica\/eixos\/economia-da-cultura\/mecenas\/\"]}]},{\"@type\":\"ImageObject\",\"inLanguage\":\"pt-BR\",\"@id\":\"https:\/\/ww16.ce.gov.br\/secult\/politica\/eixos\/economia-da-cultura\/mecenas\/#primaryimage\",\"url\":\"https:\/\/ww16.ce.gov.br\/secult\/wp-content\/uploads\/sites\/83\/2026\/03\/Foto-Tim-Oliveira-The-Draculoides-768x512-1.jpg\",\"contentUrl\":\"https:\/\/ww16.ce.gov.br\/secult\/wp-content\/uploads\/sites\/83\/2026\/03\/Foto-Tim-Oliveira-The-Draculoides-768x512-1.jpg\",\"width\":768,\"height\":512,\"caption\":\"O espet\u00e1culo \u201cA idade da terra\u201d integrou a Mostra Palco Cear\u00e1, do Festival Nordestino de Teatro de Guaramiranga, que conta com apoio institucional da Secretaria da Cultura, por meio do Mecenas do Cear\u00e1. Foto: Tim Oliveira.\"},{\"@type\":\"BreadcrumbList\",\"@id\":\"https:\/\/ww16.ce.gov.br\/secult\/politica\/eixos\/economia-da-cultura\/mecenas\/#breadcrumb\",\"itemListElement\":[{\"@type\":\"ListItem\",\"position\":1,\"name\":\"In\u00edcio\",\"item\":\"https:\/\/ww16.ce.gov.br\/secult\/\"},{\"@type\":\"ListItem\",\"position\":2,\"name\":\"Pol\u00edtica\",\"item\":\"https:\/\/ww16.ce.gov.br\/secult\/politica\/\"},{\"@type\":\"ListItem\",\"position\":3,\"name\":\"Eixos\",\"item\":\"https:\/\/ww16.ce.gov.br\/secult\/politica\/eixos\/\"},{\"@type\":\"ListItem\",\"position\":4,\"name\":\"Economia da Cultura\",\"item\":\"https:\/\/ww16.ce.gov.br\/secult\/politica\/eixos\/economia-da-cultura\/\"},{\"@type\":\"ListItem\",\"position\":5,\"name\":\"Mecenas do Cear\u00e1\"}]},{\"@type\":\"WebSite\",\"@id\":\"https:\/\/ww16.ce.gov.br\/secult\/#website\",\"url\":\"https:\/\/ww16.ce.gov.br\/secult\/\",\"name\":\"Secretaria da Cultura\",\"description\":\"Portal Secult\",\"publisher\":{\"@id\":\"https:\/\/ww16.ce.gov.br\/secult\/#organization\"},\"potentialAction\":[{\"@type\":\"SearchAction\",\"target\":{\"@type\":\"EntryPoint\",\"urlTemplate\":\"https:\/\/ww16.ce.gov.br\/secult\/?s={search_term_string}\"},\"query-input\":{\"@type\":\"PropertyValueSpecification\",\"valueRequired\":true,\"valueName\":\"search_term_string\"}}],\"inLanguage\":\"pt-BR\"},{\"@type\":\"Organization\",\"@id\":\"https:\/\/ww16.ce.gov.br\/secult\/#organization\",\"name\":\"Secretaria da Cultura\",\"url\":\"https:\/\/ww16.ce.gov.br\/secult\/\",\"logo\":{\"@type\":\"ImageObject\",\"inLanguage\":\"pt-BR\",\"@id\":\"https:\/\/ww16.ce.gov.br\/secult\/#\/schema\/logo\/image\/\",\"url\":\"http:\/\/ww16.ce.gov.br\/secult\/wp-content\/uploads\/sites\/43\/2018\/05\/secult-clara-3.png\",\"contentUrl\":\"http:\/\/ww16.ce.gov.br\/secult\/wp-content\/uploads\/sites\/43\/2018\/05\/secult-clara-3.png\",\"width\":559,\"height\":106,\"caption\":\"Secretaria da Cultura\"},\"image\":{\"@id\":\"https:\/\/ww16.ce.gov.br\/secult\/#\/schema\/logo\/image\/\"}}]}<\/script>\n<!-- \/ Yoast SEO plugin. -->","yoast_head_json":{"title":"Mecenas do Cear\u00e1 - Secult","description":"O Mecenas do Cear\u00e1 \u00e9 o mecanismo de fomento a atividades culturais por meio da ren\u00fancia fiscal do ICMS","robots":{"index":"index","follow":"follow","max-snippet":"max-snippet:-1","max-image-preview":"max-image-preview:large","max-video-preview":"max-video-preview:-1"},"canonical":"https:\/\/ww16.ce.gov.br\/secult\/politica\/eixos\/economia-da-cultura\/mecenas\/","og_locale":"pt_BR","og_type":"article","og_title":"Mecenas do Cear\u00e1 - Secult","og_description":"O Mecenas do Cear\u00e1 \u00e9 o mecanismo de fomento a atividades culturais por meio da ren\u00fancia fiscal do ICMS","og_url":"https:\/\/ww16.ce.gov.br\/secult\/politica\/eixos\/economia-da-cultura\/mecenas\/","og_site_name":"Secult","article_modified_time":"2026-04-23T14:40:43+00:00","og_image":[{"width":768,"height":512,"url":"https:\/\/ww16.ce.gov.br\/secult\/wp-content\/uploads\/sites\/83\/2026\/03\/Foto-Tim-Oliveira-The-Draculoides-768x512-1.jpg","type":"image\/jpeg"}],"twitter_card":"summary_large_image","twitter_misc":{"Est. reading time":"3 minutos"},"schema":{"@context":"https:\/\/schema.org","@graph":[{"@type":"WebPage","@id":"https:\/\/ww16.ce.gov.br\/secult\/politica\/eixos\/economia-da-cultura\/mecenas\/","url":"https:\/\/ww16.ce.gov.br\/secult\/politica\/eixos\/economia-da-cultura\/mecenas\/","name":"Mecenas do Cear\u00e1 - Secult","isPartOf":{"@id":"https:\/\/ww16.ce.gov.br\/secult\/#website"},"primaryImageOfPage":{"@id":"https:\/\/ww16.ce.gov.br\/secult\/politica\/eixos\/economia-da-cultura\/mecenas\/#primaryimage"},"image":{"@id":"https:\/\/ww16.ce.gov.br\/secult\/politica\/eixos\/economia-da-cultura\/mecenas\/#primaryimage"},"thumbnailUrl":"https:\/\/ww16.ce.gov.br\/secult\/wp-content\/uploads\/sites\/83\/2026\/03\/Foto-Tim-Oliveira-The-Draculoides-768x512-1.jpg","datePublished":"2018-09-28T18:15:16+00:00","dateModified":"2026-04-23T14:40:43+00:00","description":"O Mecenas do Cear\u00e1 \u00e9 o mecanismo de fomento a atividades culturais por meio da ren\u00fancia fiscal do ICMS","breadcrumb":{"@id":"https:\/\/ww16.ce.gov.br\/secult\/politica\/eixos\/economia-da-cultura\/mecenas\/#breadcrumb"},"inLanguage":"pt-BR","potentialAction":[{"@type":"ReadAction","target":["https:\/\/ww16.ce.gov.br\/secult\/politica\/eixos\/economia-da-cultura\/mecenas\/"]}]},{"@type":"ImageObject","inLanguage":"pt-BR","@id":"https:\/\/ww16.ce.gov.br\/secult\/politica\/eixos\/economia-da-cultura\/mecenas\/#primaryimage","url":"https:\/\/ww16.ce.gov.br\/secult\/wp-content\/uploads\/sites\/83\/2026\/03\/Foto-Tim-Oliveira-The-Draculoides-768x512-1.jpg","contentUrl":"https:\/\/ww16.ce.gov.br\/secult\/wp-content\/uploads\/sites\/83\/2026\/03\/Foto-Tim-Oliveira-The-Draculoides-768x512-1.jpg","width":768,"height":512,"caption":"O espet\u00e1culo \u201cA idade da terra\u201d integrou a Mostra Palco Cear\u00e1, do Festival Nordestino de Teatro de Guaramiranga, que conta com apoio institucional da Secretaria da Cultura, por meio do Mecenas do Cear\u00e1. Foto: Tim Oliveira."},{"@type":"BreadcrumbList","@id":"https:\/\/ww16.ce.gov.br\/secult\/politica\/eixos\/economia-da-cultura\/mecenas\/#breadcrumb","itemListElement":[{"@type":"ListItem","position":1,"name":"In\u00edcio","item":"https:\/\/ww16.ce.gov.br\/secult\/"},{"@type":"ListItem","position":2,"name":"Pol\u00edtica","item":"https:\/\/ww16.ce.gov.br\/secult\/politica\/"},{"@type":"ListItem","position":3,"name":"Eixos","item":"https:\/\/ww16.ce.gov.br\/secult\/politica\/eixos\/"},{"@type":"ListItem","position":4,"name":"Economia da Cultura","item":"https:\/\/ww16.ce.gov.br\/secult\/politica\/eixos\/economia-da-cultura\/"},{"@type":"ListItem","position":5,"name":"Mecenas do Cear\u00e1"}]},{"@type":"WebSite","@id":"https:\/\/ww16.ce.gov.br\/secult\/#website","url":"https:\/\/ww16.ce.gov.br\/secult\/","name":"Secretaria da Cultura","description":"Portal Secult","publisher":{"@id":"https:\/\/ww16.ce.gov.br\/secult\/#organization"},"potentialAction":[{"@type":"SearchAction","target":{"@type":"EntryPoint","urlTemplate":"https:\/\/ww16.ce.gov.br\/secult\/?s={search_term_string}"},"query-input":{"@type":"PropertyValueSpecification","valueRequired":true,"valueName":"search_term_string"}}],"inLanguage":"pt-BR"},{"@type":"Organization","@id":"https:\/\/ww16.ce.gov.br\/secult\/#organization","name":"Secretaria da Cultura","url":"https:\/\/ww16.ce.gov.br\/secult\/","logo":{"@type":"ImageObject","inLanguage":"pt-BR","@id":"https:\/\/ww16.ce.gov.br\/secult\/#\/schema\/logo\/image\/","url":"http:\/\/ww16.ce.gov.br\/secult\/wp-content\/uploads\/sites\/43\/2018\/05\/secult-clara-3.png","contentUrl":"http:\/\/ww16.ce.gov.br\/secult\/wp-content\/uploads\/sites\/43\/2018\/05\/secult-clara-3.png","width":559,"height":106,"caption":"Secretaria da Cultura"},"image":{"@id":"https:\/\/ww16.ce.gov.br\/secult\/#\/schema\/logo\/image\/"}}]}},"_links":{"self":[{"href":"https:\/\/ww16.ce.gov.br\/secult\/wp-json\/wp\/v2\/pages\/6954","targetHints":{"allow":["GET"]}}],"collection":[{"href":"https:\/\/ww16.ce.gov.br\/secult\/wp-json\/wp\/v2\/pages"}],"about":[{"href":"https:\/\/ww16.ce.gov.br\/secult\/wp-json\/wp\/v2\/types\/page"}],"author":[{"embeddable":true,"href":"https:\/\/ww16.ce.gov.br\/secult\/wp-json\/wp\/v2\/users\/12"}],"replies":[{"embeddable":true,"href":"https:\/\/ww16.ce.gov.br\/secult\/wp-json\/wp\/v2\/comments?post=6954"}],"version-history":[{"count":29,"href":"https:\/\/ww16.ce.gov.br\/secult\/wp-json\/wp\/v2\/pages\/6954\/revisions"}],"predecessor-version":[{"id":51740,"href":"https:\/\/ww16.ce.gov.br\/secult\/wp-json\/wp\/v2\/pages\/6954\/revisions\/51740"}],"up":[{"embeddable":true,"href":"https:\/\/ww16.ce.gov.br\/secult\/wp-json\/wp\/v2\/pages\/6784"}],"wp:featuredmedia":[{"embeddable":true,"href":"https:\/\/ww16.ce.gov.br\/secult\/wp-json\/wp\/v2\/media\/51501"}],"wp:attachment":[{"href":"https:\/\/ww16.ce.gov.br\/secult\/wp-json\/wp\/v2\/media?parent=6954"}],"curies":[{"name":"wp","href":"https:\/\/api.w.org\/{rel}","templated":true}]}}