{"id":51946,"date":"2026-05-12T16:46:21","date_gmt":"2026-05-12T19:46:21","guid":{"rendered":"https:\/\/ww16.ce.gov.br\/secult\/?page_id=51946"},"modified":"2026-05-13T14:14:16","modified_gmt":"2026-05-13T17:14:16","slug":"5o-encontro-do-siec","status":"publish","type":"page","link":"https:\/\/ww16.ce.gov.br\/secult\/politica\/eixos\/gestao\/5o-encontro-do-siec\/","title":{"rendered":"5\u00ba Encontro do Siec"},"content":{"rendered":"\n<h2 class=\"wp-block-heading\">Cear\u00e1 \u00e9 palco do 5\u00ba Encontro do Siec, celebrando os 60 anos de pioneirismo na Cultura<\/h2>\n\n\n\n<figure class=\"wp-block-image size-full\"><img loading=\"lazy\" decoding=\"async\" width=\"1200\" height=\"187\" src=\"https:\/\/ww16.ce.gov.br\/secult\/wp-content\/uploads\/sites\/83\/2026\/05\/006ec459-1-1200x187-1.png\" alt=\"\" class=\"wp-image-51956\" srcset=\"https:\/\/ww16.ce.gov.br\/secult\/wp-content\/uploads\/sites\/83\/2026\/05\/006ec459-1-1200x187-1.png 1200w, https:\/\/ww16.ce.gov.br\/secult\/wp-content\/uploads\/sites\/83\/2026\/05\/006ec459-1-1200x187-1-600x94.png 600w, https:\/\/ww16.ce.gov.br\/secult\/wp-content\/uploads\/sites\/83\/2026\/05\/006ec459-1-1200x187-1-768x120.png 768w\" sizes=\"auto, (max-width: 1200px) 100vw, 1200px\" \/><\/figure>\n\n\n\n<p><em>Tra\u00e7ando investimentos pol\u00edtico-culturais no estado, a atividade ocorre nos dias 26 e 27, e tem por objetivo reunir as representa\u00e7\u00f5es municipais dos \u00f3rg\u00e3os gestores da cultura e promover um amplo debate sobre a implementa\u00e7\u00e3o, a efetiva\u00e7\u00e3o e a qualifica\u00e7\u00e3o dos Sistemas Municipais de Cultura, bem como instituir oficialmente a primeira Comiss\u00e3o Intergestores Bipartite (CIB) da cultura no Cear\u00e1.<\/em><\/p>\n\n\n\n<p>O&nbsp;<strong>Governo do Cear\u00e1<\/strong>, por meio da&nbsp;<strong>Secretaria da Cultura (Secult Cear\u00e1)<\/strong>, promove, nos dias 26 e 27 de mar\u00e7o, em Fortaleza, o&nbsp;<strong>5\u00ba Encontro do Sistema Estadual de Cultura do Cear\u00e1 (Siec)<\/strong>, evento voltado para gestores e t\u00e9cnicos municipais. O encontro integra as pol\u00edticas para a cultura no Cear\u00e1 e marca a celebra\u00e7\u00e3o de um legado de seis d\u00e9cadas. A Iniciativa re\u00fane a\u00e7\u00f5es como palestras, rodas de debate, encontro formativo e plen\u00e1ria.<\/p>\n\n\n\n<p>O primeiro dia (26) ser\u00e1 focado em transpar\u00eancia e planejamento estrat\u00e9gico. Nele os participantes ter\u00e3o acesso \u00e0 apresenta\u00e7\u00e3o detalhada dos Resultados e Impactos do Programa de Fortalecimento do Sistema Estadual de Cultura (PRO-SIEC), al\u00e9m da realiza\u00e7\u00e3o do processo de escolha da Comiss\u00e3o Intergestores Bipartite (CIB) para o bi\u00eanio 2026-2028, de acordo com a Cartilha e o Regulamento elaborados para facilitar o entendimento das atribui\u00e7\u00f5es da CIB e a condu\u00e7\u00e3o do processo de escolha. O dia segue com palestras, rodas de debate e um encontro formativo.<\/p>\n\n\n\n<p>Um dos pontos altos do evento \u00e9 a Comemora\u00e7\u00e3o dos 60 anos da Secult, a ser realizada no emblem\u00e1tico Theatro Jos\u00e9 de Alencar, patrim\u00f4nio hist\u00f3rico do estado, que integra a Rede P\u00fablica de Equipamentos e Espa\u00e7os Culturais da secretaria. Neste dia, o Cear\u00e1 celebra a cria\u00e7\u00e3o da primeira Secretaria da Cultura do pa\u00eds, um ato de vanguarda que consolidou o entendimento de que a cultura \u00e9 o fundamento da identidade e a for\u00e7a que move um povo.<\/p>\n\n\n\n<p>O segundo dia (27) mergulha nas boas pr\u00e1ticas da governan\u00e7a cultural. Na ocasi\u00e3o, ser\u00e1 realizado um debate sobre as&nbsp;\u201cExperi\u00eancias Exitosas da primeira convocat\u00f3ria Fundo a Fundo\u201d&nbsp;(via Instru\u00e7\u00e3o Normativa n\u00ba 01\/2024), seguido pela Mesa&nbsp;\u201cPrefeitos(as) da Cultura\u201d, onde os gestores municipais ir\u00e3o compartilhar suas experi\u00eancias em investimentos pr\u00f3prios na cultura. A culmin\u00e2ncia do encontro ser\u00e1 a plen\u00e1ria de instala\u00e7\u00e3o da Comiss\u00e3o Intergestores Bipartite (CIB), um momento de articula\u00e7\u00e3o que contar\u00e1 com a presen\u00e7a de representantes do Minist\u00e9rio da Cultura, da CIB da Sa\u00fade, da Associa\u00e7\u00e3o dos Prefeitos do Cear\u00e1 (Aprece), do Conselho dos Dirigentes Municipais de Cultura (DiCultura), e um importante momento de escuta ativa dos dirigentes municipais.<\/p>\n\n\n\n<p>O&nbsp;<strong>5\u00ba Encontro do Sistema Estadual de Cultura do Cear\u00e1 (Siec)<\/strong>&nbsp;\u00e9 fruto de uma parceria entre o Governo Federal (Minist\u00e9rio da Cultura, via Pol\u00edtica Nacional Aldir Blanc \u2013 PNAB) e o Governo do Estado do Cear\u00e1 (por meio da Secult), em parceria com o Servi\u00e7o Nacional de Aprendizagem Comercial (Senac), da Associa\u00e7\u00e3o dos Munic\u00edpios do Estado do Cear\u00e1 (APRECE) e do Conselho dos Dirigentes Municipais de Cultura do Cear\u00e1 (DiCultura).<\/p>\n\n\n\n<h2 class=\"wp-block-heading\"><strong>\/\/\/ Confira a programa\u00e7\u00e3o detalhada<\/strong><\/h2>\n\n\n\n<h3 class=\"wp-block-heading\"><strong>Dia 26 de mar\u00e7o (1\u00ba dia)<\/strong><\/h3>\n\n\n\n<p><strong>7h \u00e0s 8h30<\/strong><strong>&nbsp;\u2013&nbsp;<\/strong>Credenciamento e caf\u00e9 de boas vindas<\/p>\n\n\n\n<p><strong>9h<\/strong><strong>&nbsp;\u2013&nbsp;<\/strong>In\u00edcio da programa\u00e7\u00e3o oficial com apresenta\u00e7\u00e3o da da&nbsp;<strong>Escola de M\u00fasica Estrelas da Serra<\/strong>&nbsp;(Croat\u00e1)<\/p>\n\n\n\n<p><strong>9h30<\/strong><strong>&nbsp;\u2013&nbsp;<\/strong>Mesa de abertura<\/p>\n\n\n\n<p><strong>10h \u00e0s 12h<\/strong><strong>&nbsp;\u2013&nbsp;<\/strong>Mesa \u201c<strong>Resultados e Impactos do PRO-SIEC no Cear\u00e1: IB-SIEC, Fundo a Fundo, PNAB<\/strong>\u201d&nbsp;com a secret\u00e1ria da Cultura do Cear\u00e1, Luisa Cela, e o coordenador de Participa\u00e7\u00e3o e Articula\u00e7\u00e3o Regional, F\u00e1bio Santiago. Media\u00e7\u00e3o de Isaac Apol\u00f4nio.<\/p>\n\n\n\n<p><strong>12h \u00e0s 14h<\/strong><strong>&nbsp;\u2013&nbsp;<\/strong>Almo\u00e7o<\/p>\n\n\n\n<p><strong>14h<\/strong><strong>&nbsp;\u2013&nbsp;&nbsp;<\/strong>&nbsp;<strong>Comiss\u00e3o Intergestores Bipartite (CIB)<\/strong><br>Apresenta\u00e7\u00e3o da cartilha com a assessora jur\u00eddica da Secult Cear\u00e1, Ad\u00e9lia Cristina, o coordenador de Participa\u00e7\u00e3o e Articula\u00e7\u00e3o Regional, F\u00e1bio Santiago e a consultora Val\u00e9ria Cordeiro<\/p>\n\n\n\n<p><strong>14h30<\/strong>\u2013 Abertura do processo eleitoral da&nbsp;<strong>Comiss\u00e3o Intergestores Bipartite (CIB)<\/strong><\/p>\n\n\n\n<p><strong>14h30 \u00e0s 16h<\/strong>&nbsp;\u2013 Palestra \u201c<strong>Marco Regulat\u00f3rio do Fomento<\/strong>\u201d, com advogada Ana Beatriz Moura<\/p>\n\n\n\n<p><strong>16h<\/strong><strong>&nbsp;\u2013&nbsp;<\/strong><em>Coffee Break<\/em><\/p>\n\n\n\n<p><strong>16h30<\/strong><strong>&nbsp;\u2013&nbsp;<\/strong>Plen\u00e1ria do resultado final da&nbsp;<strong>Comiss\u00e3o Intergestores Bipartite (CIB)<\/strong><\/p>\n\n\n\n<p><strong>18h<\/strong><strong>&nbsp;\u2013&nbsp;<\/strong>Comemora\u00e7\u00e3o de&nbsp;<strong>60 anos da Secult no Theatro Jos\u00e9 de Alencar<\/strong><\/p>\n\n\n\n<h3 class=\"wp-block-heading\"><strong>Dia 27 de mar\u00e7o (2\u00ba dia)<\/strong><\/h3>\n\n\n\n<p><strong>7h \u00e0s 8h30<\/strong><strong>&nbsp;\u2013&nbsp;<\/strong>Caf\u00e9 de boas vindas<\/p>\n\n\n\n<p><strong>8h45<\/strong><strong>&nbsp;\u2013&nbsp;<\/strong>Apresenta\u00e7\u00e3o cultural com&nbsp;<strong>CIA Ciclos<\/strong>&nbsp;(Tabuleiro do Norte)<\/p>\n\n\n\n<p><strong>9h<\/strong><strong>&nbsp;\u2013&nbsp;<\/strong>Mesa \u201c<strong>Experi\u00eancias exitosas da 1\u00aa Convocat\u00f3ria Fundo a Fundo (IN 01\/2024)<\/strong>\u201d com Novo Oriente, Solon\u00f3pole, Paracuru e Fortaleza. Media\u00e7\u00e3o de Nilde Ferreira.<\/p>\n\n\n\n<p><strong>10h30 \u00e0s 12h30<\/strong><strong>&nbsp;\u2013&nbsp;<\/strong>Mesa \u201c<strong>Prefeitos da Cultura: Experi\u00eancias exitosas em investimento pr\u00f3prio dos munic\u00edpios na cultura<\/strong>\u201d com Cascavel, Uruoca e Fortaleza. Media\u00e7\u00e3o de Luisa Cela.<\/p>\n\n\n\n<p><strong>12h30 \u00e0s 13h30<\/strong><strong>&nbsp;\u2013&nbsp;<\/strong>Almo\u00e7o<\/p>\n\n\n\n<p><strong>14h<\/strong>&nbsp;\u2013 Plen\u00e1rio de instala\u00e7\u00e3o da&nbsp;<strong>Comiss\u00e3o\/CIB<\/strong>&nbsp;eleita<\/p>\n\n\n\n<p><strong>16h<\/strong><strong>&nbsp;\u2013<\/strong>&nbsp;Cerim\u00f4nia de encerramento e entregas<br>\u2022 Lan\u00e7amento da a\u00e7\u00e3o&nbsp;<strong>Arte e Cultura na Educa\u00e7\u00e3o em Tempo Integral<\/strong>, uma parceria entre MEC, MinC, UFC, Seduc Cear\u00e1 e Secult Cear\u00e1<br>\u2022&nbsp;An\u00fancio sobre a&nbsp;<strong>3\u00aa Convocat\u00f3ria Fundo a Fundo<\/strong><br>\u2022&nbsp;An\u00fancio sobre&nbsp;<strong>Cear\u00e1 Sinf\u00f4nico \u2013 Programa Integrado de Fomento \u00e0 M\u00fasica Instrumental Cearense de Concerto e de Apoio \u00e0s Bandas de M\u00fasica<\/strong>, a\u00e7\u00e3o do Sistema Estadual de Bandas de M\u00fasica do Cear\u00e1 (SEBAM) em parceria com UFC e Cetrede<br>\u2022&nbsp;An\u00fancios sobre&nbsp;<strong>Rotas C\u00eanicas, Munic\u00edpio Amigo do Circo e A\u00e7\u00f5es Continuadas<\/strong>, a\u00e7\u00f5es do Sistema Estadual de Espa\u00e7os C\u00eanicos e Teatros (SET)<br>\u2022&nbsp;Entrega de&nbsp;<strong>kits de livros para 20 munic\u00edpios do Sert\u00e3o de Crate\u00fas e do Sert\u00e3o do Inhamuns<\/strong>, a\u00e7\u00e3o do Sistema Estadual de Bibliotecas (SEBP)<br>\u2022&nbsp;An\u00fancio sobre&nbsp;<strong>Arranjos Regionais para o Audiovisual<\/strong><\/p>\n\n\n\n<p><strong>17h<\/strong><strong>&nbsp;\u2013&nbsp;<\/strong>Caf\u00e9 de despedida<\/p>\n","protected":false},"excerpt":{"rendered":"<p>Cear\u00e1 \u00e9 palco do 5\u00ba Encontro do Siec, celebrando os 60 anos de pioneirismo na Cultura Tra\u00e7ando investimentos pol\u00edtico-culturais no estado, a atividade ocorre nos dias 26 e 27, e tem por objetivo reunir as representa\u00e7\u00f5es municipais dos \u00f3rg\u00e3os gestores da cultura e promover um amplo debate sobre a implementa\u00e7\u00e3o, a efetiva\u00e7\u00e3o e a qualifica\u00e7\u00e3o [&hellip;]<\/p>\n","protected":false},"author":81,"featured_media":0,"parent":51537,"menu_order":0,"comment_status":"closed","ping_status":"closed","template":"","meta":{"_acf_changed":false,"inline_featured_image":false,"footnotes":""},"class_list":["post-51946","page","type-page","status-publish","hentry"],"acf":[],"yoast_head":"<!-- This site is optimized with the Yoast SEO plugin v26.9 - https:\/\/yoast.com\/product\/yoast-seo-wordpress\/ -->\n<title>5\u00ba Encontro do Siec - Secult<\/title>\n<meta name=\"robots\" content=\"index, follow, max-snippet:-1, max-image-preview:large, max-video-preview:-1\" \/>\n<link rel=\"canonical\" href=\"https:\/\/ww16.ce.gov.br\/secult\/politica\/eixos\/gestao\/5o-encontro-do-siec\/\" \/>\n<meta property=\"og:locale\" content=\"pt_BR\" \/>\n<meta property=\"og:type\" content=\"article\" \/>\n<meta property=\"og:title\" content=\"5\u00ba Encontro do Siec - Secult\" \/>\n<meta property=\"og:description\" content=\"Cear\u00e1 \u00e9 palco do 5\u00ba Encontro do Siec, celebrando os 60 anos de pioneirismo na Cultura Tra\u00e7ando investimentos pol\u00edtico-culturais no estado, a atividade ocorre nos dias 26 e 27, e tem por objetivo reunir as representa\u00e7\u00f5es municipais dos \u00f3rg\u00e3os gestores da cultura e promover um amplo debate sobre a implementa\u00e7\u00e3o, a efetiva\u00e7\u00e3o e a qualifica\u00e7\u00e3o [&hellip;]\" \/>\n<meta property=\"og:url\" content=\"https:\/\/ww16.ce.gov.br\/secult\/politica\/eixos\/gestao\/5o-encontro-do-siec\/\" \/>\n<meta property=\"og:site_name\" content=\"Secult\" \/>\n<meta property=\"article:modified_time\" content=\"2026-05-13T17:14:16+00:00\" \/>\n<meta property=\"og:image\" content=\"https:\/\/ww16.ce.gov.br\/secult\/wp-content\/uploads\/sites\/83\/2026\/05\/006ec459-1-1200x187-1.png\" \/>\n\t<meta property=\"og:image:width\" content=\"1200\" \/>\n\t<meta property=\"og:image:height\" content=\"187\" \/>\n\t<meta property=\"og:image:type\" content=\"image\/png\" \/>\n<meta name=\"twitter:card\" content=\"summary_large_image\" \/>\n<meta name=\"twitter:label1\" content=\"Est. reading time\" \/>\n\t<meta name=\"twitter:data1\" content=\"6 minutos\" \/>\n<script type=\"application\/ld+json\" class=\"yoast-schema-graph\">{\"@context\":\"https:\/\/schema.org\",\"@graph\":[{\"@type\":\"WebPage\",\"@id\":\"https:\/\/ww16.ce.gov.br\/secult\/politica\/eixos\/gestao\/5o-encontro-do-siec\/\",\"url\":\"https:\/\/ww16.ce.gov.br\/secult\/politica\/eixos\/gestao\/5o-encontro-do-siec\/\",\"name\":\"5\u00ba Encontro do Siec - Secult\",\"isPartOf\":{\"@id\":\"https:\/\/ww16.ce.gov.br\/secult\/#website\"},\"primaryImageOfPage\":{\"@id\":\"https:\/\/ww16.ce.gov.br\/secult\/politica\/eixos\/gestao\/5o-encontro-do-siec\/#primaryimage\"},\"image\":{\"@id\":\"https:\/\/ww16.ce.gov.br\/secult\/politica\/eixos\/gestao\/5o-encontro-do-siec\/#primaryimage\"},\"thumbnailUrl\":\"https:\/\/ww16.ce.gov.br\/secult\/wp-content\/uploads\/sites\/83\/2026\/05\/006ec459-1-1200x187-1.png\",\"datePublished\":\"2026-05-12T19:46:21+00:00\",\"dateModified\":\"2026-05-13T17:14:16+00:00\",\"breadcrumb\":{\"@id\":\"https:\/\/ww16.ce.gov.br\/secult\/politica\/eixos\/gestao\/5o-encontro-do-siec\/#breadcrumb\"},\"inLanguage\":\"pt-BR\",\"potentialAction\":[{\"@type\":\"ReadAction\",\"target\":[\"https:\/\/ww16.ce.gov.br\/secult\/politica\/eixos\/gestao\/5o-encontro-do-siec\/\"]}]},{\"@type\":\"ImageObject\",\"inLanguage\":\"pt-BR\",\"@id\":\"https:\/\/ww16.ce.gov.br\/secult\/politica\/eixos\/gestao\/5o-encontro-do-siec\/#primaryimage\",\"url\":\"https:\/\/ww16.ce.gov.br\/secult\/wp-content\/uploads\/sites\/83\/2026\/05\/006ec459-1-1200x187-1.png\",\"contentUrl\":\"https:\/\/ww16.ce.gov.br\/secult\/wp-content\/uploads\/sites\/83\/2026\/05\/006ec459-1-1200x187-1.png\",\"width\":1200,\"height\":187},{\"@type\":\"BreadcrumbList\",\"@id\":\"https:\/\/ww16.ce.gov.br\/secult\/politica\/eixos\/gestao\/5o-encontro-do-siec\/#breadcrumb\",\"itemListElement\":[{\"@type\":\"ListItem\",\"position\":1,\"name\":\"In\u00edcio\",\"item\":\"https:\/\/ww16.ce.gov.br\/secult\/\"},{\"@type\":\"ListItem\",\"position\":2,\"name\":\"Pol\u00edtica\",\"item\":\"https:\/\/ww16.ce.gov.br\/secult\/politica\/\"},{\"@type\":\"ListItem\",\"position\":3,\"name\":\"Eixos\",\"item\":\"https:\/\/ww16.ce.gov.br\/secult\/politica\/eixos\/\"},{\"@type\":\"ListItem\",\"position\":4,\"name\":\"Governan\u00e7a, Institucionalidade e Gest\u00e3o\",\"item\":\"https:\/\/ww16.ce.gov.br\/secult\/politica\/eixos\/gestao\/\"},{\"@type\":\"ListItem\",\"position\":5,\"name\":\"5\u00ba Encontro do Siec\"}]},{\"@type\":\"WebSite\",\"@id\":\"https:\/\/ww16.ce.gov.br\/secult\/#website\",\"url\":\"https:\/\/ww16.ce.gov.br\/secult\/\",\"name\":\"Secretaria da Cultura\",\"description\":\"Portal Secult\",\"publisher\":{\"@id\":\"https:\/\/ww16.ce.gov.br\/secult\/#organization\"},\"potentialAction\":[{\"@type\":\"SearchAction\",\"target\":{\"@type\":\"EntryPoint\",\"urlTemplate\":\"https:\/\/ww16.ce.gov.br\/secult\/?s={search_term_string}\"},\"query-input\":{\"@type\":\"PropertyValueSpecification\",\"valueRequired\":true,\"valueName\":\"search_term_string\"}}],\"inLanguage\":\"pt-BR\"},{\"@type\":\"Organization\",\"@id\":\"https:\/\/ww16.ce.gov.br\/secult\/#organization\",\"name\":\"Secretaria da Cultura\",\"url\":\"https:\/\/ww16.ce.gov.br\/secult\/\",\"logo\":{\"@type\":\"ImageObject\",\"inLanguage\":\"pt-BR\",\"@id\":\"https:\/\/ww16.ce.gov.br\/secult\/#\/schema\/logo\/image\/\",\"url\":\"http:\/\/ww16.ce.gov.br\/secult\/wp-content\/uploads\/sites\/43\/2018\/05\/secult-clara-3.png\",\"contentUrl\":\"http:\/\/ww16.ce.gov.br\/secult\/wp-content\/uploads\/sites\/43\/2018\/05\/secult-clara-3.png\",\"width\":559,\"height\":106,\"caption\":\"Secretaria da Cultura\"},\"image\":{\"@id\":\"https:\/\/ww16.ce.gov.br\/secult\/#\/schema\/logo\/image\/\"}}]}<\/script>\n<!-- \/ Yoast SEO plugin. -->","yoast_head_json":{"title":"5\u00ba Encontro do Siec - Secult","robots":{"index":"index","follow":"follow","max-snippet":"max-snippet:-1","max-image-preview":"max-image-preview:large","max-video-preview":"max-video-preview:-1"},"canonical":"https:\/\/ww16.ce.gov.br\/secult\/politica\/eixos\/gestao\/5o-encontro-do-siec\/","og_locale":"pt_BR","og_type":"article","og_title":"5\u00ba Encontro do Siec - Secult","og_description":"Cear\u00e1 \u00e9 palco do 5\u00ba Encontro do Siec, celebrando os 60 anos de pioneirismo na Cultura Tra\u00e7ando investimentos pol\u00edtico-culturais no estado, a atividade ocorre nos dias 26 e 27, e tem por objetivo reunir as representa\u00e7\u00f5es municipais dos \u00f3rg\u00e3os gestores da cultura e promover um amplo debate sobre a implementa\u00e7\u00e3o, a efetiva\u00e7\u00e3o e a qualifica\u00e7\u00e3o [&hellip;]","og_url":"https:\/\/ww16.ce.gov.br\/secult\/politica\/eixos\/gestao\/5o-encontro-do-siec\/","og_site_name":"Secult","article_modified_time":"2026-05-13T17:14:16+00:00","og_image":[{"width":1200,"height":187,"url":"https:\/\/ww16.ce.gov.br\/secult\/wp-content\/uploads\/sites\/83\/2026\/05\/006ec459-1-1200x187-1.png","type":"image\/png"}],"twitter_card":"summary_large_image","twitter_misc":{"Est. reading time":"6 minutos"},"schema":{"@context":"https:\/\/schema.org","@graph":[{"@type":"WebPage","@id":"https:\/\/ww16.ce.gov.br\/secult\/politica\/eixos\/gestao\/5o-encontro-do-siec\/","url":"https:\/\/ww16.ce.gov.br\/secult\/politica\/eixos\/gestao\/5o-encontro-do-siec\/","name":"5\u00ba Encontro do Siec - Secult","isPartOf":{"@id":"https:\/\/ww16.ce.gov.br\/secult\/#website"},"primaryImageOfPage":{"@id":"https:\/\/ww16.ce.gov.br\/secult\/politica\/eixos\/gestao\/5o-encontro-do-siec\/#primaryimage"},"image":{"@id":"https:\/\/ww16.ce.gov.br\/secult\/politica\/eixos\/gestao\/5o-encontro-do-siec\/#primaryimage"},"thumbnailUrl":"https:\/\/ww16.ce.gov.br\/secult\/wp-content\/uploads\/sites\/83\/2026\/05\/006ec459-1-1200x187-1.png","datePublished":"2026-05-12T19:46:21+00:00","dateModified":"2026-05-13T17:14:16+00:00","breadcrumb":{"@id":"https:\/\/ww16.ce.gov.br\/secult\/politica\/eixos\/gestao\/5o-encontro-do-siec\/#breadcrumb"},"inLanguage":"pt-BR","potentialAction":[{"@type":"ReadAction","target":["https:\/\/ww16.ce.gov.br\/secult\/politica\/eixos\/gestao\/5o-encontro-do-siec\/"]}]},{"@type":"ImageObject","inLanguage":"pt-BR","@id":"https:\/\/ww16.ce.gov.br\/secult\/politica\/eixos\/gestao\/5o-encontro-do-siec\/#primaryimage","url":"https:\/\/ww16.ce.gov.br\/secult\/wp-content\/uploads\/sites\/83\/2026\/05\/006ec459-1-1200x187-1.png","contentUrl":"https:\/\/ww16.ce.gov.br\/secult\/wp-content\/uploads\/sites\/83\/2026\/05\/006ec459-1-1200x187-1.png","width":1200,"height":187},{"@type":"BreadcrumbList","@id":"https:\/\/ww16.ce.gov.br\/secult\/politica\/eixos\/gestao\/5o-encontro-do-siec\/#breadcrumb","itemListElement":[{"@type":"ListItem","position":1,"name":"In\u00edcio","item":"https:\/\/ww16.ce.gov.br\/secult\/"},{"@type":"ListItem","position":2,"name":"Pol\u00edtica","item":"https:\/\/ww16.ce.gov.br\/secult\/politica\/"},{"@type":"ListItem","position":3,"name":"Eixos","item":"https:\/\/ww16.ce.gov.br\/secult\/politica\/eixos\/"},{"@type":"ListItem","position":4,"name":"Governan\u00e7a, Institucionalidade e Gest\u00e3o","item":"https:\/\/ww16.ce.gov.br\/secult\/politica\/eixos\/gestao\/"},{"@type":"ListItem","position":5,"name":"5\u00ba Encontro do Siec"}]},{"@type":"WebSite","@id":"https:\/\/ww16.ce.gov.br\/secult\/#website","url":"https:\/\/ww16.ce.gov.br\/secult\/","name":"Secretaria da Cultura","description":"Portal Secult","publisher":{"@id":"https:\/\/ww16.ce.gov.br\/secult\/#organization"},"potentialAction":[{"@type":"SearchAction","target":{"@type":"EntryPoint","urlTemplate":"https:\/\/ww16.ce.gov.br\/secult\/?s={search_term_string}"},"query-input":{"@type":"PropertyValueSpecification","valueRequired":true,"valueName":"search_term_string"}}],"inLanguage":"pt-BR"},{"@type":"Organization","@id":"https:\/\/ww16.ce.gov.br\/secult\/#organization","name":"Secretaria da Cultura","url":"https:\/\/ww16.ce.gov.br\/secult\/","logo":{"@type":"ImageObject","inLanguage":"pt-BR","@id":"https:\/\/ww16.ce.gov.br\/secult\/#\/schema\/logo\/image\/","url":"http:\/\/ww16.ce.gov.br\/secult\/wp-content\/uploads\/sites\/43\/2018\/05\/secult-clara-3.png","contentUrl":"http:\/\/ww16.ce.gov.br\/secult\/wp-content\/uploads\/sites\/43\/2018\/05\/secult-clara-3.png","width":559,"height":106,"caption":"Secretaria da Cultura"},"image":{"@id":"https:\/\/ww16.ce.gov.br\/secult\/#\/schema\/logo\/image\/"}}]}},"_links":{"self":[{"href":"https:\/\/ww16.ce.gov.br\/secult\/wp-json\/wp\/v2\/pages\/51946","targetHints":{"allow":["GET"]}}],"collection":[{"href":"https:\/\/ww16.ce.gov.br\/secult\/wp-json\/wp\/v2\/pages"}],"about":[{"href":"https:\/\/ww16.ce.gov.br\/secult\/wp-json\/wp\/v2\/types\/page"}],"author":[{"embeddable":true,"href":"https:\/\/ww16.ce.gov.br\/secult\/wp-json\/wp\/v2\/users\/81"}],"replies":[{"embeddable":true,"href":"https:\/\/ww16.ce.gov.br\/secult\/wp-json\/wp\/v2\/comments?post=51946"}],"version-history":[{"count":3,"href":"https:\/\/ww16.ce.gov.br\/secult\/wp-json\/wp\/v2\/pages\/51946\/revisions"}],"predecessor-version":[{"id":51965,"href":"https:\/\/ww16.ce.gov.br\/secult\/wp-json\/wp\/v2\/pages\/51946\/revisions\/51965"}],"up":[{"embeddable":true,"href":"https:\/\/ww16.ce.gov.br\/secult\/wp-json\/wp\/v2\/pages\/51537"}],"wp:attachment":[{"href":"https:\/\/ww16.ce.gov.br\/secult\/wp-json\/wp\/v2\/media?parent=51946"}],"curies":[{"name":"wp","href":"https:\/\/api.w.org\/{rel}","templated":true}]}}