{"id":48636,"date":"2025-11-27T13:31:53","date_gmt":"2025-11-27T16:31:53","guid":{"rendered":"http:\/\/ww16.ce.gov.br\/secult\/?page_id=48636"},"modified":"2026-05-13T14:32:38","modified_gmt":"2026-05-13T17:32:38","slug":"encontro-2025","status":"publish","type":"page","link":"https:\/\/ww16.ce.gov.br\/secult\/politica\/eixos\/patrimonio\/imaterial\/encontro-mestres-do-mundo\/encontro-2025\/","title":{"rendered":"Encontro Mestres do Mundo 2025"},"content":{"rendered":"<h1 style=\"text-align: center\"><span style=\"color: #fc6836\"><strong>XVII Encontro Mestres do Mundo<\/strong><\/span><\/h1>\n<p><img loading=\"lazy\" decoding=\"async\" class=\"wp-image-48637 aligncenter\" src=\"https:\/\/ww16.ce.gov.br\/secult\/wp-content\/uploads\/sites\/83\/2025\/11\/Wallpaper-PC-EMM2025.png\" width=\"940\" height=\"529\" \/><\/p>\n<h2 style=\"text-align: center\"><strong>Arte, mem\u00f3ria e transforma\u00e7\u00e3o florescem no XVII Encontro Mestres do Mundo<\/strong><\/h2>\n<p>&nbsp;<\/p>\n<p style=\"text-align: justify\">\u00c9 tempo de flora\u00e7\u00e3o de saberes das tradi\u00e7\u00f5es culturais no Cear\u00e1. De 27 a 30 de novembro a cidade de\u00a0Quixad\u00e1\u00a0vai abrigar o\u00a017\u00ba Encontro Mestres do Mundo, guiado pelo tema\u00a0\u201cFlorada de Saberes: arte, mem\u00f3ria e transforma\u00e7\u00e3o\u201d, com atividades tamb\u00e9m em\u00a0Quixeramobim.<\/p>\n<p>&nbsp;<\/p>\n<p style=\"text-align: justify\">Ser\u00e3o\u00a0quatro dias com\u00a0Mestras e Mestres da Cultura, grupos e coletividades\u00a0titulados como\u00a0Tesouros Vivos da Cultura do Cear\u00e1, al\u00e9m de professores, pesquisadores, estudantes e a popula\u00e7\u00e3o, todos tecendo saberes e promovendo trocas, fazendo florescer a riqueza das tradi\u00e7\u00f5es no grande terreiro da vida cearense. A realiza\u00e7\u00e3o \u00e9 do\u00a0Governo do Cear\u00e1, por meio da Secretaria da Cultura (Secult), da Casa de Saberes Cedo Aderaldo e Casa Ant\u00f4nio Conselheiro, em parceria com a\u00a0Prefeitura de Quixad\u00e1\u00a0e o\u00a0Instituto Drag\u00e3o do Mar.\u00a0O acesso \u00e9 gratuito e aberto ao p\u00fablico.<\/p>\n<p>&nbsp;<\/p>\n<h3 style=\"text-align: justify\"><span style=\"color: #066f32\"><strong>Hist\u00f3rico<\/strong><\/span><\/h3>\n<p style=\"text-align: justify\">Realizado desde 2005, o Encontro Mestres do Mundo \u00e9 uma iniciativa de abrangente interioriza\u00e7\u00e3o da cultura cearense. Em 16 edi\u00e7\u00f5es, o Encontro j\u00e1 foi acolhido pelas cidades de Fortaleza, Quixad\u00e1, Aquiraz, Limoeiro do Norte, Jaguaruana, S\u00e3o Jo\u00e3o do Jaguaribe, Russas, Barbalha, Juazeiro do Norte e Crato e Porteiras.<\/p>\n<p>&nbsp;<\/p>\n<p style=\"text-align: justify\">A cada edi\u00e7\u00e3o, avan\u00e7a como territ\u00f3rio de Encontro dos Mestres e Mestras da Cultura, grupos e coletividades titulados como Tesouros Vivos da Cultura do Cear\u00e1. O evento promove um abrangente di\u00e1logo entre os Tesouros Vivos e brincantes, estudantes, professores, pesquisadores, moradores e mestres de outros estados e pa\u00edses, com uma programa\u00e7\u00e3o voltada ao encontro e troca de saberes.<\/p>\n<p>&nbsp;<\/p>\n<div style=\"text-align: justify\">\n<p style=\"text-align: justify\">O aperfei\u00e7oamento da pol\u00edtica veio com a Lei Estadual 13.842, de 27 de novembro de 2006, que instituiu o registro dos \u201cTesouros Vivos da Cultura\u201d no Cear\u00e1, normatizando o processo de sele\u00e7\u00e3o. Voltada para o reconhecimento dos saberes e fazeres dos mestres e mestras da cultura tradicional e popular, a normativa passou a reconhecer, al\u00e9m das pessoas naturais, os grupos e as coletividades dotados de conhecimentos e t\u00e9cnicas de atividades culturais de elevado grau de maestria, constituindo importante referencial da Cultura Cearense. O programa Mestres da Cultura se tornou um referencial do Cear\u00e1 para o Brasil recebendo, \u00e0 \u00e9poca de sua cria\u00e7\u00e3o, pr\u00eamio do Minist\u00e9rio da Cultura, pela qualidade e pelos efeitos da iniciativa.<\/p>\n<p>&nbsp;<\/p>\n<p style=\"text-align: justify\">Os mestres e mestras s\u00e3o reconhecidos como detentores e transmissores de tradi\u00e7\u00f5es, da hist\u00f3ria e da identidade, atuando no repasse de seus saberes e experi\u00eancias \u00e0s novas gera\u00e7\u00f5es. S\u00e3o selecionados pela Coordenadoria de Patrim\u00f4nio Cultural e Mem\u00f3ria (Copam), da Secult Cear\u00e1, ap\u00f3s apresenta\u00e7\u00e3o de propostas pelas candidatas e pelos candidatos. Os Mestres e as Mestras da Cultura passam, ent\u00e3o, a contar com reconhecimento institucional e recebem um subs\u00eddio no valor de um sal\u00e1rio m\u00ednimo mensal, como aux\u00edlio para a manuten\u00e7\u00e3o de suas atividades e para a transmiss\u00e3o de seus saberes e fazeres.<\/p>\n<p>&nbsp;<\/p>\n<p style=\"text-align: justify\">Em 2017, o ent\u00e3o governador Camilo Santana sancionou lei que aumentou para 80 o n\u00famero m\u00e1ximo de pessoas naturais contempladas com o t\u00edtulo de Mestres e Mestras da Cultura. J\u00e1 em 2022, a ent\u00e3o governadora Izolda Cela ampliou para 100 esse n\u00famero, contribuindo para o reconhecimento, a prote\u00e7\u00e3o e a valoriza\u00e7\u00e3o da diversidade dos conhecimentos, fazeres e express\u00f5es das culturas populares e tradicionais no Cear\u00e1. Ainda em 2022, tamb\u00e9m foi sancionado o C\u00f3digo do Patrim\u00f4nio Cultural do Cear\u00e1, que atualiza os conceitos, as formas de acesso, os direitos e deveres do Registro dos Tesouros Vivos da Cultura cearense.<\/p>\n<p>&nbsp;<\/p>\n<h3 style=\"text-align: justify\"><span style=\"color: #066f32\"><strong>Resguardar saberes<\/strong><\/span><\/h3>\n<p style=\"text-align: justify\">O objetivo da Pol\u00edtica dos Tesouros Vivos, na sua funda\u00e7\u00e3o, foi resguardar os saberes que fazem a identidade dos cearenses. Junto a isto, ao longo dos anos surgiu o Programa Mestres nas escolas, Programa Mestre, Presente! e o diploma de not\u00f3rio saber, conferido pela Universidade Estadual do Cear\u00e1. Ao preservar um Patrim\u00f4nio como Tesouro Vivo, \u00e9 definindo o que acompanhar\u00e1 a sociedade cearense durante os pr\u00f3ximos anos, que dir\u00e1 quem somos e o que queremos ser. Na primeira titula\u00e7\u00e3o, em 2004, a Mestra L\u00facia foi diplomada, reconhecendo n\u00e3o somente a sua obra, mas estabelecendo a garantia de que, no futuro, o seu trabalho de ceramista continuar\u00e1 no cerne da sociedade cearense.<\/p>\n<\/div>\n","protected":false},"excerpt":{"rendered":"<p>XVII Encontro Mestres do Mundo Arte, mem\u00f3ria e transforma\u00e7\u00e3o florescem no XVII Encontro Mestres do Mundo &nbsp; \u00c9 tempo de flora\u00e7\u00e3o de saberes das tradi\u00e7\u00f5es culturais no Cear\u00e1. De 27 a 30 de novembro a cidade de\u00a0Quixad\u00e1\u00a0vai abrigar o\u00a017\u00ba Encontro Mestres do Mundo, guiado pelo tema\u00a0\u201cFlorada de Saberes: arte, mem\u00f3ria e transforma\u00e7\u00e3o\u201d, com atividades tamb\u00e9m [&hellip;]<\/p>\n","protected":false},"author":708,"featured_media":48637,"parent":39052,"menu_order":0,"comment_status":"closed","ping_status":"closed","template":"","meta":{"_acf_changed":false,"inline_featured_image":false,"footnotes":""},"class_list":["post-48636","page","type-page","status-publish","has-post-thumbnail","hentry"],"acf":[],"yoast_head":"<!-- This site is optimized with the Yoast SEO plugin v26.9 - https:\/\/yoast.com\/product\/yoast-seo-wordpress\/ -->\n<title>Encontro Mestres do Mundo 2025 - Secult<\/title>\n<meta name=\"robots\" content=\"index, follow, max-snippet:-1, max-image-preview:large, max-video-preview:-1\" \/>\n<link rel=\"canonical\" href=\"https:\/\/ww16.ce.gov.br\/secult\/politica\/eixos\/patrimonio\/imaterial\/encontro-mestres-do-mundo\/encontro-2025\/\" \/>\n<meta property=\"og:locale\" content=\"pt_BR\" \/>\n<meta property=\"og:type\" content=\"article\" \/>\n<meta property=\"og:title\" content=\"Encontro Mestres do Mundo 2025 - Secult\" \/>\n<meta property=\"og:description\" content=\"XVII Encontro Mestres do Mundo Arte, mem\u00f3ria e transforma\u00e7\u00e3o florescem no XVII Encontro Mestres do Mundo &nbsp; \u00c9 tempo de flora\u00e7\u00e3o de saberes das tradi\u00e7\u00f5es culturais no Cear\u00e1. De 27 a 30 de novembro a cidade de\u00a0Quixad\u00e1\u00a0vai abrigar o\u00a017\u00ba Encontro Mestres do Mundo, guiado pelo tema\u00a0\u201cFlorada de Saberes: arte, mem\u00f3ria e transforma\u00e7\u00e3o\u201d, com atividades tamb\u00e9m [&hellip;]\" \/>\n<meta property=\"og:url\" content=\"https:\/\/ww16.ce.gov.br\/secult\/politica\/eixos\/patrimonio\/imaterial\/encontro-mestres-do-mundo\/encontro-2025\/\" \/>\n<meta property=\"og:site_name\" content=\"Secult\" \/>\n<meta property=\"article:modified_time\" content=\"2026-05-13T17:32:38+00:00\" \/>\n<meta property=\"og:image\" content=\"https:\/\/ww16.ce.gov.br\/secult\/wp-content\/uploads\/sites\/83\/2025\/11\/Wallpaper-PC-EMM2025-scaled.png\" \/>\n\t<meta property=\"og:image:width\" content=\"2560\" \/>\n\t<meta property=\"og:image:height\" content=\"1440\" \/>\n\t<meta property=\"og:image:type\" content=\"image\/png\" \/>\n<meta name=\"twitter:card\" content=\"summary_large_image\" \/>\n<meta name=\"twitter:label1\" content=\"Est. reading time\" \/>\n\t<meta name=\"twitter:data1\" content=\"5 minutos\" \/>\n<script type=\"application\/ld+json\" class=\"yoast-schema-graph\">{\"@context\":\"https:\/\/schema.org\",\"@graph\":[{\"@type\":\"WebPage\",\"@id\":\"https:\/\/ww16.ce.gov.br\/secult\/politica\/eixos\/patrimonio\/imaterial\/encontro-mestres-do-mundo\/encontro-2025\/\",\"url\":\"https:\/\/ww16.ce.gov.br\/secult\/politica\/eixos\/patrimonio\/imaterial\/encontro-mestres-do-mundo\/encontro-2025\/\",\"name\":\"Encontro Mestres do Mundo 2025 - Secult\",\"isPartOf\":{\"@id\":\"https:\/\/ww16.ce.gov.br\/secult\/#website\"},\"primaryImageOfPage\":{\"@id\":\"https:\/\/ww16.ce.gov.br\/secult\/politica\/eixos\/patrimonio\/imaterial\/encontro-mestres-do-mundo\/encontro-2025\/#primaryimage\"},\"image\":{\"@id\":\"https:\/\/ww16.ce.gov.br\/secult\/politica\/eixos\/patrimonio\/imaterial\/encontro-mestres-do-mundo\/encontro-2025\/#primaryimage\"},\"thumbnailUrl\":\"https:\/\/ww16.ce.gov.br\/secult\/wp-content\/uploads\/sites\/83\/2025\/11\/Wallpaper-PC-EMM2025-scaled.png\",\"datePublished\":\"2025-11-27T16:31:53+00:00\",\"dateModified\":\"2026-05-13T17:32:38+00:00\",\"breadcrumb\":{\"@id\":\"https:\/\/ww16.ce.gov.br\/secult\/politica\/eixos\/patrimonio\/imaterial\/encontro-mestres-do-mundo\/encontro-2025\/#breadcrumb\"},\"inLanguage\":\"pt-BR\",\"potentialAction\":[{\"@type\":\"ReadAction\",\"target\":[\"https:\/\/ww16.ce.gov.br\/secult\/politica\/eixos\/patrimonio\/imaterial\/encontro-mestres-do-mundo\/encontro-2025\/\"]}]},{\"@type\":\"ImageObject\",\"inLanguage\":\"pt-BR\",\"@id\":\"https:\/\/ww16.ce.gov.br\/secult\/politica\/eixos\/patrimonio\/imaterial\/encontro-mestres-do-mundo\/encontro-2025\/#primaryimage\",\"url\":\"https:\/\/ww16.ce.gov.br\/secult\/wp-content\/uploads\/sites\/83\/2025\/11\/Wallpaper-PC-EMM2025-scaled.png\",\"contentUrl\":\"https:\/\/ww16.ce.gov.br\/secult\/wp-content\/uploads\/sites\/83\/2025\/11\/Wallpaper-PC-EMM2025-scaled.png\",\"width\":2560,\"height\":1440},{\"@type\":\"BreadcrumbList\",\"@id\":\"https:\/\/ww16.ce.gov.br\/secult\/politica\/eixos\/patrimonio\/imaterial\/encontro-mestres-do-mundo\/encontro-2025\/#breadcrumb\",\"itemListElement\":[{\"@type\":\"ListItem\",\"position\":1,\"name\":\"In\u00edcio\",\"item\":\"https:\/\/ww16.ce.gov.br\/secult\/\"},{\"@type\":\"ListItem\",\"position\":2,\"name\":\"Pol\u00edtica\",\"item\":\"https:\/\/ww16.ce.gov.br\/secult\/politica\/\"},{\"@type\":\"ListItem\",\"position\":3,\"name\":\"Eixos\",\"item\":\"https:\/\/ww16.ce.gov.br\/secult\/politica\/eixos\/\"},{\"@type\":\"ListItem\",\"position\":4,\"name\":\"Patrim\u00f4nio Cultural e Mem\u00f3ria\",\"item\":\"https:\/\/ww16.ce.gov.br\/secult\/politica\/eixos\/patrimonio\/\"},{\"@type\":\"ListItem\",\"position\":5,\"name\":\"Patrim\u00f4nio Imaterial\",\"item\":\"https:\/\/ww16.ce.gov.br\/secult\/politica\/eixos\/patrimonio\/imaterial\/\"},{\"@type\":\"ListItem\",\"position\":6,\"name\":\"Encontro Mestres do Mundo\",\"item\":\"https:\/\/ww16.ce.gov.br\/secult\/politica\/eixos\/patrimonio\/imaterial\/encontro-mestres-do-mundo\/\"},{\"@type\":\"ListItem\",\"position\":7,\"name\":\"Encontro Mestres do Mundo 2025\"}]},{\"@type\":\"WebSite\",\"@id\":\"https:\/\/ww16.ce.gov.br\/secult\/#website\",\"url\":\"https:\/\/ww16.ce.gov.br\/secult\/\",\"name\":\"Secretaria da Cultura\",\"description\":\"Portal Secult\",\"publisher\":{\"@id\":\"https:\/\/ww16.ce.gov.br\/secult\/#organization\"},\"potentialAction\":[{\"@type\":\"SearchAction\",\"target\":{\"@type\":\"EntryPoint\",\"urlTemplate\":\"https:\/\/ww16.ce.gov.br\/secult\/?s={search_term_string}\"},\"query-input\":{\"@type\":\"PropertyValueSpecification\",\"valueRequired\":true,\"valueName\":\"search_term_string\"}}],\"inLanguage\":\"pt-BR\"},{\"@type\":\"Organization\",\"@id\":\"https:\/\/ww16.ce.gov.br\/secult\/#organization\",\"name\":\"Secretaria da Cultura\",\"url\":\"https:\/\/ww16.ce.gov.br\/secult\/\",\"logo\":{\"@type\":\"ImageObject\",\"inLanguage\":\"pt-BR\",\"@id\":\"https:\/\/ww16.ce.gov.br\/secult\/#\/schema\/logo\/image\/\",\"url\":\"http:\/\/ww16.ce.gov.br\/secult\/wp-content\/uploads\/sites\/43\/2018\/05\/secult-clara-3.png\",\"contentUrl\":\"http:\/\/ww16.ce.gov.br\/secult\/wp-content\/uploads\/sites\/43\/2018\/05\/secult-clara-3.png\",\"width\":559,\"height\":106,\"caption\":\"Secretaria da Cultura\"},\"image\":{\"@id\":\"https:\/\/ww16.ce.gov.br\/secult\/#\/schema\/logo\/image\/\"}}]}<\/script>\n<!-- \/ Yoast SEO plugin. -->","yoast_head_json":{"title":"Encontro Mestres do Mundo 2025 - Secult","robots":{"index":"index","follow":"follow","max-snippet":"max-snippet:-1","max-image-preview":"max-image-preview:large","max-video-preview":"max-video-preview:-1"},"canonical":"https:\/\/ww16.ce.gov.br\/secult\/politica\/eixos\/patrimonio\/imaterial\/encontro-mestres-do-mundo\/encontro-2025\/","og_locale":"pt_BR","og_type":"article","og_title":"Encontro Mestres do Mundo 2025 - Secult","og_description":"XVII Encontro Mestres do Mundo Arte, mem\u00f3ria e transforma\u00e7\u00e3o florescem no XVII Encontro Mestres do Mundo &nbsp; \u00c9 tempo de flora\u00e7\u00e3o de saberes das tradi\u00e7\u00f5es culturais no Cear\u00e1. De 27 a 30 de novembro a cidade de\u00a0Quixad\u00e1\u00a0vai abrigar o\u00a017\u00ba Encontro Mestres do Mundo, guiado pelo tema\u00a0\u201cFlorada de Saberes: arte, mem\u00f3ria e transforma\u00e7\u00e3o\u201d, com atividades tamb\u00e9m [&hellip;]","og_url":"https:\/\/ww16.ce.gov.br\/secult\/politica\/eixos\/patrimonio\/imaterial\/encontro-mestres-do-mundo\/encontro-2025\/","og_site_name":"Secult","article_modified_time":"2026-05-13T17:32:38+00:00","og_image":[{"width":2560,"height":1440,"url":"https:\/\/ww16.ce.gov.br\/secult\/wp-content\/uploads\/sites\/83\/2025\/11\/Wallpaper-PC-EMM2025-scaled.png","type":"image\/png"}],"twitter_card":"summary_large_image","twitter_misc":{"Est. reading time":"5 minutos"},"schema":{"@context":"https:\/\/schema.org","@graph":[{"@type":"WebPage","@id":"https:\/\/ww16.ce.gov.br\/secult\/politica\/eixos\/patrimonio\/imaterial\/encontro-mestres-do-mundo\/encontro-2025\/","url":"https:\/\/ww16.ce.gov.br\/secult\/politica\/eixos\/patrimonio\/imaterial\/encontro-mestres-do-mundo\/encontro-2025\/","name":"Encontro Mestres do Mundo 2025 - Secult","isPartOf":{"@id":"https:\/\/ww16.ce.gov.br\/secult\/#website"},"primaryImageOfPage":{"@id":"https:\/\/ww16.ce.gov.br\/secult\/politica\/eixos\/patrimonio\/imaterial\/encontro-mestres-do-mundo\/encontro-2025\/#primaryimage"},"image":{"@id":"https:\/\/ww16.ce.gov.br\/secult\/politica\/eixos\/patrimonio\/imaterial\/encontro-mestres-do-mundo\/encontro-2025\/#primaryimage"},"thumbnailUrl":"https:\/\/ww16.ce.gov.br\/secult\/wp-content\/uploads\/sites\/83\/2025\/11\/Wallpaper-PC-EMM2025-scaled.png","datePublished":"2025-11-27T16:31:53+00:00","dateModified":"2026-05-13T17:32:38+00:00","breadcrumb":{"@id":"https:\/\/ww16.ce.gov.br\/secult\/politica\/eixos\/patrimonio\/imaterial\/encontro-mestres-do-mundo\/encontro-2025\/#breadcrumb"},"inLanguage":"pt-BR","potentialAction":[{"@type":"ReadAction","target":["https:\/\/ww16.ce.gov.br\/secult\/politica\/eixos\/patrimonio\/imaterial\/encontro-mestres-do-mundo\/encontro-2025\/"]}]},{"@type":"ImageObject","inLanguage":"pt-BR","@id":"https:\/\/ww16.ce.gov.br\/secult\/politica\/eixos\/patrimonio\/imaterial\/encontro-mestres-do-mundo\/encontro-2025\/#primaryimage","url":"https:\/\/ww16.ce.gov.br\/secult\/wp-content\/uploads\/sites\/83\/2025\/11\/Wallpaper-PC-EMM2025-scaled.png","contentUrl":"https:\/\/ww16.ce.gov.br\/secult\/wp-content\/uploads\/sites\/83\/2025\/11\/Wallpaper-PC-EMM2025-scaled.png","width":2560,"height":1440},{"@type":"BreadcrumbList","@id":"https:\/\/ww16.ce.gov.br\/secult\/politica\/eixos\/patrimonio\/imaterial\/encontro-mestres-do-mundo\/encontro-2025\/#breadcrumb","itemListElement":[{"@type":"ListItem","position":1,"name":"In\u00edcio","item":"https:\/\/ww16.ce.gov.br\/secult\/"},{"@type":"ListItem","position":2,"name":"Pol\u00edtica","item":"https:\/\/ww16.ce.gov.br\/secult\/politica\/"},{"@type":"ListItem","position":3,"name":"Eixos","item":"https:\/\/ww16.ce.gov.br\/secult\/politica\/eixos\/"},{"@type":"ListItem","position":4,"name":"Patrim\u00f4nio Cultural e Mem\u00f3ria","item":"https:\/\/ww16.ce.gov.br\/secult\/politica\/eixos\/patrimonio\/"},{"@type":"ListItem","position":5,"name":"Patrim\u00f4nio Imaterial","item":"https:\/\/ww16.ce.gov.br\/secult\/politica\/eixos\/patrimonio\/imaterial\/"},{"@type":"ListItem","position":6,"name":"Encontro Mestres do Mundo","item":"https:\/\/ww16.ce.gov.br\/secult\/politica\/eixos\/patrimonio\/imaterial\/encontro-mestres-do-mundo\/"},{"@type":"ListItem","position":7,"name":"Encontro Mestres do Mundo 2025"}]},{"@type":"WebSite","@id":"https:\/\/ww16.ce.gov.br\/secult\/#website","url":"https:\/\/ww16.ce.gov.br\/secult\/","name":"Secretaria da Cultura","description":"Portal Secult","publisher":{"@id":"https:\/\/ww16.ce.gov.br\/secult\/#organization"},"potentialAction":[{"@type":"SearchAction","target":{"@type":"EntryPoint","urlTemplate":"https:\/\/ww16.ce.gov.br\/secult\/?s={search_term_string}"},"query-input":{"@type":"PropertyValueSpecification","valueRequired":true,"valueName":"search_term_string"}}],"inLanguage":"pt-BR"},{"@type":"Organization","@id":"https:\/\/ww16.ce.gov.br\/secult\/#organization","name":"Secretaria da Cultura","url":"https:\/\/ww16.ce.gov.br\/secult\/","logo":{"@type":"ImageObject","inLanguage":"pt-BR","@id":"https:\/\/ww16.ce.gov.br\/secult\/#\/schema\/logo\/image\/","url":"http:\/\/ww16.ce.gov.br\/secult\/wp-content\/uploads\/sites\/43\/2018\/05\/secult-clara-3.png","contentUrl":"http:\/\/ww16.ce.gov.br\/secult\/wp-content\/uploads\/sites\/43\/2018\/05\/secult-clara-3.png","width":559,"height":106,"caption":"Secretaria da Cultura"},"image":{"@id":"https:\/\/ww16.ce.gov.br\/secult\/#\/schema\/logo\/image\/"}}]}},"_links":{"self":[{"href":"https:\/\/ww16.ce.gov.br\/secult\/wp-json\/wp\/v2\/pages\/48636","targetHints":{"allow":["GET"]}}],"collection":[{"href":"https:\/\/ww16.ce.gov.br\/secult\/wp-json\/wp\/v2\/pages"}],"about":[{"href":"https:\/\/ww16.ce.gov.br\/secult\/wp-json\/wp\/v2\/types\/page"}],"author":[{"embeddable":true,"href":"https:\/\/ww16.ce.gov.br\/secult\/wp-json\/wp\/v2\/users\/708"}],"replies":[{"embeddable":true,"href":"https:\/\/ww16.ce.gov.br\/secult\/wp-json\/wp\/v2\/comments?post=48636"}],"version-history":[{"count":10,"href":"https:\/\/ww16.ce.gov.br\/secult\/wp-json\/wp\/v2\/pages\/48636\/revisions"}],"predecessor-version":[{"id":51605,"href":"https:\/\/ww16.ce.gov.br\/secult\/wp-json\/wp\/v2\/pages\/48636\/revisions\/51605"}],"up":[{"embeddable":true,"href":"https:\/\/ww16.ce.gov.br\/secult\/wp-json\/wp\/v2\/pages\/39052"}],"wp:featuredmedia":[{"embeddable":true,"href":"https:\/\/ww16.ce.gov.br\/secult\/wp-json\/wp\/v2\/media\/48637"}],"wp:attachment":[{"href":"https:\/\/ww16.ce.gov.br\/secult\/wp-json\/wp\/v2\/media?parent=48636"}],"curies":[{"name":"wp","href":"https:\/\/api.w.org\/{rel}","templated":true}]}}