{"id":43157,"date":"2025-06-03T12:12:26","date_gmt":"2025-06-03T15:12:26","guid":{"rendered":"http:\/\/ww16.ce.gov.br\/secult\/?page_id=43157"},"modified":"2026-04-07T10:31:04","modified_gmt":"2026-04-07T13:31:04","slug":"etica-publica","status":"publish","type":"page","link":"https:\/\/ww16.ce.gov.br\/secult\/institucional\/transparencia\/etica-publica\/","title":{"rendered":"\u00c9tica P\u00fablica"},"content":{"rendered":"<h2><span style=\"color: #fc6836\"><strong>Sistema de \u00c9tica e Transpar\u00eancia do Estado do Cear\u00e1<\/strong><\/span><\/h2>\n<p>&nbsp;<\/p>\n<div style=\"font-size: 1.2em;text-align: justify\">\n<p>O Decreto Estadual n\u00ba 29.887, de 31 de agosto de 2009, institui o Sistema de \u00c9tica e Transpar\u00eancia do Poder Executivo Estadual com a finalidade de promover atividades que disp\u00f5em sobre a conduta \u00e9tica, competindo-lhe:<\/p>\n<\/div>\n<p>&nbsp;<\/p>\n<div style=\"font-size: 1.2em;text-align: justify\">\n<p>I. integrar os \u00f3rg\u00e3os, entidades, programas e a\u00e7\u00f5es relacionadas com a \u00e9tica p\u00fablica;<br \/>\nII. disseminar o acesso \u00e0 informa\u00e7\u00e3o e a transpar\u00eancia nas pol\u00edticas p\u00fablicas como<br \/>\ninstrumentos fundamentais da \u00e9tica p\u00fablica;<br \/>\nIII. promover, com o apoio dos segmentos pertinentes, a compatibiliza\u00e7\u00e3o e intera\u00e7\u00e3o de<br \/>\nnormas, procedimentos t\u00e9cnicos e gerenciais relativos \u00e0 \u00e9tica p\u00fablica;<br \/>\nIV. propor procedimentos de incentivo e incremento ao desempenho institucional na gest\u00e3o da \u00e9tica p\u00fablica no Estado do Cear\u00e1.<\/p>\n<p>&nbsp;<\/p>\n<p>Fazem parte do sistema de \u00e9tica a Comiss\u00e3o de \u00c9tica P\u00fablica (CEP), como inst\u00e2ncia superior, vinculada ao Gabinete do Governador, e as Comiss\u00f5es Setoriais de \u00c9tica P\u00fablica (CSEP), como inst\u00e2ncia base, vinculadas aos \u00f3rg\u00e3os e entidades da Administra\u00e7\u00e3o Direta, Indireta e Fundacional.<\/p>\n<p>&nbsp;<\/p>\n<p>Conforme consta no art. 28 do referido decreto, o funcionamento das Comiss\u00f5es de \u00c9tica P\u00fablica somente ocorrer\u00e3o ap\u00f3s a publica\u00e7\u00e3o do C\u00f3digo de \u00c9tica e Conduta da Administra\u00e7\u00e3o P\u00fablica Estadual. Nesse sentido, em 30 de abril de 2013, foi publicado o C\u00f3digo de \u00c9tica e Conduta da Administra\u00e7\u00e3o P\u00fablica Estadual, por meio do Decreto Estadual n\u00ba 31.198\/2013, documento que serve de base normativa exclusiva para a atua\u00e7\u00e3o das comiss\u00f5es de \u00e9tica.<\/p>\n<\/div>\n<p>&nbsp;<\/p>\n<div style=\"font-size: 1.2em;text-align: justify\">\n<p>Nesse contexto, o C\u00f3digo de \u00c9tica e Conduta da Administra\u00e7\u00e3o P\u00fablica Estadual aplica-se:<\/p>\n<p>&nbsp;<\/p>\n<p>I. aos agentes p\u00fablicos civis;<\/p>\n<p>II. \u00e0s autoridades da Administra\u00e7\u00e3o P\u00fablica Estadual: a) Secret\u00e1rios de Estado, Secret\u00e1rios Adjuntos, Secret\u00e1rios Executivos e quaisquer ocupantes de cargos equiparados a esses; b) Superintendente da Pol\u00edcia Civil, Delegado Superintendente Adjunto da Pol\u00edcia Civil, Perito Geral do Estado, Perito Geral Adjunto do Estado e quaisquer ocupantes de cargos equiparados a esses; c) Dirigentes de Autarquias, inclusive as especiais, funda\u00e7\u00f5es mantidas pelo Poder P\u00fablico, empresas p\u00fablicas e sociedades de economia mista;<\/p>\n<p>III. a todo aquele que exer\u00e7a atividade, ainda que transitoriamente e sem remunera\u00e7\u00e3o, por nomea\u00e7\u00e3o, designa\u00e7\u00e3o, contrata\u00e7\u00e3o ou qualquer outra forma de investidura ou v\u00ednculo em \u00f3rg\u00e3o ou entidade da Administra\u00e7\u00e3o P\u00fablica Direta e Indireta do Estado.<\/p>\n<\/div>\n<p>&nbsp;<\/p>\n<p>&nbsp;<\/p>\n<div style=\"font-size: 1.2em;text-align: justify\">\n<p>As atribui\u00e7\u00f5es das comiss\u00f5es podem ser consultadas no Decreto Estadual n\u00ba 29.887, de 31 de agosto de 2009, que consta abaixo.<\/p>\n<p>&nbsp;<\/p>\n<div style=\"font-size: 1.2em;text-align: justify\">\n<h3><strong>Comit\u00ea Setorial de \u00c9tica P\u00fablica da Secult<\/strong><\/h3>\n<\/div>\n<p>&nbsp;<\/p>\n<p>&nbsp;<\/p>\n<div style=\"font-size: 1.2em;text-align: justify\">\n<p>A Comiss\u00e3o Setorial de \u00c9tica P\u00fablica da Secult \u00e9 integrada por 06 (seis) membros, sendo 3 (tr\u00eas) titulares e 3 (tr\u00eas) suplentes, indicados e nomeados mediante portaria, dentre servidores do quadro pessoal em exerc\u00edcio, para um mandato de 2 (dois) anos, permitida uma \u00fanica recondu\u00e7\u00e3o. Atualmente, sua composi\u00e7\u00e3o \u00e9 composta pelos seguintes colaboradores:<\/p>\n<\/div>\n<p>&nbsp;<\/p>\n<p>&nbsp;<\/p>\n<div style=\"font-size: 1.2em;text-align: justify\">\n<p>Rafael Cordeiro Felismino<br \/>\n<strong>membro titular 01\/ presidente<\/strong><\/p>\n<p>&nbsp;<\/p>\n<p>Elisabete Sampaio Alencar Lima<br \/>\n<strong>membro titular 03<\/strong><\/p>\n<p>&nbsp;<\/p>\n<p>Gec\u00edola Fonseca Torres<br \/>\n<strong>membro suplente 01<\/strong><\/p>\n<p>&nbsp;<\/p>\n<p>Bruna Santos Mascarenhas<br \/>\n<strong>membro suplente 02<\/strong><\/p>\n<p>&nbsp;<\/p>\n<p>Alana Gabriela Soares de Lima<br \/>\n<strong>membro suplente 03<\/strong><\/p>\n<\/div>\n<p>&nbsp;<\/p>\n<p>Aqui, voc\u00ea pode consultar os documentos referentes ao Sistema de \u00c9tica e Transpar\u00eancia do Poder Executivo Estadual, bem como as portarias das Comiss\u00f5es Setoriais de \u00c9tica P\u00fablica da Secult:<\/p>\n<\/div>\n<p>&nbsp;<\/p>\n<p>&nbsp;<\/p>\n<div style=\"font-size: 1.2em;text-align: justify\">\n<p><a href=\"https:\/\/ww16.ce.gov.br\/secult\/wp-content\/uploads\/sites\/83\/2025\/06\/Decreto-Estadual-no-29.887-2009-Sistema-de-Etica-e-Transparencia-do-Poder-Executivo-Estadual.pdf\">1. Decreto Estadual n\u00ba 29.887\/2009 &#8211; Sistema de \u00c9tica e Transpar\u00eancia do Poder Executivo Estadual;<\/a><\/p>\n<p><a href=\"https:\/\/ww16.ce.gov.br\/secult\/wp-content\/uploads\/sites\/83\/2025\/06\/Decreto-Estadual-no-31.198-2013-Codigo-de-Etica-e-Conduta-da-Administracao-Publica-Estadual.pdf\">2. Decreto Estadual n\u00ba 31.198\/2013 &#8211; C\u00f3digo de \u00c9tica e Conduta da Administra\u00e7\u00e3o P\u00fablica Estadual;<\/a><\/p>\n<p><a href=\"https:\/\/ww16.ce.gov.br\/secult\/wp-content\/uploads\/sites\/83\/2025\/06\/Manual-do-Servidor-do-Ceara.pdf\">3. Manual do Servidor do Cear\u00e1.<\/a><\/p>\n<p><a href=\"https:\/\/ww16.ce.gov.br\/secult\/wp-content\/uploads\/sites\/83\/2025\/06\/Portaria-n\u00b0-130-2018-Comissao-Setorial-de-Etica-Publica-da-Secult.pdf\">4. Portaria n\u00b0 130\/2018 &#8211; Comiss\u00e3o Setorial de \u00c9tica P\u00fablica da Secult;<\/a><\/p>\n<p><a href=\"https:\/\/ww16.ce.gov.br\/secult\/wp-content\/uploads\/sites\/83\/2025\/06\/Portaria-n-o-174-2023-Comissao-Setorial-de-Etica-Publica-da-Secult.pdf\">5. Portaria n \u00ba 174\/2023 &#8211; Comiss\u00e3o Setorial de \u00c9tica P\u00fablica da Secult;<\/a><\/p>\n<p><a href=\"https:\/\/ww16.ce.gov.br\/secult\/wp-content\/uploads\/sites\/83\/2025\/06\/Portaria-n-o-109-2025-SECULTCE-Comissao-Setorial-de-Etica-Publica-da-Secult.pdf\">6. Portaria n \u00ba 109\/2025 &#8211; SECULT\/CE &#8211; Comiss\u00e3o Setorial de \u00c9tica P\u00fablica da Secult.<\/a><\/p>\n<p>&nbsp;<\/p>\n<div style=\"font-size: 1.2em;text-align: justify\">\n<h3><strong>Canais de Comunica\u00e7\u00e3o<\/strong><\/h3>\n<p>Para fazer uma reclama\u00e7\u00e3o, elogio, den\u00fancia, sugest\u00e3o ou solicita\u00e7\u00e3o acerca do tratamento de dados pessoais, acesse o link:<\/p>\n<ul class=\"ListaDecorada\">\n<li><a href=\"https:\/\/cearatransparente.ce.gov.br\/sign_in?locale=pt-BR&amp;ticket_type=sou\" target=\"_blank\" rel=\"noopener\">Manifesta\u00e7\u00e3o de Ouvidoria<\/a><\/li>\n<\/ul>\n<p>&nbsp;<\/p>\n<p>Para fazer uma solicita\u00e7\u00e3o de informa\u00e7\u00e3o acerca do tratamento de dados pessoais, acesse o link:<\/p>\n<ul class=\"ListaDecorada\">\n<li style=\"list-style-type: none\">\n<ul class=\"ListaDecorada\">\n<li><a href=\"https:\/\/cearatransparente.ce.gov.br\/sign_in?locale=pt-BR&amp;ticket_type=sic\" target=\"_blank\" rel=\"noopener\">Solicita\u00e7\u00e3o de Informa\u00e7\u00e3o<\/a><\/li>\n<\/ul>\n<\/li>\n<\/ul>\n<\/div>\n<\/div>\n","protected":false},"excerpt":{"rendered":"<p>Sistema de \u00c9tica e Transpar\u00eancia do Estado do Cear\u00e1 &nbsp; O Decreto Estadual n\u00ba 29.887, de 31 de agosto de 2009, institui o Sistema de \u00c9tica e Transpar\u00eancia do Poder Executivo Estadual com a finalidade de promover atividades que disp\u00f5em sobre a conduta \u00e9tica, competindo-lhe: &nbsp; I. integrar os \u00f3rg\u00e3os, entidades, programas e a\u00e7\u00f5es relacionadas [&hellip;]<\/p>\n","protected":false},"author":709,"featured_media":0,"parent":51527,"menu_order":0,"comment_status":"closed","ping_status":"closed","template":"","meta":{"_acf_changed":false,"inline_featured_image":false,"footnotes":""},"class_list":["post-43157","page","type-page","status-publish","hentry"],"acf":[],"yoast_head":"<!-- This site is optimized with the Yoast SEO plugin v26.9 - https:\/\/yoast.com\/product\/yoast-seo-wordpress\/ -->\n<title>\u00c9tica P\u00fablica - Secult<\/title>\n<meta name=\"robots\" content=\"index, follow, max-snippet:-1, max-image-preview:large, max-video-preview:-1\" \/>\n<link rel=\"canonical\" href=\"https:\/\/ww16.ce.gov.br\/secult\/institucional\/transparencia\/etica-publica\/\" \/>\n<meta property=\"og:locale\" content=\"pt_BR\" \/>\n<meta property=\"og:type\" content=\"article\" \/>\n<meta property=\"og:title\" content=\"\u00c9tica P\u00fablica - Secult\" \/>\n<meta property=\"og:description\" content=\"Sistema de \u00c9tica e Transpar\u00eancia do Estado do Cear\u00e1 &nbsp; O Decreto Estadual n\u00ba 29.887, de 31 de agosto de 2009, institui o Sistema de \u00c9tica e Transpar\u00eancia do Poder Executivo Estadual com a finalidade de promover atividades que disp\u00f5em sobre a conduta \u00e9tica, competindo-lhe: &nbsp; I. integrar os \u00f3rg\u00e3os, entidades, programas e a\u00e7\u00f5es relacionadas [&hellip;]\" \/>\n<meta property=\"og:url\" content=\"https:\/\/ww16.ce.gov.br\/secult\/institucional\/transparencia\/etica-publica\/\" \/>\n<meta property=\"og:site_name\" content=\"Secult\" \/>\n<meta property=\"article:modified_time\" content=\"2026-04-07T13:31:04+00:00\" \/>\n<meta name=\"twitter:card\" content=\"summary_large_image\" \/>\n<meta name=\"twitter:label1\" content=\"Est. reading time\" \/>\n\t<meta name=\"twitter:data1\" content=\"4 minutos\" \/>\n<script type=\"application\/ld+json\" class=\"yoast-schema-graph\">{\"@context\":\"https:\/\/schema.org\",\"@graph\":[{\"@type\":\"WebPage\",\"@id\":\"https:\/\/ww16.ce.gov.br\/secult\/institucional\/transparencia\/etica-publica\/\",\"url\":\"https:\/\/ww16.ce.gov.br\/secult\/institucional\/transparencia\/etica-publica\/\",\"name\":\"\u00c9tica P\u00fablica - Secult\",\"isPartOf\":{\"@id\":\"https:\/\/ww16.ce.gov.br\/secult\/#website\"},\"datePublished\":\"2025-06-03T15:12:26+00:00\",\"dateModified\":\"2026-04-07T13:31:04+00:00\",\"breadcrumb\":{\"@id\":\"https:\/\/ww16.ce.gov.br\/secult\/institucional\/transparencia\/etica-publica\/#breadcrumb\"},\"inLanguage\":\"pt-BR\",\"potentialAction\":[{\"@type\":\"ReadAction\",\"target\":[\"https:\/\/ww16.ce.gov.br\/secult\/institucional\/transparencia\/etica-publica\/\"]}]},{\"@type\":\"BreadcrumbList\",\"@id\":\"https:\/\/ww16.ce.gov.br\/secult\/institucional\/transparencia\/etica-publica\/#breadcrumb\",\"itemListElement\":[{\"@type\":\"ListItem\",\"position\":1,\"name\":\"In\u00edcio\",\"item\":\"https:\/\/ww16.ce.gov.br\/secult\/\"},{\"@type\":\"ListItem\",\"position\":2,\"name\":\"Institucional\",\"item\":\"https:\/\/ww16.ce.gov.br\/secult\/institucional\/\"},{\"@type\":\"ListItem\",\"position\":3,\"name\":\"Transpar\u00eancia\",\"item\":\"https:\/\/ww16.ce.gov.br\/secult\/institucional\/transparencia\/\"},{\"@type\":\"ListItem\",\"position\":4,\"name\":\"\u00c9tica P\u00fablica\"}]},{\"@type\":\"WebSite\",\"@id\":\"https:\/\/ww16.ce.gov.br\/secult\/#website\",\"url\":\"https:\/\/ww16.ce.gov.br\/secult\/\",\"name\":\"Secretaria da Cultura\",\"description\":\"Portal Secult\",\"publisher\":{\"@id\":\"https:\/\/ww16.ce.gov.br\/secult\/#organization\"},\"potentialAction\":[{\"@type\":\"SearchAction\",\"target\":{\"@type\":\"EntryPoint\",\"urlTemplate\":\"https:\/\/ww16.ce.gov.br\/secult\/?s={search_term_string}\"},\"query-input\":{\"@type\":\"PropertyValueSpecification\",\"valueRequired\":true,\"valueName\":\"search_term_string\"}}],\"inLanguage\":\"pt-BR\"},{\"@type\":\"Organization\",\"@id\":\"https:\/\/ww16.ce.gov.br\/secult\/#organization\",\"name\":\"Secretaria da Cultura\",\"url\":\"https:\/\/ww16.ce.gov.br\/secult\/\",\"logo\":{\"@type\":\"ImageObject\",\"inLanguage\":\"pt-BR\",\"@id\":\"https:\/\/ww16.ce.gov.br\/secult\/#\/schema\/logo\/image\/\",\"url\":\"http:\/\/ww16.ce.gov.br\/secult\/wp-content\/uploads\/sites\/43\/2018\/05\/secult-clara-3.png\",\"contentUrl\":\"http:\/\/ww16.ce.gov.br\/secult\/wp-content\/uploads\/sites\/43\/2018\/05\/secult-clara-3.png\",\"width\":559,\"height\":106,\"caption\":\"Secretaria da Cultura\"},\"image\":{\"@id\":\"https:\/\/ww16.ce.gov.br\/secult\/#\/schema\/logo\/image\/\"}}]}<\/script>\n<!-- \/ Yoast SEO plugin. -->","yoast_head_json":{"title":"\u00c9tica P\u00fablica - Secult","robots":{"index":"index","follow":"follow","max-snippet":"max-snippet:-1","max-image-preview":"max-image-preview:large","max-video-preview":"max-video-preview:-1"},"canonical":"https:\/\/ww16.ce.gov.br\/secult\/institucional\/transparencia\/etica-publica\/","og_locale":"pt_BR","og_type":"article","og_title":"\u00c9tica P\u00fablica - Secult","og_description":"Sistema de \u00c9tica e Transpar\u00eancia do Estado do Cear\u00e1 &nbsp; O Decreto Estadual n\u00ba 29.887, de 31 de agosto de 2009, institui o Sistema de \u00c9tica e Transpar\u00eancia do Poder Executivo Estadual com a finalidade de promover atividades que disp\u00f5em sobre a conduta \u00e9tica, competindo-lhe: &nbsp; I. integrar os \u00f3rg\u00e3os, entidades, programas e a\u00e7\u00f5es relacionadas [&hellip;]","og_url":"https:\/\/ww16.ce.gov.br\/secult\/institucional\/transparencia\/etica-publica\/","og_site_name":"Secult","article_modified_time":"2026-04-07T13:31:04+00:00","twitter_card":"summary_large_image","twitter_misc":{"Est. reading time":"4 minutos"},"schema":{"@context":"https:\/\/schema.org","@graph":[{"@type":"WebPage","@id":"https:\/\/ww16.ce.gov.br\/secult\/institucional\/transparencia\/etica-publica\/","url":"https:\/\/ww16.ce.gov.br\/secult\/institucional\/transparencia\/etica-publica\/","name":"\u00c9tica P\u00fablica - Secult","isPartOf":{"@id":"https:\/\/ww16.ce.gov.br\/secult\/#website"},"datePublished":"2025-06-03T15:12:26+00:00","dateModified":"2026-04-07T13:31:04+00:00","breadcrumb":{"@id":"https:\/\/ww16.ce.gov.br\/secult\/institucional\/transparencia\/etica-publica\/#breadcrumb"},"inLanguage":"pt-BR","potentialAction":[{"@type":"ReadAction","target":["https:\/\/ww16.ce.gov.br\/secult\/institucional\/transparencia\/etica-publica\/"]}]},{"@type":"BreadcrumbList","@id":"https:\/\/ww16.ce.gov.br\/secult\/institucional\/transparencia\/etica-publica\/#breadcrumb","itemListElement":[{"@type":"ListItem","position":1,"name":"In\u00edcio","item":"https:\/\/ww16.ce.gov.br\/secult\/"},{"@type":"ListItem","position":2,"name":"Institucional","item":"https:\/\/ww16.ce.gov.br\/secult\/institucional\/"},{"@type":"ListItem","position":3,"name":"Transpar\u00eancia","item":"https:\/\/ww16.ce.gov.br\/secult\/institucional\/transparencia\/"},{"@type":"ListItem","position":4,"name":"\u00c9tica P\u00fablica"}]},{"@type":"WebSite","@id":"https:\/\/ww16.ce.gov.br\/secult\/#website","url":"https:\/\/ww16.ce.gov.br\/secult\/","name":"Secretaria da Cultura","description":"Portal Secult","publisher":{"@id":"https:\/\/ww16.ce.gov.br\/secult\/#organization"},"potentialAction":[{"@type":"SearchAction","target":{"@type":"EntryPoint","urlTemplate":"https:\/\/ww16.ce.gov.br\/secult\/?s={search_term_string}"},"query-input":{"@type":"PropertyValueSpecification","valueRequired":true,"valueName":"search_term_string"}}],"inLanguage":"pt-BR"},{"@type":"Organization","@id":"https:\/\/ww16.ce.gov.br\/secult\/#organization","name":"Secretaria da Cultura","url":"https:\/\/ww16.ce.gov.br\/secult\/","logo":{"@type":"ImageObject","inLanguage":"pt-BR","@id":"https:\/\/ww16.ce.gov.br\/secult\/#\/schema\/logo\/image\/","url":"http:\/\/ww16.ce.gov.br\/secult\/wp-content\/uploads\/sites\/43\/2018\/05\/secult-clara-3.png","contentUrl":"http:\/\/ww16.ce.gov.br\/secult\/wp-content\/uploads\/sites\/43\/2018\/05\/secult-clara-3.png","width":559,"height":106,"caption":"Secretaria da Cultura"},"image":{"@id":"https:\/\/ww16.ce.gov.br\/secult\/#\/schema\/logo\/image\/"}}]}},"_links":{"self":[{"href":"https:\/\/ww16.ce.gov.br\/secult\/wp-json\/wp\/v2\/pages\/43157","targetHints":{"allow":["GET"]}}],"collection":[{"href":"https:\/\/ww16.ce.gov.br\/secult\/wp-json\/wp\/v2\/pages"}],"about":[{"href":"https:\/\/ww16.ce.gov.br\/secult\/wp-json\/wp\/v2\/types\/page"}],"author":[{"embeddable":true,"href":"https:\/\/ww16.ce.gov.br\/secult\/wp-json\/wp\/v2\/users\/709"}],"replies":[{"embeddable":true,"href":"https:\/\/ww16.ce.gov.br\/secult\/wp-json\/wp\/v2\/comments?post=43157"}],"version-history":[{"count":11,"href":"https:\/\/ww16.ce.gov.br\/secult\/wp-json\/wp\/v2\/pages\/43157\/revisions"}],"predecessor-version":[{"id":44888,"href":"https:\/\/ww16.ce.gov.br\/secult\/wp-json\/wp\/v2\/pages\/43157\/revisions\/44888"}],"up":[{"embeddable":true,"href":"https:\/\/ww16.ce.gov.br\/secult\/wp-json\/wp\/v2\/pages\/51527"}],"wp:attachment":[{"href":"https:\/\/ww16.ce.gov.br\/secult\/wp-json\/wp\/v2\/media?parent=43157"}],"curies":[{"name":"wp","href":"https:\/\/api.w.org\/{rel}","templated":true}]}}