{"id":39037,"date":"2024-12-09T15:15:36","date_gmt":"2024-12-09T18:15:36","guid":{"rendered":"http:\/\/ww16.ce.gov.br\/secult\/?page_id=39037"},"modified":"2026-04-15T15:58:09","modified_gmt":"2026-04-15T18:58:09","slug":"museu-do-ceara","status":"publish","type":"page","link":"https:\/\/ww16.ce.gov.br\/secult\/politica\/eixos\/patrimonio\/museu-do-ceara\/","title":{"rendered":"Museu do Cear\u00e1"},"content":{"rendered":"<h2><span style=\"color: #fc6836\"><strong>Museu do Cear\u00e1<\/strong><\/span><\/h2>\n<p>&nbsp;<\/p>\n<p style=\"text-align: justify\"><span style=\"font-weight: 400\">O Museu do Cear\u00e1 \u00e9 a mais antiga institui\u00e7\u00e3o museol\u00f3gica do estado. S\u00e3o 90 anos como principal lugar de reflex\u00e3o a respeito da hist\u00f3ria, da mem\u00f3ria e patrim\u00f4nio dos cearenses. Espa\u00e7o de salvaguarda e comunica\u00e7\u00e3o de m\u00faltiplas express\u00f5es de identidades, que uma vez reunidas e compartilhadas, comp\u00f5em um instigante e diverso emaranhado que \u00e9 a cultura cearense.<\/span><\/p>\n<p>&nbsp;<\/p>\n<p style=\"text-align: justify\"><span style=\"font-weight: 400\">O MUSCE se tornou lugar essencial de debate acerca da mem\u00f3ria social, das tramas e narrativas que envolvem personagens e eventos hist\u00f3ricos, sem esquecer da hist\u00f3ria e mem\u00f3ria daqueles que foram e ainda s\u00e3o silenciados pela sociedade. Enquanto institui\u00e7\u00e3o \u00e0 servi\u00e7o da sociedade, debates contempor\u00e2neos sobre direito \u00e0 mem\u00f3ria e ao patrim\u00f4nio, bem como sobre as reivindica\u00e7\u00f5es de vozes silenciadas pautam as a\u00e7\u00f5es de salvaguarda, comunica\u00e7\u00e3o e educa\u00e7\u00e3o deste equipamento cultural.<\/span><\/p>\n<p>&nbsp;<\/p>\n<p style=\"text-align: justify\"><span style=\"font-weight: 400\">Atualmente, a sede oficial do Museu do Cear\u00e1, o Palacete Senador Alencar, est\u00e1 fechado para uma grande obra de restauro. Por essa raz\u00e3o, o acervo e os setores t\u00e9cnicos e\u00a0 administrativos est\u00e3o instalados no Anexo <\/span><i><span style=\"font-weight: 400\">Bode Ioi\u00f4<\/span><\/i><span style=\"font-weight: 400\">, localizado no cora\u00e7\u00e3o da cidade de Fortaleza: a Pra\u00e7a do Ferreira. O Anexo Bode Ioi\u00f4 ser\u00e1 um local de experimenta\u00e7\u00f5es e acolhimento, assim como de pesquisa e reflex\u00e3o sobre o acervo, composto por mais de 12.000 objetos.<\/span><\/p>\n<p>&nbsp;<\/p>\n<p style=\"text-align: justify\"><span style=\"font-weight: 400\">O acervo do Museu \u00e9 composto por cole\u00e7\u00f5es de arqueologia, etnologia, paleontologia, biologia, geologia, hist\u00f3ria, artes, numism\u00e1tica e indument\u00e1ria. Al\u00e9m de contar com um volumoso acervo\u00a0 arquiv\u00edstico e bibliogr\u00e1fico, que inclui livros de diferentes tem\u00e1ticas, cord\u00e9is e documentos hist\u00f3ricos do Cear\u00e1.<\/span><\/p>\n<p>&nbsp;<\/p>\n<p style=\"text-align: justify\"><span style=\"font-weight: 400\">O MUSCE est\u00e1 passando por um processo de reconstru\u00e7\u00e3o de suas pr\u00e1ticas de musealiza\u00e7\u00e3o, no sentido de tornar-se um equipamento cultural de preserva\u00e7\u00e3o da hist\u00f3ria e da mem\u00f3ria cearense a partir da reelabora\u00e7\u00e3o e reinterpreta\u00e7\u00e3o de seu acervo. O Museu do Cear\u00e1 consiste em um processo constante de atualiza\u00e7\u00e3o de suas pr\u00e1ticas. Fundamentando-se no novo conceito de museu, busca ser inclusivo, antirracista e sustent\u00e1vel.\u00a0<\/span><\/p>\n<p>&nbsp;<\/p>\n<p style=\"text-align: justify\"><span style=\"font-weight: 400\">Contatos da institui\u00e7\u00e3o<\/span><\/p>\n<p>&nbsp;<\/p>\n<p style=\"text-align: justify\"><a href=\"mailto:musce@secult.ce.gov.br\"><span style=\"font-weight: 400\">musce@secult.ce.gov.br<\/span><\/a><span style=\"font-weight: 400\"> &#8211; 85 99726-1709<\/span><\/p>\n","protected":false},"excerpt":{"rendered":"<p>Museu do Cear\u00e1 &nbsp; O Museu do Cear\u00e1 \u00e9 a mais antiga institui\u00e7\u00e3o museol\u00f3gica do estado. S\u00e3o 90 anos como principal lugar de reflex\u00e3o a respeito da hist\u00f3ria, da mem\u00f3ria e patrim\u00f4nio dos cearenses. Espa\u00e7o de salvaguarda e comunica\u00e7\u00e3o de m\u00faltiplas express\u00f5es de identidades, que uma vez reunidas e compartilhadas, comp\u00f5em um instigante e diverso [&hellip;]<\/p>\n","protected":false},"author":708,"featured_media":8208,"parent":6787,"menu_order":0,"comment_status":"closed","ping_status":"closed","template":"","meta":{"_acf_changed":false,"inline_featured_image":false,"footnotes":""},"class_list":["post-39037","page","type-page","status-publish","has-post-thumbnail","hentry"],"acf":[],"yoast_head":"<!-- This site is optimized with the Yoast SEO plugin v26.9 - https:\/\/yoast.com\/product\/yoast-seo-wordpress\/ -->\n<title>Museu do Cear\u00e1 - Secult<\/title>\n<meta name=\"robots\" content=\"index, follow, max-snippet:-1, max-image-preview:large, max-video-preview:-1\" \/>\n<link rel=\"canonical\" href=\"https:\/\/ww16.ce.gov.br\/secult\/politica\/eixos\/patrimonio\/museu-do-ceara\/\" \/>\n<meta property=\"og:locale\" content=\"pt_BR\" \/>\n<meta property=\"og:type\" content=\"article\" \/>\n<meta property=\"og:title\" content=\"Museu do Cear\u00e1 - Secult\" \/>\n<meta property=\"og:description\" content=\"Museu do Cear\u00e1 &nbsp; O Museu do Cear\u00e1 \u00e9 a mais antiga institui\u00e7\u00e3o museol\u00f3gica do estado. S\u00e3o 90 anos como principal lugar de reflex\u00e3o a respeito da hist\u00f3ria, da mem\u00f3ria e patrim\u00f4nio dos cearenses. Espa\u00e7o de salvaguarda e comunica\u00e7\u00e3o de m\u00faltiplas express\u00f5es de identidades, que uma vez reunidas e compartilhadas, comp\u00f5em um instigante e diverso [&hellip;]\" \/>\n<meta property=\"og:url\" content=\"https:\/\/ww16.ce.gov.br\/secult\/politica\/eixos\/patrimonio\/museu-do-ceara\/\" \/>\n<meta property=\"og:site_name\" content=\"Secult\" \/>\n<meta property=\"article:modified_time\" content=\"2026-04-15T18:58:09+00:00\" \/>\n<meta property=\"og:image\" content=\"https:\/\/ww16.ce.gov.br\/secult\/wp-content\/uploads\/sites\/83\/2019\/04\/crea_museudoceara_baixa-33.jpg\" \/>\n\t<meta property=\"og:image:width\" content=\"1134\" \/>\n\t<meta property=\"og:image:height\" content=\"756\" \/>\n\t<meta property=\"og:image:type\" content=\"image\/jpeg\" \/>\n<meta name=\"twitter:card\" content=\"summary_large_image\" \/>\n<meta name=\"twitter:label1\" content=\"Est. reading time\" \/>\n\t<meta name=\"twitter:data1\" content=\"2 minutos\" \/>\n<script type=\"application\/ld+json\" class=\"yoast-schema-graph\">{\"@context\":\"https:\/\/schema.org\",\"@graph\":[{\"@type\":\"WebPage\",\"@id\":\"https:\/\/ww16.ce.gov.br\/secult\/politica\/eixos\/patrimonio\/museu-do-ceara\/\",\"url\":\"https:\/\/ww16.ce.gov.br\/secult\/politica\/eixos\/patrimonio\/museu-do-ceara\/\",\"name\":\"Museu do Cear\u00e1 - Secult\",\"isPartOf\":{\"@id\":\"https:\/\/ww16.ce.gov.br\/secult\/#website\"},\"primaryImageOfPage\":{\"@id\":\"https:\/\/ww16.ce.gov.br\/secult\/politica\/eixos\/patrimonio\/museu-do-ceara\/#primaryimage\"},\"image\":{\"@id\":\"https:\/\/ww16.ce.gov.br\/secult\/politica\/eixos\/patrimonio\/museu-do-ceara\/#primaryimage\"},\"thumbnailUrl\":\"https:\/\/ww16.ce.gov.br\/secult\/wp-content\/uploads\/sites\/83\/2019\/04\/crea_museudoceara_baixa-33.jpg\",\"datePublished\":\"2024-12-09T18:15:36+00:00\",\"dateModified\":\"2026-04-15T18:58:09+00:00\",\"breadcrumb\":{\"@id\":\"https:\/\/ww16.ce.gov.br\/secult\/politica\/eixos\/patrimonio\/museu-do-ceara\/#breadcrumb\"},\"inLanguage\":\"pt-BR\",\"potentialAction\":[{\"@type\":\"ReadAction\",\"target\":[\"https:\/\/ww16.ce.gov.br\/secult\/politica\/eixos\/patrimonio\/museu-do-ceara\/\"]}]},{\"@type\":\"ImageObject\",\"inLanguage\":\"pt-BR\",\"@id\":\"https:\/\/ww16.ce.gov.br\/secult\/politica\/eixos\/patrimonio\/museu-do-ceara\/#primaryimage\",\"url\":\"https:\/\/ww16.ce.gov.br\/secult\/wp-content\/uploads\/sites\/83\/2019\/04\/crea_museudoceara_baixa-33.jpg\",\"contentUrl\":\"https:\/\/ww16.ce.gov.br\/secult\/wp-content\/uploads\/sites\/83\/2019\/04\/crea_museudoceara_baixa-33.jpg\",\"width\":1134,\"height\":756,\"caption\":\"Museu do Cear\u00e1\"},{\"@type\":\"BreadcrumbList\",\"@id\":\"https:\/\/ww16.ce.gov.br\/secult\/politica\/eixos\/patrimonio\/museu-do-ceara\/#breadcrumb\",\"itemListElement\":[{\"@type\":\"ListItem\",\"position\":1,\"name\":\"In\u00edcio\",\"item\":\"https:\/\/ww16.ce.gov.br\/secult\/\"},{\"@type\":\"ListItem\",\"position\":2,\"name\":\"Pol\u00edtica\",\"item\":\"https:\/\/ww16.ce.gov.br\/secult\/politica\/\"},{\"@type\":\"ListItem\",\"position\":3,\"name\":\"Eixos\",\"item\":\"https:\/\/ww16.ce.gov.br\/secult\/politica\/eixos\/\"},{\"@type\":\"ListItem\",\"position\":4,\"name\":\"Patrim\u00f4nio Cultural e Mem\u00f3ria\",\"item\":\"https:\/\/ww16.ce.gov.br\/secult\/politica\/eixos\/patrimonio\/\"},{\"@type\":\"ListItem\",\"position\":5,\"name\":\"Museu do Cear\u00e1\"}]},{\"@type\":\"WebSite\",\"@id\":\"https:\/\/ww16.ce.gov.br\/secult\/#website\",\"url\":\"https:\/\/ww16.ce.gov.br\/secult\/\",\"name\":\"Secretaria da Cultura\",\"description\":\"Portal Secult\",\"publisher\":{\"@id\":\"https:\/\/ww16.ce.gov.br\/secult\/#organization\"},\"potentialAction\":[{\"@type\":\"SearchAction\",\"target\":{\"@type\":\"EntryPoint\",\"urlTemplate\":\"https:\/\/ww16.ce.gov.br\/secult\/?s={search_term_string}\"},\"query-input\":{\"@type\":\"PropertyValueSpecification\",\"valueRequired\":true,\"valueName\":\"search_term_string\"}}],\"inLanguage\":\"pt-BR\"},{\"@type\":\"Organization\",\"@id\":\"https:\/\/ww16.ce.gov.br\/secult\/#organization\",\"name\":\"Secretaria da Cultura\",\"url\":\"https:\/\/ww16.ce.gov.br\/secult\/\",\"logo\":{\"@type\":\"ImageObject\",\"inLanguage\":\"pt-BR\",\"@id\":\"https:\/\/ww16.ce.gov.br\/secult\/#\/schema\/logo\/image\/\",\"url\":\"http:\/\/ww16.ce.gov.br\/secult\/wp-content\/uploads\/sites\/43\/2018\/05\/secult-clara-3.png\",\"contentUrl\":\"http:\/\/ww16.ce.gov.br\/secult\/wp-content\/uploads\/sites\/43\/2018\/05\/secult-clara-3.png\",\"width\":559,\"height\":106,\"caption\":\"Secretaria da Cultura\"},\"image\":{\"@id\":\"https:\/\/ww16.ce.gov.br\/secult\/#\/schema\/logo\/image\/\"}}]}<\/script>\n<!-- \/ Yoast SEO plugin. -->","yoast_head_json":{"title":"Museu do Cear\u00e1 - Secult","robots":{"index":"index","follow":"follow","max-snippet":"max-snippet:-1","max-image-preview":"max-image-preview:large","max-video-preview":"max-video-preview:-1"},"canonical":"https:\/\/ww16.ce.gov.br\/secult\/politica\/eixos\/patrimonio\/museu-do-ceara\/","og_locale":"pt_BR","og_type":"article","og_title":"Museu do Cear\u00e1 - Secult","og_description":"Museu do Cear\u00e1 &nbsp; O Museu do Cear\u00e1 \u00e9 a mais antiga institui\u00e7\u00e3o museol\u00f3gica do estado. S\u00e3o 90 anos como principal lugar de reflex\u00e3o a respeito da hist\u00f3ria, da mem\u00f3ria e patrim\u00f4nio dos cearenses. Espa\u00e7o de salvaguarda e comunica\u00e7\u00e3o de m\u00faltiplas express\u00f5es de identidades, que uma vez reunidas e compartilhadas, comp\u00f5em um instigante e diverso [&hellip;]","og_url":"https:\/\/ww16.ce.gov.br\/secult\/politica\/eixos\/patrimonio\/museu-do-ceara\/","og_site_name":"Secult","article_modified_time":"2026-04-15T18:58:09+00:00","og_image":[{"width":1134,"height":756,"url":"https:\/\/ww16.ce.gov.br\/secult\/wp-content\/uploads\/sites\/83\/2019\/04\/crea_museudoceara_baixa-33.jpg","type":"image\/jpeg"}],"twitter_card":"summary_large_image","twitter_misc":{"Est. reading time":"2 minutos"},"schema":{"@context":"https:\/\/schema.org","@graph":[{"@type":"WebPage","@id":"https:\/\/ww16.ce.gov.br\/secult\/politica\/eixos\/patrimonio\/museu-do-ceara\/","url":"https:\/\/ww16.ce.gov.br\/secult\/politica\/eixos\/patrimonio\/museu-do-ceara\/","name":"Museu do Cear\u00e1 - Secult","isPartOf":{"@id":"https:\/\/ww16.ce.gov.br\/secult\/#website"},"primaryImageOfPage":{"@id":"https:\/\/ww16.ce.gov.br\/secult\/politica\/eixos\/patrimonio\/museu-do-ceara\/#primaryimage"},"image":{"@id":"https:\/\/ww16.ce.gov.br\/secult\/politica\/eixos\/patrimonio\/museu-do-ceara\/#primaryimage"},"thumbnailUrl":"https:\/\/ww16.ce.gov.br\/secult\/wp-content\/uploads\/sites\/83\/2019\/04\/crea_museudoceara_baixa-33.jpg","datePublished":"2024-12-09T18:15:36+00:00","dateModified":"2026-04-15T18:58:09+00:00","breadcrumb":{"@id":"https:\/\/ww16.ce.gov.br\/secult\/politica\/eixos\/patrimonio\/museu-do-ceara\/#breadcrumb"},"inLanguage":"pt-BR","potentialAction":[{"@type":"ReadAction","target":["https:\/\/ww16.ce.gov.br\/secult\/politica\/eixos\/patrimonio\/museu-do-ceara\/"]}]},{"@type":"ImageObject","inLanguage":"pt-BR","@id":"https:\/\/ww16.ce.gov.br\/secult\/politica\/eixos\/patrimonio\/museu-do-ceara\/#primaryimage","url":"https:\/\/ww16.ce.gov.br\/secult\/wp-content\/uploads\/sites\/83\/2019\/04\/crea_museudoceara_baixa-33.jpg","contentUrl":"https:\/\/ww16.ce.gov.br\/secult\/wp-content\/uploads\/sites\/83\/2019\/04\/crea_museudoceara_baixa-33.jpg","width":1134,"height":756,"caption":"Museu do Cear\u00e1"},{"@type":"BreadcrumbList","@id":"https:\/\/ww16.ce.gov.br\/secult\/politica\/eixos\/patrimonio\/museu-do-ceara\/#breadcrumb","itemListElement":[{"@type":"ListItem","position":1,"name":"In\u00edcio","item":"https:\/\/ww16.ce.gov.br\/secult\/"},{"@type":"ListItem","position":2,"name":"Pol\u00edtica","item":"https:\/\/ww16.ce.gov.br\/secult\/politica\/"},{"@type":"ListItem","position":3,"name":"Eixos","item":"https:\/\/ww16.ce.gov.br\/secult\/politica\/eixos\/"},{"@type":"ListItem","position":4,"name":"Patrim\u00f4nio Cultural e Mem\u00f3ria","item":"https:\/\/ww16.ce.gov.br\/secult\/politica\/eixos\/patrimonio\/"},{"@type":"ListItem","position":5,"name":"Museu do Cear\u00e1"}]},{"@type":"WebSite","@id":"https:\/\/ww16.ce.gov.br\/secult\/#website","url":"https:\/\/ww16.ce.gov.br\/secult\/","name":"Secretaria da Cultura","description":"Portal Secult","publisher":{"@id":"https:\/\/ww16.ce.gov.br\/secult\/#organization"},"potentialAction":[{"@type":"SearchAction","target":{"@type":"EntryPoint","urlTemplate":"https:\/\/ww16.ce.gov.br\/secult\/?s={search_term_string}"},"query-input":{"@type":"PropertyValueSpecification","valueRequired":true,"valueName":"search_term_string"}}],"inLanguage":"pt-BR"},{"@type":"Organization","@id":"https:\/\/ww16.ce.gov.br\/secult\/#organization","name":"Secretaria da Cultura","url":"https:\/\/ww16.ce.gov.br\/secult\/","logo":{"@type":"ImageObject","inLanguage":"pt-BR","@id":"https:\/\/ww16.ce.gov.br\/secult\/#\/schema\/logo\/image\/","url":"http:\/\/ww16.ce.gov.br\/secult\/wp-content\/uploads\/sites\/43\/2018\/05\/secult-clara-3.png","contentUrl":"http:\/\/ww16.ce.gov.br\/secult\/wp-content\/uploads\/sites\/43\/2018\/05\/secult-clara-3.png","width":559,"height":106,"caption":"Secretaria da Cultura"},"image":{"@id":"https:\/\/ww16.ce.gov.br\/secult\/#\/schema\/logo\/image\/"}}]}},"_links":{"self":[{"href":"https:\/\/ww16.ce.gov.br\/secult\/wp-json\/wp\/v2\/pages\/39037","targetHints":{"allow":["GET"]}}],"collection":[{"href":"https:\/\/ww16.ce.gov.br\/secult\/wp-json\/wp\/v2\/pages"}],"about":[{"href":"https:\/\/ww16.ce.gov.br\/secult\/wp-json\/wp\/v2\/types\/page"}],"author":[{"embeddable":true,"href":"https:\/\/ww16.ce.gov.br\/secult\/wp-json\/wp\/v2\/users\/708"}],"replies":[{"embeddable":true,"href":"https:\/\/ww16.ce.gov.br\/secult\/wp-json\/wp\/v2\/comments?post=39037"}],"version-history":[{"count":2,"href":"https:\/\/ww16.ce.gov.br\/secult\/wp-json\/wp\/v2\/pages\/39037\/revisions"}],"predecessor-version":[{"id":39040,"href":"https:\/\/ww16.ce.gov.br\/secult\/wp-json\/wp\/v2\/pages\/39037\/revisions\/39040"}],"up":[{"embeddable":true,"href":"https:\/\/ww16.ce.gov.br\/secult\/wp-json\/wp\/v2\/pages\/6787"}],"wp:featuredmedia":[{"embeddable":true,"href":"https:\/\/ww16.ce.gov.br\/secult\/wp-json\/wp\/v2\/media\/8208"}],"wp:attachment":[{"href":"https:\/\/ww16.ce.gov.br\/secult\/wp-json\/wp\/v2\/media?parent=39037"}],"curies":[{"name":"wp","href":"https:\/\/api.w.org\/{rel}","templated":true}]}}