{"id":37790,"date":"2024-10-04T16:21:01","date_gmt":"2024-10-04T19:21:01","guid":{"rendered":"http:\/\/ww16.ce.gov.br\/secult\/?page_id=37790"},"modified":"2026-04-15T16:04:47","modified_gmt":"2026-04-15T19:04:47","slug":"apec","status":"publish","type":"page","link":"https:\/\/ww16.ce.gov.br\/secult\/politica\/eixos\/patrimonio\/apec\/","title":{"rendered":"Arquivo P\u00fablico do Estado do Cear\u00e1"},"content":{"rendered":"<h2 style=\"text-align: center\"><span style=\"color: #fc6836\"><strong>Arquivo P\u00fablico do Estado do Cear\u00e1<\/strong><\/span><\/h2>\n<p style=\"text-align: center\"><img loading=\"lazy\" decoding=\"async\" class=\"size-large wp-image-37792 aligncenter\" src=\"https:\/\/ww16.ce.gov.br\/secult\/wp-content\/uploads\/sites\/83\/2024\/10\/Fachadas-_-Jeny-Sousa-04-1200x800.jpg\" alt=\"\" width=\"690\" height=\"460\" srcset=\"https:\/\/ww16.ce.gov.br\/secult\/wp-content\/uploads\/sites\/83\/2024\/10\/Fachadas-_-Jeny-Sousa-04-1200x800.jpg 1200w, https:\/\/ww16.ce.gov.br\/secult\/wp-content\/uploads\/sites\/83\/2024\/10\/Fachadas-_-Jeny-Sousa-04-600x400.jpg 600w, https:\/\/ww16.ce.gov.br\/secult\/wp-content\/uploads\/sites\/83\/2024\/10\/Fachadas-_-Jeny-Sousa-04-768x512.jpg 768w, https:\/\/ww16.ce.gov.br\/secult\/wp-content\/uploads\/sites\/83\/2024\/10\/Fachadas-_-Jeny-Sousa-04-1536x1024.jpg 1536w, https:\/\/ww16.ce.gov.br\/secult\/wp-content\/uploads\/sites\/83\/2024\/10\/Fachadas-_-Jeny-Sousa-04-2048x1365.jpg 2048w\" sizes=\"auto, (max-width: 690px) 100vw, 690px\" \/><em>Foto Jeny Sousa\/Secult Cear\u00e1<\/em><\/p>\n<p style=\"text-align: justify\"><span style=\"font-weight: 400\">O Arquivo P\u00fablico do Estado do Cear\u00e1 foi criado em 6 de setembro de 1916, como \u00f3rg\u00e3o vinculado \u00e0 Biblioteca P\u00fablica. A partir de 1921, fez parte da Secretaria do Interior e Justi\u00e7a. Em 1968, vinculou-se definitivamente \u00e0 Secretaria da Cultura do Cear\u00e1 (Secult Cear\u00e1), e desde sua funda\u00e7\u00e3o esteve sediado em v\u00e1rios pr\u00e9dios antes de se instalar, em 1993, na sede atual.<\/span><\/p>\n<p style=\"text-align: justify\"><span style=\"font-weight: 400\">O pr\u00e9dio que abriga hoje o Arquivo P\u00fablico foi constru\u00eddo em 1880 pela fam\u00edlia Fernandes Vieira. O Solar dos Fernandes \u00e9 um casar\u00e3o em estilo neocl\u00e1ssico, caracter\u00edstico do s\u00e9culo XIX, com 15 janel\u00f5es no t\u00e9rreo e 19 sacadas no pavimento superior, que foi recuperado pela Secult Cear\u00e1.<\/span><\/p>\n<p style=\"text-align: justify\"><span style=\"font-weight: 400\">O Equipamento tem como fun\u00e7\u00e3o recolher, preservar e divulgar documentos de valor hist\u00f3rico para refer\u00eancia e pesquisa. S\u00e3o correspond\u00eancias, processos, relat\u00f3rios, invent\u00e1rios, mapas, plantas e diversos outros documentos, emitidos pelos Poderes Executivo, Legislativo, Judici\u00e1rio e, tamb\u00e9m, de particulares, desde 1703.\u00a0<\/span><\/p>\n<p style=\"text-align: justify\"><span style=\"font-weight: 400\">Dos documentos antigos existentes no Arquivo P\u00fablico destacam-se o atestado de \u00f3bito do Padre C\u00edcero; as viagens de Matias Beck ao Cear\u00e1, do s\u00e9culo XVIII; o invent\u00e1rio de Trist\u00e3o Gon\u00e7alves e de dona Ana Triste, sua esposa; registros de terras de Fortaleza, do s\u00e9culo XIX entre outros.<\/span><\/p>\n<h2 style=\"text-align: justify\"><span style=\"font-weight: 400\">Servi\u00e7o<\/span><\/h2>\n<p style=\"text-align: justify\"><strong>Arquivo P\u00fablico do Estado do Cear\u00e1<br \/>\n<\/strong><span style=\"font-weight: 400\">Endere\u00e7o: Rua Senador Alencar, 348, Centro. Fortaleza, CE.<br \/>\n<\/span><span style=\"font-weight: 400\">Entrada franca.<br \/>\n<\/span><span style=\"font-weight: 400\">Telefone: (85) 3101.2616<br \/>\n<\/span><span style=\"font-weight: 400\">E-mail: apec@secult.ce.gov.br<br \/>\n<\/span><span style=\"font-weight: 400\">Atendimento ao p\u00fablico de segunda a sexta, das 8h \u00e0s 17h.<\/span><\/p>\n<p style=\"text-align: justify\">\n","protected":false},"excerpt":{"rendered":"<p>Arquivo P\u00fablico do Estado do Cear\u00e1 Foto Jeny Sousa\/Secult Cear\u00e1 O Arquivo P\u00fablico do Estado do Cear\u00e1 foi criado em 6 de setembro de 1916, como \u00f3rg\u00e3o vinculado \u00e0 Biblioteca P\u00fablica. A partir de 1921, fez parte da Secretaria do Interior e Justi\u00e7a. Em 1968, vinculou-se definitivamente \u00e0 Secretaria da Cultura do Cear\u00e1 (Secult Cear\u00e1), [&hellip;]<\/p>\n","protected":false},"author":708,"featured_media":37792,"parent":6787,"menu_order":0,"comment_status":"closed","ping_status":"closed","template":"","meta":{"_acf_changed":false,"inline_featured_image":false,"footnotes":""},"class_list":["post-37790","page","type-page","status-publish","has-post-thumbnail","hentry"],"acf":[],"yoast_head":"<!-- This site is optimized with the Yoast SEO plugin v26.9 - https:\/\/yoast.com\/product\/yoast-seo-wordpress\/ -->\n<title>Arquivo P\u00fablico do Estado do Cear\u00e1 - Secult<\/title>\n<meta name=\"robots\" content=\"index, follow, max-snippet:-1, max-image-preview:large, max-video-preview:-1\" \/>\n<link rel=\"canonical\" href=\"https:\/\/ww16.ce.gov.br\/secult\/politica\/eixos\/patrimonio\/apec\/\" \/>\n<meta property=\"og:locale\" content=\"pt_BR\" \/>\n<meta property=\"og:type\" content=\"article\" \/>\n<meta property=\"og:title\" content=\"Arquivo P\u00fablico do Estado do Cear\u00e1 - Secult\" \/>\n<meta property=\"og:description\" content=\"Arquivo P\u00fablico do Estado do Cear\u00e1 Foto Jeny Sousa\/Secult Cear\u00e1 O Arquivo P\u00fablico do Estado do Cear\u00e1 foi criado em 6 de setembro de 1916, como \u00f3rg\u00e3o vinculado \u00e0 Biblioteca P\u00fablica. A partir de 1921, fez parte da Secretaria do Interior e Justi\u00e7a. Em 1968, vinculou-se definitivamente \u00e0 Secretaria da Cultura do Cear\u00e1 (Secult Cear\u00e1), [&hellip;]\" \/>\n<meta property=\"og:url\" content=\"https:\/\/ww16.ce.gov.br\/secult\/politica\/eixos\/patrimonio\/apec\/\" \/>\n<meta property=\"og:site_name\" content=\"Secult\" \/>\n<meta property=\"article:modified_time\" content=\"2026-04-15T19:04:47+00:00\" \/>\n<meta property=\"og:image\" content=\"https:\/\/ww16.ce.gov.br\/secult\/wp-content\/uploads\/sites\/83\/2024\/10\/Fachadas-_-Jeny-Sousa-04-scaled.jpg\" \/>\n\t<meta property=\"og:image:width\" content=\"2560\" \/>\n\t<meta property=\"og:image:height\" content=\"1707\" \/>\n\t<meta property=\"og:image:type\" content=\"image\/jpeg\" \/>\n<meta name=\"twitter:card\" content=\"summary_large_image\" \/>\n<meta name=\"twitter:label1\" content=\"Est. reading time\" \/>\n\t<meta name=\"twitter:data1\" content=\"2 minutos\" \/>\n<script type=\"application\/ld+json\" class=\"yoast-schema-graph\">{\"@context\":\"https:\/\/schema.org\",\"@graph\":[{\"@type\":\"WebPage\",\"@id\":\"https:\/\/ww16.ce.gov.br\/secult\/politica\/eixos\/patrimonio\/apec\/\",\"url\":\"https:\/\/ww16.ce.gov.br\/secult\/politica\/eixos\/patrimonio\/apec\/\",\"name\":\"Arquivo P\u00fablico do Estado do Cear\u00e1 - Secult\",\"isPartOf\":{\"@id\":\"https:\/\/ww16.ce.gov.br\/secult\/#website\"},\"primaryImageOfPage\":{\"@id\":\"https:\/\/ww16.ce.gov.br\/secult\/politica\/eixos\/patrimonio\/apec\/#primaryimage\"},\"image\":{\"@id\":\"https:\/\/ww16.ce.gov.br\/secult\/politica\/eixos\/patrimonio\/apec\/#primaryimage\"},\"thumbnailUrl\":\"https:\/\/ww16.ce.gov.br\/secult\/wp-content\/uploads\/sites\/83\/2024\/10\/Fachadas-_-Jeny-Sousa-04-scaled.jpg\",\"datePublished\":\"2024-10-04T19:21:01+00:00\",\"dateModified\":\"2026-04-15T19:04:47+00:00\",\"breadcrumb\":{\"@id\":\"https:\/\/ww16.ce.gov.br\/secult\/politica\/eixos\/patrimonio\/apec\/#breadcrumb\"},\"inLanguage\":\"pt-BR\",\"potentialAction\":[{\"@type\":\"ReadAction\",\"target\":[\"https:\/\/ww16.ce.gov.br\/secult\/politica\/eixos\/patrimonio\/apec\/\"]}]},{\"@type\":\"ImageObject\",\"inLanguage\":\"pt-BR\",\"@id\":\"https:\/\/ww16.ce.gov.br\/secult\/politica\/eixos\/patrimonio\/apec\/#primaryimage\",\"url\":\"https:\/\/ww16.ce.gov.br\/secult\/wp-content\/uploads\/sites\/83\/2024\/10\/Fachadas-_-Jeny-Sousa-04-scaled.jpg\",\"contentUrl\":\"https:\/\/ww16.ce.gov.br\/secult\/wp-content\/uploads\/sites\/83\/2024\/10\/Fachadas-_-Jeny-Sousa-04-scaled.jpg\",\"width\":2560,\"height\":1707},{\"@type\":\"BreadcrumbList\",\"@id\":\"https:\/\/ww16.ce.gov.br\/secult\/politica\/eixos\/patrimonio\/apec\/#breadcrumb\",\"itemListElement\":[{\"@type\":\"ListItem\",\"position\":1,\"name\":\"In\u00edcio\",\"item\":\"https:\/\/ww16.ce.gov.br\/secult\/\"},{\"@type\":\"ListItem\",\"position\":2,\"name\":\"Pol\u00edtica\",\"item\":\"https:\/\/ww16.ce.gov.br\/secult\/politica\/\"},{\"@type\":\"ListItem\",\"position\":3,\"name\":\"Eixos\",\"item\":\"https:\/\/ww16.ce.gov.br\/secult\/politica\/eixos\/\"},{\"@type\":\"ListItem\",\"position\":4,\"name\":\"Patrim\u00f4nio Cultural e Mem\u00f3ria\",\"item\":\"https:\/\/ww16.ce.gov.br\/secult\/politica\/eixos\/patrimonio\/\"},{\"@type\":\"ListItem\",\"position\":5,\"name\":\"Arquivo P\u00fablico do Estado do Cear\u00e1\"}]},{\"@type\":\"WebSite\",\"@id\":\"https:\/\/ww16.ce.gov.br\/secult\/#website\",\"url\":\"https:\/\/ww16.ce.gov.br\/secult\/\",\"name\":\"Secretaria da Cultura\",\"description\":\"Portal Secult\",\"publisher\":{\"@id\":\"https:\/\/ww16.ce.gov.br\/secult\/#organization\"},\"potentialAction\":[{\"@type\":\"SearchAction\",\"target\":{\"@type\":\"EntryPoint\",\"urlTemplate\":\"https:\/\/ww16.ce.gov.br\/secult\/?s={search_term_string}\"},\"query-input\":{\"@type\":\"PropertyValueSpecification\",\"valueRequired\":true,\"valueName\":\"search_term_string\"}}],\"inLanguage\":\"pt-BR\"},{\"@type\":\"Organization\",\"@id\":\"https:\/\/ww16.ce.gov.br\/secult\/#organization\",\"name\":\"Secretaria da Cultura\",\"url\":\"https:\/\/ww16.ce.gov.br\/secult\/\",\"logo\":{\"@type\":\"ImageObject\",\"inLanguage\":\"pt-BR\",\"@id\":\"https:\/\/ww16.ce.gov.br\/secult\/#\/schema\/logo\/image\/\",\"url\":\"http:\/\/ww16.ce.gov.br\/secult\/wp-content\/uploads\/sites\/43\/2018\/05\/secult-clara-3.png\",\"contentUrl\":\"http:\/\/ww16.ce.gov.br\/secult\/wp-content\/uploads\/sites\/43\/2018\/05\/secult-clara-3.png\",\"width\":559,\"height\":106,\"caption\":\"Secretaria da Cultura\"},\"image\":{\"@id\":\"https:\/\/ww16.ce.gov.br\/secult\/#\/schema\/logo\/image\/\"}}]}<\/script>\n<!-- \/ Yoast SEO plugin. -->","yoast_head_json":{"title":"Arquivo P\u00fablico do Estado do Cear\u00e1 - Secult","robots":{"index":"index","follow":"follow","max-snippet":"max-snippet:-1","max-image-preview":"max-image-preview:large","max-video-preview":"max-video-preview:-1"},"canonical":"https:\/\/ww16.ce.gov.br\/secult\/politica\/eixos\/patrimonio\/apec\/","og_locale":"pt_BR","og_type":"article","og_title":"Arquivo P\u00fablico do Estado do Cear\u00e1 - Secult","og_description":"Arquivo P\u00fablico do Estado do Cear\u00e1 Foto Jeny Sousa\/Secult Cear\u00e1 O Arquivo P\u00fablico do Estado do Cear\u00e1 foi criado em 6 de setembro de 1916, como \u00f3rg\u00e3o vinculado \u00e0 Biblioteca P\u00fablica. A partir de 1921, fez parte da Secretaria do Interior e Justi\u00e7a. Em 1968, vinculou-se definitivamente \u00e0 Secretaria da Cultura do Cear\u00e1 (Secult Cear\u00e1), [&hellip;]","og_url":"https:\/\/ww16.ce.gov.br\/secult\/politica\/eixos\/patrimonio\/apec\/","og_site_name":"Secult","article_modified_time":"2026-04-15T19:04:47+00:00","og_image":[{"width":2560,"height":1707,"url":"https:\/\/ww16.ce.gov.br\/secult\/wp-content\/uploads\/sites\/83\/2024\/10\/Fachadas-_-Jeny-Sousa-04-scaled.jpg","type":"image\/jpeg"}],"twitter_card":"summary_large_image","twitter_misc":{"Est. reading time":"2 minutos"},"schema":{"@context":"https:\/\/schema.org","@graph":[{"@type":"WebPage","@id":"https:\/\/ww16.ce.gov.br\/secult\/politica\/eixos\/patrimonio\/apec\/","url":"https:\/\/ww16.ce.gov.br\/secult\/politica\/eixos\/patrimonio\/apec\/","name":"Arquivo P\u00fablico do Estado do Cear\u00e1 - Secult","isPartOf":{"@id":"https:\/\/ww16.ce.gov.br\/secult\/#website"},"primaryImageOfPage":{"@id":"https:\/\/ww16.ce.gov.br\/secult\/politica\/eixos\/patrimonio\/apec\/#primaryimage"},"image":{"@id":"https:\/\/ww16.ce.gov.br\/secult\/politica\/eixos\/patrimonio\/apec\/#primaryimage"},"thumbnailUrl":"https:\/\/ww16.ce.gov.br\/secult\/wp-content\/uploads\/sites\/83\/2024\/10\/Fachadas-_-Jeny-Sousa-04-scaled.jpg","datePublished":"2024-10-04T19:21:01+00:00","dateModified":"2026-04-15T19:04:47+00:00","breadcrumb":{"@id":"https:\/\/ww16.ce.gov.br\/secult\/politica\/eixos\/patrimonio\/apec\/#breadcrumb"},"inLanguage":"pt-BR","potentialAction":[{"@type":"ReadAction","target":["https:\/\/ww16.ce.gov.br\/secult\/politica\/eixos\/patrimonio\/apec\/"]}]},{"@type":"ImageObject","inLanguage":"pt-BR","@id":"https:\/\/ww16.ce.gov.br\/secult\/politica\/eixos\/patrimonio\/apec\/#primaryimage","url":"https:\/\/ww16.ce.gov.br\/secult\/wp-content\/uploads\/sites\/83\/2024\/10\/Fachadas-_-Jeny-Sousa-04-scaled.jpg","contentUrl":"https:\/\/ww16.ce.gov.br\/secult\/wp-content\/uploads\/sites\/83\/2024\/10\/Fachadas-_-Jeny-Sousa-04-scaled.jpg","width":2560,"height":1707},{"@type":"BreadcrumbList","@id":"https:\/\/ww16.ce.gov.br\/secult\/politica\/eixos\/patrimonio\/apec\/#breadcrumb","itemListElement":[{"@type":"ListItem","position":1,"name":"In\u00edcio","item":"https:\/\/ww16.ce.gov.br\/secult\/"},{"@type":"ListItem","position":2,"name":"Pol\u00edtica","item":"https:\/\/ww16.ce.gov.br\/secult\/politica\/"},{"@type":"ListItem","position":3,"name":"Eixos","item":"https:\/\/ww16.ce.gov.br\/secult\/politica\/eixos\/"},{"@type":"ListItem","position":4,"name":"Patrim\u00f4nio Cultural e Mem\u00f3ria","item":"https:\/\/ww16.ce.gov.br\/secult\/politica\/eixos\/patrimonio\/"},{"@type":"ListItem","position":5,"name":"Arquivo P\u00fablico do Estado do Cear\u00e1"}]},{"@type":"WebSite","@id":"https:\/\/ww16.ce.gov.br\/secult\/#website","url":"https:\/\/ww16.ce.gov.br\/secult\/","name":"Secretaria da Cultura","description":"Portal Secult","publisher":{"@id":"https:\/\/ww16.ce.gov.br\/secult\/#organization"},"potentialAction":[{"@type":"SearchAction","target":{"@type":"EntryPoint","urlTemplate":"https:\/\/ww16.ce.gov.br\/secult\/?s={search_term_string}"},"query-input":{"@type":"PropertyValueSpecification","valueRequired":true,"valueName":"search_term_string"}}],"inLanguage":"pt-BR"},{"@type":"Organization","@id":"https:\/\/ww16.ce.gov.br\/secult\/#organization","name":"Secretaria da Cultura","url":"https:\/\/ww16.ce.gov.br\/secult\/","logo":{"@type":"ImageObject","inLanguage":"pt-BR","@id":"https:\/\/ww16.ce.gov.br\/secult\/#\/schema\/logo\/image\/","url":"http:\/\/ww16.ce.gov.br\/secult\/wp-content\/uploads\/sites\/43\/2018\/05\/secult-clara-3.png","contentUrl":"http:\/\/ww16.ce.gov.br\/secult\/wp-content\/uploads\/sites\/43\/2018\/05\/secult-clara-3.png","width":559,"height":106,"caption":"Secretaria da Cultura"},"image":{"@id":"https:\/\/ww16.ce.gov.br\/secult\/#\/schema\/logo\/image\/"}}]}},"_links":{"self":[{"href":"https:\/\/ww16.ce.gov.br\/secult\/wp-json\/wp\/v2\/pages\/37790","targetHints":{"allow":["GET"]}}],"collection":[{"href":"https:\/\/ww16.ce.gov.br\/secult\/wp-json\/wp\/v2\/pages"}],"about":[{"href":"https:\/\/ww16.ce.gov.br\/secult\/wp-json\/wp\/v2\/types\/page"}],"author":[{"embeddable":true,"href":"https:\/\/ww16.ce.gov.br\/secult\/wp-json\/wp\/v2\/users\/708"}],"replies":[{"embeddable":true,"href":"https:\/\/ww16.ce.gov.br\/secult\/wp-json\/wp\/v2\/comments?post=37790"}],"version-history":[{"count":4,"href":"https:\/\/ww16.ce.gov.br\/secult\/wp-json\/wp\/v2\/pages\/37790\/revisions"}],"predecessor-version":[{"id":51579,"href":"https:\/\/ww16.ce.gov.br\/secult\/wp-json\/wp\/v2\/pages\/37790\/revisions\/51579"}],"up":[{"embeddable":true,"href":"https:\/\/ww16.ce.gov.br\/secult\/wp-json\/wp\/v2\/pages\/6787"}],"wp:featuredmedia":[{"embeddable":true,"href":"https:\/\/ww16.ce.gov.br\/secult\/wp-json\/wp\/v2\/media\/37792"}],"wp:attachment":[{"href":"https:\/\/ww16.ce.gov.br\/secult\/wp-json\/wp\/v2\/media?parent=37790"}],"curies":[{"name":"wp","href":"https:\/\/api.w.org\/{rel}","templated":true}]}}