{"id":23985,"date":"2022-12-21T11:05:00","date_gmt":"2022-12-21T14:05:00","guid":{"rendered":"http:\/\/ww16.ce.gov.br\/secult\/?page_id=23985"},"modified":"2026-05-13T14:36:59","modified_gmt":"2026-05-13T17:36:59","slug":"colecao-de-saberes","status":"publish","type":"page","link":"https:\/\/ww16.ce.gov.br\/secult\/politica\/publicacoes\/colecao-de-saberes\/","title":{"rendered":"Cole\u00e7\u00e3o de Saberes"},"content":{"rendered":"<p>&nbsp;<\/p>\n<p><img loading=\"lazy\" decoding=\"async\" class=\"size-medium wp-image-23986 aligncenter\" src=\"https:\/\/ww16.ce.gov.br\/secult\/wp-content\/uploads\/sites\/83\/2022\/12\/WhatsApp-Image-2022-12-21-at-11.00.02-600x458.jpeg\" alt=\"\" width=\"301\" height=\"230\" srcset=\"https:\/\/ww16.ce.gov.br\/secult\/wp-content\/uploads\/sites\/83\/2022\/12\/WhatsApp-Image-2022-12-21-at-11.00.02-600x458.jpeg 600w, https:\/\/ww16.ce.gov.br\/secult\/wp-content\/uploads\/sites\/83\/2022\/12\/WhatsApp-Image-2022-12-21-at-11.00.02-768x587.jpeg 768w, https:\/\/ww16.ce.gov.br\/secult\/wp-content\/uploads\/sites\/83\/2022\/12\/WhatsApp-Image-2022-12-21-at-11.00.02.jpeg 1080w\" sizes=\"auto, (max-width: 301px) 100vw, 301px\" \/><\/p>\n<p>&nbsp;<\/p>\n<p>Confira o livro<a href=\"https:\/\/ww16.ce.gov.br\/secult\/wp-content\/uploads\/sites\/83\/2022\/12\/A-EXPERIENCIA-DA-CIA-ORTAET_JOSE-BRITO.pdf\"> A Experi\u00eancia da Cia. Ortaet de Teatro no Centro-Sul Cearense: processos pedag\u00f3gicos e processos criativos.<\/a><\/p>\n<p>&nbsp;<\/p>\n<p>Confira\u00a0 o livro <a href=\"https:\/\/ww16.ce.gov.br\/secult\/wp-content\/uploads\/sites\/83\/2022\/12\/A-VIDA-ESCULPIDA-COM-OS-PES_ETHEL-DE-PAULA.pdf\">A vida esculpida com os p\u00e9s: mem\u00f3rias inacabadas de um poeta andarilho.<\/a><\/p>\n<p>&nbsp;<\/p>\n<p>Confira o livro <a href=\"https:\/\/ww16.ce.gov.br\/secult\/wp-content\/uploads\/sites\/83\/2022\/12\/AS-PELES-QUE-DANCAM_MARISE-LEO.pdf\">As peles que dan\u00e7am: pistas som\u00e1ticas para outra anatomia.<\/a><\/p>\n<p>&nbsp;<\/p>\n<p>Confira o livro <a href=\"https:\/\/ww16.ce.gov.br\/secult\/wp-content\/uploads\/sites\/83\/2022\/12\/CARNE-PRETA-PELE-RARA_ALVARO-RENE.pdf\">Carne preta, pele rara: contribui\u00e7\u00f5es de um teatro negro de resist\u00eancia.\u00a0<\/a><\/p>\n<p>&nbsp;<\/p>\n<p>Confira o livro <a href=\"https:\/\/ww16.ce.gov.br\/secult\/wp-content\/uploads\/sites\/83\/2022\/12\/CASA-E-VIZINHANCA_ERICO-OLIVEIRA.pdf\">Casa e vizinhan\u00e7a: modos de engajamento (cinema brasileiro contempor\u00e2neo e pr\u00e1ticas moradoras)<\/a><\/p>\n<p>&nbsp;<\/p>\n<p>Confira o livro <a href=\"https:\/\/ww16.ce.gov.br\/secult\/wp-content\/uploads\/sites\/83\/2022\/12\/CORPOS-PRECARIOS_RENATA-KELY.pdf\">Corpos prec\u00e1rios: pedagogia e pol\u00edtica na experi\u00eancia do povo.<\/a><\/p>\n<p>&nbsp;<\/p>\n<p>Confira o livro <a href=\"https:\/\/ww16.ce.gov.br\/secult\/wp-content\/uploads\/sites\/83\/2022\/12\/DA-PORCELANA-AOS-TRAPOS_LARISSA-RACHEL.pdf\">Da porcelana aos trapos: bonecas e mem\u00f3rias femininas no processo poiesis<\/a><\/p>\n<p>&nbsp;<\/p>\n<p>Confira o livro <a href=\"https:\/\/ww16.ce.gov.br\/secult\/wp-content\/uploads\/sites\/83\/2022\/12\/DO-MUSEU-AO-ARQUIVO-RENATO-ARAUJO.pdf\">Do Museu Fotogr\u00e1fico ao arquivo Nirez (1969 &#8211; 1983): o engajamento cultural de Nirez em prol do passado de Fortaleza e da m\u00fasica popular<\/a><\/p>\n<p>&nbsp;<\/p>\n<p>Confira o livro<a href=\"https:\/\/ww16.ce.gov.br\/secult\/wp-content\/uploads\/sites\/83\/2022\/12\/DOS-ENGENHOS-A-USINA_NAUDINEY-DE-CASTRO.pdf\"> Dos engenhos \u00e0 usina: patrim\u00f4nio e cultura material canavieira do Cariri cearense (anos 1930-1970)<\/a><\/p>\n<p>&nbsp;<\/p>\n<p>Confira o livro <a href=\"https:\/\/ww16.ce.gov.br\/secult\/wp-content\/uploads\/sites\/83\/2022\/12\/ENTRE-A-MANGUEIRA-DO-FATO_JOSE-WILTON.pdf\">Entre a mangueira do fato e a corrente de ouro: um estudo antropol\u00f3gico sobre a mem\u00f3ria e os espa\u00e7os, a partir das narrativas fant\u00e1sticas de moradores da comunidade quilombola da Serra Evaristo, Baturit\u00e9-CE<\/a><\/p>\n<p>&nbsp;<\/p>\n<p>Confira o livro <a href=\"https:\/\/ww16.ce.gov.br\/secult\/wp-content\/uploads\/sites\/83\/2022\/12\/ESCRITOS-DE-UMA-GUERRA-PLANETARIA_NOA-BONOBA.pdf\">Escritos de uma Guerra Planet\u00e1ria<\/a><\/p>\n<p>&nbsp;<\/p>\n<p>Confira o livro <a href=\"https:\/\/ww16.ce.gov.br\/secult\/wp-content\/uploads\/sites\/83\/2022\/12\/FOTOGRAFIA-E-MEMORIA-NO-CORPO-DIVINO_YASMINE-MORAES.pdf\">Fotografia e mem\u00f3ria do corpo divino: orix\u00e1 encarnado<\/a><\/p>\n<p>&nbsp;<\/p>\n<p>Confira o livro<a href=\"https:\/\/ww16.ce.gov.br\/secult\/wp-content\/uploads\/sites\/83\/2022\/12\/GENERO-NA-CENA_MANOEL-MOACIR.pdf\"> G\u00eanero na cena performativa &#8211; pol\u00edtica de Fortaleza<\/a><\/p>\n<p>&nbsp;<\/p>\n<p>Confira o livro<a href=\"https:\/\/ww16.ce.gov.br\/secult\/wp-content\/uploads\/sites\/83\/2022\/12\/GRUPO-INDEPENDENTE-DE-TEATRO-AMADOR-THAIS-PAZ-2.pdf\"> Grupo independente de teatro amador (Grita): resist\u00eancia cultural e apropria\u00e7\u00e3o art\u00edstica no espa\u00e7o de Fortaleza (1973-1985)<\/a><\/p>\n<p>&nbsp;<\/p>\n<p>Confira o livro <a href=\"https:\/\/ww16.ce.gov.br\/secult\/wp-content\/uploads\/sites\/83\/2022\/12\/INTELECTUAIS-NO-SERTAO-JOHNNYS-JORGE.pdf\">Intelectuais no sert\u00e3o: o club Romeiros do Porvir, a produ\u00e7\u00e3o e circula\u00e7\u00e3o de representa\u00e7\u00f5es em torno da intelectualidade da cidade do Crato-CE e dos sert\u00f5es (1900 &#8211; 1910)<\/a><\/p>\n<p>&nbsp;<\/p>\n<p>Confira o livro <a href=\"https:\/\/ww16.ce.gov.br\/secult\/wp-content\/uploads\/sites\/83\/2022\/12\/INVOCACAO-PARA-O-FIM_RIDIMUIN.pdf\">Invoca\u00e7\u00e3o para o fim: o Sert\u00e3o como arquivo<\/a><\/p>\n<p>&nbsp;<\/p>\n<p>Confira o livro<a href=\"https:\/\/ww16.ce.gov.br\/secult\/wp-content\/uploads\/sites\/83\/2022\/12\/ITINERARIOS-DO-ACERVO_MARIA-JOSIANE.pdf\"> Itiner\u00e1rios no acervo do Instituto de Antropologia da Universidade Estadual do Cear\u00e1 (1958 -1970): a cole\u00e7\u00e3o Arthur Ramos como discurso<\/a><\/p>\n<p>&nbsp;<\/p>\n<p>Confira o livro <a href=\"https:\/\/ww16.ce.gov.br\/secult\/wp-content\/uploads\/sites\/83\/2022\/12\/MEMORIAS-BRINCANTES_IZAURA-LILA.pdf\">Mem\u00f3rias Brincantes: um experimento a partir do corpo e da po\u00e9tica do Maneiro Pau do Mestre Cirilo &#8211; Crato\/CE<\/a><\/p>\n<p>&nbsp;<\/p>\n<p>Confira o livro <a href=\"https:\/\/ww16.ce.gov.br\/secult\/wp-content\/uploads\/sites\/83\/2022\/12\/PASSA-UM-FILME-NA-CUCA_LUCIENE-RIBEIRO.pdf\">Passa um filme na Cuca: recep\u00e7\u00e3o de cinema no Cuca Barra do Cear\u00e1<\/a><\/p>\n<p>&nbsp;<\/p>\n<p>Confira o livro <a href=\"https:\/\/ww16.ce.gov.br\/secult\/wp-content\/uploads\/sites\/83\/2022\/12\/REI-DE-PAUS_LAIS-CORDEIRO.pdf\">Rei de Paus na avenida de novo!: coprodu\u00e7\u00e3o de personagens, objetos e lugares no maracatu cearense<\/a><\/p>\n","protected":false},"excerpt":{"rendered":"<p>&nbsp; &nbsp; Confira o livro A Experi\u00eancia da Cia. Ortaet de Teatro no Centro-Sul Cearense: processos pedag\u00f3gicos e processos criativos. &nbsp; Confira\u00a0 o livro A vida esculpida com os p\u00e9s: mem\u00f3rias inacabadas de um poeta andarilho. &nbsp; Confira o livro As peles que dan\u00e7am: pistas som\u00e1ticas para outra anatomia. &nbsp; Confira o livro Carne preta, [&hellip;]<\/p>\n","protected":false},"author":308,"featured_media":23986,"parent":32456,"menu_order":0,"comment_status":"closed","ping_status":"closed","template":"","meta":{"_acf_changed":false,"inline_featured_image":false,"footnotes":""},"class_list":["post-23985","page","type-page","status-publish","has-post-thumbnail","hentry"],"acf":[],"yoast_head":"<!-- This site is optimized with the Yoast SEO plugin v26.9 - https:\/\/yoast.com\/product\/yoast-seo-wordpress\/ -->\n<title>Cole\u00e7\u00e3o de Saberes - Secult<\/title>\n<meta name=\"robots\" content=\"index, follow, max-snippet:-1, max-image-preview:large, max-video-preview:-1\" \/>\n<link rel=\"canonical\" href=\"https:\/\/ww16.ce.gov.br\/secult\/politica\/publicacoes\/colecao-de-saberes\/\" \/>\n<meta property=\"og:locale\" content=\"pt_BR\" \/>\n<meta property=\"og:type\" content=\"article\" \/>\n<meta property=\"og:title\" content=\"Cole\u00e7\u00e3o de Saberes - Secult\" \/>\n<meta property=\"og:description\" content=\"&nbsp; &nbsp; Confira o livro A Experi\u00eancia da Cia. Ortaet de Teatro no Centro-Sul Cearense: processos pedag\u00f3gicos e processos criativos. &nbsp; Confira\u00a0 o livro A vida esculpida com os p\u00e9s: mem\u00f3rias inacabadas de um poeta andarilho. &nbsp; Confira o livro As peles que dan\u00e7am: pistas som\u00e1ticas para outra anatomia. &nbsp; Confira o livro Carne preta, [&hellip;]\" \/>\n<meta property=\"og:url\" content=\"https:\/\/ww16.ce.gov.br\/secult\/politica\/publicacoes\/colecao-de-saberes\/\" \/>\n<meta property=\"og:site_name\" content=\"Secult\" \/>\n<meta property=\"article:modified_time\" content=\"2026-05-13T17:36:59+00:00\" \/>\n<meta property=\"og:image\" content=\"https:\/\/ww16.ce.gov.br\/secult\/wp-content\/uploads\/sites\/83\/2022\/12\/WhatsApp-Image-2022-12-21-at-11.00.02.jpeg\" \/>\n\t<meta property=\"og:image:width\" content=\"1080\" \/>\n\t<meta property=\"og:image:height\" content=\"825\" \/>\n\t<meta property=\"og:image:type\" content=\"image\/jpeg\" \/>\n<meta name=\"twitter:card\" content=\"summary_large_image\" \/>\n<meta name=\"twitter:label1\" content=\"Est. reading time\" \/>\n\t<meta name=\"twitter:data1\" content=\"3 minutos\" \/>\n<script type=\"application\/ld+json\" class=\"yoast-schema-graph\">{\"@context\":\"https:\/\/schema.org\",\"@graph\":[{\"@type\":\"WebPage\",\"@id\":\"https:\/\/ww16.ce.gov.br\/secult\/politica\/publicacoes\/colecao-de-saberes\/\",\"url\":\"https:\/\/ww16.ce.gov.br\/secult\/politica\/publicacoes\/colecao-de-saberes\/\",\"name\":\"Cole\u00e7\u00e3o de Saberes - Secult\",\"isPartOf\":{\"@id\":\"https:\/\/ww16.ce.gov.br\/secult\/#website\"},\"primaryImageOfPage\":{\"@id\":\"https:\/\/ww16.ce.gov.br\/secult\/politica\/publicacoes\/colecao-de-saberes\/#primaryimage\"},\"image\":{\"@id\":\"https:\/\/ww16.ce.gov.br\/secult\/politica\/publicacoes\/colecao-de-saberes\/#primaryimage\"},\"thumbnailUrl\":\"https:\/\/ww16.ce.gov.br\/secult\/wp-content\/uploads\/sites\/83\/2022\/12\/WhatsApp-Image-2022-12-21-at-11.00.02.jpeg\",\"datePublished\":\"2022-12-21T14:05:00+00:00\",\"dateModified\":\"2026-05-13T17:36:59+00:00\",\"breadcrumb\":{\"@id\":\"https:\/\/ww16.ce.gov.br\/secult\/politica\/publicacoes\/colecao-de-saberes\/#breadcrumb\"},\"inLanguage\":\"pt-BR\",\"potentialAction\":[{\"@type\":\"ReadAction\",\"target\":[\"https:\/\/ww16.ce.gov.br\/secult\/politica\/publicacoes\/colecao-de-saberes\/\"]}]},{\"@type\":\"ImageObject\",\"inLanguage\":\"pt-BR\",\"@id\":\"https:\/\/ww16.ce.gov.br\/secult\/politica\/publicacoes\/colecao-de-saberes\/#primaryimage\",\"url\":\"https:\/\/ww16.ce.gov.br\/secult\/wp-content\/uploads\/sites\/83\/2022\/12\/WhatsApp-Image-2022-12-21-at-11.00.02.jpeg\",\"contentUrl\":\"https:\/\/ww16.ce.gov.br\/secult\/wp-content\/uploads\/sites\/83\/2022\/12\/WhatsApp-Image-2022-12-21-at-11.00.02.jpeg\",\"width\":1080,\"height\":825},{\"@type\":\"BreadcrumbList\",\"@id\":\"https:\/\/ww16.ce.gov.br\/secult\/politica\/publicacoes\/colecao-de-saberes\/#breadcrumb\",\"itemListElement\":[{\"@type\":\"ListItem\",\"position\":1,\"name\":\"In\u00edcio\",\"item\":\"https:\/\/ww16.ce.gov.br\/secult\/\"},{\"@type\":\"ListItem\",\"position\":2,\"name\":\"Pol\u00edtica\",\"item\":\"https:\/\/ww16.ce.gov.br\/secult\/politica\/\"},{\"@type\":\"ListItem\",\"position\":3,\"name\":\"Publica\u00e7\u00f5es\",\"item\":\"https:\/\/ww16.ce.gov.br\/secult\/politica\/publicacoes\/\"},{\"@type\":\"ListItem\",\"position\":4,\"name\":\"Cole\u00e7\u00e3o de Saberes\"}]},{\"@type\":\"WebSite\",\"@id\":\"https:\/\/ww16.ce.gov.br\/secult\/#website\",\"url\":\"https:\/\/ww16.ce.gov.br\/secult\/\",\"name\":\"Secretaria da Cultura\",\"description\":\"Portal Secult\",\"publisher\":{\"@id\":\"https:\/\/ww16.ce.gov.br\/secult\/#organization\"},\"potentialAction\":[{\"@type\":\"SearchAction\",\"target\":{\"@type\":\"EntryPoint\",\"urlTemplate\":\"https:\/\/ww16.ce.gov.br\/secult\/?s={search_term_string}\"},\"query-input\":{\"@type\":\"PropertyValueSpecification\",\"valueRequired\":true,\"valueName\":\"search_term_string\"}}],\"inLanguage\":\"pt-BR\"},{\"@type\":\"Organization\",\"@id\":\"https:\/\/ww16.ce.gov.br\/secult\/#organization\",\"name\":\"Secretaria da Cultura\",\"url\":\"https:\/\/ww16.ce.gov.br\/secult\/\",\"logo\":{\"@type\":\"ImageObject\",\"inLanguage\":\"pt-BR\",\"@id\":\"https:\/\/ww16.ce.gov.br\/secult\/#\/schema\/logo\/image\/\",\"url\":\"http:\/\/ww16.ce.gov.br\/secult\/wp-content\/uploads\/sites\/43\/2018\/05\/secult-clara-3.png\",\"contentUrl\":\"http:\/\/ww16.ce.gov.br\/secult\/wp-content\/uploads\/sites\/43\/2018\/05\/secult-clara-3.png\",\"width\":559,\"height\":106,\"caption\":\"Secretaria da Cultura\"},\"image\":{\"@id\":\"https:\/\/ww16.ce.gov.br\/secult\/#\/schema\/logo\/image\/\"}}]}<\/script>\n<!-- \/ Yoast SEO plugin. -->","yoast_head_json":{"title":"Cole\u00e7\u00e3o de Saberes - Secult","robots":{"index":"index","follow":"follow","max-snippet":"max-snippet:-1","max-image-preview":"max-image-preview:large","max-video-preview":"max-video-preview:-1"},"canonical":"https:\/\/ww16.ce.gov.br\/secult\/politica\/publicacoes\/colecao-de-saberes\/","og_locale":"pt_BR","og_type":"article","og_title":"Cole\u00e7\u00e3o de Saberes - Secult","og_description":"&nbsp; &nbsp; Confira o livro A Experi\u00eancia da Cia. Ortaet de Teatro no Centro-Sul Cearense: processos pedag\u00f3gicos e processos criativos. &nbsp; Confira\u00a0 o livro A vida esculpida com os p\u00e9s: mem\u00f3rias inacabadas de um poeta andarilho. &nbsp; Confira o livro As peles que dan\u00e7am: pistas som\u00e1ticas para outra anatomia. &nbsp; Confira o livro Carne preta, [&hellip;]","og_url":"https:\/\/ww16.ce.gov.br\/secult\/politica\/publicacoes\/colecao-de-saberes\/","og_site_name":"Secult","article_modified_time":"2026-05-13T17:36:59+00:00","og_image":[{"width":1080,"height":825,"url":"https:\/\/ww16.ce.gov.br\/secult\/wp-content\/uploads\/sites\/83\/2022\/12\/WhatsApp-Image-2022-12-21-at-11.00.02.jpeg","type":"image\/jpeg"}],"twitter_card":"summary_large_image","twitter_misc":{"Est. reading time":"3 minutos"},"schema":{"@context":"https:\/\/schema.org","@graph":[{"@type":"WebPage","@id":"https:\/\/ww16.ce.gov.br\/secult\/politica\/publicacoes\/colecao-de-saberes\/","url":"https:\/\/ww16.ce.gov.br\/secult\/politica\/publicacoes\/colecao-de-saberes\/","name":"Cole\u00e7\u00e3o de Saberes - Secult","isPartOf":{"@id":"https:\/\/ww16.ce.gov.br\/secult\/#website"},"primaryImageOfPage":{"@id":"https:\/\/ww16.ce.gov.br\/secult\/politica\/publicacoes\/colecao-de-saberes\/#primaryimage"},"image":{"@id":"https:\/\/ww16.ce.gov.br\/secult\/politica\/publicacoes\/colecao-de-saberes\/#primaryimage"},"thumbnailUrl":"https:\/\/ww16.ce.gov.br\/secult\/wp-content\/uploads\/sites\/83\/2022\/12\/WhatsApp-Image-2022-12-21-at-11.00.02.jpeg","datePublished":"2022-12-21T14:05:00+00:00","dateModified":"2026-05-13T17:36:59+00:00","breadcrumb":{"@id":"https:\/\/ww16.ce.gov.br\/secult\/politica\/publicacoes\/colecao-de-saberes\/#breadcrumb"},"inLanguage":"pt-BR","potentialAction":[{"@type":"ReadAction","target":["https:\/\/ww16.ce.gov.br\/secult\/politica\/publicacoes\/colecao-de-saberes\/"]}]},{"@type":"ImageObject","inLanguage":"pt-BR","@id":"https:\/\/ww16.ce.gov.br\/secult\/politica\/publicacoes\/colecao-de-saberes\/#primaryimage","url":"https:\/\/ww16.ce.gov.br\/secult\/wp-content\/uploads\/sites\/83\/2022\/12\/WhatsApp-Image-2022-12-21-at-11.00.02.jpeg","contentUrl":"https:\/\/ww16.ce.gov.br\/secult\/wp-content\/uploads\/sites\/83\/2022\/12\/WhatsApp-Image-2022-12-21-at-11.00.02.jpeg","width":1080,"height":825},{"@type":"BreadcrumbList","@id":"https:\/\/ww16.ce.gov.br\/secult\/politica\/publicacoes\/colecao-de-saberes\/#breadcrumb","itemListElement":[{"@type":"ListItem","position":1,"name":"In\u00edcio","item":"https:\/\/ww16.ce.gov.br\/secult\/"},{"@type":"ListItem","position":2,"name":"Pol\u00edtica","item":"https:\/\/ww16.ce.gov.br\/secult\/politica\/"},{"@type":"ListItem","position":3,"name":"Publica\u00e7\u00f5es","item":"https:\/\/ww16.ce.gov.br\/secult\/politica\/publicacoes\/"},{"@type":"ListItem","position":4,"name":"Cole\u00e7\u00e3o de Saberes"}]},{"@type":"WebSite","@id":"https:\/\/ww16.ce.gov.br\/secult\/#website","url":"https:\/\/ww16.ce.gov.br\/secult\/","name":"Secretaria da Cultura","description":"Portal Secult","publisher":{"@id":"https:\/\/ww16.ce.gov.br\/secult\/#organization"},"potentialAction":[{"@type":"SearchAction","target":{"@type":"EntryPoint","urlTemplate":"https:\/\/ww16.ce.gov.br\/secult\/?s={search_term_string}"},"query-input":{"@type":"PropertyValueSpecification","valueRequired":true,"valueName":"search_term_string"}}],"inLanguage":"pt-BR"},{"@type":"Organization","@id":"https:\/\/ww16.ce.gov.br\/secult\/#organization","name":"Secretaria da Cultura","url":"https:\/\/ww16.ce.gov.br\/secult\/","logo":{"@type":"ImageObject","inLanguage":"pt-BR","@id":"https:\/\/ww16.ce.gov.br\/secult\/#\/schema\/logo\/image\/","url":"http:\/\/ww16.ce.gov.br\/secult\/wp-content\/uploads\/sites\/43\/2018\/05\/secult-clara-3.png","contentUrl":"http:\/\/ww16.ce.gov.br\/secult\/wp-content\/uploads\/sites\/43\/2018\/05\/secult-clara-3.png","width":559,"height":106,"caption":"Secretaria da Cultura"},"image":{"@id":"https:\/\/ww16.ce.gov.br\/secult\/#\/schema\/logo\/image\/"}}]}},"_links":{"self":[{"href":"https:\/\/ww16.ce.gov.br\/secult\/wp-json\/wp\/v2\/pages\/23985","targetHints":{"allow":["GET"]}}],"collection":[{"href":"https:\/\/ww16.ce.gov.br\/secult\/wp-json\/wp\/v2\/pages"}],"about":[{"href":"https:\/\/ww16.ce.gov.br\/secult\/wp-json\/wp\/v2\/types\/page"}],"author":[{"embeddable":true,"href":"https:\/\/ww16.ce.gov.br\/secult\/wp-json\/wp\/v2\/users\/308"}],"replies":[{"embeddable":true,"href":"https:\/\/ww16.ce.gov.br\/secult\/wp-json\/wp\/v2\/comments?post=23985"}],"version-history":[{"count":4,"href":"https:\/\/ww16.ce.gov.br\/secult\/wp-json\/wp\/v2\/pages\/23985\/revisions"}],"predecessor-version":[{"id":24014,"href":"https:\/\/ww16.ce.gov.br\/secult\/wp-json\/wp\/v2\/pages\/23985\/revisions\/24014"}],"up":[{"embeddable":true,"href":"https:\/\/ww16.ce.gov.br\/secult\/wp-json\/wp\/v2\/pages\/32456"}],"wp:featuredmedia":[{"embeddable":true,"href":"https:\/\/ww16.ce.gov.br\/secult\/wp-json\/wp\/v2\/media\/23986"}],"wp:attachment":[{"href":"https:\/\/ww16.ce.gov.br\/secult\/wp-json\/wp\/v2\/media?parent=23985"}],"curies":[{"name":"wp","href":"https:\/\/api.w.org\/{rel}","templated":true}]}}