{"id":96027,"date":"2021-03-31T14:53:37","date_gmt":"2021-03-31T17:53:37","guid":{"rendered":"http:\/\/ww16.ce.gov.br\/saude\/?page_id=96027"},"modified":"2023-08-17T15:21:52","modified_gmt":"2023-08-17T18:21:52","slug":"programa","status":"publish","type":"page","link":"https:\/\/ww16.ce.gov.br\/saude\/cuidarmelhor\/servico\/programa\/","title":{"rendered":"Cuidar Melhor | O Programa"},"content":{"rendered":"<h2>O Programa<\/h2>\n<p>&nbsp;<\/p>\n<p>Lan\u00e7ado em janeiro de 2021, o Programa Cuidar Melhor \u00e9 uma iniciativa pioneira no Brasil com o prop\u00f3sito de estabelecer um pacto de coopera\u00e7\u00e3o entre Estado, munic\u00edpios e sociedade visando \u00e0 melhoria dos resultados em sa\u00fade. Pretende avan\u00e7ar no enfrentamento dos problemas que mais causam adoecimento e \u00f3bito na popula\u00e7\u00e3o cearense, reduzindo a <strong>Mortalidade Infantil, Mortalidade por Acidente Vascular Cerebral (AVC) e por Infarto Agudo do Mioc\u00e1rdio (IAM), e Mortalidade por Acidentes de Tr\u00e2nsito envolvendo Motocicletas<\/strong>.<\/p>\n<p>&nbsp;<\/p>\n<ul class=\"ListaEst -Verde col1\" style=\"font-weight: bold\">\n<li><a href=\"https:\/\/ww16.ce.gov.br\/saude\/wp-content\/uploads\/sites\/64\/2023\/08\/Apresentacao_REUNIAO_COMISAO-P.C.M_19.07.2023.pptx.pdf\">Veja apresenta\u00e7\u00e3o do Programa<\/a><\/li>\n<\/ul>\n<p>&nbsp;<\/p>\n<p>Em 2021, suas atividades priorizam a identifica\u00e7\u00e3o, acesso qualificado e continuidade do cuidado \u00e0 sa\u00fade de crian\u00e7as, gestantes e pu\u00e9rperas, adolescentes, pacientes com diabetes mellitus e com hipertens\u00e3o arterial sist\u00eamica, usu\u00e1rios(as) do Sistema \u00danico de Sa\u00fade (SUS). A pandemia de Covid-19 aprofundou as vulnerabilidades sociais desses grupos, impondo urg\u00eancia na implementa\u00e7\u00e3o e fortalecimento de pol\u00edticas e estrat\u00e9gias de aten\u00e7\u00e3o integral e equitativa \u00e0 sa\u00fade.<\/p>\n<p>&nbsp;<\/p>\n<p>Nesse sentido, busca-se a integra\u00e7\u00e3o de a\u00e7\u00f5es e servi\u00e7os em redes de aten\u00e7\u00e3o no \u00e2mbito das regi\u00f5es de sa\u00fade, potencializando a atua\u00e7\u00e3o da aten\u00e7\u00e3o prim\u00e1ria \u00e0 sa\u00fade e a articula\u00e7\u00e3o intersetorial, com transpar\u00eancia e ampla participa\u00e7\u00e3o da sociedade.<\/p>\n<p>&nbsp;<\/p>\n<p>O programa compreende a coopera\u00e7\u00e3o t\u00e9cnica e um conjunto de incentivos financeiros aos munic\u00edpios e equipes de sa\u00fade associados a a\u00e7\u00f5es e resultados em indicadores de qualidade. Tais indicadores s\u00e3o divididos em duas dimens\u00f5es correlacionadas: esfor\u00e7o e impacto. Os indicadores de impacto correspondem \u00e0queles definidos para o c\u00e1lculo do \u00cdndice Municipal de Qualidade em Sa\u00fade (IQS), que \u00e9 a base do repasse de recursos financeiros oriundos do Imposto sobre Circula\u00e7\u00e3o de Mercadorias e Presta\u00e7\u00e3o de Servi\u00e7os (ICMS). J\u00e1 os indicadores de esfor\u00e7o s\u00e3o a refer\u00eancia para a classifica\u00e7\u00e3o dos munic\u00edpios na Premia\u00e7\u00e3o Cuidar Melhor.<\/p>\n<p>&nbsp;<\/p>\n<h3>Coopera\u00e7\u00e3o t\u00e9cnica e incentivos financeiros<\/h3>\n<p>&nbsp;<\/p>\n<p><img loading=\"lazy\" decoding=\"async\" class=\"aligncenter wp-image-96180 size-medium\" src=\"https:\/\/ww16.ce.gov.br\/saude\/wp-content\/uploads\/sites\/64\/2021\/04\/cuidarmelhor-1-600x209.png\" alt=\"\" width=\"600\" height=\"209\" srcset=\"https:\/\/ww16.ce.gov.br\/saude\/wp-content\/uploads\/sites\/64\/2021\/04\/cuidarmelhor-1-600x209.png 600w, https:\/\/ww16.ce.gov.br\/saude\/wp-content\/uploads\/sites\/64\/2021\/04\/cuidarmelhor-1-1200x419.png 1200w, https:\/\/ww16.ce.gov.br\/saude\/wp-content\/uploads\/sites\/64\/2021\/04\/cuidarmelhor-1-768x268.png 768w, https:\/\/ww16.ce.gov.br\/saude\/wp-content\/uploads\/sites\/64\/2021\/04\/cuidarmelhor-1-1536x536.png 1536w, https:\/\/ww16.ce.gov.br\/saude\/wp-content\/uploads\/sites\/64\/2021\/04\/cuidarmelhor-1-2048x715.png 2048w\" sizes=\"auto, (max-width: 600px) 100vw, 600px\" \/><\/p>\n<p>&nbsp;<\/p>\n<h3>Incentivos da cota parte do ICMS<\/h3>\n<p>&nbsp;<\/p>\n<p>Em outubro de 2020, a Assembleia Legislativa do Cear\u00e1 aprovou a Lei N\u00ba 17.320, proposta pelo poder executivo estadual, <strong>aumentando de 5% para 15%<\/strong> os recursos da <a href=\"https:\/\/www.ipece.ce.gov.br\/cota-parte-do-icms\/\" target=\"_blank\" rel=\"noopener noreferrer\">Cota Parte do ICMS<\/a> destinados aos munic\u00edpios, com base em indicadores e crit\u00e9rios da \u00e1rea da sa\u00fade, que integram o \u00cdndice Municipal de Qualidade em Sa\u00fade (IQS). O que representar\u00e1, a partir de 2022, <strong>um incremento de R$ 350 milh\u00f5es anuais<\/strong> para os munic\u00edpios associados \u00e0 melhoria de resultados em sa\u00fade,<strong> saindo de R$ 175 milh\u00f5es para R$ 525 milh\u00f5es<\/strong>. Os indicadores atuais, alterados no in\u00edcio de 2020, com o apoio t\u00e9cnico do Instituto de Planejamento do Cear\u00e1 (Ipece), j\u00e1 foram direcionados para avaliar o desempenho dos munic\u00edpios.<\/p>\n<p>&nbsp;<\/p>\n<p>Desse modo, o estado do Cear\u00e1, que j\u00e1 estava em posi\u00e7\u00e3o de destaque na distribui\u00e7\u00e3o de recursos da Educa\u00e7\u00e3o, passa a atuar de forma inovadora no estabelecimento de percentuais diferenciados de aplica\u00e7\u00e3o do ICMS em sa\u00fade, bem como na inclus\u00e3o do conceito de regionaliza\u00e7\u00e3o, dado que os munic\u00edpios ser\u00e3o avaliados com base em seu pr\u00f3prio desempenho e no desempenho da Regi\u00e3o de Sa\u00fade \u00e0 qual pertencem.<\/p>\n<p>&nbsp;<\/p>\n<h3>Nova metodologia de apresenta\u00e7\u00e3o<\/h3>\n<p>&nbsp;<\/p>\n<p><img loading=\"lazy\" decoding=\"async\" class=\"aligncenter wp-image-96181 size-large\" src=\"https:\/\/ww16.ce.gov.br\/saude\/wp-content\/uploads\/sites\/64\/2021\/04\/cuidarmelhor-4-1200x1200.png\" alt=\"\" width=\"460\" height=\"460\" srcset=\"https:\/\/ww16.ce.gov.br\/saude\/wp-content\/uploads\/sites\/64\/2021\/04\/cuidarmelhor-4-1200x1200.png 1200w, https:\/\/ww16.ce.gov.br\/saude\/wp-content\/uploads\/sites\/64\/2021\/04\/cuidarmelhor-4-600x600.png 600w, https:\/\/ww16.ce.gov.br\/saude\/wp-content\/uploads\/sites\/64\/2021\/04\/cuidarmelhor-4-768x768.png 768w, https:\/\/ww16.ce.gov.br\/saude\/wp-content\/uploads\/sites\/64\/2021\/04\/cuidarmelhor-4-1536x1536.png 1536w, https:\/\/ww16.ce.gov.br\/saude\/wp-content\/uploads\/sites\/64\/2021\/04\/cuidarmelhor-4-2048x2048.png 2048w\" sizes=\"auto, (max-width: 460px) 100vw, 460px\" \/><\/p>\n<p>&nbsp;<\/p>\n<h3>Premia\u00e7\u00e3o Cuidar Melhor<\/h3>\n<p>&nbsp;<\/p>\n<p>Al\u00e9m dos incentivos financeiros da Cota Parte do ICMS, o Programa estabelece uma\u00a0premia\u00e7\u00e3o anual para os munic\u00edpios que obtiverem os melhores resultados em indicadores de esfor\u00e7o e que venham a realizar pr\u00e1ticas mais inovadoras em sa\u00fade. Os indicadores da premia\u00e7\u00e3o, associados \u00e0s prioridades do Programa Cuidar Melhor, s\u00e3o pactuados anualmente entre Estado, munic\u00edpios e sociedade.<\/p>\n<p>&nbsp;<\/p>\n<p>Os indicadores foram monitorados ao longo de 2021 e, durante o primeiro trimestre de 2022, ocorreu a premia\u00e7\u00e3o dos munic\u00edpios e de equipes de sa\u00fade.<\/p>\n<p>&nbsp;<\/p>\n<p>Em 2021 o Programa Cuidar Melhor obteve 100% de ades\u00e3o dos munic\u00edpios cearenses, ainda, houve mobiliza\u00e7\u00e3o e demanda pelo Programa no monitoramento e avalia\u00e7\u00e3o dos indicadores de esfor\u00e7o. No ano de 2022, tamb\u00e9m com a anu\u00eancia de 100% dos munic\u00edpios, houve a continuidade ao programa, onde, j\u00e1 ocorre em 2023 a premia\u00e7\u00e3o dos munic\u00edpios com pr\u00e1ticas inovadoras e em previs\u00e3o para o segundo semestre de 2023 e\/ou conforme a agenda do Governador Elmano de Freitas, a premia\u00e7\u00e3o dos munic\u00edpios nos indicadores de desempenho.<\/p>\n<p>&nbsp;<\/p>\n<ul class=\"ListaEst -Verde col1\" style=\"font-weight: bold\">\n<li><a href=\"https:\/\/ww16.ce.gov.br\/saude\/wp-content\/uploads\/sites\/64\/2021\/04\/agenda_Estrategica_de_Mobilizacao_Programa_Cuidar_Melhor_20212308.pdf\">Agenda Estrat\u00e9gica de Mobiliza\u00e7\u00e3o<\/a><\/li>\n<\/ul>\n","protected":false},"excerpt":{"rendered":"<p>O Programa &nbsp; Lan\u00e7ado em janeiro de 2021, o Programa Cuidar Melhor \u00e9 uma iniciativa pioneira no Brasil com o prop\u00f3sito de estabelecer um pacto de coopera\u00e7\u00e3o entre Estado, munic\u00edpios e sociedade visando \u00e0 melhoria dos resultados em sa\u00fade. Pretende avan\u00e7ar no enfrentamento dos problemas que mais causam adoecimento e \u00f3bito na popula\u00e7\u00e3o cearense, reduzindo [&hellip;]<\/p>\n","protected":false},"author":12,"featured_media":0,"parent":96011,"menu_order":0,"comment_status":"closed","ping_status":"closed","template":"","meta":{"_acf_changed":false,"inline_featured_image":false,"footnotes":""},"class_list":["post-96027","page","type-page","status-publish","hentry"],"acf":[],"yoast_head":"<!-- This site is optimized with the Yoast SEO plugin v26.9 - https:\/\/yoast.com\/product\/yoast-seo-wordpress\/ -->\n<title>Cuidar Melhor | O Programa - Secretaria da Sa\u00fade do Cear\u00e1<\/title>\n<meta name=\"robots\" content=\"index, follow, max-snippet:-1, max-image-preview:large, max-video-preview:-1\" \/>\n<link rel=\"canonical\" href=\"https:\/\/ww16.ce.gov.br\/saude\/cuidarmelhor\/servico\/programa\/\" \/>\n<meta property=\"og:locale\" content=\"pt_BR\" \/>\n<meta property=\"og:type\" content=\"article\" \/>\n<meta property=\"og:title\" content=\"Cuidar Melhor | O Programa - Secretaria da Sa\u00fade do Cear\u00e1\" \/>\n<meta property=\"og:description\" content=\"O Programa &nbsp; Lan\u00e7ado em janeiro de 2021, o Programa Cuidar Melhor \u00e9 uma iniciativa pioneira no Brasil com o prop\u00f3sito de estabelecer um pacto de coopera\u00e7\u00e3o entre Estado, munic\u00edpios e sociedade visando \u00e0 melhoria dos resultados em sa\u00fade. Pretende avan\u00e7ar no enfrentamento dos problemas que mais causam adoecimento e \u00f3bito na popula\u00e7\u00e3o cearense, reduzindo [&hellip;]\" \/>\n<meta property=\"og:url\" content=\"https:\/\/ww16.ce.gov.br\/saude\/cuidarmelhor\/servico\/programa\/\" \/>\n<meta property=\"og:site_name\" content=\"Secretaria da Sa\u00fade do Cear\u00e1\" \/>\n<meta property=\"article:modified_time\" content=\"2023-08-17T18:21:52+00:00\" \/>\n<meta property=\"og:image\" content=\"http:\/\/ww16.ce.gov.br\/saude\/wp-content\/uploads\/sites\/64\/2021\/04\/cuidarmelhor-1-600x209.png\" \/>\n<meta name=\"twitter:card\" content=\"summary_large_image\" \/>\n<meta name=\"twitter:label1\" content=\"Est. reading time\" \/>\n\t<meta name=\"twitter:data1\" content=\"4 minutos\" \/>\n<script type=\"application\/ld+json\" class=\"yoast-schema-graph\">{\"@context\":\"https:\/\/schema.org\",\"@graph\":[{\"@type\":\"WebPage\",\"@id\":\"https:\/\/ww16.ce.gov.br\/saude\/cuidarmelhor\/servico\/programa\/\",\"url\":\"https:\/\/ww16.ce.gov.br\/saude\/cuidarmelhor\/servico\/programa\/\",\"name\":\"Cuidar Melhor | O Programa - Secretaria da Sa\u00fade do Cear\u00e1\",\"isPartOf\":{\"@id\":\"https:\/\/ww16.ce.gov.br\/saude\/#website\"},\"primaryImageOfPage\":{\"@id\":\"https:\/\/ww16.ce.gov.br\/saude\/cuidarmelhor\/servico\/programa\/#primaryimage\"},\"image\":{\"@id\":\"https:\/\/ww16.ce.gov.br\/saude\/cuidarmelhor\/servico\/programa\/#primaryimage\"},\"thumbnailUrl\":\"http:\/\/ww16.ce.gov.br\/saude\/wp-content\/uploads\/sites\/64\/2021\/04\/cuidarmelhor-1-600x209.png\",\"datePublished\":\"2021-03-31T17:53:37+00:00\",\"dateModified\":\"2023-08-17T18:21:52+00:00\",\"breadcrumb\":{\"@id\":\"https:\/\/ww16.ce.gov.br\/saude\/cuidarmelhor\/servico\/programa\/#breadcrumb\"},\"inLanguage\":\"pt-BR\",\"potentialAction\":[{\"@type\":\"ReadAction\",\"target\":[\"https:\/\/ww16.ce.gov.br\/saude\/cuidarmelhor\/servico\/programa\/\"]}]},{\"@type\":\"ImageObject\",\"inLanguage\":\"pt-BR\",\"@id\":\"https:\/\/ww16.ce.gov.br\/saude\/cuidarmelhor\/servico\/programa\/#primaryimage\",\"url\":\"http:\/\/ww16.ce.gov.br\/saude\/wp-content\/uploads\/sites\/64\/2021\/04\/cuidarmelhor-1-600x209.png\",\"contentUrl\":\"http:\/\/ww16.ce.gov.br\/saude\/wp-content\/uploads\/sites\/64\/2021\/04\/cuidarmelhor-1-600x209.png\"},{\"@type\":\"BreadcrumbList\",\"@id\":\"https:\/\/ww16.ce.gov.br\/saude\/cuidarmelhor\/servico\/programa\/#breadcrumb\",\"itemListElement\":[{\"@type\":\"ListItem\",\"position\":1,\"name\":\"In\u00edcio\",\"item\":\"https:\/\/ww16.ce.gov.br\/saude\/\"},{\"@type\":\"ListItem\",\"position\":2,\"name\":\"Cuidar Melhor | Principal\",\"item\":\"https:\/\/ww16.ce.gov.br\/saude\/cuidarmelhor\/\"},{\"@type\":\"ListItem\",\"position\":3,\"name\":\"Cuidar Melhor | Servi\u00e7o\",\"item\":\"https:\/\/ww16.ce.gov.br\/saude\/cuidarmelhor\/servico\/\"},{\"@type\":\"ListItem\",\"position\":4,\"name\":\"Cuidar Melhor | O Programa\"}]},{\"@type\":\"WebSite\",\"@id\":\"https:\/\/ww16.ce.gov.br\/saude\/#website\",\"url\":\"https:\/\/ww16.ce.gov.br\/saude\/\",\"name\":\"Secretaria da Sa\u00fade\",\"description\":\"Secretaria da Sa\u00fade do Cear\u00e1\",\"publisher\":{\"@id\":\"https:\/\/ww16.ce.gov.br\/saude\/#organization\"},\"potentialAction\":[{\"@type\":\"SearchAction\",\"target\":{\"@type\":\"EntryPoint\",\"urlTemplate\":\"https:\/\/ww16.ce.gov.br\/saude\/?s={search_term_string}\"},\"query-input\":{\"@type\":\"PropertyValueSpecification\",\"valueRequired\":true,\"valueName\":\"search_term_string\"}}],\"inLanguage\":\"pt-BR\"},{\"@type\":\"Organization\",\"@id\":\"https:\/\/ww16.ce.gov.br\/saude\/#organization\",\"name\":\"Secretaria da Sa\u00fade\",\"url\":\"https:\/\/ww16.ce.gov.br\/saude\/\",\"logo\":{\"@type\":\"ImageObject\",\"inLanguage\":\"pt-BR\",\"@id\":\"https:\/\/ww16.ce.gov.br\/saude\/#\/schema\/logo\/image\/\",\"url\":\"http:\/\/ww16.ce.gov.br\/saude\/wp-content\/uploads\/sites\/9\/2017\/11\/clara.png\",\"contentUrl\":\"http:\/\/ww16.ce.gov.br\/saude\/wp-content\/uploads\/sites\/9\/2017\/11\/clara.png\",\"width\":559,\"height\":106,\"caption\":\"Secretaria da Sa\u00fade\"},\"image\":{\"@id\":\"https:\/\/ww16.ce.gov.br\/saude\/#\/schema\/logo\/image\/\"}}]}<\/script>\n<!-- \/ Yoast SEO plugin. -->","yoast_head_json":{"title":"Cuidar Melhor | O Programa - Secretaria da Sa\u00fade do Cear\u00e1","robots":{"index":"index","follow":"follow","max-snippet":"max-snippet:-1","max-image-preview":"max-image-preview:large","max-video-preview":"max-video-preview:-1"},"canonical":"https:\/\/ww16.ce.gov.br\/saude\/cuidarmelhor\/servico\/programa\/","og_locale":"pt_BR","og_type":"article","og_title":"Cuidar Melhor | O Programa - Secretaria da Sa\u00fade do Cear\u00e1","og_description":"O Programa &nbsp; Lan\u00e7ado em janeiro de 2021, o Programa Cuidar Melhor \u00e9 uma iniciativa pioneira no Brasil com o prop\u00f3sito de estabelecer um pacto de coopera\u00e7\u00e3o entre Estado, munic\u00edpios e sociedade visando \u00e0 melhoria dos resultados em sa\u00fade. Pretende avan\u00e7ar no enfrentamento dos problemas que mais causam adoecimento e \u00f3bito na popula\u00e7\u00e3o cearense, reduzindo [&hellip;]","og_url":"https:\/\/ww16.ce.gov.br\/saude\/cuidarmelhor\/servico\/programa\/","og_site_name":"Secretaria da Sa\u00fade do Cear\u00e1","article_modified_time":"2023-08-17T18:21:52+00:00","og_image":[{"url":"http:\/\/ww16.ce.gov.br\/saude\/wp-content\/uploads\/sites\/64\/2021\/04\/cuidarmelhor-1-600x209.png","type":"","width":"","height":""}],"twitter_card":"summary_large_image","twitter_misc":{"Est. reading time":"4 minutos"},"schema":{"@context":"https:\/\/schema.org","@graph":[{"@type":"WebPage","@id":"https:\/\/ww16.ce.gov.br\/saude\/cuidarmelhor\/servico\/programa\/","url":"https:\/\/ww16.ce.gov.br\/saude\/cuidarmelhor\/servico\/programa\/","name":"Cuidar Melhor | O Programa - Secretaria da Sa\u00fade do Cear\u00e1","isPartOf":{"@id":"https:\/\/ww16.ce.gov.br\/saude\/#website"},"primaryImageOfPage":{"@id":"https:\/\/ww16.ce.gov.br\/saude\/cuidarmelhor\/servico\/programa\/#primaryimage"},"image":{"@id":"https:\/\/ww16.ce.gov.br\/saude\/cuidarmelhor\/servico\/programa\/#primaryimage"},"thumbnailUrl":"http:\/\/ww16.ce.gov.br\/saude\/wp-content\/uploads\/sites\/64\/2021\/04\/cuidarmelhor-1-600x209.png","datePublished":"2021-03-31T17:53:37+00:00","dateModified":"2023-08-17T18:21:52+00:00","breadcrumb":{"@id":"https:\/\/ww16.ce.gov.br\/saude\/cuidarmelhor\/servico\/programa\/#breadcrumb"},"inLanguage":"pt-BR","potentialAction":[{"@type":"ReadAction","target":["https:\/\/ww16.ce.gov.br\/saude\/cuidarmelhor\/servico\/programa\/"]}]},{"@type":"ImageObject","inLanguage":"pt-BR","@id":"https:\/\/ww16.ce.gov.br\/saude\/cuidarmelhor\/servico\/programa\/#primaryimage","url":"http:\/\/ww16.ce.gov.br\/saude\/wp-content\/uploads\/sites\/64\/2021\/04\/cuidarmelhor-1-600x209.png","contentUrl":"http:\/\/ww16.ce.gov.br\/saude\/wp-content\/uploads\/sites\/64\/2021\/04\/cuidarmelhor-1-600x209.png"},{"@type":"BreadcrumbList","@id":"https:\/\/ww16.ce.gov.br\/saude\/cuidarmelhor\/servico\/programa\/#breadcrumb","itemListElement":[{"@type":"ListItem","position":1,"name":"In\u00edcio","item":"https:\/\/ww16.ce.gov.br\/saude\/"},{"@type":"ListItem","position":2,"name":"Cuidar Melhor | Principal","item":"https:\/\/ww16.ce.gov.br\/saude\/cuidarmelhor\/"},{"@type":"ListItem","position":3,"name":"Cuidar Melhor | Servi\u00e7o","item":"https:\/\/ww16.ce.gov.br\/saude\/cuidarmelhor\/servico\/"},{"@type":"ListItem","position":4,"name":"Cuidar Melhor | O Programa"}]},{"@type":"WebSite","@id":"https:\/\/ww16.ce.gov.br\/saude\/#website","url":"https:\/\/ww16.ce.gov.br\/saude\/","name":"Secretaria da Sa\u00fade","description":"Secretaria da Sa\u00fade do Cear\u00e1","publisher":{"@id":"https:\/\/ww16.ce.gov.br\/saude\/#organization"},"potentialAction":[{"@type":"SearchAction","target":{"@type":"EntryPoint","urlTemplate":"https:\/\/ww16.ce.gov.br\/saude\/?s={search_term_string}"},"query-input":{"@type":"PropertyValueSpecification","valueRequired":true,"valueName":"search_term_string"}}],"inLanguage":"pt-BR"},{"@type":"Organization","@id":"https:\/\/ww16.ce.gov.br\/saude\/#organization","name":"Secretaria da Sa\u00fade","url":"https:\/\/ww16.ce.gov.br\/saude\/","logo":{"@type":"ImageObject","inLanguage":"pt-BR","@id":"https:\/\/ww16.ce.gov.br\/saude\/#\/schema\/logo\/image\/","url":"http:\/\/ww16.ce.gov.br\/saude\/wp-content\/uploads\/sites\/9\/2017\/11\/clara.png","contentUrl":"http:\/\/ww16.ce.gov.br\/saude\/wp-content\/uploads\/sites\/9\/2017\/11\/clara.png","width":559,"height":106,"caption":"Secretaria da Sa\u00fade"},"image":{"@id":"https:\/\/ww16.ce.gov.br\/saude\/#\/schema\/logo\/image\/"}}]}},"_links":{"self":[{"href":"https:\/\/ww16.ce.gov.br\/saude\/wp-json\/wp\/v2\/pages\/96027","targetHints":{"allow":["GET"]}}],"collection":[{"href":"https:\/\/ww16.ce.gov.br\/saude\/wp-json\/wp\/v2\/pages"}],"about":[{"href":"https:\/\/ww16.ce.gov.br\/saude\/wp-json\/wp\/v2\/types\/page"}],"author":[{"embeddable":true,"href":"https:\/\/ww16.ce.gov.br\/saude\/wp-json\/wp\/v2\/users\/12"}],"replies":[{"embeddable":true,"href":"https:\/\/ww16.ce.gov.br\/saude\/wp-json\/wp\/v2\/comments?post=96027"}],"version-history":[{"count":50,"href":"https:\/\/ww16.ce.gov.br\/saude\/wp-json\/wp\/v2\/pages\/96027\/revisions"}],"predecessor-version":[{"id":121235,"href":"https:\/\/ww16.ce.gov.br\/saude\/wp-json\/wp\/v2\/pages\/96027\/revisions\/121235"}],"up":[{"embeddable":true,"href":"https:\/\/ww16.ce.gov.br\/saude\/wp-json\/wp\/v2\/pages\/96011"}],"wp:attachment":[{"href":"https:\/\/ww16.ce.gov.br\/saude\/wp-json\/wp\/v2\/media?parent=96027"}],"curies":[{"name":"wp","href":"https:\/\/api.w.org\/{rel}","templated":true}]}}