{"id":94893,"date":"2021-03-05T16:18:46","date_gmt":"2021-03-05T19:18:46","guid":{"rendered":"http:\/\/ww16.ce.gov.br\/saude\/?page_id=94893"},"modified":"2025-03-11T17:04:42","modified_gmt":"2025-03-11T20:04:42","slug":"vigilanciasanitaria","status":"publish","type":"page","link":"https:\/\/ww16.ce.gov.br\/saude\/vigilanciasanitaria\/","title":{"rendered":"Vigil\u00e2ncia Sanit\u00e1ria"},"content":{"rendered":"<p><img loading=\"lazy\" decoding=\"async\" class=\"alignnone size-medium wp-image-106684\" src=\"https:\/\/ww16.ce.gov.br\/saude\/wp-content\/uploads\/sites\/64\/2022\/03\/00000003-PHOTO-2020-06-10-08-00-18-4-1-600x375.jpg\" alt=\"\" width=\"775\" height=\"485\" srcset=\"https:\/\/ww16.ce.gov.br\/saude\/wp-content\/uploads\/sites\/64\/2022\/03\/00000003-PHOTO-2020-06-10-08-00-18-4-1-600x375.jpg 600w, https:\/\/ww16.ce.gov.br\/saude\/wp-content\/uploads\/sites\/64\/2022\/03\/00000003-PHOTO-2020-06-10-08-00-18-4-1-768x481.jpg 768w, https:\/\/ww16.ce.gov.br\/saude\/wp-content\/uploads\/sites\/64\/2022\/03\/00000003-PHOTO-2020-06-10-08-00-18-4-1.jpg 775w\" sizes=\"auto, (max-width: 775px) 100vw, 775px\" \/><br \/>\nA Vigil\u00e2ncia Sanit\u00e1ria (Visa) \u00e9 um conjunto de a\u00e7\u00f5es no \u00e2mbito das pr\u00e1ticas de sa\u00fade coletiva, assentada em v\u00e1rias \u00e1reas do conhecimento t\u00e9cnico-cient\u00edfico e em bases jur\u00eddicas que lhe conferem o poder de normatiza\u00e7\u00e3o, educa\u00e7\u00e3o, avalia\u00e7\u00e3o e interven\u00e7\u00e3o, capazes de eliminar, diminuir ou prevenir riscos \u00e0 sa\u00fade. A Visa busca garantir a qualidade do processo de produ\u00e7\u00e3o, distribui\u00e7\u00e3o e consumo de bens e servi\u00e7os relacionados \u00e0 sa\u00fade e \u00e0s condi\u00e7\u00f5es de vida e trabalho dos cidad\u00e3os.<\/p>\n<p>&nbsp;<\/p>\n<p>A qualidade do alimento que chega \u00e0 sua mesa, do rem\u00e9dio ou da vacina a que seu filho tem acesso; do estabelecimento que sua fam\u00edlia frequenta; dos artigos que entram no Brasil; e dos produtos e servi\u00e7os que voc\u00ea consome no dia a dia depende de a\u00e7\u00f5es da Vigil\u00e2ncia Sanit\u00e1ria.<\/p>\n<p>&nbsp;<\/p>\n<h3><strong>Miss\u00e3o<\/strong><\/h3>\n<p>&nbsp;<\/p>\n<p>Coordenar, supervisionar, assessorar, monitorar e avaliar as a\u00e7\u00f5es de Vigil\u00e2ncia Sanit\u00e1ria nos 184 munic\u00edpios cearenses, visando ao controle do risco sanit\u00e1rio e atuando em casos excepcionais como \u00f3rg\u00e3o executor de atividades de Vigil\u00e2ncia Sanit\u00e1ria em parceria com as Superintend\u00eancias Regionais de Sa\u00fade e os munic\u00edpios, dentre outras institui\u00e7\u00f5es.<\/p>\n<h3><strong>Valores<\/strong><\/h3>\n<p>I) Capacidade de articula\u00e7\u00e3o e integra\u00e7\u00e3o;<br \/>\nII) Excel\u00eancia na gest\u00e3o;<br \/>\nIII) Conhecimento como fonte para a\u00e7\u00e3o;<br \/>\nIV) Transpar\u00eancia;<br \/>\nV) Valoriza\u00e7\u00e3o das pessoas;<br \/>\nV) Universalidade<br \/>\nVI) Integralidade;<br \/>\nVII) Equidade;<br \/>\nVIII) \u00c9tica;<br \/>\nIX) Responsabilidade como agente p\u00fablico.<\/p>\n<p>&nbsp;<\/p>\n<h2 class=\"-laranja\"><strong>Sistema Nacional de Vigil\u00e2ncia Sanit\u00e1ria (SNVS)<\/strong><\/h2>\n<p>&nbsp;<\/p>\n<p>Como a Visa se organiza e atua: a Constitui\u00e7\u00e3o Federal de 1988 afirma que a sa\u00fade \u00e9 um direito social e que o Sistema \u00danico de Sa\u00fade (SUS) \u00e9 o meio de concretiza\u00e7\u00e3o deste direito. A Lei Org\u00e2nica da Sa\u00fade, por sua vez, afirma que a Vigil\u00e2ncia Sanit\u00e1ria \u2013 de car\u00e1ter altamente preventivo \u2013 \u00e9 uma das compet\u00eancias do SUS. Isso significa que o Sistema Nacional de Vigil\u00e2ncia Sanit\u00e1ria (SNVS), definido pela Lei n\u00ba 9.782, de 26 de janeiro de 1999, \u00e9 um instrumento privilegiado do qual o SUS disp\u00f5e para realizar seu objetivo de preven\u00e7\u00e3o e promo\u00e7\u00e3o da sa\u00fade.<\/p>\n<p>&nbsp;<\/p>\n<p>O Sistema engloba unidades nos tr\u00eas n\u00edveis de governo \u2013 federal, estadual e municipal \u2013, com responsabilidades compartilhadas. No n\u00edvel federal, est\u00e3o a Ag\u00eancia Nacional de Vigil\u00e2ncia Sanit\u00e1ria (Anvisa) e o Instituto Nacional de Controle de Qualidade em Sa\u00fade (INCQS\/Fiocruz). No n\u00edvel estadual, est\u00e3o o \u00f3rg\u00e3o de Vigil\u00e2ncia Sanit\u00e1ria e o Laborat\u00f3rio Central de Sa\u00fade P\u00fablica do Cear\u00e1 (Lacen) de cada uma das 27 unidades da federa\u00e7\u00e3o. No n\u00edvel municipal, est\u00e3o os servi\u00e7os da Visa dos 5.561 munic\u00edpios brasileiros, muitos dos quais ainda em fase de organiza\u00e7\u00e3o. Participam indiretamente do Sistema: Conselhos de Sa\u00fade e Conselhos de Secret\u00e1rios de Sa\u00fade. Interagem e cooperam com o Sistema: \u00f3rg\u00e3os e institui\u00e7\u00f5es, governamentais ou n\u00e3o, de diversas \u00e1reas.<\/p>\n<p>&nbsp;<\/p>\n<p>Devido \u00e0 sua import\u00e2ncia, no dia 5 de agosto \u00e9 comemorado o Dia Nacional da Visa, institu\u00eddo pela Lei n\u00ba 13.098\/15, como marco para conscientizar a popula\u00e7\u00e3o sobre o tema. A data \u00e9 refer\u00eancia ao dia de nascimento do sanitarista Oswaldo Cruz, um importante nome da Vigil\u00e2ncia Sanit\u00e1ria brasileira, respons\u00e1vel por erradicar, no in\u00edcio do s\u00e9culo XX, a var\u00edola, a peste bub\u00f4nica e a febre amarela. \u201cA <a href=\"https:\/\/www.planalto.gov.br\/ccivil_03\/leis\/l8080.htm\" target=\"_blank\" rel=\"noopener noreferrer\">Lei n\u00ba 8.080\/1990<\/a> conceitua Vigil\u00e2ncia Sanit\u00e1ria como o \u2018conjunto de a\u00e7\u00f5es capaz de eliminar, diminuir ou prevenir riscos \u00e0 sa\u00fade e de intervir nos problemas sanit\u00e1rios decorrentes do meio ambiente, da produ\u00e7\u00e3o e circula\u00e7\u00e3o de bens e da presta\u00e7\u00e3o de servi\u00e7os de interesse da sa\u00fade\u2019. Abrange o controle de bens de consumo e da presta\u00e7\u00e3o de servi\u00e7os\u201d.<\/p>\n<h2 class=\"-laranja\"><strong>\u00c1reas de atua\u00e7\u00e3o<\/strong><\/h2>\n<p>&nbsp;<\/p>\n<h3><strong>Alimentos<\/strong><\/h3>\n<p>Subst\u00e2ncia ou mistura de subst\u00e2ncias destinada a fornecer ao organismo os elementos para sua forma\u00e7\u00e3o, sua manuten\u00e7\u00e3o e seu desenvolvimento.<\/p>\n<h3><strong>Cosm\u00e9ticos<\/strong><\/h3>\n<p>Produtos de uso externo, usados para prote\u00e7\u00e3o (filtro solar) ou embelezamento (perfumes, sabonetes, cremes etc.).<\/p>\n<h3><strong>Derivados de tabaco<\/strong><\/h3>\n<p>Cigarros, charutos, cigarrilhas, fumo para cachimbo, tabaco masc\u00e1vel etc.<\/p>\n<h3><strong>Medicamentos<\/strong><\/h3>\n<p>Produto farmac\u00eautico, produzido pela ind\u00fastria ou farm\u00e1cia de manipula\u00e7\u00e3o, usado para prevenir e curar doen\u00e7as ou amenizar inc\u00f4modos ou mal-estar.<\/p>\n<h3><strong>Produtos para Sa\u00fade<\/strong><\/h3>\n<p>Materiais e equipamentos diversos, utilizados para assist\u00eancia \u00e0 sa\u00fade dos mais simples (algod\u00e3o e gaze) at\u00e9 os mais complexos (camas hospitalares, respiradores e pr\u00f3teses etc.). Tamb\u00e9m est\u00e3o sujeitos a controle sanit\u00e1rio produtos utilizados em academias de gin\u00e1stica e em lojas de tatuagens, dentre outros.<\/p>\n<h3><strong>Propaganda\/Publicidade<\/strong><\/h3>\n<p>Forma de comunica\u00e7\u00e3o destinada a promover um produto com fins comerciais. No caso dos medicamentos, as propagandas disseminam a ideia de que todos os problemas de sa\u00fade podem ser resolvidos por meio do medicamento e estimulam a automedica\u00e7\u00e3o (tomar rem\u00e9dio por conta pr\u00f3pria), incentivando o consumo indiscriminado e inconsciente.<\/p>\n<h3><strong>Saneantes<\/strong><\/h3>\n<p>Produtos destinados \u00e0 limpeza de ambientes, ao tratamento da \u00e1gua e ao controle de insetos (inseticidas, desinfetantes, detergentes etc.).<\/p>\n<h3><strong>Servi\u00e7os de Sa\u00fade<\/strong><\/h3>\n<p>Destinados a promover, proteger e recuperar a sa\u00fade do indiv\u00edduo (hospitais, cl\u00ednicas, banco de sangue, etc.).<\/p>\n","protected":false},"excerpt":{"rendered":"<p>A Vigil\u00e2ncia Sanit\u00e1ria (Visa) \u00e9 um conjunto de a\u00e7\u00f5es no \u00e2mbito das pr\u00e1ticas de sa\u00fade coletiva, assentada em v\u00e1rias \u00e1reas do conhecimento t\u00e9cnico-cient\u00edfico e em bases jur\u00eddicas que lhe conferem o poder de normatiza\u00e7\u00e3o, educa\u00e7\u00e3o, avalia\u00e7\u00e3o e interven\u00e7\u00e3o, capazes de eliminar, diminuir ou prevenir riscos \u00e0 sa\u00fade. A Visa busca garantir a qualidade do processo [&hellip;]<\/p>\n","protected":false},"author":12,"featured_media":0,"parent":0,"menu_order":0,"comment_status":"closed","ping_status":"closed","template":"","meta":{"_acf_changed":false,"inline_featured_image":false,"footnotes":""},"class_list":["post-94893","page","type-page","status-publish","hentry"],"acf":[],"yoast_head":"<!-- This site is optimized with the Yoast SEO plugin v26.9 - https:\/\/yoast.com\/product\/yoast-seo-wordpress\/ -->\n<title>Vigil\u00e2ncia Sanit\u00e1ria - Secretaria da Sa\u00fade do Cear\u00e1<\/title>\n<meta name=\"robots\" content=\"index, follow, max-snippet:-1, max-image-preview:large, max-video-preview:-1\" \/>\n<link rel=\"canonical\" href=\"https:\/\/ww16.ce.gov.br\/saude\/vigilanciasanitaria\/\" \/>\n<meta property=\"og:locale\" content=\"pt_BR\" \/>\n<meta property=\"og:type\" content=\"article\" \/>\n<meta property=\"og:title\" content=\"Vigil\u00e2ncia Sanit\u00e1ria - Secretaria da Sa\u00fade do Cear\u00e1\" \/>\n<meta property=\"og:description\" content=\"A Vigil\u00e2ncia Sanit\u00e1ria (Visa) \u00e9 um conjunto de a\u00e7\u00f5es no \u00e2mbito das pr\u00e1ticas de sa\u00fade coletiva, assentada em v\u00e1rias \u00e1reas do conhecimento t\u00e9cnico-cient\u00edfico e em bases jur\u00eddicas que lhe conferem o poder de normatiza\u00e7\u00e3o, educa\u00e7\u00e3o, avalia\u00e7\u00e3o e interven\u00e7\u00e3o, capazes de eliminar, diminuir ou prevenir riscos \u00e0 sa\u00fade. A Visa busca garantir a qualidade do processo [&hellip;]\" \/>\n<meta property=\"og:url\" content=\"https:\/\/ww16.ce.gov.br\/saude\/vigilanciasanitaria\/\" \/>\n<meta property=\"og:site_name\" content=\"Secretaria da Sa\u00fade do Cear\u00e1\" \/>\n<meta property=\"article:modified_time\" content=\"2025-03-11T20:04:42+00:00\" \/>\n<meta property=\"og:image\" content=\"http:\/\/ww16.ce.gov.br\/saude\/wp-content\/uploads\/sites\/64\/2022\/03\/00000003-PHOTO-2020-06-10-08-00-18-4-1-600x375.jpg\" \/>\n<meta name=\"twitter:card\" content=\"summary_large_image\" \/>\n<meta name=\"twitter:label1\" content=\"Est. reading time\" \/>\n\t<meta name=\"twitter:data1\" content=\"5 minutos\" \/>\n<script type=\"application\/ld+json\" class=\"yoast-schema-graph\">{\"@context\":\"https:\/\/schema.org\",\"@graph\":[{\"@type\":\"WebPage\",\"@id\":\"https:\/\/ww16.ce.gov.br\/saude\/vigilanciasanitaria\/\",\"url\":\"https:\/\/ww16.ce.gov.br\/saude\/vigilanciasanitaria\/\",\"name\":\"Vigil\u00e2ncia Sanit\u00e1ria - Secretaria da Sa\u00fade do Cear\u00e1\",\"isPartOf\":{\"@id\":\"https:\/\/ww16.ce.gov.br\/saude\/#website\"},\"primaryImageOfPage\":{\"@id\":\"https:\/\/ww16.ce.gov.br\/saude\/vigilanciasanitaria\/#primaryimage\"},\"image\":{\"@id\":\"https:\/\/ww16.ce.gov.br\/saude\/vigilanciasanitaria\/#primaryimage\"},\"thumbnailUrl\":\"http:\/\/ww16.ce.gov.br\/saude\/wp-content\/uploads\/sites\/64\/2022\/03\/00000003-PHOTO-2020-06-10-08-00-18-4-1-600x375.jpg\",\"datePublished\":\"2021-03-05T19:18:46+00:00\",\"dateModified\":\"2025-03-11T20:04:42+00:00\",\"breadcrumb\":{\"@id\":\"https:\/\/ww16.ce.gov.br\/saude\/vigilanciasanitaria\/#breadcrumb\"},\"inLanguage\":\"pt-BR\",\"potentialAction\":[{\"@type\":\"ReadAction\",\"target\":[\"https:\/\/ww16.ce.gov.br\/saude\/vigilanciasanitaria\/\"]}]},{\"@type\":\"ImageObject\",\"inLanguage\":\"pt-BR\",\"@id\":\"https:\/\/ww16.ce.gov.br\/saude\/vigilanciasanitaria\/#primaryimage\",\"url\":\"http:\/\/ww16.ce.gov.br\/saude\/wp-content\/uploads\/sites\/64\/2022\/03\/00000003-PHOTO-2020-06-10-08-00-18-4-1-600x375.jpg\",\"contentUrl\":\"http:\/\/ww16.ce.gov.br\/saude\/wp-content\/uploads\/sites\/64\/2022\/03\/00000003-PHOTO-2020-06-10-08-00-18-4-1-600x375.jpg\"},{\"@type\":\"BreadcrumbList\",\"@id\":\"https:\/\/ww16.ce.gov.br\/saude\/vigilanciasanitaria\/#breadcrumb\",\"itemListElement\":[{\"@type\":\"ListItem\",\"position\":1,\"name\":\"In\u00edcio\",\"item\":\"https:\/\/ww16.ce.gov.br\/saude\/\"},{\"@type\":\"ListItem\",\"position\":2,\"name\":\"Vigil\u00e2ncia Sanit\u00e1ria\"}]},{\"@type\":\"WebSite\",\"@id\":\"https:\/\/ww16.ce.gov.br\/saude\/#website\",\"url\":\"https:\/\/ww16.ce.gov.br\/saude\/\",\"name\":\"Secretaria da Sa\u00fade\",\"description\":\"Secretaria da Sa\u00fade do Cear\u00e1\",\"publisher\":{\"@id\":\"https:\/\/ww16.ce.gov.br\/saude\/#organization\"},\"potentialAction\":[{\"@type\":\"SearchAction\",\"target\":{\"@type\":\"EntryPoint\",\"urlTemplate\":\"https:\/\/ww16.ce.gov.br\/saude\/?s={search_term_string}\"},\"query-input\":{\"@type\":\"PropertyValueSpecification\",\"valueRequired\":true,\"valueName\":\"search_term_string\"}}],\"inLanguage\":\"pt-BR\"},{\"@type\":\"Organization\",\"@id\":\"https:\/\/ww16.ce.gov.br\/saude\/#organization\",\"name\":\"Secretaria da Sa\u00fade\",\"url\":\"https:\/\/ww16.ce.gov.br\/saude\/\",\"logo\":{\"@type\":\"ImageObject\",\"inLanguage\":\"pt-BR\",\"@id\":\"https:\/\/ww16.ce.gov.br\/saude\/#\/schema\/logo\/image\/\",\"url\":\"http:\/\/ww16.ce.gov.br\/saude\/wp-content\/uploads\/sites\/9\/2017\/11\/clara.png\",\"contentUrl\":\"http:\/\/ww16.ce.gov.br\/saude\/wp-content\/uploads\/sites\/9\/2017\/11\/clara.png\",\"width\":559,\"height\":106,\"caption\":\"Secretaria da Sa\u00fade\"},\"image\":{\"@id\":\"https:\/\/ww16.ce.gov.br\/saude\/#\/schema\/logo\/image\/\"}}]}<\/script>\n<!-- \/ Yoast SEO plugin. -->","yoast_head_json":{"title":"Vigil\u00e2ncia Sanit\u00e1ria - Secretaria da Sa\u00fade do Cear\u00e1","robots":{"index":"index","follow":"follow","max-snippet":"max-snippet:-1","max-image-preview":"max-image-preview:large","max-video-preview":"max-video-preview:-1"},"canonical":"https:\/\/ww16.ce.gov.br\/saude\/vigilanciasanitaria\/","og_locale":"pt_BR","og_type":"article","og_title":"Vigil\u00e2ncia Sanit\u00e1ria - Secretaria da Sa\u00fade do Cear\u00e1","og_description":"A Vigil\u00e2ncia Sanit\u00e1ria (Visa) \u00e9 um conjunto de a\u00e7\u00f5es no \u00e2mbito das pr\u00e1ticas de sa\u00fade coletiva, assentada em v\u00e1rias \u00e1reas do conhecimento t\u00e9cnico-cient\u00edfico e em bases jur\u00eddicas que lhe conferem o poder de normatiza\u00e7\u00e3o, educa\u00e7\u00e3o, avalia\u00e7\u00e3o e interven\u00e7\u00e3o, capazes de eliminar, diminuir ou prevenir riscos \u00e0 sa\u00fade. A Visa busca garantir a qualidade do processo [&hellip;]","og_url":"https:\/\/ww16.ce.gov.br\/saude\/vigilanciasanitaria\/","og_site_name":"Secretaria da Sa\u00fade do Cear\u00e1","article_modified_time":"2025-03-11T20:04:42+00:00","og_image":[{"url":"http:\/\/ww16.ce.gov.br\/saude\/wp-content\/uploads\/sites\/64\/2022\/03\/00000003-PHOTO-2020-06-10-08-00-18-4-1-600x375.jpg","type":"","width":"","height":""}],"twitter_card":"summary_large_image","twitter_misc":{"Est. reading time":"5 minutos"},"schema":{"@context":"https:\/\/schema.org","@graph":[{"@type":"WebPage","@id":"https:\/\/ww16.ce.gov.br\/saude\/vigilanciasanitaria\/","url":"https:\/\/ww16.ce.gov.br\/saude\/vigilanciasanitaria\/","name":"Vigil\u00e2ncia Sanit\u00e1ria - Secretaria da Sa\u00fade do Cear\u00e1","isPartOf":{"@id":"https:\/\/ww16.ce.gov.br\/saude\/#website"},"primaryImageOfPage":{"@id":"https:\/\/ww16.ce.gov.br\/saude\/vigilanciasanitaria\/#primaryimage"},"image":{"@id":"https:\/\/ww16.ce.gov.br\/saude\/vigilanciasanitaria\/#primaryimage"},"thumbnailUrl":"http:\/\/ww16.ce.gov.br\/saude\/wp-content\/uploads\/sites\/64\/2022\/03\/00000003-PHOTO-2020-06-10-08-00-18-4-1-600x375.jpg","datePublished":"2021-03-05T19:18:46+00:00","dateModified":"2025-03-11T20:04:42+00:00","breadcrumb":{"@id":"https:\/\/ww16.ce.gov.br\/saude\/vigilanciasanitaria\/#breadcrumb"},"inLanguage":"pt-BR","potentialAction":[{"@type":"ReadAction","target":["https:\/\/ww16.ce.gov.br\/saude\/vigilanciasanitaria\/"]}]},{"@type":"ImageObject","inLanguage":"pt-BR","@id":"https:\/\/ww16.ce.gov.br\/saude\/vigilanciasanitaria\/#primaryimage","url":"http:\/\/ww16.ce.gov.br\/saude\/wp-content\/uploads\/sites\/64\/2022\/03\/00000003-PHOTO-2020-06-10-08-00-18-4-1-600x375.jpg","contentUrl":"http:\/\/ww16.ce.gov.br\/saude\/wp-content\/uploads\/sites\/64\/2022\/03\/00000003-PHOTO-2020-06-10-08-00-18-4-1-600x375.jpg"},{"@type":"BreadcrumbList","@id":"https:\/\/ww16.ce.gov.br\/saude\/vigilanciasanitaria\/#breadcrumb","itemListElement":[{"@type":"ListItem","position":1,"name":"In\u00edcio","item":"https:\/\/ww16.ce.gov.br\/saude\/"},{"@type":"ListItem","position":2,"name":"Vigil\u00e2ncia Sanit\u00e1ria"}]},{"@type":"WebSite","@id":"https:\/\/ww16.ce.gov.br\/saude\/#website","url":"https:\/\/ww16.ce.gov.br\/saude\/","name":"Secretaria da Sa\u00fade","description":"Secretaria da Sa\u00fade do Cear\u00e1","publisher":{"@id":"https:\/\/ww16.ce.gov.br\/saude\/#organization"},"potentialAction":[{"@type":"SearchAction","target":{"@type":"EntryPoint","urlTemplate":"https:\/\/ww16.ce.gov.br\/saude\/?s={search_term_string}"},"query-input":{"@type":"PropertyValueSpecification","valueRequired":true,"valueName":"search_term_string"}}],"inLanguage":"pt-BR"},{"@type":"Organization","@id":"https:\/\/ww16.ce.gov.br\/saude\/#organization","name":"Secretaria da Sa\u00fade","url":"https:\/\/ww16.ce.gov.br\/saude\/","logo":{"@type":"ImageObject","inLanguage":"pt-BR","@id":"https:\/\/ww16.ce.gov.br\/saude\/#\/schema\/logo\/image\/","url":"http:\/\/ww16.ce.gov.br\/saude\/wp-content\/uploads\/sites\/9\/2017\/11\/clara.png","contentUrl":"http:\/\/ww16.ce.gov.br\/saude\/wp-content\/uploads\/sites\/9\/2017\/11\/clara.png","width":559,"height":106,"caption":"Secretaria da Sa\u00fade"},"image":{"@id":"https:\/\/ww16.ce.gov.br\/saude\/#\/schema\/logo\/image\/"}}]}},"_links":{"self":[{"href":"https:\/\/ww16.ce.gov.br\/saude\/wp-json\/wp\/v2\/pages\/94893","targetHints":{"allow":["GET"]}}],"collection":[{"href":"https:\/\/ww16.ce.gov.br\/saude\/wp-json\/wp\/v2\/pages"}],"about":[{"href":"https:\/\/ww16.ce.gov.br\/saude\/wp-json\/wp\/v2\/types\/page"}],"author":[{"embeddable":true,"href":"https:\/\/ww16.ce.gov.br\/saude\/wp-json\/wp\/v2\/users\/12"}],"replies":[{"embeddable":true,"href":"https:\/\/ww16.ce.gov.br\/saude\/wp-json\/wp\/v2\/comments?post=94893"}],"version-history":[{"count":27,"href":"https:\/\/ww16.ce.gov.br\/saude\/wp-json\/wp\/v2\/pages\/94893\/revisions"}],"predecessor-version":[{"id":141091,"href":"https:\/\/ww16.ce.gov.br\/saude\/wp-json\/wp\/v2\/pages\/94893\/revisions\/141091"}],"wp:attachment":[{"href":"https:\/\/ww16.ce.gov.br\/saude\/wp-json\/wp\/v2\/media?parent=94893"}],"curies":[{"name":"wp","href":"https:\/\/api.w.org\/{rel}","templated":true}]}}