{"id":93963,"date":"2021-02-12T10:21:00","date_gmt":"2021-02-12T13:21:00","guid":{"rendered":"http:\/\/ww16.ce.gov.br\/saude\/?page_id=93963"},"modified":"2025-10-15T16:23:24","modified_gmt":"2025-10-15T19:23:24","slug":"lacen","status":"publish","type":"page","link":"https:\/\/ww16.ce.gov.br\/saude\/lacen\/","title":{"rendered":"Lacen | Principal"},"content":{"rendered":"<h1><strong>Laborat\u00f3rio Central de Sa\u00fade P\u00fablica<\/strong><\/h1>\n<p>&nbsp;<\/p>\n<p><img loading=\"lazy\" decoding=\"async\" class=\"alignnone wp-image-98175 size-full\" src=\"https:\/\/ww16.ce.gov.br\/saude\/wp-content\/uploads\/sites\/64\/2021\/06\/lacen_fachada_v3.png\" alt=\"\" width=\"1500\" height=\"741\" srcset=\"https:\/\/ww16.ce.gov.br\/saude\/wp-content\/uploads\/sites\/64\/2021\/06\/lacen_fachada_v3.png 1500w, https:\/\/ww16.ce.gov.br\/saude\/wp-content\/uploads\/sites\/64\/2021\/06\/lacen_fachada_v3-600x296.png 600w, https:\/\/ww16.ce.gov.br\/saude\/wp-content\/uploads\/sites\/64\/2021\/06\/lacen_fachada_v3-1200x593.png 1200w, https:\/\/ww16.ce.gov.br\/saude\/wp-content\/uploads\/sites\/64\/2021\/06\/lacen_fachada_v3-768x379.png 768w\" sizes=\"auto, (max-width: 1500px) 100vw, 1500px\" \/><\/p>\n<p>&nbsp;<\/p>\n<p style=\"text-align: justify\">O <strong>Laborat\u00f3rio Central de Sa\u00fade P\u00fablica (Lacen)<\/strong> integra o Sistema Nacional de Laborat\u00f3rios de Sa\u00fade P\u00fablica (Sislab), sendo a unidade laboratorial de refer\u00eancia do Cear\u00e1 e uma institui\u00e7\u00e3o p\u00fablica estrat\u00e9gica para as a\u00e7\u00f5es de Vigil\u00e2ncia em Sa\u00fade. O laborat\u00f3rio, desde sua cria\u00e7\u00e3o, em 1977, tem se engajado fortemente nas quest\u00f5es relacionadas \u00e0 sa\u00fade p\u00fablica e ao bem-estar da popula\u00e7\u00e3o. Sua hist\u00f3ria se confunde com a trajet\u00f3ria cearense de enfrentamento aos principais problemas e emerg\u00eancias de sa\u00fade do Cear\u00e1.<\/p>\n<p>&nbsp;<\/p>\n<p style=\"text-align: justify\">As respostas dadas em situa\u00e7\u00f5es cr\u00edticas dos \u00faltimos anos, como foram os casos da emerg\u00eancia sanit\u00e1ria da epidemia de zika v\u00edrus, da situa\u00e7\u00e3o da dengue e chikungunya, assim como da pandemia pela covid-19, s\u00e3o exemplos da relev\u00e2ncia da institui\u00e7\u00e3o na resposta aos problemas sanit\u00e1rios.<\/p>\n<p>&nbsp;<\/p>\n<p style=\"text-align: justify\">O laborat\u00f3rio promove a vigil\u00e2ncia laboratorial por meio da realiza\u00e7\u00e3o de an\u00e1lises de excel\u00eancia, gerando conhecimento, fortalecendo as a\u00e7\u00f5es de vigil\u00e2ncia em sa\u00fade. O Lacen realiza an\u00e1lises para o diagn\u00f3stico laboratorial de doen\u00e7as de notifica\u00e7\u00e3o compuls\u00f3ria e outros agravos de interesse epidemiol\u00f3gico; tamb\u00e9m realiza o controle de qualidade de produtos (\u00e1gua, alimentos, medicamentos, saneantes e cosm\u00e9ticos) sujeitos ao controle sanit\u00e1rio e ambiental, e coordena a Rede Estadual de Laborat\u00f3rios de Sa\u00fade P\u00fablica.<\/p>\n<p>&nbsp;<\/p>\n<h3 class=\"destacado\" style=\"text-align: justify\"><strong>Identidade organizacional <\/strong><\/h3>\n<p>&nbsp;<\/p>\n<p class=\"destacado\" style=\"text-align: justify\"><strong>Miss\u00e3o<\/strong><\/p>\n<p>&nbsp;<\/p>\n<p style=\"text-align: justify\">Realizar vigil\u00e2ncia laboratorial por meio de an\u00e1lises de excel\u00eancia, fortalecendo as a\u00e7\u00f5es de vigil\u00e2ncia em sa\u00fade.<\/p>\n<p>&nbsp;<\/p>\n<p class=\"destacado\" style=\"text-align: justify\"><strong>Vis\u00e3o<\/strong><\/p>\n<p>&nbsp;<\/p>\n<p style=\"text-align: justify\">Ser reconhecido como Laborat\u00f3rio de excel\u00eancia e como unidade de resposta r\u00e1pida para o enfrentamento das emerg\u00eancias em sa\u00fade p\u00fablica.<\/p>\n<p>&nbsp;<\/p>\n<p class=\"destacado\" style=\"text-align: justify\"><strong>Valores<\/strong><\/p>\n<p>&nbsp;<\/p>\n<p style=\"text-align: justify\">1) Efici\u00eancia e Sustentabilidade;<br \/>\n2) Valoriza\u00e7\u00e3o das pessoas;<br \/>\n3) Comprometimento com o SUS;<br \/>\n4) Transpar\u00eancia;<br \/>\n5) Inova\u00e7\u00e3o e Conhecimento;<br \/>\n6) Humaniza\u00e7\u00e3o;<br \/>\n7) Inclus\u00e3o e diversidade;<br \/>\n8) \u00c9tica.<\/p>\n<p>&nbsp;<\/p>\n","protected":false},"excerpt":{"rendered":"<p>Laborat\u00f3rio Central de Sa\u00fade P\u00fablica &nbsp; &nbsp; O Laborat\u00f3rio Central de Sa\u00fade P\u00fablica (Lacen) integra o Sistema Nacional de Laborat\u00f3rios de Sa\u00fade P\u00fablica (Sislab), sendo a unidade laboratorial de refer\u00eancia do Cear\u00e1 e uma institui\u00e7\u00e3o p\u00fablica estrat\u00e9gica para as a\u00e7\u00f5es de Vigil\u00e2ncia em Sa\u00fade. O laborat\u00f3rio, desde sua cria\u00e7\u00e3o, em 1977, tem se engajado fortemente [&hellip;]<\/p>\n","protected":false},"author":12,"featured_media":0,"parent":0,"menu_order":0,"comment_status":"closed","ping_status":"closed","template":"pagina-lista-filhas.php","meta":{"_acf_changed":false,"inline_featured_image":false,"footnotes":""},"class_list":["post-93963","page","type-page","status-publish","hentry"],"acf":[],"yoast_head":"<!-- This site is optimized with the Yoast SEO plugin v26.9 - https:\/\/yoast.com\/product\/yoast-seo-wordpress\/ -->\n<title>Lacen | Principal - Secretaria da Sa\u00fade do Cear\u00e1<\/title>\n<meta name=\"robots\" content=\"index, follow, max-snippet:-1, max-image-preview:large, max-video-preview:-1\" \/>\n<link rel=\"canonical\" href=\"https:\/\/ww16.ce.gov.br\/saude\/lacen\/\" \/>\n<meta property=\"og:locale\" content=\"pt_BR\" \/>\n<meta property=\"og:type\" content=\"article\" \/>\n<meta property=\"og:title\" content=\"Lacen | Principal - Secretaria da Sa\u00fade do Cear\u00e1\" \/>\n<meta property=\"og:description\" content=\"Laborat\u00f3rio Central de Sa\u00fade P\u00fablica &nbsp; &nbsp; O Laborat\u00f3rio Central de Sa\u00fade P\u00fablica (Lacen) integra o Sistema Nacional de Laborat\u00f3rios de Sa\u00fade P\u00fablica (Sislab), sendo a unidade laboratorial de refer\u00eancia do Cear\u00e1 e uma institui\u00e7\u00e3o p\u00fablica estrat\u00e9gica para as a\u00e7\u00f5es de Vigil\u00e2ncia em Sa\u00fade. O laborat\u00f3rio, desde sua cria\u00e7\u00e3o, em 1977, tem se engajado fortemente [&hellip;]\" \/>\n<meta property=\"og:url\" content=\"https:\/\/ww16.ce.gov.br\/saude\/lacen\/\" \/>\n<meta property=\"og:site_name\" content=\"Secretaria da Sa\u00fade do Cear\u00e1\" \/>\n<meta property=\"article:modified_time\" content=\"2025-10-15T19:23:24+00:00\" \/>\n<meta property=\"og:image\" content=\"http:\/\/ww16.ce.gov.br\/saude\/wp-content\/uploads\/sites\/64\/2021\/06\/lacen_fachada_v3.png\" \/>\n<meta name=\"twitter:card\" content=\"summary_large_image\" \/>\n<meta name=\"twitter:label1\" content=\"Est. reading time\" \/>\n\t<meta name=\"twitter:data1\" content=\"3 minutos\" \/>\n<script type=\"application\/ld+json\" class=\"yoast-schema-graph\">{\"@context\":\"https:\/\/schema.org\",\"@graph\":[{\"@type\":\"WebPage\",\"@id\":\"https:\/\/ww16.ce.gov.br\/saude\/lacen\/\",\"url\":\"https:\/\/ww16.ce.gov.br\/saude\/lacen\/\",\"name\":\"Lacen | Principal - Secretaria da Sa\u00fade do Cear\u00e1\",\"isPartOf\":{\"@id\":\"https:\/\/ww16.ce.gov.br\/saude\/#website\"},\"primaryImageOfPage\":{\"@id\":\"https:\/\/ww16.ce.gov.br\/saude\/lacen\/#primaryimage\"},\"image\":{\"@id\":\"https:\/\/ww16.ce.gov.br\/saude\/lacen\/#primaryimage\"},\"thumbnailUrl\":\"http:\/\/ww16.ce.gov.br\/saude\/wp-content\/uploads\/sites\/64\/2021\/06\/lacen_fachada_v3.png\",\"datePublished\":\"2021-02-12T13:21:00+00:00\",\"dateModified\":\"2025-10-15T19:23:24+00:00\",\"breadcrumb\":{\"@id\":\"https:\/\/ww16.ce.gov.br\/saude\/lacen\/#breadcrumb\"},\"inLanguage\":\"pt-BR\",\"potentialAction\":[{\"@type\":\"ReadAction\",\"target\":[\"https:\/\/ww16.ce.gov.br\/saude\/lacen\/\"]}]},{\"@type\":\"ImageObject\",\"inLanguage\":\"pt-BR\",\"@id\":\"https:\/\/ww16.ce.gov.br\/saude\/lacen\/#primaryimage\",\"url\":\"http:\/\/ww16.ce.gov.br\/saude\/wp-content\/uploads\/sites\/64\/2021\/06\/lacen_fachada_v3.png\",\"contentUrl\":\"http:\/\/ww16.ce.gov.br\/saude\/wp-content\/uploads\/sites\/64\/2021\/06\/lacen_fachada_v3.png\"},{\"@type\":\"BreadcrumbList\",\"@id\":\"https:\/\/ww16.ce.gov.br\/saude\/lacen\/#breadcrumb\",\"itemListElement\":[{\"@type\":\"ListItem\",\"position\":1,\"name\":\"In\u00edcio\",\"item\":\"https:\/\/ww16.ce.gov.br\/saude\/\"},{\"@type\":\"ListItem\",\"position\":2,\"name\":\"Lacen | Principal\"}]},{\"@type\":\"WebSite\",\"@id\":\"https:\/\/ww16.ce.gov.br\/saude\/#website\",\"url\":\"https:\/\/ww16.ce.gov.br\/saude\/\",\"name\":\"Secretaria da Sa\u00fade\",\"description\":\"Secretaria da Sa\u00fade do Cear\u00e1\",\"publisher\":{\"@id\":\"https:\/\/ww16.ce.gov.br\/saude\/#organization\"},\"potentialAction\":[{\"@type\":\"SearchAction\",\"target\":{\"@type\":\"EntryPoint\",\"urlTemplate\":\"https:\/\/ww16.ce.gov.br\/saude\/?s={search_term_string}\"},\"query-input\":{\"@type\":\"PropertyValueSpecification\",\"valueRequired\":true,\"valueName\":\"search_term_string\"}}],\"inLanguage\":\"pt-BR\"},{\"@type\":\"Organization\",\"@id\":\"https:\/\/ww16.ce.gov.br\/saude\/#organization\",\"name\":\"Secretaria da Sa\u00fade\",\"url\":\"https:\/\/ww16.ce.gov.br\/saude\/\",\"logo\":{\"@type\":\"ImageObject\",\"inLanguage\":\"pt-BR\",\"@id\":\"https:\/\/ww16.ce.gov.br\/saude\/#\/schema\/logo\/image\/\",\"url\":\"http:\/\/ww16.ce.gov.br\/saude\/wp-content\/uploads\/sites\/9\/2017\/11\/clara.png\",\"contentUrl\":\"http:\/\/ww16.ce.gov.br\/saude\/wp-content\/uploads\/sites\/9\/2017\/11\/clara.png\",\"width\":559,\"height\":106,\"caption\":\"Secretaria da Sa\u00fade\"},\"image\":{\"@id\":\"https:\/\/ww16.ce.gov.br\/saude\/#\/schema\/logo\/image\/\"}}]}<\/script>\n<!-- \/ Yoast SEO plugin. -->","yoast_head_json":{"title":"Lacen | Principal - Secretaria da Sa\u00fade do Cear\u00e1","robots":{"index":"index","follow":"follow","max-snippet":"max-snippet:-1","max-image-preview":"max-image-preview:large","max-video-preview":"max-video-preview:-1"},"canonical":"https:\/\/ww16.ce.gov.br\/saude\/lacen\/","og_locale":"pt_BR","og_type":"article","og_title":"Lacen | Principal - Secretaria da Sa\u00fade do Cear\u00e1","og_description":"Laborat\u00f3rio Central de Sa\u00fade P\u00fablica &nbsp; &nbsp; O Laborat\u00f3rio Central de Sa\u00fade P\u00fablica (Lacen) integra o Sistema Nacional de Laborat\u00f3rios de Sa\u00fade P\u00fablica (Sislab), sendo a unidade laboratorial de refer\u00eancia do Cear\u00e1 e uma institui\u00e7\u00e3o p\u00fablica estrat\u00e9gica para as a\u00e7\u00f5es de Vigil\u00e2ncia em Sa\u00fade. O laborat\u00f3rio, desde sua cria\u00e7\u00e3o, em 1977, tem se engajado fortemente [&hellip;]","og_url":"https:\/\/ww16.ce.gov.br\/saude\/lacen\/","og_site_name":"Secretaria da Sa\u00fade do Cear\u00e1","article_modified_time":"2025-10-15T19:23:24+00:00","og_image":[{"url":"http:\/\/ww16.ce.gov.br\/saude\/wp-content\/uploads\/sites\/64\/2021\/06\/lacen_fachada_v3.png","type":"","width":"","height":""}],"twitter_card":"summary_large_image","twitter_misc":{"Est. reading time":"3 minutos"},"schema":{"@context":"https:\/\/schema.org","@graph":[{"@type":"WebPage","@id":"https:\/\/ww16.ce.gov.br\/saude\/lacen\/","url":"https:\/\/ww16.ce.gov.br\/saude\/lacen\/","name":"Lacen | Principal - Secretaria da Sa\u00fade do Cear\u00e1","isPartOf":{"@id":"https:\/\/ww16.ce.gov.br\/saude\/#website"},"primaryImageOfPage":{"@id":"https:\/\/ww16.ce.gov.br\/saude\/lacen\/#primaryimage"},"image":{"@id":"https:\/\/ww16.ce.gov.br\/saude\/lacen\/#primaryimage"},"thumbnailUrl":"http:\/\/ww16.ce.gov.br\/saude\/wp-content\/uploads\/sites\/64\/2021\/06\/lacen_fachada_v3.png","datePublished":"2021-02-12T13:21:00+00:00","dateModified":"2025-10-15T19:23:24+00:00","breadcrumb":{"@id":"https:\/\/ww16.ce.gov.br\/saude\/lacen\/#breadcrumb"},"inLanguage":"pt-BR","potentialAction":[{"@type":"ReadAction","target":["https:\/\/ww16.ce.gov.br\/saude\/lacen\/"]}]},{"@type":"ImageObject","inLanguage":"pt-BR","@id":"https:\/\/ww16.ce.gov.br\/saude\/lacen\/#primaryimage","url":"http:\/\/ww16.ce.gov.br\/saude\/wp-content\/uploads\/sites\/64\/2021\/06\/lacen_fachada_v3.png","contentUrl":"http:\/\/ww16.ce.gov.br\/saude\/wp-content\/uploads\/sites\/64\/2021\/06\/lacen_fachada_v3.png"},{"@type":"BreadcrumbList","@id":"https:\/\/ww16.ce.gov.br\/saude\/lacen\/#breadcrumb","itemListElement":[{"@type":"ListItem","position":1,"name":"In\u00edcio","item":"https:\/\/ww16.ce.gov.br\/saude\/"},{"@type":"ListItem","position":2,"name":"Lacen | Principal"}]},{"@type":"WebSite","@id":"https:\/\/ww16.ce.gov.br\/saude\/#website","url":"https:\/\/ww16.ce.gov.br\/saude\/","name":"Secretaria da Sa\u00fade","description":"Secretaria da Sa\u00fade do Cear\u00e1","publisher":{"@id":"https:\/\/ww16.ce.gov.br\/saude\/#organization"},"potentialAction":[{"@type":"SearchAction","target":{"@type":"EntryPoint","urlTemplate":"https:\/\/ww16.ce.gov.br\/saude\/?s={search_term_string}"},"query-input":{"@type":"PropertyValueSpecification","valueRequired":true,"valueName":"search_term_string"}}],"inLanguage":"pt-BR"},{"@type":"Organization","@id":"https:\/\/ww16.ce.gov.br\/saude\/#organization","name":"Secretaria da Sa\u00fade","url":"https:\/\/ww16.ce.gov.br\/saude\/","logo":{"@type":"ImageObject","inLanguage":"pt-BR","@id":"https:\/\/ww16.ce.gov.br\/saude\/#\/schema\/logo\/image\/","url":"http:\/\/ww16.ce.gov.br\/saude\/wp-content\/uploads\/sites\/9\/2017\/11\/clara.png","contentUrl":"http:\/\/ww16.ce.gov.br\/saude\/wp-content\/uploads\/sites\/9\/2017\/11\/clara.png","width":559,"height":106,"caption":"Secretaria da Sa\u00fade"},"image":{"@id":"https:\/\/ww16.ce.gov.br\/saude\/#\/schema\/logo\/image\/"}}]}},"_links":{"self":[{"href":"https:\/\/ww16.ce.gov.br\/saude\/wp-json\/wp\/v2\/pages\/93963","targetHints":{"allow":["GET"]}}],"collection":[{"href":"https:\/\/ww16.ce.gov.br\/saude\/wp-json\/wp\/v2\/pages"}],"about":[{"href":"https:\/\/ww16.ce.gov.br\/saude\/wp-json\/wp\/v2\/types\/page"}],"author":[{"embeddable":true,"href":"https:\/\/ww16.ce.gov.br\/saude\/wp-json\/wp\/v2\/users\/12"}],"replies":[{"embeddable":true,"href":"https:\/\/ww16.ce.gov.br\/saude\/wp-json\/wp\/v2\/comments?post=93963"}],"version-history":[{"count":22,"href":"https:\/\/ww16.ce.gov.br\/saude\/wp-json\/wp\/v2\/pages\/93963\/revisions"}],"predecessor-version":[{"id":147712,"href":"https:\/\/ww16.ce.gov.br\/saude\/wp-json\/wp\/v2\/pages\/93963\/revisions\/147712"}],"wp:attachment":[{"href":"https:\/\/ww16.ce.gov.br\/saude\/wp-json\/wp\/v2\/media?parent=93963"}],"curies":[{"name":"wp","href":"https:\/\/api.w.org\/{rel}","templated":true}]}}