{"id":91984,"date":"2020-12-28T15:52:41","date_gmt":"2020-12-28T18:52:41","guid":{"rendered":"http:\/\/ww16.ce.gov.br\/saude\/?page_id=91984"},"modified":"2025-10-28T16:48:27","modified_gmt":"2025-10-28T19:48:27","slug":"planejamento","status":"publish","type":"page","link":"https:\/\/ww16.ce.gov.br\/saude\/planejamento\/","title":{"rendered":"Planejamento"},"content":{"rendered":"<h3><\/h3>\n<h3 class=\"destacado\">Agenda Estrat\u00e9gica<\/h3>\n<p>&nbsp;<\/p>\n<p style=\"text-align: justify\">A <strong>Secretaria de Sa\u00fade do Estado do Cear\u00e1<\/strong> tem como prop\u00f3sito garantir o acesso universal e equitativo aos servi\u00e7os de sa\u00fade, promovendo o bem-estar e a qualidade de vida de todos os cidad\u00e3os.<\/p>\n<p>&nbsp;<\/p>\n<p style=\"text-align: justify\">Para essa meta, foram elaborados planos estrat\u00e9gicos que delineiam diretrizes e objetivos com vistas \u00e0 melhoria da efici\u00eancia, efic\u00e1cia e efetividade das pol\u00edticas p\u00fablicas de sa\u00fade, alinhando-se \u00e0 miss\u00e3o da Sesa de: <strong>promover a Sa\u00fade e o bem-estar das pessoas, implementado pol\u00edticas p\u00fablicas pautadas na universalidade, integralidade e equidade<\/strong>.<\/p>\n<p>&nbsp;<\/p>\n<p>A <strong>Agenda Estrat\u00e9gica da Sesa<\/strong> est\u00e1 consolidada nos seus planos estrat\u00e9gicos que s\u00e3o: Plano Estadual de Sa\u00fade (PES), Plano Plurianual (PPA) e Plano Estrat\u00e9gico (PE).<\/p>\n<p>&nbsp;<\/p>\n<p>Para conhecer a especificidade de cada plano, disponibilizamos abaixo o acesso aos instrumentos de planejamento.<\/p>\n<p>&nbsp;<\/p>\n<ul>\n<li style=\"list-style-type: none\">\n<ul>\n<li style=\"list-style-type: none\">\n<ul class=\"ListaEst\">\n<li><a href=\"https:\/\/ww16.ce.gov.br\/saude\/wp-content\/uploads\/sites\/64\/2024\/08\/Agenda-Estrategica-da-Sesa-2024-2027.pdf\">Agenda Estrat\u00e9gica da Sesa 2024-2027<\/a><\/li>\n<\/ul>\n<\/li>\n<\/ul>\n<\/li>\n<\/ul>\n<p>&nbsp;<\/p>\n<p>&nbsp;<\/p>\n<p>&nbsp;<\/p>\n<h3 class=\"destacado\">Plano Estadual de Sa\u00fade (PES)<\/h3>\n<p>&nbsp;<\/p>\n<p>O Plano Estadual de Sa\u00fade, enquanto Instrumento Central de Planejamento, explicita os compromissos para a Gest\u00e3o do SUS do Estado para o per\u00edodo de 2024-2027. Respaldado pela legisla\u00e7\u00e3o por meio da Lei n\u00ba 8.080\/1990, Decreto n\u00ba 7.508\/2011, Lei Complementar n\u00ba 141\/2012 e a Portaria de Consolida\u00e7\u00e3o n\u00ba 01\/2017, configura-se como base para a execu\u00e7\u00e3o, o acompanhamento e a avalia\u00e7\u00e3o da gest\u00e3o do sistema de sa\u00fade do Estado.<\/p>\n<p>&nbsp;<\/p>\n<h3><span style=\"color: #fc6836\"><strong>PES 2024-2027:<\/strong><\/span><\/h3>\n<p>&nbsp;<\/p>\n<ul class=\"ListaEst\">\n<li><a href=\"https:\/\/ww16.ce.gov.br\/saude\/wp-content\/uploads\/sites\/64\/2024\/08\/Plano_Estadual_da_Saude_2024-2027-1.pdf\">Plano Estadual da Sa\u00fade 2024-2027<\/a><a href=\"https:\/\/ww16.ce.gov.br\/saude\/wp-content\/uploads\/sites\/64\/2024\/03\/Plano-Estadual-da-Saude-2024-2027_Volume-2.pdf\"><br \/>\n<\/a><\/li>\n<\/ul>\n<h4><\/h4>\n<p>&nbsp;<\/p>\n<ul>\n<li>\n<h4><strong><span style=\"color: #028245\"><b>Programa\u00e7\u00e3o Anual de Sa\u00fade (PAS)<\/b>:<\/span><\/strong><\/h4>\n<p>&nbsp;<\/li>\n<\/ul>\n<ul>\n<li style=\"list-style-type: none\">\n<ul>\n<li style=\"list-style-type: none\">\n<ul class=\"ListaEst\">\n<li><a href=\"https:\/\/ww16.ce.gov.br\/saude\/wp-content\/uploads\/sites\/64\/2024\/04\/Programacao-Anual-de-Saude-PAS-2024.pdf\">Programa\u00e7\u00e3o Anual de Sa\u00fade (PAS) &#8211; 2024<\/a><\/li>\n<li><a href=\"https:\/\/ww16.ce.gov.br\/saude\/wp-content\/uploads\/sites\/64\/2025\/05\/PAS-2025.pdf\">Programa\u00e7\u00e3o Anual de Sa\u00fade (PAS) &#8211; 2025<\/a><\/li>\n<\/ul>\n<\/li>\n<\/ul>\n<\/li>\n<\/ul>\n<p>&nbsp;<\/p>\n<ul>\n<li>\n<h4><strong><span style=\"color: #028245\"><b>Relat\u00f3rios dos Quadrimestres Anteriores (RDQA)<\/b>:<\/span><\/strong><\/h4>\n<p>&nbsp;<\/li>\n<\/ul>\n<p>&nbsp;<\/p>\n<ul>\n<li style=\"list-style-type: none\">\n<ul>\n<li style=\"list-style-type: none\">\n<ul class=\"ListaEst\">\n<li><a href=\"https:\/\/ww16.ce.gov.br\/saude\/wp-content\/uploads\/sites\/64\/2025\/10\/Relatorio-Detalhado-do-Quadrimestre-Anterior-2o-Quadrimestre-de-2025.pdf\">Relat\u00f3rio Detalhado do Quadrimestre Anterior (2\u00ba Quadrimestre de 2025)<\/a><\/li>\n<li><a href=\"https:\/\/ww16.ce.gov.br\/saude\/wp-content\/uploads\/sites\/64\/2025\/07\/Relatorio-Detalhado-do-Quadrimestre-Anterior-1o-Quadrimestre-de-2025.pdf\">Relat\u00f3rio Detalhado do Quadrimestre Anterior (1\u00ba Quadrimestre de 2025)<\/a><\/li>\n<li><a href=\"https:\/\/ww16.ce.gov.br\/saude\/wp-content\/uploads\/sites\/64\/2025\/05\/Relatorio-Detalhado-do-Quadrimestre-Anterior-3o-Quadrimestre-de-2024.pdf\">Relat\u00f3rio Detalhado do Quadrimestre Anterior (3\u00ba Quadrimestre de 2024)<\/a><\/li>\n<li><a href=\"https:\/\/ww16.ce.gov.br\/saude\/wp-content\/uploads\/sites\/64\/2025\/01\/Relatorio-Detalhado-do-Quadrimestre-Anterior-2o-Quadrimestre-de-2024.pdf\">Relat\u00f3rio Detalhado do Quadrimestre Anterior (2\u00ba Quadrimestre de 2024)<\/a><\/li>\n<li><a href=\"https:\/\/ww16.ce.gov.br\/saude\/wp-content\/uploads\/sites\/64\/2020\/03\/1o-RDQA-2024.pdf\">Relat\u00f3rio Detalhado do Quadrimestre Anterior (1\u00ba Quadrimestre de 2024)<\/a><\/li>\n<\/ul>\n<\/li>\n<\/ul>\n<\/li>\n<\/ul>\n<p>&nbsp;<\/p>\n<p>&nbsp;<\/p>\n<p>&nbsp;<\/p>\n<h3><span style=\"color: #fc6836\"><strong>PES 2020-2023:<\/strong><\/span><\/h3>\n<p>&nbsp;<\/p>\n<ul>\n<li style=\"list-style-type: none\">\n<ul>\n<li style=\"list-style-type: none\">\n<ul class=\"ListaEst\">\n<li><a href=\"https:\/\/ww16.ce.gov.br\/saude\/wp-content\/uploads\/sites\/64\/2024\/03\/Plano-Estadual-de-Saude-PES-2020-2023.pdf\">Plano Estadual de Sa\u00fade (2020-2023)<\/a><\/li>\n<\/ul>\n<\/li>\n<\/ul>\n<\/li>\n<\/ul>\n<p>&nbsp;<\/p>\n<p>&nbsp;<\/p>\n<p>&nbsp;<\/p>\n<h3 class=\"destacado\">Plano Plurianual (PPA)<\/h3>\n<p>&nbsp;<\/p>\n<p>&nbsp;<\/p>\n<p style=\"text-align: justify\">O Plano Plurianual (PPA) \u00e9 o instrumento de planejamento que estabelece, de forma regionalizada, as diretrizes, objetivos e metas da administra\u00e7\u00e3o p\u00fablica estadual para as despesas de capital e outras delas decorrentes e para relativas aos programas de dura\u00e7\u00e3o continuada, conforme disposto no artigo 165 da Constitui\u00e7\u00e3o Federal de 1988. O PPA declara as escolhas pactuadas com a sociedade e contribui para viabilizar os objetivos propostos na consecu\u00e7\u00e3o dos resultados almejados.<\/p>\n<p>&nbsp;<\/p>\n<h3><\/h3>\n<h3><\/h3>\n<h3><span style=\"color: #fc6836\"><strong>PPA 2024-2027:<\/strong><\/span><\/h3>\n<p>&nbsp;<\/p>\n<ul>\n<li style=\"list-style-type: none\">\n<ul>\n<li style=\"list-style-type: none\">\n<ul class=\"ListaEst\">\n<li><a href=\"\/wp-content\/uploads\/sites\/64\/2025\/02\/Plano-Plurianual-Adequacao-2025-1.pdf\">Plano Plurianual &#8211; Adequa\u00e7\u00e3o 2025<\/a><\/li>\n<li><a href=\"https:\/\/ww16.ce.gov.br\/saude\/wp-content\/uploads\/sites\/64\/2024\/03\/PPA-2024-2027_Sesa.pdf\"><span style=\"font-weight: 500\">Plano Plurianual 2024 &#8211; 2027<\/span><\/a><\/li>\n<\/ul>\n<\/li>\n<\/ul>\n<\/li>\n<\/ul>\n<p>&nbsp;<\/p>\n<h3><span style=\"color: #fc6836\"><strong>PPA 2020-2023:<\/strong><\/span><\/h3>\n<p>&nbsp;<\/p>\n<ul>\n<li style=\"list-style-type: none\">\n<ul>\n<li style=\"list-style-type: none\">\n<ul class=\"ListaEst\">\n<li><a href=\"https:\/\/ww16.ce.gov.br\/saude\/wp-content\/uploads\/sites\/64\/2024\/03\/PLANO-PLURIANUAL-PPA-2020-2023-SESA.pdf\">Plano Plurianual Sesa (2020-2023)<\/a><\/li>\n<li><a href=\"https:\/\/ww16.ce.gov.br\/saude\/wp-content\/uploads\/sites\/64\/2024\/03\/PLANO-PLURIANUAL-PPA-2020-2023-ESP.pdf\">Plano Plurianual ESP\/CE (2020-2023)<\/a><\/li>\n<\/ul>\n<\/li>\n<\/ul>\n<\/li>\n<\/ul>\n<p>&nbsp;<\/p>\n<h3><span style=\"color: #fc6836\"><strong>PPA 2016-2019:<\/strong><\/span><\/h3>\n<p>&nbsp;<\/p>\n<ul>\n<li style=\"list-style-type: none\">\n<ul>\n<li style=\"list-style-type: none\">\n<ul class=\"ListaEst\">\n<li><a href=\"https:\/\/ww16.ce.gov.br\/saude\/wp-content\/uploads\/sites\/64\/2024\/03\/Plano-Plurianual-Sesa-ESP-2016-2019-1.pdf\">Plano Plurianual Sesa e ESP\/CE (2016-2019)<\/a><\/li>\n<\/ul>\n<\/li>\n<\/ul>\n<\/li>\n<\/ul>\n<p>&nbsp;<\/p>\n<p>&nbsp;<\/p>\n<p>&nbsp;<\/p>\n<h3 class=\"destacado\">Plano <b>Estrat\u00e9gico (PE)<\/b><\/h3>\n<p>&nbsp;<\/p>\n<p>&nbsp;<\/p>\n<p style=\"text-align: justify\"><span style=\"letter-spacing: 0.02px\"><span style=\"font-weight: 500\">O Plano Estrat\u00e9gico (PE) \u00e9 um instrumento de planejamento da Sesa que considera o contexto e as estrat\u00e9gias da gest\u00e3o, atualizando sua identidade organizacional a partir da declara\u00e7\u00e3o da miss\u00e3o, vis\u00e3o e valores.<br \/>\n<\/span><\/span><\/p>\n<p>&nbsp;<\/p>\n<h3><span style=\"color: #fc6836\"><strong>PE 2019-2023:<\/strong><\/span><\/h3>\n<p>&nbsp;<\/p>\n<ul>\n<li style=\"list-style-type: none\">\n<ul>\n<li style=\"list-style-type: none\">\n<ul class=\"ListaEst\">\n<li><a href=\"https:\/\/ww16.ce.gov.br\/saude\/wp-content\/uploads\/sites\/64\/2024\/03\/Planejamento_estrategico_2019-2023_sesa.pdf\">Planejamento Estrat\u00e9gico (2019-2023)<\/a><\/li>\n<\/ul>\n<\/li>\n<\/ul>\n<\/li>\n<\/ul>\n<p>&nbsp;<\/p>\n<p>&nbsp;<\/p>\n<p>&nbsp;<\/p>\n<h3 class=\"destacado\"><b>Monitoramento e Avalia\u00e7\u00e3o<\/b><\/h3>\n<p>&nbsp;<\/p>\n<p><span style=\"font-weight: 500\">O Processo de Monitoramento e a Avalia\u00e7\u00e3o (M&amp;A) s\u00e3o etapas essenciais do processo de planejamento, pois fornecem informa\u00e7\u00f5es sobre o andamento das a\u00e7\u00f5es, o que permite identificar pontos fortes e fracos, realizar ajustes e aperfei\u00e7oar os processos de trabalho.<\/span><\/p>\n<p>&nbsp;<\/p>\n<h3><span style=\"color: #fc6836\"><strong><b>Guia de Monitoramento e Avalia\u00e7\u00e3o da Agenda Estrat\u00e9gica<\/b>:<\/strong><\/span><\/h3>\n<p>&nbsp;<\/p>\n<ul>\n<li style=\"list-style-type: none\">\n<ul>\n<li style=\"list-style-type: none\">\n<ul class=\"ListaEst\">\n<li><a href=\"https:\/\/ww16.ce.gov.br\/saude\/wp-content\/uploads\/sites\/64\/2024\/08\/Guia-de-Monitoramento-e-Avaliacao-da-Agenda-Estrategica-da-Sesa_2024-2027-1.pdf\">Guia de Monitoramento e Avalia\u00e7\u00e3o da Agenda Estrat\u00e9gica da Sesa 2024-2027 <\/a><\/li>\n<\/ul>\n<\/li>\n<\/ul>\n<\/li>\n<\/ul>\n<p>&nbsp;<\/p>\n<p>&nbsp;<\/p>\n<h3><span style=\"color: #fc6836\"><strong><b>Relat\u00f3rios Executivos de Monitoramento e Avalia\u00e7\u00e3o<\/b>:<\/strong><\/span><\/h3>\n<p>&nbsp;<\/p>\n<ul>\n<li style=\"list-style-type: none\">\n<ul>\n<li style=\"list-style-type: none\">\n<ul class=\"ListaEst\">\n<li><a href=\"https:\/\/ww16.ce.gov.br\/saude\/wp-content\/uploads\/sites\/64\/2025\/07\/Relatorio-Executivo-de-Monitoramento-e-Avaliacao-Exercicio-2024.pdf\">Relat\u00f3rio Executivo de Monitoramento e Avalia\u00e7\u00e3o &#8211; Exerc\u00edcio 2024<\/a><\/li>\n<li><a href=\"https:\/\/ww16.ce.gov.br\/saude\/wp-content\/uploads\/sites\/64\/2024\/07\/Relatorio-Executivo-de-Monitoramento-e-Avaliacao-Exercicio-2023_compressed.pdf\">Relat\u00f3rio Executivo de Monitoramento e Avalia\u00e7\u00e3o &#8211; Exerc\u00edcio 2023<\/a><\/li>\n<li><a href=\"https:\/\/ww16.ce.gov.br\/saude\/wp-content\/uploads\/sites\/64\/2024\/07\/Relatorio-Executivo-de-Monitoramento-e-Avaliacao-Exercicio-2022_compressed.pdf\">Relat\u00f3rio Executivo de Monitoramento e Avalia\u00e7\u00e3o &#8211; Exerc\u00edcio 2022<\/a><\/li>\n<\/ul>\n<\/li>\n<\/ul>\n<\/li>\n<\/ul>\n<ul>\n<li style=\"list-style-type: none\">\n<ul>\n<li style=\"list-style-type: none\"><\/li>\n<\/ul>\n<\/li>\n<\/ul>\n<p>&nbsp;<\/p>\n<p>&nbsp;<\/p>\n<h3><span style=\"color: #fc6836\"><strong><b>Relat\u00f3rio de An\u00e1lise de Desempenho Quadrienal do PES<\/b>:<\/strong><\/span><\/h3>\n<p>&nbsp;<\/p>\n<ul>\n<li style=\"list-style-type: none\">\n<ul>\n<li style=\"list-style-type: none\">\n<ul class=\"ListaEst\">\n<li><a href=\"https:\/\/ww16.ce.gov.br\/saude\/wp-content\/uploads\/sites\/64\/2024\/07\/Relatorio-de-Analise-de-Desempenho-Quadrienal-PES-2020-2023_compressed.pdf\">Relat\u00f3rio de An\u00e1lise de Desempenho Quadrienal &#8211; PES 2020-2023<\/a><\/li>\n<\/ul>\n<\/li>\n<\/ul>\n<\/li>\n<\/ul>\n<p>&nbsp;<\/p>\n<p>&nbsp;<\/p>\n<p>&nbsp;<\/p>\n<h3><span style=\"color: #fc6836\"><strong><b>Relat\u00f3rios Anuais de Gest\u00e3o (RAG)<\/b>:<\/strong><\/span><\/h3>\n<p>&nbsp;<\/p>\n<p>&nbsp;<\/p>\n<ul class=\"ListaEst\">\n<li><a href=\"https:\/\/ww16.ce.gov.br\/saude\/wp-content\/uploads\/sites\/64\/2025\/07\/RAG-2024.pdf\">RAG 2024<\/a><\/li>\n<\/ul>\n<p>&nbsp;<\/p>\n<ul class=\"ListaEst\">\n<li><a href=\"https:\/\/ww16.ce.gov.br\/saude\/wp-content\/uploads\/sites\/64\/2024\/07\/RAG-2023.pdf\">RAG 2023<\/a><\/li>\n<\/ul>\n<p>&nbsp;<\/p>\n<ul class=\"ListaEst\">\n<li><a href=\"https:\/\/ww16.ce.gov.br\/saude\/wp-content\/uploads\/sites\/64\/2024\/07\/RAG-2022.pdf\">RAG 2022<\/a><\/li>\n<\/ul>\n<p>&nbsp;<\/p>\n<ul class=\"ListaEst\">\n<li><a href=\"https:\/\/ww16.ce.gov.br\/saude\/wp-content\/uploads\/sites\/64\/2024\/07\/RAG-2021.pdf\">RAG 2021<\/a><\/li>\n<\/ul>\n<p>&nbsp;<\/p>\n<ul class=\"ListaEst\">\n<li><a href=\"https:\/\/ww16.ce.gov.br\/saude\/wp-content\/uploads\/sites\/64\/2024\/07\/RAG-2020.pdf\">RAG 2020<\/a><\/li>\n<\/ul>\n<p>&nbsp;<\/p>\n","protected":false},"excerpt":{"rendered":"<p>Agenda Estrat\u00e9gica &nbsp; A Secretaria de Sa\u00fade do Estado do Cear\u00e1 tem como prop\u00f3sito garantir o acesso universal e equitativo aos servi\u00e7os de sa\u00fade, promovendo o bem-estar e a qualidade de vida de todos os cidad\u00e3os. &nbsp; Para essa meta, foram elaborados planos estrat\u00e9gicos que delineiam diretrizes e objetivos com vistas \u00e0 melhoria da efici\u00eancia, [&hellip;]<\/p>\n","protected":false},"author":12,"featured_media":0,"parent":0,"menu_order":0,"comment_status":"closed","ping_status":"closed","template":"","meta":{"_acf_changed":false,"inline_featured_image":false,"footnotes":""},"class_list":["post-91984","page","type-page","status-publish","hentry"],"acf":[],"yoast_head":"<!-- This site is optimized with the Yoast SEO plugin v26.9 - https:\/\/yoast.com\/product\/yoast-seo-wordpress\/ -->\n<title>Planejamento - Secretaria da Sa\u00fade do Cear\u00e1<\/title>\n<meta name=\"robots\" content=\"index, follow, max-snippet:-1, max-image-preview:large, max-video-preview:-1\" \/>\n<link rel=\"canonical\" href=\"https:\/\/ww16.ce.gov.br\/saude\/planejamento\/\" \/>\n<meta property=\"og:locale\" content=\"pt_BR\" \/>\n<meta property=\"og:type\" content=\"article\" \/>\n<meta property=\"og:title\" content=\"Planejamento - Secretaria da Sa\u00fade do Cear\u00e1\" \/>\n<meta property=\"og:description\" content=\"Agenda Estrat\u00e9gica &nbsp; A Secretaria de Sa\u00fade do Estado do Cear\u00e1 tem como prop\u00f3sito garantir o acesso universal e equitativo aos servi\u00e7os de sa\u00fade, promovendo o bem-estar e a qualidade de vida de todos os cidad\u00e3os. &nbsp; Para essa meta, foram elaborados planos estrat\u00e9gicos que delineiam diretrizes e objetivos com vistas \u00e0 melhoria da efici\u00eancia, [&hellip;]\" \/>\n<meta property=\"og:url\" content=\"https:\/\/ww16.ce.gov.br\/saude\/planejamento\/\" \/>\n<meta property=\"og:site_name\" content=\"Secretaria da Sa\u00fade do Cear\u00e1\" \/>\n<meta property=\"article:modified_time\" content=\"2025-10-28T19:48:27+00:00\" \/>\n<meta name=\"twitter:card\" content=\"summary_large_image\" \/>\n<meta name=\"twitter:label1\" content=\"Est. reading time\" \/>\n\t<meta name=\"twitter:data1\" content=\"4 minutos\" \/>\n<script type=\"application\/ld+json\" class=\"yoast-schema-graph\">{\"@context\":\"https:\/\/schema.org\",\"@graph\":[{\"@type\":\"WebPage\",\"@id\":\"https:\/\/ww16.ce.gov.br\/saude\/planejamento\/\",\"url\":\"https:\/\/ww16.ce.gov.br\/saude\/planejamento\/\",\"name\":\"Planejamento - Secretaria da Sa\u00fade do Cear\u00e1\",\"isPartOf\":{\"@id\":\"https:\/\/ww16.ce.gov.br\/saude\/#website\"},\"datePublished\":\"2020-12-28T18:52:41+00:00\",\"dateModified\":\"2025-10-28T19:48:27+00:00\",\"breadcrumb\":{\"@id\":\"https:\/\/ww16.ce.gov.br\/saude\/planejamento\/#breadcrumb\"},\"inLanguage\":\"pt-BR\",\"potentialAction\":[{\"@type\":\"ReadAction\",\"target\":[\"https:\/\/ww16.ce.gov.br\/saude\/planejamento\/\"]}]},{\"@type\":\"BreadcrumbList\",\"@id\":\"https:\/\/ww16.ce.gov.br\/saude\/planejamento\/#breadcrumb\",\"itemListElement\":[{\"@type\":\"ListItem\",\"position\":1,\"name\":\"In\u00edcio\",\"item\":\"https:\/\/ww16.ce.gov.br\/saude\/\"},{\"@type\":\"ListItem\",\"position\":2,\"name\":\"Planejamento\"}]},{\"@type\":\"WebSite\",\"@id\":\"https:\/\/ww16.ce.gov.br\/saude\/#website\",\"url\":\"https:\/\/ww16.ce.gov.br\/saude\/\",\"name\":\"Secretaria da Sa\u00fade\",\"description\":\"Secretaria da Sa\u00fade do Cear\u00e1\",\"publisher\":{\"@id\":\"https:\/\/ww16.ce.gov.br\/saude\/#organization\"},\"potentialAction\":[{\"@type\":\"SearchAction\",\"target\":{\"@type\":\"EntryPoint\",\"urlTemplate\":\"https:\/\/ww16.ce.gov.br\/saude\/?s={search_term_string}\"},\"query-input\":{\"@type\":\"PropertyValueSpecification\",\"valueRequired\":true,\"valueName\":\"search_term_string\"}}],\"inLanguage\":\"pt-BR\"},{\"@type\":\"Organization\",\"@id\":\"https:\/\/ww16.ce.gov.br\/saude\/#organization\",\"name\":\"Secretaria da Sa\u00fade\",\"url\":\"https:\/\/ww16.ce.gov.br\/saude\/\",\"logo\":{\"@type\":\"ImageObject\",\"inLanguage\":\"pt-BR\",\"@id\":\"https:\/\/ww16.ce.gov.br\/saude\/#\/schema\/logo\/image\/\",\"url\":\"http:\/\/ww16.ce.gov.br\/saude\/wp-content\/uploads\/sites\/9\/2017\/11\/clara.png\",\"contentUrl\":\"http:\/\/ww16.ce.gov.br\/saude\/wp-content\/uploads\/sites\/9\/2017\/11\/clara.png\",\"width\":559,\"height\":106,\"caption\":\"Secretaria da Sa\u00fade\"},\"image\":{\"@id\":\"https:\/\/ww16.ce.gov.br\/saude\/#\/schema\/logo\/image\/\"}}]}<\/script>\n<!-- \/ Yoast SEO plugin. -->","yoast_head_json":{"title":"Planejamento - Secretaria da Sa\u00fade do Cear\u00e1","robots":{"index":"index","follow":"follow","max-snippet":"max-snippet:-1","max-image-preview":"max-image-preview:large","max-video-preview":"max-video-preview:-1"},"canonical":"https:\/\/ww16.ce.gov.br\/saude\/planejamento\/","og_locale":"pt_BR","og_type":"article","og_title":"Planejamento - Secretaria da Sa\u00fade do Cear\u00e1","og_description":"Agenda Estrat\u00e9gica &nbsp; A Secretaria de Sa\u00fade do Estado do Cear\u00e1 tem como prop\u00f3sito garantir o acesso universal e equitativo aos servi\u00e7os de sa\u00fade, promovendo o bem-estar e a qualidade de vida de todos os cidad\u00e3os. &nbsp; Para essa meta, foram elaborados planos estrat\u00e9gicos que delineiam diretrizes e objetivos com vistas \u00e0 melhoria da efici\u00eancia, [&hellip;]","og_url":"https:\/\/ww16.ce.gov.br\/saude\/planejamento\/","og_site_name":"Secretaria da Sa\u00fade do Cear\u00e1","article_modified_time":"2025-10-28T19:48:27+00:00","twitter_card":"summary_large_image","twitter_misc":{"Est. reading time":"4 minutos"},"schema":{"@context":"https:\/\/schema.org","@graph":[{"@type":"WebPage","@id":"https:\/\/ww16.ce.gov.br\/saude\/planejamento\/","url":"https:\/\/ww16.ce.gov.br\/saude\/planejamento\/","name":"Planejamento - Secretaria da Sa\u00fade do Cear\u00e1","isPartOf":{"@id":"https:\/\/ww16.ce.gov.br\/saude\/#website"},"datePublished":"2020-12-28T18:52:41+00:00","dateModified":"2025-10-28T19:48:27+00:00","breadcrumb":{"@id":"https:\/\/ww16.ce.gov.br\/saude\/planejamento\/#breadcrumb"},"inLanguage":"pt-BR","potentialAction":[{"@type":"ReadAction","target":["https:\/\/ww16.ce.gov.br\/saude\/planejamento\/"]}]},{"@type":"BreadcrumbList","@id":"https:\/\/ww16.ce.gov.br\/saude\/planejamento\/#breadcrumb","itemListElement":[{"@type":"ListItem","position":1,"name":"In\u00edcio","item":"https:\/\/ww16.ce.gov.br\/saude\/"},{"@type":"ListItem","position":2,"name":"Planejamento"}]},{"@type":"WebSite","@id":"https:\/\/ww16.ce.gov.br\/saude\/#website","url":"https:\/\/ww16.ce.gov.br\/saude\/","name":"Secretaria da Sa\u00fade","description":"Secretaria da Sa\u00fade do Cear\u00e1","publisher":{"@id":"https:\/\/ww16.ce.gov.br\/saude\/#organization"},"potentialAction":[{"@type":"SearchAction","target":{"@type":"EntryPoint","urlTemplate":"https:\/\/ww16.ce.gov.br\/saude\/?s={search_term_string}"},"query-input":{"@type":"PropertyValueSpecification","valueRequired":true,"valueName":"search_term_string"}}],"inLanguage":"pt-BR"},{"@type":"Organization","@id":"https:\/\/ww16.ce.gov.br\/saude\/#organization","name":"Secretaria da Sa\u00fade","url":"https:\/\/ww16.ce.gov.br\/saude\/","logo":{"@type":"ImageObject","inLanguage":"pt-BR","@id":"https:\/\/ww16.ce.gov.br\/saude\/#\/schema\/logo\/image\/","url":"http:\/\/ww16.ce.gov.br\/saude\/wp-content\/uploads\/sites\/9\/2017\/11\/clara.png","contentUrl":"http:\/\/ww16.ce.gov.br\/saude\/wp-content\/uploads\/sites\/9\/2017\/11\/clara.png","width":559,"height":106,"caption":"Secretaria da Sa\u00fade"},"image":{"@id":"https:\/\/ww16.ce.gov.br\/saude\/#\/schema\/logo\/image\/"}}]}},"_links":{"self":[{"href":"https:\/\/ww16.ce.gov.br\/saude\/wp-json\/wp\/v2\/pages\/91984","targetHints":{"allow":["GET"]}}],"collection":[{"href":"https:\/\/ww16.ce.gov.br\/saude\/wp-json\/wp\/v2\/pages"}],"about":[{"href":"https:\/\/ww16.ce.gov.br\/saude\/wp-json\/wp\/v2\/types\/page"}],"author":[{"embeddable":true,"href":"https:\/\/ww16.ce.gov.br\/saude\/wp-json\/wp\/v2\/users\/12"}],"replies":[{"embeddable":true,"href":"https:\/\/ww16.ce.gov.br\/saude\/wp-json\/wp\/v2\/comments?post=91984"}],"version-history":[{"count":62,"href":"https:\/\/ww16.ce.gov.br\/saude\/wp-json\/wp\/v2\/pages\/91984\/revisions"}],"predecessor-version":[{"id":147702,"href":"https:\/\/ww16.ce.gov.br\/saude\/wp-json\/wp\/v2\/pages\/91984\/revisions\/147702"}],"wp:attachment":[{"href":"https:\/\/ww16.ce.gov.br\/saude\/wp-json\/wp\/v2\/media?parent=91984"}],"curies":[{"name":"wp","href":"https:\/\/api.w.org\/{rel}","templated":true}]}}