{"id":73942,"date":"2018-11-06T14:50:43","date_gmt":"2018-11-06T17:50:43","guid":{"rendered":"http:\/\/ww16.ce.gov.br\/saude\/?page_id=73942"},"modified":"2018-11-06T16:03:54","modified_gmt":"2018-11-06T19:03:54","slug":"sih","status":"publish","type":"page","link":"https:\/\/ww16.ce.gov.br\/saude\/tabnet-ceara\/sih\/","title":{"rendered":"SIH"},"content":{"rendered":"<h4 class=\"-laranja\"><strong>Sistema de Informa\u00e7\u00f5es Hospitalares<\/strong><\/h4>\n<p>&nbsp;<\/p>\n<p>Os dados coletados no Estado s\u00e3o enviados ao DATASUS onde s\u00e3o disponibilizados posteriormente. O sistema ser\u00e1 dividido em algumas categorias para faciltar a an\u00e1lise. As informa\u00e7\u00f5es sobre condi\u00e7\u00f5es sens\u00edveis utilizam arquivos pr\u00f3prios de tabula\u00e7\u00e3o do Estado embora o banco de dados seja do DATASUS.<br \/>\nPor este motivo, as informa\u00e7\u00f5es hospitalares est\u00e3o divididas em duas se\u00e7\u00f5es:<br \/>\n<strong>Interna\u00e7\u00f5es hospitalares<\/strong><br \/>\n<a href=\"https:\/\/tabnet.datasus.gov.br\/cgi\/deftohtm.exe?sih\/cnv\/pice.def\" target=\"_blank\" rel=\"noopener\">Desde 1992 (DATASUS)<\/a><\/p>\n<p>&nbsp;<\/p>\n<p><strong>Morbidade hospitalar<\/strong><br \/>\n<a href=\"https:\/\/tabnet.datasus.gov.br\/cgi\/deftohtm.exe?sih\/cnv\/mice.def\" target=\"_blank\" rel=\"noopener\">Por\u00a0local de interna\u00e7\u00e3o\u00a0&#8211; Desde 1984 (DATASUS)<\/a><\/p>\n<p><a href=\"https:\/\/tabnet.datasus.gov.br\/cgi\/deftohtm.exe?sih\/cnv\/mrce.def\" target=\"_blank\" rel=\"noopener\">Por\u00a0local de resid\u00eancia\u00a0&#8211; Desde 1995 (DATASUS)<\/a><\/p>\n<p><a href=\"https:\/\/w3.datasus.gov.br\/siscam\/index.php?area=04\" target=\"_blank\" rel=\"noopener\">C\u00e2ncer de\u00a0c\u00f3lo de \u00fatero e de mama &#8211; Desde 2000 (DATASUS)<\/a><\/p>\n<p>Hansen\u00edase\u00a0&#8211; Desde\u00a01997\u00a0(DATASUS)<\/p>\n<p><a href=\"https:\/\/tabnet.datasus.gov.br\/cgi\/sbucal\/sbdescr.htm\" target=\"_blank\" rel=\"noopener\">Sa\u00fade Bucal &#8211; Levantamento epidemiol\u00f3gico &#8211; C\u00e1rie dental\u00a0(DATASUS)<\/a><\/p>\n<p>&nbsp;<\/p>\n<p><strong>Rede hospitalar<\/strong><br \/>\n<a href=\"https:\/\/tabnet.datasus.gov.br\/cgi\/deftohtm.exe?sih\/cnv\/cxce.def\" target=\"_blank\" rel=\"noopener\">Desde 1992 (DATASUS)<\/a><\/p>\n","protected":false},"excerpt":{"rendered":"<p>Sistema de Informa\u00e7\u00f5es Hospitalares &nbsp; Os dados coletados no Estado s\u00e3o enviados ao DATASUS onde s\u00e3o disponibilizados posteriormente. O sistema ser\u00e1 dividido em algumas categorias para faciltar a an\u00e1lise. As informa\u00e7\u00f5es sobre condi\u00e7\u00f5es sens\u00edveis utilizam arquivos pr\u00f3prios de tabula\u00e7\u00e3o do Estado embora o banco de dados seja do DATASUS. Por este motivo, as informa\u00e7\u00f5es hospitalares [&hellip;]<\/p>\n","protected":false},"author":12,"featured_media":0,"parent":73927,"menu_order":0,"comment_status":"closed","ping_status":"closed","template":"","meta":{"_acf_changed":false,"inline_featured_image":false,"footnotes":""},"class_list":["post-73942","page","type-page","status-publish","hentry"],"acf":[],"yoast_head":"<!-- This site is optimized with the Yoast SEO plugin v26.9 - https:\/\/yoast.com\/product\/yoast-seo-wordpress\/ -->\n<title>SIH - Secretaria da Sa\u00fade do Cear\u00e1<\/title>\n<meta name=\"robots\" content=\"index, follow, max-snippet:-1, max-image-preview:large, max-video-preview:-1\" \/>\n<link rel=\"canonical\" href=\"https:\/\/ww16.ce.gov.br\/saude\/tabnet-ceara\/sih\/\" \/>\n<meta property=\"og:locale\" content=\"pt_BR\" \/>\n<meta property=\"og:type\" content=\"article\" \/>\n<meta property=\"og:title\" content=\"SIH - Secretaria da Sa\u00fade do Cear\u00e1\" \/>\n<meta property=\"og:description\" content=\"Sistema de Informa\u00e7\u00f5es Hospitalares &nbsp; Os dados coletados no Estado s\u00e3o enviados ao DATASUS onde s\u00e3o disponibilizados posteriormente. O sistema ser\u00e1 dividido em algumas categorias para faciltar a an\u00e1lise. As informa\u00e7\u00f5es sobre condi\u00e7\u00f5es sens\u00edveis utilizam arquivos pr\u00f3prios de tabula\u00e7\u00e3o do Estado embora o banco de dados seja do DATASUS. Por este motivo, as informa\u00e7\u00f5es hospitalares [&hellip;]\" \/>\n<meta property=\"og:url\" content=\"https:\/\/ww16.ce.gov.br\/saude\/tabnet-ceara\/sih\/\" \/>\n<meta property=\"og:site_name\" content=\"Secretaria da Sa\u00fade do Cear\u00e1\" \/>\n<meta property=\"article:modified_time\" content=\"2018-11-06T19:03:54+00:00\" \/>\n<meta name=\"twitter:card\" content=\"summary_large_image\" \/>\n<meta name=\"twitter:label1\" content=\"Est. reading time\" \/>\n\t<meta name=\"twitter:data1\" content=\"1 minuto\" \/>\n<script type=\"application\/ld+json\" class=\"yoast-schema-graph\">{\"@context\":\"https:\/\/schema.org\",\"@graph\":[{\"@type\":\"WebPage\",\"@id\":\"https:\/\/ww16.ce.gov.br\/saude\/tabnet-ceara\/sih\/\",\"url\":\"https:\/\/ww16.ce.gov.br\/saude\/tabnet-ceara\/sih\/\",\"name\":\"SIH - Secretaria da Sa\u00fade do Cear\u00e1\",\"isPartOf\":{\"@id\":\"https:\/\/ww16.ce.gov.br\/saude\/#website\"},\"datePublished\":\"2018-11-06T17:50:43+00:00\",\"dateModified\":\"2018-11-06T19:03:54+00:00\",\"breadcrumb\":{\"@id\":\"https:\/\/ww16.ce.gov.br\/saude\/tabnet-ceara\/sih\/#breadcrumb\"},\"inLanguage\":\"pt-BR\",\"potentialAction\":[{\"@type\":\"ReadAction\",\"target\":[\"https:\/\/ww16.ce.gov.br\/saude\/tabnet-ceara\/sih\/\"]}]},{\"@type\":\"BreadcrumbList\",\"@id\":\"https:\/\/ww16.ce.gov.br\/saude\/tabnet-ceara\/sih\/#breadcrumb\",\"itemListElement\":[{\"@type\":\"ListItem\",\"position\":1,\"name\":\"In\u00edcio\",\"item\":\"https:\/\/ww16.ce.gov.br\/saude\/\"},{\"@type\":\"ListItem\",\"position\":2,\"name\":\"Tabnet &#8211; Cear\u00e1\",\"item\":\"https:\/\/ww16.ce.gov.br\/saude\/tabnet-ceara\/\"},{\"@type\":\"ListItem\",\"position\":3,\"name\":\"SIH\"}]},{\"@type\":\"WebSite\",\"@id\":\"https:\/\/ww16.ce.gov.br\/saude\/#website\",\"url\":\"https:\/\/ww16.ce.gov.br\/saude\/\",\"name\":\"Secretaria da Sa\u00fade\",\"description\":\"Secretaria da Sa\u00fade do Cear\u00e1\",\"publisher\":{\"@id\":\"https:\/\/ww16.ce.gov.br\/saude\/#organization\"},\"potentialAction\":[{\"@type\":\"SearchAction\",\"target\":{\"@type\":\"EntryPoint\",\"urlTemplate\":\"https:\/\/ww16.ce.gov.br\/saude\/?s={search_term_string}\"},\"query-input\":{\"@type\":\"PropertyValueSpecification\",\"valueRequired\":true,\"valueName\":\"search_term_string\"}}],\"inLanguage\":\"pt-BR\"},{\"@type\":\"Organization\",\"@id\":\"https:\/\/ww16.ce.gov.br\/saude\/#organization\",\"name\":\"Secretaria da Sa\u00fade\",\"url\":\"https:\/\/ww16.ce.gov.br\/saude\/\",\"logo\":{\"@type\":\"ImageObject\",\"inLanguage\":\"pt-BR\",\"@id\":\"https:\/\/ww16.ce.gov.br\/saude\/#\/schema\/logo\/image\/\",\"url\":\"http:\/\/ww16.ce.gov.br\/saude\/wp-content\/uploads\/sites\/9\/2017\/11\/clara.png\",\"contentUrl\":\"http:\/\/ww16.ce.gov.br\/saude\/wp-content\/uploads\/sites\/9\/2017\/11\/clara.png\",\"width\":559,\"height\":106,\"caption\":\"Secretaria da Sa\u00fade\"},\"image\":{\"@id\":\"https:\/\/ww16.ce.gov.br\/saude\/#\/schema\/logo\/image\/\"}}]}<\/script>\n<!-- \/ Yoast SEO plugin. -->","yoast_head_json":{"title":"SIH - Secretaria da Sa\u00fade do Cear\u00e1","robots":{"index":"index","follow":"follow","max-snippet":"max-snippet:-1","max-image-preview":"max-image-preview:large","max-video-preview":"max-video-preview:-1"},"canonical":"https:\/\/ww16.ce.gov.br\/saude\/tabnet-ceara\/sih\/","og_locale":"pt_BR","og_type":"article","og_title":"SIH - Secretaria da Sa\u00fade do Cear\u00e1","og_description":"Sistema de Informa\u00e7\u00f5es Hospitalares &nbsp; Os dados coletados no Estado s\u00e3o enviados ao DATASUS onde s\u00e3o disponibilizados posteriormente. O sistema ser\u00e1 dividido em algumas categorias para faciltar a an\u00e1lise. As informa\u00e7\u00f5es sobre condi\u00e7\u00f5es sens\u00edveis utilizam arquivos pr\u00f3prios de tabula\u00e7\u00e3o do Estado embora o banco de dados seja do DATASUS. Por este motivo, as informa\u00e7\u00f5es hospitalares [&hellip;]","og_url":"https:\/\/ww16.ce.gov.br\/saude\/tabnet-ceara\/sih\/","og_site_name":"Secretaria da Sa\u00fade do Cear\u00e1","article_modified_time":"2018-11-06T19:03:54+00:00","twitter_card":"summary_large_image","twitter_misc":{"Est. reading time":"1 minuto"},"schema":{"@context":"https:\/\/schema.org","@graph":[{"@type":"WebPage","@id":"https:\/\/ww16.ce.gov.br\/saude\/tabnet-ceara\/sih\/","url":"https:\/\/ww16.ce.gov.br\/saude\/tabnet-ceara\/sih\/","name":"SIH - Secretaria da Sa\u00fade do Cear\u00e1","isPartOf":{"@id":"https:\/\/ww16.ce.gov.br\/saude\/#website"},"datePublished":"2018-11-06T17:50:43+00:00","dateModified":"2018-11-06T19:03:54+00:00","breadcrumb":{"@id":"https:\/\/ww16.ce.gov.br\/saude\/tabnet-ceara\/sih\/#breadcrumb"},"inLanguage":"pt-BR","potentialAction":[{"@type":"ReadAction","target":["https:\/\/ww16.ce.gov.br\/saude\/tabnet-ceara\/sih\/"]}]},{"@type":"BreadcrumbList","@id":"https:\/\/ww16.ce.gov.br\/saude\/tabnet-ceara\/sih\/#breadcrumb","itemListElement":[{"@type":"ListItem","position":1,"name":"In\u00edcio","item":"https:\/\/ww16.ce.gov.br\/saude\/"},{"@type":"ListItem","position":2,"name":"Tabnet &#8211; Cear\u00e1","item":"https:\/\/ww16.ce.gov.br\/saude\/tabnet-ceara\/"},{"@type":"ListItem","position":3,"name":"SIH"}]},{"@type":"WebSite","@id":"https:\/\/ww16.ce.gov.br\/saude\/#website","url":"https:\/\/ww16.ce.gov.br\/saude\/","name":"Secretaria da Sa\u00fade","description":"Secretaria da Sa\u00fade do Cear\u00e1","publisher":{"@id":"https:\/\/ww16.ce.gov.br\/saude\/#organization"},"potentialAction":[{"@type":"SearchAction","target":{"@type":"EntryPoint","urlTemplate":"https:\/\/ww16.ce.gov.br\/saude\/?s={search_term_string}"},"query-input":{"@type":"PropertyValueSpecification","valueRequired":true,"valueName":"search_term_string"}}],"inLanguage":"pt-BR"},{"@type":"Organization","@id":"https:\/\/ww16.ce.gov.br\/saude\/#organization","name":"Secretaria da Sa\u00fade","url":"https:\/\/ww16.ce.gov.br\/saude\/","logo":{"@type":"ImageObject","inLanguage":"pt-BR","@id":"https:\/\/ww16.ce.gov.br\/saude\/#\/schema\/logo\/image\/","url":"http:\/\/ww16.ce.gov.br\/saude\/wp-content\/uploads\/sites\/9\/2017\/11\/clara.png","contentUrl":"http:\/\/ww16.ce.gov.br\/saude\/wp-content\/uploads\/sites\/9\/2017\/11\/clara.png","width":559,"height":106,"caption":"Secretaria da Sa\u00fade"},"image":{"@id":"https:\/\/ww16.ce.gov.br\/saude\/#\/schema\/logo\/image\/"}}]}},"_links":{"self":[{"href":"https:\/\/ww16.ce.gov.br\/saude\/wp-json\/wp\/v2\/pages\/73942","targetHints":{"allow":["GET"]}}],"collection":[{"href":"https:\/\/ww16.ce.gov.br\/saude\/wp-json\/wp\/v2\/pages"}],"about":[{"href":"https:\/\/ww16.ce.gov.br\/saude\/wp-json\/wp\/v2\/types\/page"}],"author":[{"embeddable":true,"href":"https:\/\/ww16.ce.gov.br\/saude\/wp-json\/wp\/v2\/users\/12"}],"replies":[{"embeddable":true,"href":"https:\/\/ww16.ce.gov.br\/saude\/wp-json\/wp\/v2\/comments?post=73942"}],"version-history":[{"count":5,"href":"https:\/\/ww16.ce.gov.br\/saude\/wp-json\/wp\/v2\/pages\/73942\/revisions"}],"predecessor-version":[{"id":73977,"href":"https:\/\/ww16.ce.gov.br\/saude\/wp-json\/wp\/v2\/pages\/73942\/revisions\/73977"}],"up":[{"embeddable":true,"href":"https:\/\/ww16.ce.gov.br\/saude\/wp-json\/wp\/v2\/pages\/73927"}],"wp:attachment":[{"href":"https:\/\/ww16.ce.gov.br\/saude\/wp-json\/wp\/v2\/media?parent=73942"}],"curies":[{"name":"wp","href":"https:\/\/api.w.org\/{rel}","templated":true}]}}