{"id":127474,"date":"2024-01-30T15:14:21","date_gmt":"2024-01-30T18:14:21","guid":{"rendered":"http:\/\/ww16.ce.gov.br\/saude\/?page_id=127474"},"modified":"2025-10-14T11:33:41","modified_gmt":"2025-10-14T14:33:41","slug":"comissao-de-etica-da-secretaria-da-saude-do-ceara","status":"publish","type":"page","link":"https:\/\/ww16.ce.gov.br\/saude\/institucional\/comissao-de-etica-da-secretaria-da-saude-do-ceara\/","title":{"rendered":"Comiss\u00e3o de \u00c9tica"},"content":{"rendered":"<p>A <strong>Comiss\u00e3o Setorial de \u00c9tica P\u00fablica (Csep)<\/strong> busca garantir, por meio de a\u00e7\u00f5es de orienta\u00e7\u00e3o, aprecia\u00e7\u00e3o de condutas, pr\u00e1ticas preventivas e educativas, os valores \u00e9ticos e morais da Secretaria da Sa\u00fade do Cear\u00e1 (Sesa).<\/p>\n<p>&nbsp;<\/p>\n<p>O principal objetivo \u00e9 prover a Secretaria de mecanismos de transpar\u00eancia na condu\u00e7\u00e3o da Administra\u00e7\u00e3o P\u00fablica, baseado no esfor\u00e7o cont\u00ednuo e no respeito aos princ\u00edpios da moralidade, transpar\u00eancia, impessoalidade, publicidade e efici\u00eancia das pol\u00edticas e a\u00e7\u00f5es setoriais.<\/p>\n<p>&nbsp;<\/p>\n<p>A Sa\u00fade do Cear\u00e1 implementou, em 2020, o C\u00f3digo de Conduta \u00c9tica (CCE), primeiro documento embasado nos preceitos da Lei Anticorrup\u00e7\u00e3o (Lei Federal n\u00ba 12.846\/2013), da Lei Federal n\u00ba 8.112\/1990, do Decreto Federal n\u00ba 8.420\/2015 e do Decreto Estadual &#8211; CE n\u00ba 31.198\/2013.<\/p>\n<p>&nbsp;<\/p>\n<p>O CCE se caracteriza como um guia pr\u00e1tico de conduta pessoal e profissional e objetiva nortear e semear os novos conceitos de governan\u00e7a da Sesa, estabelecendo normas para os colaboradores, partes interessadas e demais atores envolvidos, como forma de guiar suas intera\u00e7\u00f5es e decis\u00f5es di\u00e1rias.<\/p>\n<p>&nbsp;<\/p>\n<p>Os membros da Comiss\u00e3o atuam com foco na presta\u00e7\u00e3o de relevante servi\u00e7o p\u00fablico, conforme o art. 5\u00ba do Decreto Estadual n\u00ba 29.887\/2009 (art. 2\u00ba, \u00a7 2\u00ba, do Regimento Interno da Csep-Sesa).<\/p>\n<p>&nbsp;<\/p>\n<p>&nbsp;<\/p>\n<h3><strong>Composi\u00e7\u00e3o da Comiss\u00e3o Setorial de \u00c9tica P\u00fablica da Sa\u00fade do Cear\u00e1<\/strong><\/h3>\n<p>&nbsp;<\/p>\n<p class=\"destacado\">Manoela Fleck de Paula Pessoa<\/p>\n<p class=\"destacado\"><strong>Presidente Interino\/Membro Titular<\/strong><\/p>\n<p>&nbsp;<\/p>\n<p class=\"destacado\">Carla Cristina Fonteles Barroso<\/p>\n<p class=\"destacado\"><strong>Membro Titular<\/strong><\/p>\n<p>&nbsp;<\/p>\n<p class=\"destacado\">Cicero Douglas Silva Rufino<\/p>\n<p class=\"destacado\"><strong>Membro Titular<\/strong><\/p>\n<p>&nbsp;<\/p>\n<p class=\"destacado\">Ana C\u00e2ndida da Silva Aquino<\/p>\n<p class=\"destacado\"><strong>Membro Suplente<\/strong><\/p>\n<p>&nbsp;<\/p>\n<p class=\"destacado\">Naara Regia Pinheiro Cavalcante<\/p>\n<p class=\"destacado\"><strong>Membro Suplente<\/strong><\/p>\n<p>&nbsp;<\/p>\n<p class=\"destacado\">Luciene Alice da Silva<\/p>\n<p class=\"destacado\"><strong>Membro Suplente<\/strong><\/p>\n","protected":false},"excerpt":{"rendered":"<p>A Comiss\u00e3o Setorial de \u00c9tica P\u00fablica (Csep) busca garantir, por meio de a\u00e7\u00f5es de orienta\u00e7\u00e3o, aprecia\u00e7\u00e3o de condutas, pr\u00e1ticas preventivas e educativas, os valores \u00e9ticos e morais da Secretaria da Sa\u00fade do Cear\u00e1 (Sesa). &nbsp; O principal objetivo \u00e9 prover a Secretaria de mecanismos de transpar\u00eancia na condu\u00e7\u00e3o da Administra\u00e7\u00e3o P\u00fablica, baseado no esfor\u00e7o cont\u00ednuo [&hellip;]<\/p>\n","protected":false},"author":768,"featured_media":0,"parent":52,"menu_order":0,"comment_status":"closed","ping_status":"closed","template":"","meta":{"_acf_changed":false,"inline_featured_image":false,"footnotes":""},"class_list":["post-127474","page","type-page","status-publish","hentry"],"acf":[],"yoast_head":"<!-- This site is optimized with the Yoast SEO plugin v26.9 - https:\/\/yoast.com\/product\/yoast-seo-wordpress\/ -->\n<title>Comiss\u00e3o de \u00c9tica - Secretaria da Sa\u00fade do Cear\u00e1<\/title>\n<meta name=\"robots\" content=\"index, follow, max-snippet:-1, max-image-preview:large, max-video-preview:-1\" \/>\n<link rel=\"canonical\" href=\"https:\/\/ww16.ce.gov.br\/saude\/institucional\/comissao-de-etica-da-secretaria-da-saude-do-ceara\/\" \/>\n<meta property=\"og:locale\" content=\"pt_BR\" \/>\n<meta property=\"og:type\" content=\"article\" \/>\n<meta property=\"og:title\" content=\"Comiss\u00e3o de \u00c9tica - Secretaria da Sa\u00fade do Cear\u00e1\" \/>\n<meta property=\"og:description\" content=\"A Comiss\u00e3o Setorial de \u00c9tica P\u00fablica (Csep) busca garantir, por meio de a\u00e7\u00f5es de orienta\u00e7\u00e3o, aprecia\u00e7\u00e3o de condutas, pr\u00e1ticas preventivas e educativas, os valores \u00e9ticos e morais da Secretaria da Sa\u00fade do Cear\u00e1 (Sesa). &nbsp; O principal objetivo \u00e9 prover a Secretaria de mecanismos de transpar\u00eancia na condu\u00e7\u00e3o da Administra\u00e7\u00e3o P\u00fablica, baseado no esfor\u00e7o cont\u00ednuo [&hellip;]\" \/>\n<meta property=\"og:url\" content=\"https:\/\/ww16.ce.gov.br\/saude\/institucional\/comissao-de-etica-da-secretaria-da-saude-do-ceara\/\" \/>\n<meta property=\"og:site_name\" content=\"Secretaria da Sa\u00fade do Cear\u00e1\" \/>\n<meta property=\"article:modified_time\" content=\"2025-10-14T14:33:41+00:00\" \/>\n<meta name=\"twitter:card\" content=\"summary_large_image\" \/>\n<meta name=\"twitter:label1\" content=\"Est. reading time\" \/>\n\t<meta name=\"twitter:data1\" content=\"2 minutos\" \/>\n<script type=\"application\/ld+json\" class=\"yoast-schema-graph\">{\"@context\":\"https:\/\/schema.org\",\"@graph\":[{\"@type\":\"WebPage\",\"@id\":\"https:\/\/ww16.ce.gov.br\/saude\/institucional\/comissao-de-etica-da-secretaria-da-saude-do-ceara\/\",\"url\":\"https:\/\/ww16.ce.gov.br\/saude\/institucional\/comissao-de-etica-da-secretaria-da-saude-do-ceara\/\",\"name\":\"Comiss\u00e3o de \u00c9tica - Secretaria da Sa\u00fade do Cear\u00e1\",\"isPartOf\":{\"@id\":\"https:\/\/ww16.ce.gov.br\/saude\/#website\"},\"datePublished\":\"2024-01-30T18:14:21+00:00\",\"dateModified\":\"2025-10-14T14:33:41+00:00\",\"breadcrumb\":{\"@id\":\"https:\/\/ww16.ce.gov.br\/saude\/institucional\/comissao-de-etica-da-secretaria-da-saude-do-ceara\/#breadcrumb\"},\"inLanguage\":\"pt-BR\",\"potentialAction\":[{\"@type\":\"ReadAction\",\"target\":[\"https:\/\/ww16.ce.gov.br\/saude\/institucional\/comissao-de-etica-da-secretaria-da-saude-do-ceara\/\"]}]},{\"@type\":\"BreadcrumbList\",\"@id\":\"https:\/\/ww16.ce.gov.br\/saude\/institucional\/comissao-de-etica-da-secretaria-da-saude-do-ceara\/#breadcrumb\",\"itemListElement\":[{\"@type\":\"ListItem\",\"position\":1,\"name\":\"In\u00edcio\",\"item\":\"https:\/\/ww16.ce.gov.br\/saude\/\"},{\"@type\":\"ListItem\",\"position\":2,\"name\":\"Institucional\",\"item\":\"https:\/\/ww16.ce.gov.br\/saude\/institucional\/\"},{\"@type\":\"ListItem\",\"position\":3,\"name\":\"Comiss\u00e3o de \u00c9tica\"}]},{\"@type\":\"WebSite\",\"@id\":\"https:\/\/ww16.ce.gov.br\/saude\/#website\",\"url\":\"https:\/\/ww16.ce.gov.br\/saude\/\",\"name\":\"Secretaria da Sa\u00fade\",\"description\":\"Secretaria da Sa\u00fade do Cear\u00e1\",\"publisher\":{\"@id\":\"https:\/\/ww16.ce.gov.br\/saude\/#organization\"},\"potentialAction\":[{\"@type\":\"SearchAction\",\"target\":{\"@type\":\"EntryPoint\",\"urlTemplate\":\"https:\/\/ww16.ce.gov.br\/saude\/?s={search_term_string}\"},\"query-input\":{\"@type\":\"PropertyValueSpecification\",\"valueRequired\":true,\"valueName\":\"search_term_string\"}}],\"inLanguage\":\"pt-BR\"},{\"@type\":\"Organization\",\"@id\":\"https:\/\/ww16.ce.gov.br\/saude\/#organization\",\"name\":\"Secretaria da Sa\u00fade\",\"url\":\"https:\/\/ww16.ce.gov.br\/saude\/\",\"logo\":{\"@type\":\"ImageObject\",\"inLanguage\":\"pt-BR\",\"@id\":\"https:\/\/ww16.ce.gov.br\/saude\/#\/schema\/logo\/image\/\",\"url\":\"http:\/\/ww16.ce.gov.br\/saude\/wp-content\/uploads\/sites\/9\/2017\/11\/clara.png\",\"contentUrl\":\"http:\/\/ww16.ce.gov.br\/saude\/wp-content\/uploads\/sites\/9\/2017\/11\/clara.png\",\"width\":559,\"height\":106,\"caption\":\"Secretaria da Sa\u00fade\"},\"image\":{\"@id\":\"https:\/\/ww16.ce.gov.br\/saude\/#\/schema\/logo\/image\/\"}}]}<\/script>\n<!-- \/ Yoast SEO plugin. -->","yoast_head_json":{"title":"Comiss\u00e3o de \u00c9tica - Secretaria da Sa\u00fade do Cear\u00e1","robots":{"index":"index","follow":"follow","max-snippet":"max-snippet:-1","max-image-preview":"max-image-preview:large","max-video-preview":"max-video-preview:-1"},"canonical":"https:\/\/ww16.ce.gov.br\/saude\/institucional\/comissao-de-etica-da-secretaria-da-saude-do-ceara\/","og_locale":"pt_BR","og_type":"article","og_title":"Comiss\u00e3o de \u00c9tica - Secretaria da Sa\u00fade do Cear\u00e1","og_description":"A Comiss\u00e3o Setorial de \u00c9tica P\u00fablica (Csep) busca garantir, por meio de a\u00e7\u00f5es de orienta\u00e7\u00e3o, aprecia\u00e7\u00e3o de condutas, pr\u00e1ticas preventivas e educativas, os valores \u00e9ticos e morais da Secretaria da Sa\u00fade do Cear\u00e1 (Sesa). &nbsp; O principal objetivo \u00e9 prover a Secretaria de mecanismos de transpar\u00eancia na condu\u00e7\u00e3o da Administra\u00e7\u00e3o P\u00fablica, baseado no esfor\u00e7o cont\u00ednuo [&hellip;]","og_url":"https:\/\/ww16.ce.gov.br\/saude\/institucional\/comissao-de-etica-da-secretaria-da-saude-do-ceara\/","og_site_name":"Secretaria da Sa\u00fade do Cear\u00e1","article_modified_time":"2025-10-14T14:33:41+00:00","twitter_card":"summary_large_image","twitter_misc":{"Est. reading time":"2 minutos"},"schema":{"@context":"https:\/\/schema.org","@graph":[{"@type":"WebPage","@id":"https:\/\/ww16.ce.gov.br\/saude\/institucional\/comissao-de-etica-da-secretaria-da-saude-do-ceara\/","url":"https:\/\/ww16.ce.gov.br\/saude\/institucional\/comissao-de-etica-da-secretaria-da-saude-do-ceara\/","name":"Comiss\u00e3o de \u00c9tica - Secretaria da Sa\u00fade do Cear\u00e1","isPartOf":{"@id":"https:\/\/ww16.ce.gov.br\/saude\/#website"},"datePublished":"2024-01-30T18:14:21+00:00","dateModified":"2025-10-14T14:33:41+00:00","breadcrumb":{"@id":"https:\/\/ww16.ce.gov.br\/saude\/institucional\/comissao-de-etica-da-secretaria-da-saude-do-ceara\/#breadcrumb"},"inLanguage":"pt-BR","potentialAction":[{"@type":"ReadAction","target":["https:\/\/ww16.ce.gov.br\/saude\/institucional\/comissao-de-etica-da-secretaria-da-saude-do-ceara\/"]}]},{"@type":"BreadcrumbList","@id":"https:\/\/ww16.ce.gov.br\/saude\/institucional\/comissao-de-etica-da-secretaria-da-saude-do-ceara\/#breadcrumb","itemListElement":[{"@type":"ListItem","position":1,"name":"In\u00edcio","item":"https:\/\/ww16.ce.gov.br\/saude\/"},{"@type":"ListItem","position":2,"name":"Institucional","item":"https:\/\/ww16.ce.gov.br\/saude\/institucional\/"},{"@type":"ListItem","position":3,"name":"Comiss\u00e3o de \u00c9tica"}]},{"@type":"WebSite","@id":"https:\/\/ww16.ce.gov.br\/saude\/#website","url":"https:\/\/ww16.ce.gov.br\/saude\/","name":"Secretaria da Sa\u00fade","description":"Secretaria da Sa\u00fade do Cear\u00e1","publisher":{"@id":"https:\/\/ww16.ce.gov.br\/saude\/#organization"},"potentialAction":[{"@type":"SearchAction","target":{"@type":"EntryPoint","urlTemplate":"https:\/\/ww16.ce.gov.br\/saude\/?s={search_term_string}"},"query-input":{"@type":"PropertyValueSpecification","valueRequired":true,"valueName":"search_term_string"}}],"inLanguage":"pt-BR"},{"@type":"Organization","@id":"https:\/\/ww16.ce.gov.br\/saude\/#organization","name":"Secretaria da Sa\u00fade","url":"https:\/\/ww16.ce.gov.br\/saude\/","logo":{"@type":"ImageObject","inLanguage":"pt-BR","@id":"https:\/\/ww16.ce.gov.br\/saude\/#\/schema\/logo\/image\/","url":"http:\/\/ww16.ce.gov.br\/saude\/wp-content\/uploads\/sites\/9\/2017\/11\/clara.png","contentUrl":"http:\/\/ww16.ce.gov.br\/saude\/wp-content\/uploads\/sites\/9\/2017\/11\/clara.png","width":559,"height":106,"caption":"Secretaria da Sa\u00fade"},"image":{"@id":"https:\/\/ww16.ce.gov.br\/saude\/#\/schema\/logo\/image\/"}}]}},"_links":{"self":[{"href":"https:\/\/ww16.ce.gov.br\/saude\/wp-json\/wp\/v2\/pages\/127474","targetHints":{"allow":["GET"]}}],"collection":[{"href":"https:\/\/ww16.ce.gov.br\/saude\/wp-json\/wp\/v2\/pages"}],"about":[{"href":"https:\/\/ww16.ce.gov.br\/saude\/wp-json\/wp\/v2\/types\/page"}],"author":[{"embeddable":true,"href":"https:\/\/ww16.ce.gov.br\/saude\/wp-json\/wp\/v2\/users\/768"}],"replies":[{"embeddable":true,"href":"https:\/\/ww16.ce.gov.br\/saude\/wp-json\/wp\/v2\/comments?post=127474"}],"version-history":[{"count":20,"href":"https:\/\/ww16.ce.gov.br\/saude\/wp-json\/wp\/v2\/pages\/127474\/revisions"}],"predecessor-version":[{"id":146638,"href":"https:\/\/ww16.ce.gov.br\/saude\/wp-json\/wp\/v2\/pages\/127474\/revisions\/146638"}],"up":[{"embeddable":true,"href":"https:\/\/ww16.ce.gov.br\/saude\/wp-json\/wp\/v2\/pages\/52"}],"wp:attachment":[{"href":"https:\/\/ww16.ce.gov.br\/saude\/wp-json\/wp\/v2\/media?parent=127474"}],"curies":[{"name":"wp","href":"https:\/\/api.w.org\/{rel}","templated":true}]}}