{"id":120348,"date":"2023-07-21T15:09:44","date_gmt":"2023-07-21T18:09:44","guid":{"rendered":"http:\/\/ww16.ce.gov.br\/saude\/?page_id=120348"},"modified":"2026-01-22T13:55:21","modified_gmt":"2026-01-22T16:55:21","slug":"programa-de-alergia-a-proteina-do-leite-de-vaca","status":"publish","type":"page","link":"https:\/\/ww16.ce.gov.br\/saude\/programa-de-alergia-a-proteina-do-leite-de-vaca\/","title":{"rendered":"Programa de Alergia \u00e0 Prote\u00edna do Leite de Vaca"},"content":{"rendered":"\n<p><\/p>\n\n\n\n<h3 class=\"wp-block-heading\">Como entrar no Programa?<\/h3>\n\n\n\n<p>&#8211; Perfil: crian\u00e7as de zero a dois anos, 11 meses e 29 dias com diagn\u00f3stico de alergia a prote\u00edna do leite de vaca.<\/p>\n\n\n\n<details class=\"wp-block-details is-layout-flow wp-block-details-is-layout-flow\"><summary><strong>Residentes em Fortaleza<\/strong><\/summary>\n<p>&#8211; Procurar Unidade de Aten\u00e7\u00e3o Prim\u00e1ria \u00e0 Sa\u00fade (UAPS) mais pr\u00f3ximo \u00e0 resid\u00eancia levando o laudo m\u00e9dico ou formul\u00e1rio e os documentos do respons\u00e1vel (identidade, CPF, comprovante de resid\u00eancia em nome do pai ou da m\u00e3e do paciente) e da crian\u00e7a (cart\u00e3o SUS e certid\u00e3o de nascimento).<\/p>\n\n\n\n<p>&#8211; Solicitar cadastro no sistema do SUS (Fastmedic), no procedimento GASTROENTEROLOGIA \u2013 APLV e receber da UAPS um comprovante de encaminhamento de fila de espera. Aguardar o contato telef\u00f4nico da Secretaria Municipal de Sa\u00fade de Fortaleza (SMS) para receber a Guia de Agendamento, onde ter\u00e1 o dia, local, endere\u00e7o e hor\u00e1rio do atendimento.<\/p>\n\n\n\n<p>&#8211; Laudo m\u00e9dico ou formul\u00e1rio de entrada do programa devidamente preenchido (<a href=\"https:\/\/ww16.ce.gov.br\/saude\/wp-content\/uploads\/sites\/64\/2019\/08\/protocolo_aplv_2_edicao_2019_.pdf\">anexo no Protocolo Cl\u00ednico &#8211; clique aqui<\/a>), com descri\u00e7\u00e3o dos sintomas, hist\u00f3ria cl\u00ednica e solicita\u00e7\u00e3o de entrada no programa APLV).<br><br>&#8211; O laudo m\u00e9dico deve ser preferencialmente de um pediatra ou gastropediatra ou alergista pediatra, podendo ser da rede SUS, particular, ou plano de sa\u00fade.<\/p>\n\n\n\n<p class=\"has-white-color has-text-color has-background has-link-color wp-elements-9be2c145bbbb76bf84469e03d4c7f330\" style=\"background-color:#f59c00\"><strong>Importante: <\/strong>N\u00c3O h\u00e1 obrigatoriedade de ser atendido pelo m\u00e9dico\/a da UAPS, exceto nos casos em que n\u00e3o possui atendimento ou laudo com diagn\u00f3stico; N\u00c3O h\u00e1 obrigatoriedade de levar ou realizar exames de sangue do\/a lactente, laudo nutricional ou de assistente social.<\/p>\n<\/details>\n\n\n\n<details class=\"wp-block-details is-layout-flow wp-block-details-is-layout-flow\"><summary><strong>Residentes no interior do Cear\u00e1<\/strong><\/summary>\n<p>&#8211;&nbsp;Procurar a Secretaria de Sa\u00fade do Munic\u00edpio para fazer o cadastro, onde ser\u00e1 inserido ficha de refer\u00eancia e documentos do paciente no sistema do SUS (FASTMEDIC) , no procedimento GASTROENTEROLOGIA \u2013 APLV. Aguardar o contato telef\u00f4nico da Secretaria Municipal de Sa\u00fade para receber a Guia de Agendamento, onde ter\u00e1 o dia, local, endere\u00e7o e hor\u00e1rio do atendimento.<\/p>\n\n\n\n<p>&#8211;&nbsp;Ficha de refer\u00eancia do munic\u00edpio onde reside devidamente preenchida, assinada e carimbada por profissional m\u00e9dico(a) do SUS, com atesto de diagn\u00f3stico de APLV (descri\u00e7\u00e3o dos sintomas, hist\u00f3ria cl\u00ednica e solicita\u00e7\u00e3o de entrada no Programa).<\/p>\n\n\n\n<p class=\"has-white-color has-text-color has-background has-link-color wp-elements-8e0c9666b0d39c878561f76a8132db06\" style=\"background-color:#f59c00\"><strong>Aten\u00e7\u00e3o: <\/strong>Essa ficha de refer\u00eancia dever\u00e1 ser fornecida pela Unidade B\u00e1sica de Sa\u00fade (Posto de Sa\u00fade local), Policl\u00ednicas, Hospital Municipal ou Secretaria de Sa\u00fade do Munic\u00edpio.<\/p>\n<\/details>\n\n\n\n<p><\/p>\n\n\n\n<h3 class=\"wp-block-heading\">Principais d\u00favidas<\/h3>\n\n\n\n<p><\/p>\n\n\n\n<h4 class=\"wp-block-heading\">O que levar na primeira consulta?<\/h4>\n\n\n\n<ul class=\"wp-block-list\">\n<li>Guia de Agendamento da consulta emitido pela UAPS ou Secretaria Municipal de Sa\u00fade de cada localidade;<\/li>\n\n\n\n<li>Documentos do\/a lactente: certid\u00e3o de nascimento, cart\u00e3o SUS, caderneta de vacina\u00e7\u00e3o;<\/li>\n\n\n\n<li>Documentos do\/a respons\u00e1vel: identidade ou outro documento oficial com foto, CPF e comprovante de resid\u00eancia em nome do pai ou m\u00e3e do\/a paciente (o comprovante de endere\u00e7o pode ser um dos seguintes documentos: \u00e1gua, luz, internet, telefone, plano de sa\u00fade, cart\u00e3o de cr\u00e9dito e outros).\u00a0<\/li>\n<\/ul>\n\n\n\n<h4 class=\"wp-block-heading\">Como ocorre o atendimento?<\/h4>\n\n\n\n<ul class=\"wp-block-list\">\n<li>O\/a lactente ser\u00e1 encaminhado \u00e0 enfermeira, m\u00e9dica e nutricionista (nessa ordem), mesmo que tenha sido atendido h\u00e1 pouco tempo por algum profissional da rede SUS, privada ou particular.<\/li>\n\n\n\n<li>Quando necess\u00e1rio, os pais e\/ou respons\u00e1veis ser\u00e3o orientados\/a para que providenciem a atualiza\u00e7\u00e3o do calend\u00e1rio vacinal; ou orientado, mediante o caso, para vacina\u00e7\u00e3o no Hias.<\/li>\n\n\n\n<li>Ap\u00f3s os atendimentos, o\/a respons\u00e1vel dever\u00e1 receber o benef\u00edcio da f\u00f3rmula infantil e tamb\u00e9m retornar \u00e0 recep\u00e7\u00e3o para agendar data dos retornos aos profissionais ou, ainda, marca\u00e7\u00e3o de Teste de Provoca\u00e7\u00e3o Oral ou exames de sangue ou ser encaminhamento para algum ambulat\u00f3rio de especialidade do Hias, caso prescrito pelo m\u00e9dico(a) do programa.<\/li>\n<\/ul>\n\n\n\n<p><\/p>\n\n\n\n<h4 class=\"wp-block-heading\">Os Centros de Refer\u00eancia do Programa de Alergia ao Leite de Vaca do Estado do Cear\u00e1 s\u00e3o:<\/h4>\n\n\n\n<ul class=\"wp-block-list\">\n<li>N\u00facleo de Atendimento M\u00e9dico Integrado (Nami-Unifor)<\/li>\n\n\n\n<li>Hospital Infantil Albert Sabin (Hias\/Sesa)<\/li>\n\n\n\n<li>Centro de Especialidades do Hospital Infantil Albert Sabin (Hias)<\/li>\n<\/ul>\n\n\n\n<p class=\"has-white-color has-text-color has-background has-link-color has-medium-font-size wp-elements-61114e9bcd01e65eba8a3e1e7b48e4ee\" style=\"background-color:#f59c00\"><strong>Importante<\/strong>: quanto ao recebimento do benef\u00edcio da f\u00f3rmula, o endere\u00e7o de entrega \u00e9 SOMENTE no <strong>Centro de Especialidades do Hospital Infantil Albert Sabin<\/strong>, na Rua Jorge Ac\u00farcio, n\u00ba 807 \u2013 Vila Uni\u00e3o.<\/p>\n\n\n\n<p><\/p>\n\n\n\n<h4 class=\"wp-block-heading\">No caso de falta \u00e0 PRIMEIRA consulta, como proceder?<\/h4>\n\n\n\n<ul class=\"wp-block-list\">\n<li>Se pacientes de Fortaleza, retornar a UAPS e fazer novo cadastro.<\/li>\n\n\n\n<li>Se pacientes do interior do estado, retornar \u00e0 Secretaria de Sa\u00fade do Munic\u00edpio e fazer novo cadastro.<\/li>\n<\/ul>\n\n\n\n<h4 class=\"wp-block-heading\"><br>No caso de falta \u00e0 consulta de RETORNO, como proceder?<\/h4>\n\n\n\n<details class=\"wp-block-details is-layout-flow wp-block-details-is-layout-flow\"><summary><strong>Paciente atendido pelo Nami\/ Unifor<\/strong><\/summary>\n<p>Em caso de falta \u00e0 consulta m\u00e9dica e\/ou nutricional, o respons\u00e1vel dever\u00e1 comparecer presencialmente ao Nami e solicitar a data de retorno no cart\u00e3o de aprazamento.<\/p>\n\n\n\n<p class=\"has-white-color has-text-color has-background has-link-color has-medium-font-size wp-elements-1728ed91323857d8c19cac808810f079\" style=\"background-color:#f59c00\">Aten\u00e7\u00e3o: No dia de comparecimento para o recebimento da f\u00f3rmula (ap\u00f3s devido reagendamento) dever\u00e1 trazer o atestado m\u00e9dico ou declara\u00e7\u00e3o do motivo da falta (original) para libera\u00e7\u00e3o do benef\u00edcio da f\u00f3rmula.<\/p>\n<\/details>\n\n\n\n<details class=\"wp-block-details is-layout-flow wp-block-details-is-layout-flow\"><summary><strong>Paciente atendido pelo Hias<\/strong><\/summary>\n<p>Em caso de falta \u00e0 consulta m\u00e9dica e\/ou nutricional, o respons\u00e1vel dever\u00e1 comparecer presencialmente ao hospital e solicitar a data de retorno no cart\u00e3o de aprazamento.<\/p>\n\n\n\n<p class=\"has-white-color has-text-color has-background has-link-color has-medium-font-size wp-elements-edccb8527f7725b1f41a46f8daf63e38\" style=\"background-color:#f59c00\">Aten\u00e7\u00e3o: No dia de comparecimento para o recebimento da f\u00f3rmula (ap\u00f3s devido reagendamento) dever\u00e1 trazer o atestado m\u00e9dico ou declara\u00e7\u00e3o do motivo da falta (original) para libera\u00e7\u00e3o do benef\u00edcio da f\u00f3rmula.<\/p>\n<\/details>\n\n\n\n<details class=\"wp-block-details is-layout-flow wp-block-details-is-layout-flow\"><summary><strong>Paciente atendido pelo Centro de Especialidades &#8211; Hias<\/strong><\/summary>\n<p>Em caso de falta \u00e0 consulta m\u00e9dica e\/ou nutricional, o respons\u00e1vel dever\u00e1 comparecer presencialmente ao Centro, ou via telefone ou via e-mail (\u00a0aplv@saude.ce.gov.br) e solicitar a data de retorno no cart\u00e3o de aprazamento.<\/p>\n\n\n\n<p class=\"has-white-color has-text-color has-background has-link-color has-medium-font-size wp-elements-ad4e5f00d4169258b403005b1bbf494f\" style=\"background-color:#f59c00\">Aten\u00e7\u00e3o: No dia de comparecimento para o recebimento da f\u00f3rmula (ap\u00f3s devido reagendamento) dever\u00e1 trazer o atestado m\u00e9dico ou declara\u00e7\u00e3o do motivo da falta (original) para libera\u00e7\u00e3o do benef\u00edcio da f\u00f3rmula.<\/p>\n<\/details>\n\n\n\n<hr class=\"wp-block-separator has-alpha-channel-opacity\" \/>\n\n\n\n<h3 class=\"wp-block-heading\">Contatos<\/h3>\n\n\n\n<p><\/p>\n\n\n\n<ul class=\"wp-block-list\">\n<li>Consultas: (85) 98102.9560 \/ aplv@saude.ce.gov.br<\/li>\n<\/ul>\n\n\n\n<ul class=\"wp-block-list\">\n<li>Dispensa\u00e7\u00e3o de F\u00f3rmulas: (85) 98208.9012 \/ aplvdistribuicao@saude.ce.gov.br<\/li>\n<\/ul>\n","protected":false},"excerpt":{"rendered":"<p>Como entrar no Programa? &#8211; Perfil: crian\u00e7as de zero a dois anos, 11 meses e 29 dias com diagn\u00f3stico de alergia a prote\u00edna do leite de vaca. Principais d\u00favidas O que levar na primeira consulta? Como ocorre o atendimento? Os Centros de Refer\u00eancia do Programa de Alergia ao Leite de Vaca do Estado do Cear\u00e1 [&hellip;]<\/p>\n","protected":false},"author":767,"featured_media":0,"parent":0,"menu_order":0,"comment_status":"closed","ping_status":"closed","template":"page-model-padrao.php","meta":{"_acf_changed":false,"inline_featured_image":false,"footnotes":""},"class_list":["post-120348","page","type-page","status-publish","hentry"],"acf":[],"yoast_head":"<!-- This site is optimized with the Yoast SEO plugin v26.9 - https:\/\/yoast.com\/product\/yoast-seo-wordpress\/ -->\n<title>Programa de Alergia \u00e0 Prote\u00edna do Leite de Vaca - Secretaria da Sa\u00fade do Cear\u00e1<\/title>\n<meta name=\"robots\" content=\"index, follow, max-snippet:-1, max-image-preview:large, max-video-preview:-1\" \/>\n<link rel=\"canonical\" href=\"https:\/\/ww16.ce.gov.br\/saude\/programa-de-alergia-a-proteina-do-leite-de-vaca\/\" \/>\n<meta property=\"og:locale\" content=\"pt_BR\" \/>\n<meta property=\"og:type\" content=\"article\" \/>\n<meta property=\"og:title\" content=\"Programa de Alergia \u00e0 Prote\u00edna do Leite de Vaca - Secretaria da Sa\u00fade do Cear\u00e1\" \/>\n<meta property=\"og:description\" content=\"Como entrar no Programa? &#8211; Perfil: crian\u00e7as de zero a dois anos, 11 meses e 29 dias com diagn\u00f3stico de alergia a prote\u00edna do leite de vaca. Principais d\u00favidas O que levar na primeira consulta? Como ocorre o atendimento? Os Centros de Refer\u00eancia do Programa de Alergia ao Leite de Vaca do Estado do Cear\u00e1 [&hellip;]\" \/>\n<meta property=\"og:url\" content=\"https:\/\/ww16.ce.gov.br\/saude\/programa-de-alergia-a-proteina-do-leite-de-vaca\/\" \/>\n<meta property=\"og:site_name\" content=\"Secretaria da Sa\u00fade do Cear\u00e1\" \/>\n<meta property=\"article:modified_time\" content=\"2026-01-22T16:55:21+00:00\" \/>\n<meta name=\"twitter:card\" content=\"summary_large_image\" \/>\n<meta name=\"twitter:label1\" content=\"Est. reading time\" \/>\n\t<meta name=\"twitter:data1\" content=\"5 minutos\" \/>\n<script type=\"application\/ld+json\" class=\"yoast-schema-graph\">{\"@context\":\"https:\/\/schema.org\",\"@graph\":[{\"@type\":\"WebPage\",\"@id\":\"https:\/\/ww16.ce.gov.br\/saude\/programa-de-alergia-a-proteina-do-leite-de-vaca\/\",\"url\":\"https:\/\/ww16.ce.gov.br\/saude\/programa-de-alergia-a-proteina-do-leite-de-vaca\/\",\"name\":\"Programa de Alergia \u00e0 Prote\u00edna do Leite de Vaca - Secretaria da Sa\u00fade do Cear\u00e1\",\"isPartOf\":{\"@id\":\"https:\/\/ww16.ce.gov.br\/saude\/#website\"},\"datePublished\":\"2023-07-21T18:09:44+00:00\",\"dateModified\":\"2026-01-22T16:55:21+00:00\",\"breadcrumb\":{\"@id\":\"https:\/\/ww16.ce.gov.br\/saude\/programa-de-alergia-a-proteina-do-leite-de-vaca\/#breadcrumb\"},\"inLanguage\":\"pt-BR\",\"potentialAction\":[{\"@type\":\"ReadAction\",\"target\":[\"https:\/\/ww16.ce.gov.br\/saude\/programa-de-alergia-a-proteina-do-leite-de-vaca\/\"]}]},{\"@type\":\"BreadcrumbList\",\"@id\":\"https:\/\/ww16.ce.gov.br\/saude\/programa-de-alergia-a-proteina-do-leite-de-vaca\/#breadcrumb\",\"itemListElement\":[{\"@type\":\"ListItem\",\"position\":1,\"name\":\"In\u00edcio\",\"item\":\"https:\/\/ww16.ce.gov.br\/saude\/\"},{\"@type\":\"ListItem\",\"position\":2,\"name\":\"Programa de Alergia \u00e0 Prote\u00edna do Leite de Vaca\"}]},{\"@type\":\"WebSite\",\"@id\":\"https:\/\/ww16.ce.gov.br\/saude\/#website\",\"url\":\"https:\/\/ww16.ce.gov.br\/saude\/\",\"name\":\"Secretaria da Sa\u00fade\",\"description\":\"Secretaria da Sa\u00fade do Cear\u00e1\",\"publisher\":{\"@id\":\"https:\/\/ww16.ce.gov.br\/saude\/#organization\"},\"potentialAction\":[{\"@type\":\"SearchAction\",\"target\":{\"@type\":\"EntryPoint\",\"urlTemplate\":\"https:\/\/ww16.ce.gov.br\/saude\/?s={search_term_string}\"},\"query-input\":{\"@type\":\"PropertyValueSpecification\",\"valueRequired\":true,\"valueName\":\"search_term_string\"}}],\"inLanguage\":\"pt-BR\"},{\"@type\":\"Organization\",\"@id\":\"https:\/\/ww16.ce.gov.br\/saude\/#organization\",\"name\":\"Secretaria da Sa\u00fade\",\"url\":\"https:\/\/ww16.ce.gov.br\/saude\/\",\"logo\":{\"@type\":\"ImageObject\",\"inLanguage\":\"pt-BR\",\"@id\":\"https:\/\/ww16.ce.gov.br\/saude\/#\/schema\/logo\/image\/\",\"url\":\"http:\/\/ww16.ce.gov.br\/saude\/wp-content\/uploads\/sites\/9\/2017\/11\/clara.png\",\"contentUrl\":\"http:\/\/ww16.ce.gov.br\/saude\/wp-content\/uploads\/sites\/9\/2017\/11\/clara.png\",\"width\":559,\"height\":106,\"caption\":\"Secretaria da Sa\u00fade\"},\"image\":{\"@id\":\"https:\/\/ww16.ce.gov.br\/saude\/#\/schema\/logo\/image\/\"}}]}<\/script>\n<!-- \/ Yoast SEO plugin. -->","yoast_head_json":{"title":"Programa de Alergia \u00e0 Prote\u00edna do Leite de Vaca - Secretaria da Sa\u00fade do Cear\u00e1","robots":{"index":"index","follow":"follow","max-snippet":"max-snippet:-1","max-image-preview":"max-image-preview:large","max-video-preview":"max-video-preview:-1"},"canonical":"https:\/\/ww16.ce.gov.br\/saude\/programa-de-alergia-a-proteina-do-leite-de-vaca\/","og_locale":"pt_BR","og_type":"article","og_title":"Programa de Alergia \u00e0 Prote\u00edna do Leite de Vaca - Secretaria da Sa\u00fade do Cear\u00e1","og_description":"Como entrar no Programa? &#8211; Perfil: crian\u00e7as de zero a dois anos, 11 meses e 29 dias com diagn\u00f3stico de alergia a prote\u00edna do leite de vaca. Principais d\u00favidas O que levar na primeira consulta? Como ocorre o atendimento? Os Centros de Refer\u00eancia do Programa de Alergia ao Leite de Vaca do Estado do Cear\u00e1 [&hellip;]","og_url":"https:\/\/ww16.ce.gov.br\/saude\/programa-de-alergia-a-proteina-do-leite-de-vaca\/","og_site_name":"Secretaria da Sa\u00fade do Cear\u00e1","article_modified_time":"2026-01-22T16:55:21+00:00","twitter_card":"summary_large_image","twitter_misc":{"Est. reading time":"5 minutos"},"schema":{"@context":"https:\/\/schema.org","@graph":[{"@type":"WebPage","@id":"https:\/\/ww16.ce.gov.br\/saude\/programa-de-alergia-a-proteina-do-leite-de-vaca\/","url":"https:\/\/ww16.ce.gov.br\/saude\/programa-de-alergia-a-proteina-do-leite-de-vaca\/","name":"Programa de Alergia \u00e0 Prote\u00edna do Leite de Vaca - Secretaria da Sa\u00fade do Cear\u00e1","isPartOf":{"@id":"https:\/\/ww16.ce.gov.br\/saude\/#website"},"datePublished":"2023-07-21T18:09:44+00:00","dateModified":"2026-01-22T16:55:21+00:00","breadcrumb":{"@id":"https:\/\/ww16.ce.gov.br\/saude\/programa-de-alergia-a-proteina-do-leite-de-vaca\/#breadcrumb"},"inLanguage":"pt-BR","potentialAction":[{"@type":"ReadAction","target":["https:\/\/ww16.ce.gov.br\/saude\/programa-de-alergia-a-proteina-do-leite-de-vaca\/"]}]},{"@type":"BreadcrumbList","@id":"https:\/\/ww16.ce.gov.br\/saude\/programa-de-alergia-a-proteina-do-leite-de-vaca\/#breadcrumb","itemListElement":[{"@type":"ListItem","position":1,"name":"In\u00edcio","item":"https:\/\/ww16.ce.gov.br\/saude\/"},{"@type":"ListItem","position":2,"name":"Programa de Alergia \u00e0 Prote\u00edna do Leite de Vaca"}]},{"@type":"WebSite","@id":"https:\/\/ww16.ce.gov.br\/saude\/#website","url":"https:\/\/ww16.ce.gov.br\/saude\/","name":"Secretaria da Sa\u00fade","description":"Secretaria da Sa\u00fade do Cear\u00e1","publisher":{"@id":"https:\/\/ww16.ce.gov.br\/saude\/#organization"},"potentialAction":[{"@type":"SearchAction","target":{"@type":"EntryPoint","urlTemplate":"https:\/\/ww16.ce.gov.br\/saude\/?s={search_term_string}"},"query-input":{"@type":"PropertyValueSpecification","valueRequired":true,"valueName":"search_term_string"}}],"inLanguage":"pt-BR"},{"@type":"Organization","@id":"https:\/\/ww16.ce.gov.br\/saude\/#organization","name":"Secretaria da Sa\u00fade","url":"https:\/\/ww16.ce.gov.br\/saude\/","logo":{"@type":"ImageObject","inLanguage":"pt-BR","@id":"https:\/\/ww16.ce.gov.br\/saude\/#\/schema\/logo\/image\/","url":"http:\/\/ww16.ce.gov.br\/saude\/wp-content\/uploads\/sites\/9\/2017\/11\/clara.png","contentUrl":"http:\/\/ww16.ce.gov.br\/saude\/wp-content\/uploads\/sites\/9\/2017\/11\/clara.png","width":559,"height":106,"caption":"Secretaria da Sa\u00fade"},"image":{"@id":"https:\/\/ww16.ce.gov.br\/saude\/#\/schema\/logo\/image\/"}}]}},"_links":{"self":[{"href":"https:\/\/ww16.ce.gov.br\/saude\/wp-json\/wp\/v2\/pages\/120348","targetHints":{"allow":["GET"]}}],"collection":[{"href":"https:\/\/ww16.ce.gov.br\/saude\/wp-json\/wp\/v2\/pages"}],"about":[{"href":"https:\/\/ww16.ce.gov.br\/saude\/wp-json\/wp\/v2\/types\/page"}],"author":[{"embeddable":true,"href":"https:\/\/ww16.ce.gov.br\/saude\/wp-json\/wp\/v2\/users\/767"}],"replies":[{"embeddable":true,"href":"https:\/\/ww16.ce.gov.br\/saude\/wp-json\/wp\/v2\/comments?post=120348"}],"version-history":[{"count":33,"href":"https:\/\/ww16.ce.gov.br\/saude\/wp-json\/wp\/v2\/pages\/120348\/revisions"}],"predecessor-version":[{"id":150838,"href":"https:\/\/ww16.ce.gov.br\/saude\/wp-json\/wp\/v2\/pages\/120348\/revisions\/150838"}],"wp:attachment":[{"href":"https:\/\/ww16.ce.gov.br\/saude\/wp-json\/wp\/v2\/media?parent=120348"}],"curies":[{"name":"wp","href":"https:\/\/api.w.org\/{rel}","templated":true}]}}