{"id":106331,"date":"2022-02-25T10:16:27","date_gmt":"2022-02-25T13:16:27","guid":{"rendered":"http:\/\/ww16.ce.gov.br\/saude\/?page_id=106331"},"modified":"2022-10-04T12:25:37","modified_gmt":"2022-10-04T15:25:37","slug":"infomacoes-acesso-medicamentos","status":"publish","type":"page","link":"https:\/\/ww16.ce.gov.br\/saude\/assistenciafarmaceutica\/fiquepordentro\/infomacoes-acesso-medicamentos\/","title":{"rendered":"Copaf | Informa\u00e7\u00f5es de acesso a medicamentos"},"content":{"rendered":"<h3><strong>Informa\u00e7\u00f5es de acesso a medicamentos<\/strong><\/h3>\n<p>&nbsp;<\/p>\n<h4><strong>1 &#8211; Componente B\u00e1sico da Assist\u00eancia Farmac\u00eautica &#8211; CBAF<\/strong><\/h4>\n<p>&nbsp;<\/p>\n<ul class=\"ListaEst col2\">\n<li><a href=\"https:\/\/ww16.ce.gov.br\/saude\/wp-content\/uploads\/sites\/64\/2020\/03\/COMPONENTE-BASICO-DA-ASSISTENCIA-FARMACEUTICA-CBAF.pdf\" target=\"_blank\" rel=\"noopener noreferrer\">Como ter acesso a Assist\u00eancia Farmac\u00eautica B\u00e1sica (AFB)<\/a><\/li>\n<li><a href=\"https:\/\/ww16.ce.gov.br\/saude\/wp-content\/uploads\/sites\/64\/2020\/03\/COMPONENTE-BASICO-DA-ASSISTENCIA-FARMACEUTICA-\u2013-ASSISTENCIA-FARMACEUTICA-SECUNDARIA-AFS.pdf\" target=\"_blank\" rel=\"noopener noreferrer\">Como ter acesso a Assist\u00eancia Farmac\u00eautica Secund\u00e1ria (AFS)<\/a><\/li>\n<li><a href=\"https:\/\/ww16.ce.gov.br\/saude\/wp-content\/uploads\/sites\/64\/2022\/05\/MEDICAMENTOS_AFB_20223105.pdf\" target=\"_blank\" rel=\"noopener noreferrer\">Lista de medicamentos da Assist\u00eancia Farmac\u00eautica B\u00e1sica (AFB)<\/a><\/li>\n<li><a href=\"https:\/\/ww16.ce.gov.br\/saude\/wp-content\/uploads\/sites\/64\/2022\/05\/MEDICAMENTOS_AFS_20223105.pdf\" target=\"_blank\" rel=\"noopener noreferrer\">Lista de medicamentos da Assist\u00eancia Farmac\u00eautica Secund\u00e1ria (AFS)<\/a><\/li>\n<\/ul>\n<p>&nbsp;<\/p>\n<h4><strong>2 &#8211; Componente Estrat\u00e9gico da Assist\u00eancia Farmac\u00eautica &#8211; Cesaf<\/strong><\/h4>\n<p>&nbsp;<\/p>\n<ul class=\"ListaEst col2\">\n<li><a href=\"https:\/\/ww16.ce.gov.br\/saude\/wp-content\/uploads\/sites\/64\/2020\/03\/COMPONENTE-ESTRATEGICO-DA-ASSISTENCIA-FARMACEUTICA-CESAF.pdf\" target=\"_blank\" rel=\"noopener noreferrer\">Como ter acesso ao Componente Estrat\u00e9gico da Assist\u00eancia Farmac\u00eautica (Cesaf)<\/a><\/li>\n<li><a href=\"https:\/\/ww16.ce.gov.br\/saude\/wp-content\/uploads\/sites\/64\/2022\/05\/MEDICAMENTOS_CESAF_20223105.pdf\" target=\"_blank\" rel=\"noopener noreferrer\">Lista de Medicamentos\u00a0 (Cesaf)<\/a><\/li>\n<\/ul>\n<p>&nbsp;<\/p>\n<h4><strong>3 &#8211; Componente Especializado da Assist\u00eancia Farmac\u00eautica &#8211; Ceaf<\/strong><\/h4>\n<p>&nbsp;<\/p>\n<ul class=\"ListaEst col2\">\n<li><a href=\"https:\/\/ww16.ce.gov.br\/saude\/wp-content\/uploads\/sites\/64\/2020\/03\/COMPONENTE-ESPECIALIZADO-DA-ASSISTENCIA-FARMACEUTICA-CEAF.pdf\" target=\"_blank\" rel=\"noopener noreferrer\">Como ter acesso ao Componente Especializado da Assist\u00eancia Farmac\u00eautica (Ceaf)<\/a><\/li>\n<li><a href=\"https:\/\/ww16.ce.gov.br\/saude\/wp-content\/uploads\/sites\/64\/2022\/05\/MEDICAMENTOS_CEAF_20223105.pdf\" target=\"_blank\" rel=\"noopener noreferrer\">Lista de medicamentos (Ceaf)<\/a><\/li>\n<\/ul>\n<ul class=\"ListaEst col2\">\n<li><a href=\"https:\/\/ww16.ce.gov.br\/saude\/wp-content\/uploads\/sites\/64\/2020\/03\/Laudo-de-Solicitacao-Avaliacao-e-Autorizacao-de-Medicamentoss-LME.pdf\" target=\"_blank\" rel=\"noopener noreferrer\">Laudo de Solicita\u00e7\u00e3o, Avalia\u00e7\u00e3o e Autoriza\u00e7\u00e3o de Medicamento(s) (LME)<\/a><\/li>\n<\/ul>\n<p>&nbsp;<\/p>\n<h4><strong>4 &#8211; Medicamentos Oncol\u00f3gicos &#8211; MO<\/strong><\/h4>\n<p>&nbsp;<\/p>\n<ul class=\"ListaEst col2\">\n<li><a href=\"https:\/\/ww16.ce.gov.br\/saude\/wp-content\/uploads\/sites\/64\/2022\/05\/como_ter_acesso_MO_20223105.pdf\" target=\"_blank\" rel=\"noopener noreferrer\">Como ter acesso a Pol\u00edtica de Medicamentos Oncol\u00f3gicos<\/a><\/li>\n<\/ul>\n<p>&nbsp;<\/p>\n<h4><strong>5 &#8211; Assist\u00eancia Farmac\u00eautica na Sa\u00fade Prisional &#8211; PNAISP<\/strong><\/h4>\n<p>&nbsp;<\/p>\n<ul class=\"ListaEst col2\">\n<li><a href=\"https:\/\/ww16.ce.gov.br\/saude\/wp-content\/uploads\/sites\/64\/2022\/05\/MEDICAMENTOS_SAUDE_PRISIONAL_20223105.pdf\" target=\"_blank\" rel=\"noopener noreferrer\">Lista de Medicamentos &#8211; PNAISP<\/a><\/li>\n<\/ul>\n<p>&nbsp;<\/p>\n<h4><strong>6 &#8211; Assist\u00eancia Farmac\u00eautica no \u00e2mbito da Sa\u00fade Ind\u00edgena &#8211; PNASPI<\/strong><\/h4>\n<p>&nbsp;<\/p>\n<ul class=\"ListaEst col2\">\n<li><a href=\"https:\/\/ww16.ce.gov.br\/saude\/wp-content\/uploads\/sites\/64\/2022\/05\/como_ter_acesso_AFASI_20223105.pdf\" target=\"_blank\" rel=\"noopener noreferrer\">Como ter acesso ao PNASPI<\/a><\/li>\n<\/ul>\n<p>&nbsp;<\/p>\n<h4><strong>7 &#8211; Assist\u00eancia Farmac\u00eautica no \u00e2mbito do SAMU<\/strong><\/h4>\n<p>&nbsp;<\/p>\n<ul class=\"ListaEst col2\">\n<li><a href=\"https:\/\/ww16.ce.gov.br\/saude\/wp-content\/uploads\/sites\/64\/2022\/05\/MEDICAMENTOS_SAMU_20223105.docx.pdf\" target=\"_blank\" rel=\"noopener noreferrer\">Lista de Medicamentos &#8211; SAMU<\/a><\/li>\n<\/ul>\n","protected":false},"excerpt":{"rendered":"<p>Informa\u00e7\u00f5es de acesso a medicamentos &nbsp; 1 &#8211; Componente B\u00e1sico da Assist\u00eancia Farmac\u00eautica &#8211; CBAF &nbsp; Como ter acesso a Assist\u00eancia Farmac\u00eautica B\u00e1sica (AFB) Como ter acesso a Assist\u00eancia Farmac\u00eautica Secund\u00e1ria (AFS) Lista de medicamentos da Assist\u00eancia Farmac\u00eautica B\u00e1sica (AFB) Lista de medicamentos da Assist\u00eancia Farmac\u00eautica Secund\u00e1ria (AFS) &nbsp; 2 &#8211; Componente Estrat\u00e9gico da Assist\u00eancia [&hellip;]<\/p>\n","protected":false},"author":12,"featured_media":0,"parent":100499,"menu_order":0,"comment_status":"closed","ping_status":"closed","template":"","meta":{"_acf_changed":false,"inline_featured_image":false,"footnotes":""},"class_list":["post-106331","page","type-page","status-publish","hentry"],"acf":[],"yoast_head":"<!-- This site is optimized with the Yoast SEO plugin v26.9 - https:\/\/yoast.com\/product\/yoast-seo-wordpress\/ -->\n<title>Copaf | Informa\u00e7\u00f5es de acesso a medicamentos - Secretaria da Sa\u00fade do Cear\u00e1<\/title>\n<meta name=\"robots\" content=\"index, follow, max-snippet:-1, max-image-preview:large, max-video-preview:-1\" \/>\n<link rel=\"canonical\" href=\"https:\/\/ww16.ce.gov.br\/saude\/assistenciafarmaceutica\/fiquepordentro\/infomacoes-acesso-medicamentos\/\" \/>\n<meta property=\"og:locale\" content=\"pt_BR\" \/>\n<meta property=\"og:type\" content=\"article\" \/>\n<meta property=\"og:title\" content=\"Copaf | Informa\u00e7\u00f5es de acesso a medicamentos - Secretaria da Sa\u00fade do Cear\u00e1\" \/>\n<meta property=\"og:description\" content=\"Informa\u00e7\u00f5es de acesso a medicamentos &nbsp; 1 &#8211; Componente B\u00e1sico da Assist\u00eancia Farmac\u00eautica &#8211; CBAF &nbsp; Como ter acesso a Assist\u00eancia Farmac\u00eautica B\u00e1sica (AFB) Como ter acesso a Assist\u00eancia Farmac\u00eautica Secund\u00e1ria (AFS) Lista de medicamentos da Assist\u00eancia Farmac\u00eautica B\u00e1sica (AFB) Lista de medicamentos da Assist\u00eancia Farmac\u00eautica Secund\u00e1ria (AFS) &nbsp; 2 &#8211; Componente Estrat\u00e9gico da Assist\u00eancia [&hellip;]\" \/>\n<meta property=\"og:url\" content=\"https:\/\/ww16.ce.gov.br\/saude\/assistenciafarmaceutica\/fiquepordentro\/infomacoes-acesso-medicamentos\/\" \/>\n<meta property=\"og:site_name\" content=\"Secretaria da Sa\u00fade do Cear\u00e1\" \/>\n<meta property=\"article:modified_time\" content=\"2022-10-04T15:25:37+00:00\" \/>\n<meta name=\"twitter:card\" content=\"summary_large_image\" \/>\n<meta name=\"twitter:label1\" content=\"Est. reading time\" \/>\n\t<meta name=\"twitter:data1\" content=\"1 minuto\" \/>\n<script type=\"application\/ld+json\" class=\"yoast-schema-graph\">{\"@context\":\"https:\/\/schema.org\",\"@graph\":[{\"@type\":\"WebPage\",\"@id\":\"https:\/\/ww16.ce.gov.br\/saude\/assistenciafarmaceutica\/fiquepordentro\/infomacoes-acesso-medicamentos\/\",\"url\":\"https:\/\/ww16.ce.gov.br\/saude\/assistenciafarmaceutica\/fiquepordentro\/infomacoes-acesso-medicamentos\/\",\"name\":\"Copaf | Informa\u00e7\u00f5es de acesso a medicamentos - Secretaria da Sa\u00fade do Cear\u00e1\",\"isPartOf\":{\"@id\":\"https:\/\/ww16.ce.gov.br\/saude\/#website\"},\"datePublished\":\"2022-02-25T13:16:27+00:00\",\"dateModified\":\"2022-10-04T15:25:37+00:00\",\"breadcrumb\":{\"@id\":\"https:\/\/ww16.ce.gov.br\/saude\/assistenciafarmaceutica\/fiquepordentro\/infomacoes-acesso-medicamentos\/#breadcrumb\"},\"inLanguage\":\"pt-BR\",\"potentialAction\":[{\"@type\":\"ReadAction\",\"target\":[\"https:\/\/ww16.ce.gov.br\/saude\/assistenciafarmaceutica\/fiquepordentro\/infomacoes-acesso-medicamentos\/\"]}]},{\"@type\":\"BreadcrumbList\",\"@id\":\"https:\/\/ww16.ce.gov.br\/saude\/assistenciafarmaceutica\/fiquepordentro\/infomacoes-acesso-medicamentos\/#breadcrumb\",\"itemListElement\":[{\"@type\":\"ListItem\",\"position\":1,\"name\":\"In\u00edcio\",\"item\":\"https:\/\/ww16.ce.gov.br\/saude\/\"},{\"@type\":\"ListItem\",\"position\":2,\"name\":\"COPAF | Principal\",\"item\":\"https:\/\/ww16.ce.gov.br\/saude\/?page_id=100491\"},{\"@type\":\"ListItem\",\"position\":3,\"name\":\"COPAF | Fique por dentro\",\"item\":\"https:\/\/ww16.ce.gov.br\/saude\/assistenciafarmaceutica\/fiquepordentro\/\"},{\"@type\":\"ListItem\",\"position\":4,\"name\":\"Copaf | Informa\u00e7\u00f5es de acesso a medicamentos\"}]},{\"@type\":\"WebSite\",\"@id\":\"https:\/\/ww16.ce.gov.br\/saude\/#website\",\"url\":\"https:\/\/ww16.ce.gov.br\/saude\/\",\"name\":\"Secretaria da Sa\u00fade\",\"description\":\"Secretaria da Sa\u00fade do Cear\u00e1\",\"publisher\":{\"@id\":\"https:\/\/ww16.ce.gov.br\/saude\/#organization\"},\"potentialAction\":[{\"@type\":\"SearchAction\",\"target\":{\"@type\":\"EntryPoint\",\"urlTemplate\":\"https:\/\/ww16.ce.gov.br\/saude\/?s={search_term_string}\"},\"query-input\":{\"@type\":\"PropertyValueSpecification\",\"valueRequired\":true,\"valueName\":\"search_term_string\"}}],\"inLanguage\":\"pt-BR\"},{\"@type\":\"Organization\",\"@id\":\"https:\/\/ww16.ce.gov.br\/saude\/#organization\",\"name\":\"Secretaria da Sa\u00fade\",\"url\":\"https:\/\/ww16.ce.gov.br\/saude\/\",\"logo\":{\"@type\":\"ImageObject\",\"inLanguage\":\"pt-BR\",\"@id\":\"https:\/\/ww16.ce.gov.br\/saude\/#\/schema\/logo\/image\/\",\"url\":\"http:\/\/ww16.ce.gov.br\/saude\/wp-content\/uploads\/sites\/9\/2017\/11\/clara.png\",\"contentUrl\":\"http:\/\/ww16.ce.gov.br\/saude\/wp-content\/uploads\/sites\/9\/2017\/11\/clara.png\",\"width\":559,\"height\":106,\"caption\":\"Secretaria da Sa\u00fade\"},\"image\":{\"@id\":\"https:\/\/ww16.ce.gov.br\/saude\/#\/schema\/logo\/image\/\"}}]}<\/script>\n<!-- \/ Yoast SEO plugin. -->","yoast_head_json":{"title":"Copaf | Informa\u00e7\u00f5es de acesso a medicamentos - Secretaria da Sa\u00fade do Cear\u00e1","robots":{"index":"index","follow":"follow","max-snippet":"max-snippet:-1","max-image-preview":"max-image-preview:large","max-video-preview":"max-video-preview:-1"},"canonical":"https:\/\/ww16.ce.gov.br\/saude\/assistenciafarmaceutica\/fiquepordentro\/infomacoes-acesso-medicamentos\/","og_locale":"pt_BR","og_type":"article","og_title":"Copaf | Informa\u00e7\u00f5es de acesso a medicamentos - Secretaria da Sa\u00fade do Cear\u00e1","og_description":"Informa\u00e7\u00f5es de acesso a medicamentos &nbsp; 1 &#8211; Componente B\u00e1sico da Assist\u00eancia Farmac\u00eautica &#8211; CBAF &nbsp; Como ter acesso a Assist\u00eancia Farmac\u00eautica B\u00e1sica (AFB) Como ter acesso a Assist\u00eancia Farmac\u00eautica Secund\u00e1ria (AFS) Lista de medicamentos da Assist\u00eancia Farmac\u00eautica B\u00e1sica (AFB) Lista de medicamentos da Assist\u00eancia Farmac\u00eautica Secund\u00e1ria (AFS) &nbsp; 2 &#8211; Componente Estrat\u00e9gico da Assist\u00eancia [&hellip;]","og_url":"https:\/\/ww16.ce.gov.br\/saude\/assistenciafarmaceutica\/fiquepordentro\/infomacoes-acesso-medicamentos\/","og_site_name":"Secretaria da Sa\u00fade do Cear\u00e1","article_modified_time":"2022-10-04T15:25:37+00:00","twitter_card":"summary_large_image","twitter_misc":{"Est. reading time":"1 minuto"},"schema":{"@context":"https:\/\/schema.org","@graph":[{"@type":"WebPage","@id":"https:\/\/ww16.ce.gov.br\/saude\/assistenciafarmaceutica\/fiquepordentro\/infomacoes-acesso-medicamentos\/","url":"https:\/\/ww16.ce.gov.br\/saude\/assistenciafarmaceutica\/fiquepordentro\/infomacoes-acesso-medicamentos\/","name":"Copaf | Informa\u00e7\u00f5es de acesso a medicamentos - Secretaria da Sa\u00fade do Cear\u00e1","isPartOf":{"@id":"https:\/\/ww16.ce.gov.br\/saude\/#website"},"datePublished":"2022-02-25T13:16:27+00:00","dateModified":"2022-10-04T15:25:37+00:00","breadcrumb":{"@id":"https:\/\/ww16.ce.gov.br\/saude\/assistenciafarmaceutica\/fiquepordentro\/infomacoes-acesso-medicamentos\/#breadcrumb"},"inLanguage":"pt-BR","potentialAction":[{"@type":"ReadAction","target":["https:\/\/ww16.ce.gov.br\/saude\/assistenciafarmaceutica\/fiquepordentro\/infomacoes-acesso-medicamentos\/"]}]},{"@type":"BreadcrumbList","@id":"https:\/\/ww16.ce.gov.br\/saude\/assistenciafarmaceutica\/fiquepordentro\/infomacoes-acesso-medicamentos\/#breadcrumb","itemListElement":[{"@type":"ListItem","position":1,"name":"In\u00edcio","item":"https:\/\/ww16.ce.gov.br\/saude\/"},{"@type":"ListItem","position":2,"name":"COPAF | Principal","item":"https:\/\/ww16.ce.gov.br\/saude\/?page_id=100491"},{"@type":"ListItem","position":3,"name":"COPAF | Fique por dentro","item":"https:\/\/ww16.ce.gov.br\/saude\/assistenciafarmaceutica\/fiquepordentro\/"},{"@type":"ListItem","position":4,"name":"Copaf | Informa\u00e7\u00f5es de acesso a medicamentos"}]},{"@type":"WebSite","@id":"https:\/\/ww16.ce.gov.br\/saude\/#website","url":"https:\/\/ww16.ce.gov.br\/saude\/","name":"Secretaria da Sa\u00fade","description":"Secretaria da Sa\u00fade do Cear\u00e1","publisher":{"@id":"https:\/\/ww16.ce.gov.br\/saude\/#organization"},"potentialAction":[{"@type":"SearchAction","target":{"@type":"EntryPoint","urlTemplate":"https:\/\/ww16.ce.gov.br\/saude\/?s={search_term_string}"},"query-input":{"@type":"PropertyValueSpecification","valueRequired":true,"valueName":"search_term_string"}}],"inLanguage":"pt-BR"},{"@type":"Organization","@id":"https:\/\/ww16.ce.gov.br\/saude\/#organization","name":"Secretaria da Sa\u00fade","url":"https:\/\/ww16.ce.gov.br\/saude\/","logo":{"@type":"ImageObject","inLanguage":"pt-BR","@id":"https:\/\/ww16.ce.gov.br\/saude\/#\/schema\/logo\/image\/","url":"http:\/\/ww16.ce.gov.br\/saude\/wp-content\/uploads\/sites\/9\/2017\/11\/clara.png","contentUrl":"http:\/\/ww16.ce.gov.br\/saude\/wp-content\/uploads\/sites\/9\/2017\/11\/clara.png","width":559,"height":106,"caption":"Secretaria da Sa\u00fade"},"image":{"@id":"https:\/\/ww16.ce.gov.br\/saude\/#\/schema\/logo\/image\/"}}]}},"_links":{"self":[{"href":"https:\/\/ww16.ce.gov.br\/saude\/wp-json\/wp\/v2\/pages\/106331","targetHints":{"allow":["GET"]}}],"collection":[{"href":"https:\/\/ww16.ce.gov.br\/saude\/wp-json\/wp\/v2\/pages"}],"about":[{"href":"https:\/\/ww16.ce.gov.br\/saude\/wp-json\/wp\/v2\/types\/page"}],"author":[{"embeddable":true,"href":"https:\/\/ww16.ce.gov.br\/saude\/wp-json\/wp\/v2\/users\/12"}],"replies":[{"embeddable":true,"href":"https:\/\/ww16.ce.gov.br\/saude\/wp-json\/wp\/v2\/comments?post=106331"}],"version-history":[{"count":31,"href":"https:\/\/ww16.ce.gov.br\/saude\/wp-json\/wp\/v2\/pages\/106331\/revisions"}],"predecessor-version":[{"id":111198,"href":"https:\/\/ww16.ce.gov.br\/saude\/wp-json\/wp\/v2\/pages\/106331\/revisions\/111198"}],"up":[{"embeddable":true,"href":"https:\/\/ww16.ce.gov.br\/saude\/wp-json\/wp\/v2\/pages\/100499"}],"wp:attachment":[{"href":"https:\/\/ww16.ce.gov.br\/saude\/wp-json\/wp\/v2\/media?parent=106331"}],"curies":[{"name":"wp","href":"https:\/\/api.w.org\/{rel}","templated":true}]}}