{"id":100499,"date":"2021-08-17T17:59:46","date_gmt":"2021-08-17T20:59:46","guid":{"rendered":"http:\/\/ww16.ce.gov.br\/saude\/?page_id=100499"},"modified":"2021-08-17T18:05:34","modified_gmt":"2021-08-17T21:05:34","slug":"fiquepordentro","status":"publish","type":"page","link":"https:\/\/ww16.ce.gov.br\/saude\/assistenciafarmaceutica\/fiquepordentro\/","title":{"rendered":"COPAF | Fique por dentro"},"content":{"rendered":"\n    <h3 class=\"titulo personalizado\">Fique por dentro<\/h3>\n\n&nbsp;\r\n<div class=\"\">\r\n<div class=\"row\" style=\"text-align: center\">\r\n\r\n<div class=\"mp-6 ml-6 tp-4 tl-2 dt-2\">\r\n\r\n<a href=\"https:\/\/ww16.ce.gov.br\/saude\/assistenciafarmaceutica\/fiquepordentro\/infomacoes-acesso-medicamentos\/\" target=\"_blank\" rel=\"noopener noreferrer\">\r\n<img decoding=\"async\" src=\"https:\/\/ww16.ce.gov.br\/saude\/wp-content\/uploads\/sites\/64\/2022\/03\/icon_copaf_medicamentos_importados_2.png\" alt=\"Imagem com o logo de medicamentos\"><\/a>\r\n<\/a>\r\n<h4>Informa\u00e7\u00f5es de acesso a medicamentos<\/h4>\r\n\r\n<\/div>\r\n\r\n<div class=\"mp-6 ml-6 tp-4 tl-2 dt-2\">\r\n\r\n<a href=\"https:\/\/ww16.ce.gov.br\/saude\/download\/relatorios-de-abastecimento-copaf\/\">\r\n<img decoding=\"async\" src=\"https:\/\/ww16.ce.gov.br\/saude\/wp-content\/uploads\/sites\/64\/2020\/03\/icon_indicadores.png\" alt=\"Imagem com o icone de abastecimento\">\r\n<\/a>\r\n\r\n<h4>Relat\u00f3rio de abastecimento<\/h4>\r\n<\/div>\r\n\r\n<div class=\"mp-6 ml-6 tp-4 tl-2 dt-2\">\r\n\r\n<a href=\"https:\/\/www.portalcompras.ce.gov.br\/compras\/menu-catalogo-de-itens\/\">\r\n<img decoding=\"async\" src=\"https:\/\/ww16.ce.gov.br\/saude\/wp-content\/uploads\/sites\/64\/2020\/03\/icon_guia.png\" alt=\"Imagem com o logo de pote com leite\">\r\n<\/a>\r\n\r\n<h4>Compras<\/h4>\r\n<\/div>\r\n\r\n<div class=\"mp-6 ml-6 tp-4 tl-2 dt-2\">\r\n\r\n<a href=\"https:\/\/ww16.ce.gov.br\/saude\/fitoterapia\/\">\r\n<img decoding=\"async\" src=\"https:\/\/ww16.ce.gov.br\/saude\/wp-content\/uploads\/sites\/64\/2020\/03\/icon_fitoterapia.png\" alt=\"Imagem com o logo da fitoterapia\">\r\n<\/a>\r\n\r\n<h4>Fitoterapia<\/h4>\r\n<\/div>\r\n\r\n<div class=\"mp-6 ml-6 tp-4 tl-2 dt-2\">\r\n\r\n<a href=\"https:\/\/ww16.ce.gov.br\/saude\/assistenciafarmaceutica\/fiquepordentro\/medicamentosimportados\/\" target=\"_blank\" rel=\"noopener noreferrer\">\r\n<img decoding=\"async\" src=\"https:\/\/ww16.ce.gov.br\/saude\/wp-content\/uploads\/sites\/64\/2022\/03\/icon_hmjma_ambulatorio.png\" alt=\"Imagem com o logo de acesso a medicamentos\">\r\n\r\n<h4>Medicamentos Importados<\/h4>\r\n<\/div>\r\n\r\n<div class=\"mp-6 ml-6 tp-4 tl-2 dt-2\">\r\n\r\n<a href=\"https:\/\/ww16.ce.gov.br\/saude\/assistenciafarmaceutica\/fiquepordentro\/judicializacao\/\">\r\n<img decoding=\"async\" src=\"https:\/\/ww16.ce.gov.br\/saude\/wp-content\/uploads\/sites\/64\/2022\/02\/icon_judicializacao.png\" alt=\"Imagem com o logo de martelo de juiz\">\r\n<\/a>\r\n<h4>Judicializa\u00e7\u00e3o<\/h4>\r\n<\/div>\r\n\r\n\r\n\r\n\r\n\n","protected":false},"excerpt":{"rendered":"","protected":false},"author":12,"featured_media":0,"parent":100491,"menu_order":2,"comment_status":"closed","ping_status":"closed","template":"pagina-lista-filhas.php","meta":{"_acf_changed":false,"inline_featured_image":false,"footnotes":""},"class_list":["post-100499","page","type-page","status-publish","hentry"],"acf":[],"yoast_head":"<!-- This site is optimized with the Yoast SEO plugin v26.9 - https:\/\/yoast.com\/product\/yoast-seo-wordpress\/ -->\n<title>COPAF | Fique por dentro - Secretaria da Sa\u00fade do Cear\u00e1<\/title>\n<meta name=\"robots\" content=\"index, follow, max-snippet:-1, max-image-preview:large, max-video-preview:-1\" \/>\n<link rel=\"canonical\" href=\"https:\/\/ww16.ce.gov.br\/saude\/assistenciafarmaceutica\/fiquepordentro\/\" \/>\n<meta property=\"og:locale\" content=\"pt_BR\" \/>\n<meta property=\"og:type\" content=\"article\" \/>\n<meta property=\"og:title\" content=\"COPAF | Fique por dentro - Secretaria da Sa\u00fade do Cear\u00e1\" \/>\n<meta property=\"og:url\" content=\"https:\/\/ww16.ce.gov.br\/saude\/assistenciafarmaceutica\/fiquepordentro\/\" \/>\n<meta property=\"og:site_name\" content=\"Secretaria da Sa\u00fade do Cear\u00e1\" \/>\n<meta property=\"article:modified_time\" content=\"2021-08-17T21:05:34+00:00\" \/>\n<meta name=\"twitter:card\" content=\"summary_large_image\" \/>\n<script type=\"application\/ld+json\" class=\"yoast-schema-graph\">{\"@context\":\"https:\/\/schema.org\",\"@graph\":[{\"@type\":\"WebPage\",\"@id\":\"https:\/\/ww16.ce.gov.br\/saude\/assistenciafarmaceutica\/fiquepordentro\/\",\"url\":\"https:\/\/ww16.ce.gov.br\/saude\/assistenciafarmaceutica\/fiquepordentro\/\",\"name\":\"COPAF | Fique por dentro - Secretaria da Sa\u00fade do Cear\u00e1\",\"isPartOf\":{\"@id\":\"https:\/\/ww16.ce.gov.br\/saude\/#website\"},\"datePublished\":\"2021-08-17T20:59:46+00:00\",\"dateModified\":\"2021-08-17T21:05:34+00:00\",\"breadcrumb\":{\"@id\":\"https:\/\/ww16.ce.gov.br\/saude\/assistenciafarmaceutica\/fiquepordentro\/#breadcrumb\"},\"inLanguage\":\"pt-BR\",\"potentialAction\":[{\"@type\":\"ReadAction\",\"target\":[\"https:\/\/ww16.ce.gov.br\/saude\/assistenciafarmaceutica\/fiquepordentro\/\"]}]},{\"@type\":\"BreadcrumbList\",\"@id\":\"https:\/\/ww16.ce.gov.br\/saude\/assistenciafarmaceutica\/fiquepordentro\/#breadcrumb\",\"itemListElement\":[{\"@type\":\"ListItem\",\"position\":1,\"name\":\"In\u00edcio\",\"item\":\"https:\/\/ww16.ce.gov.br\/saude\/\"},{\"@type\":\"ListItem\",\"position\":2,\"name\":\"COPAF | Principal\",\"item\":\"https:\/\/ww16.ce.gov.br\/saude\/?page_id=100491\"},{\"@type\":\"ListItem\",\"position\":3,\"name\":\"COPAF | Fique por dentro\"}]},{\"@type\":\"WebSite\",\"@id\":\"https:\/\/ww16.ce.gov.br\/saude\/#website\",\"url\":\"https:\/\/ww16.ce.gov.br\/saude\/\",\"name\":\"Secretaria da Sa\u00fade\",\"description\":\"Secretaria da Sa\u00fade do Cear\u00e1\",\"publisher\":{\"@id\":\"https:\/\/ww16.ce.gov.br\/saude\/#organization\"},\"potentialAction\":[{\"@type\":\"SearchAction\",\"target\":{\"@type\":\"EntryPoint\",\"urlTemplate\":\"https:\/\/ww16.ce.gov.br\/saude\/?s={search_term_string}\"},\"query-input\":{\"@type\":\"PropertyValueSpecification\",\"valueRequired\":true,\"valueName\":\"search_term_string\"}}],\"inLanguage\":\"pt-BR\"},{\"@type\":\"Organization\",\"@id\":\"https:\/\/ww16.ce.gov.br\/saude\/#organization\",\"name\":\"Secretaria da Sa\u00fade\",\"url\":\"https:\/\/ww16.ce.gov.br\/saude\/\",\"logo\":{\"@type\":\"ImageObject\",\"inLanguage\":\"pt-BR\",\"@id\":\"https:\/\/ww16.ce.gov.br\/saude\/#\/schema\/logo\/image\/\",\"url\":\"http:\/\/ww16.ce.gov.br\/saude\/wp-content\/uploads\/sites\/9\/2017\/11\/clara.png\",\"contentUrl\":\"http:\/\/ww16.ce.gov.br\/saude\/wp-content\/uploads\/sites\/9\/2017\/11\/clara.png\",\"width\":559,\"height\":106,\"caption\":\"Secretaria da Sa\u00fade\"},\"image\":{\"@id\":\"https:\/\/ww16.ce.gov.br\/saude\/#\/schema\/logo\/image\/\"}}]}<\/script>\n<!-- \/ Yoast SEO plugin. -->","yoast_head_json":{"title":"COPAF | Fique por dentro - Secretaria da Sa\u00fade do Cear\u00e1","robots":{"index":"index","follow":"follow","max-snippet":"max-snippet:-1","max-image-preview":"max-image-preview:large","max-video-preview":"max-video-preview:-1"},"canonical":"https:\/\/ww16.ce.gov.br\/saude\/assistenciafarmaceutica\/fiquepordentro\/","og_locale":"pt_BR","og_type":"article","og_title":"COPAF | Fique por dentro - Secretaria da Sa\u00fade do Cear\u00e1","og_url":"https:\/\/ww16.ce.gov.br\/saude\/assistenciafarmaceutica\/fiquepordentro\/","og_site_name":"Secretaria da Sa\u00fade do Cear\u00e1","article_modified_time":"2021-08-17T21:05:34+00:00","twitter_card":"summary_large_image","schema":{"@context":"https:\/\/schema.org","@graph":[{"@type":"WebPage","@id":"https:\/\/ww16.ce.gov.br\/saude\/assistenciafarmaceutica\/fiquepordentro\/","url":"https:\/\/ww16.ce.gov.br\/saude\/assistenciafarmaceutica\/fiquepordentro\/","name":"COPAF | Fique por dentro - Secretaria da Sa\u00fade do Cear\u00e1","isPartOf":{"@id":"https:\/\/ww16.ce.gov.br\/saude\/#website"},"datePublished":"2021-08-17T20:59:46+00:00","dateModified":"2021-08-17T21:05:34+00:00","breadcrumb":{"@id":"https:\/\/ww16.ce.gov.br\/saude\/assistenciafarmaceutica\/fiquepordentro\/#breadcrumb"},"inLanguage":"pt-BR","potentialAction":[{"@type":"ReadAction","target":["https:\/\/ww16.ce.gov.br\/saude\/assistenciafarmaceutica\/fiquepordentro\/"]}]},{"@type":"BreadcrumbList","@id":"https:\/\/ww16.ce.gov.br\/saude\/assistenciafarmaceutica\/fiquepordentro\/#breadcrumb","itemListElement":[{"@type":"ListItem","position":1,"name":"In\u00edcio","item":"https:\/\/ww16.ce.gov.br\/saude\/"},{"@type":"ListItem","position":2,"name":"COPAF | Principal","item":"https:\/\/ww16.ce.gov.br\/saude\/?page_id=100491"},{"@type":"ListItem","position":3,"name":"COPAF | Fique por dentro"}]},{"@type":"WebSite","@id":"https:\/\/ww16.ce.gov.br\/saude\/#website","url":"https:\/\/ww16.ce.gov.br\/saude\/","name":"Secretaria da Sa\u00fade","description":"Secretaria da Sa\u00fade do Cear\u00e1","publisher":{"@id":"https:\/\/ww16.ce.gov.br\/saude\/#organization"},"potentialAction":[{"@type":"SearchAction","target":{"@type":"EntryPoint","urlTemplate":"https:\/\/ww16.ce.gov.br\/saude\/?s={search_term_string}"},"query-input":{"@type":"PropertyValueSpecification","valueRequired":true,"valueName":"search_term_string"}}],"inLanguage":"pt-BR"},{"@type":"Organization","@id":"https:\/\/ww16.ce.gov.br\/saude\/#organization","name":"Secretaria da Sa\u00fade","url":"https:\/\/ww16.ce.gov.br\/saude\/","logo":{"@type":"ImageObject","inLanguage":"pt-BR","@id":"https:\/\/ww16.ce.gov.br\/saude\/#\/schema\/logo\/image\/","url":"http:\/\/ww16.ce.gov.br\/saude\/wp-content\/uploads\/sites\/9\/2017\/11\/clara.png","contentUrl":"http:\/\/ww16.ce.gov.br\/saude\/wp-content\/uploads\/sites\/9\/2017\/11\/clara.png","width":559,"height":106,"caption":"Secretaria da Sa\u00fade"},"image":{"@id":"https:\/\/ww16.ce.gov.br\/saude\/#\/schema\/logo\/image\/"}}]}},"_links":{"self":[{"href":"https:\/\/ww16.ce.gov.br\/saude\/wp-json\/wp\/v2\/pages\/100499","targetHints":{"allow":["GET"]}}],"collection":[{"href":"https:\/\/ww16.ce.gov.br\/saude\/wp-json\/wp\/v2\/pages"}],"about":[{"href":"https:\/\/ww16.ce.gov.br\/saude\/wp-json\/wp\/v2\/types\/page"}],"author":[{"embeddable":true,"href":"https:\/\/ww16.ce.gov.br\/saude\/wp-json\/wp\/v2\/users\/12"}],"replies":[{"embeddable":true,"href":"https:\/\/ww16.ce.gov.br\/saude\/wp-json\/wp\/v2\/comments?post=100499"}],"version-history":[{"count":2,"href":"https:\/\/ww16.ce.gov.br\/saude\/wp-json\/wp\/v2\/pages\/100499\/revisions"}],"predecessor-version":[{"id":100503,"href":"https:\/\/ww16.ce.gov.br\/saude\/wp-json\/wp\/v2\/pages\/100499\/revisions\/100503"}],"up":[{"embeddable":true,"href":"https:\/\/ww16.ce.gov.br\/saude\/wp-json\/wp\/v2\/pages\/100491"}],"wp:attachment":[{"href":"https:\/\/ww16.ce.gov.br\/saude\/wp-json\/wp\/v2\/media?parent=100499"}],"curies":[{"name":"wp","href":"https:\/\/api.w.org\/{rel}","templated":true}]}}