{"id":65713,"date":"2026-05-11T14:48:08","date_gmt":"2026-05-11T17:48:08","guid":{"rendered":"https:\/\/ww16.ce.gov.br\/protecaoanimal\/?page_id=65713"},"modified":"2026-05-11T14:57:51","modified_gmt":"2026-05-11T17:57:51","slug":"secretarios-2","status":"publish","type":"page","link":"https:\/\/ww16.ce.gov.br\/protecaoanimal\/secretarios-2\/","title":{"rendered":"Secret\u00e1rios"},"content":{"rendered":"<div class=\"secretarios-container\"><div class=\"destaque-governo\" style=\"margin-bottom: 1.25rem;\"><div class=\"perfil-redes-sociais\"><img decoding=\"async\" src=\"https:\/\/ww16.ce.gov.br\/protecaoanimal\/wp-content\/uploads\/sites\/17\/2017\/11\/MARCEL_SEPA_ANP02-600x900-1.jpg\" alt=\"Marcel Sales Gir\u00e3o\" class=\"governo-foto\"><div class=\"governo-redes-sociais\"><div class=\"social-icon-container\"><a href=\"https:\/\/www.instagram.com\/marcelgirao\/\" target=\"_blank\"><img decoding=\"async\" src=\"https:\/\/ww16.ce.gov.br\/protecaoanimal\/wp-content\/plugins\/cegovbr-secretarios\/assets\/imagens\/instagram.svg\" alt=\"Instagram\" class=\"social-instagram\"><\/a><\/div><\/div><\/div><div class=\"governo-bio\"><div class=\"governo-orgao\">Secret\u00e1rio da Prote\u00e7\u00e3o Animal e Secre&#8230;<\/div><h3 class=\"governo-nome\">Marcel Sales Gir\u00e3o<\/h3><div class=\"governo-bio-texto\"><p style=\"margin: 0px 0px 20px;padding: 0px;border: 0px;font-variant: normal;font-size: 14px;line-height: 20px;vertical-align: baseline;color: #000000;font-family: OpenSans-Semibold, Helvetica, Arial, sans-serif !important\"><span style=\"margin: 0px;padding: 0px;border: 0px;font-style: inherit;font-variant: inherit;font-size: inherit;line-height: inherit;font-family: inherit;vertical-align: baseline\">Economista formado pela Universidade Federal do Cear\u00e1 (UFC). Possui s\u00f3lida experi\u00eancia na gest\u00e3o p\u00fablica, com atua\u00e7\u00e3o destacada na \u00e1rea de prote\u00e7\u00e3o e bem-estar animal. No campo pol\u00edtico, foi primeiro suplente a Deputado Estadual entre 2018 e 2022. J\u00e1 e<\/span><span style=\"margin: 0px;padding: 0px;border: 0px;font-style: inherit;font-variant: inherit;font-size: inherit;line-height: inherit;font-family: inherit;vertical-align: baseline\">ntre 2021 e 2025, exerceu o cargo de Secret\u00e1rio Municipal de Prote\u00e7\u00e3o Animal de Fortaleza, per\u00edodo em que coordenou importantes avan\u00e7os na pol\u00edtica p\u00fablica do setor. Na \u00e1rea acad\u00eamica, atuou como Coordenador Acad\u00eamico Universit\u00e1rio e Professor de Estat\u00edstica Econ\u00f4mica, conciliando conhecimento t\u00e9cnico e gest\u00e3o.<\/span><\/p>\n<p style=\"margin: 0px 0px 20px;padding: 0px;border: 0px;font-style: normal;font-variant: normal;font-size: 14px;line-height: 1.5em;font-family: OpenSans-Regular, Helvetica, Arial, sans-serif;vertical-align: baseline;color: #000000\"><span style=\"margin: 0px;padding: 0px;border: 0px;font-style: inherit;font-variant: inherit;font-size: inherit;line-height: inherit;font-family: inherit;vertical-align: baseline\">Durante sua trajet\u00f3ria, foi respons\u00e1vel por iniciativas de grande impacto, como a duplica\u00e7\u00e3o do n\u00famero de VetM\u00f3veis em Fortaleza, a duplica\u00e7\u00e3o da Cl\u00ednica P\u00fablica Veterin\u00e1ria Jac\u00f3 e a cria\u00e7\u00e3o do projeto Escola Amiga dos Animais, implementado na rede municipal de ensino.<\/span><\/p>\n<p style=\"margin: 0px 0px 20px;padding: 0px;border: 0px;font-style: normal;font-variant: normal;font-size: 14px;line-height: 1.5em;font-family: OpenSans-Regular, Helvetica, Arial, sans-serif;vertical-align: baseline;color: #000000\"><strong>Atualmente, responde como Secret\u00e1rio da Prote\u00e7\u00e3o Animal, al\u00e9m de atuar como Secret\u00e1rio Executivo de Infraestrutura e Equipamentos, sendo respons\u00e1vel por apoiar a formula\u00e7\u00e3o, a execu\u00e7\u00e3o e o fortalecimento das pol\u00edticas p\u00fablicas estaduais voltadas \u00e0 prote\u00e7\u00e3o e ao bem-estar animal.<\/strong><\/p>\n<\/div><\/div><\/div><div class=\"destaque-governo layout-alternating\" style=\"margin-bottom: 1.25rem;\"><div class=\"perfil-redes-sociais\"><img decoding=\"async\" src=\"https:\/\/ww16.ce.gov.br\/protecaoanimal\/wp-content\/uploads\/sites\/17\/2025\/06\/DANI-scaled-e1750267079180.jpg\" alt=\"Daniele Cavalcante Barroso\" class=\"governo-foto\"><div class=\"governo-redes-sociais\"><div class=\"social-icon-container\"><a href=\"https:\/\/www.instagram.com\/protetoradani_\/\" target=\"_blank\"><img decoding=\"async\" src=\"https:\/\/ww16.ce.gov.br\/protecaoanimal\/wp-content\/plugins\/cegovbr-secretarios\/assets\/imagens\/instagram.svg\" alt=\"Instagram\" class=\"social-instagram\"><\/a><\/div><\/div><\/div><div class=\"governo-bio\"><div class=\"governo-orgao\">Secret\u00e1ria Executiva de Prote\u00e7\u00e3o e Be&#8230;<\/div><h3 class=\"governo-nome\">Daniele Cavalcante Barroso<\/h3><div class=\"governo-bio-texto\"><p>&nbsp;<\/p>\n<p>Licenciada em Pedagogia e Biologia pela Universidade Estadual Vale do Acara\u00fa (UVA), Daniele Cavalcante Barroso possui trajet\u00f3ria consolidada na gest\u00e3o p\u00fablica, com forte atua\u00e7\u00e3o na causa animal e em projetos socioambientais. \u00c9 protetora e militante da causa animal, com diversas forma\u00e7\u00f5es complementares, incluindo Gest\u00e3o de Projetos Sociais, Bem-Estar Animal, Forma\u00e7\u00e3o Pol\u00edtica, Direito Ambiental B\u00e1sico, Adestramento de C\u00e3es e Controle Interno na Gest\u00e3o P\u00fablica.<\/p>\n<p>Na gest\u00e3o p\u00fablica, atuou como Coordenadora de Prote\u00e7\u00e3o e Bem-Estar Animal da Secretaria Municipal de Meio Ambiente de Maracana\u00fa (2017 a 2021) e como Gerente de Bem-Estar Animal da Secretaria Municipal de Bem-Estar Animal do mesmo munic\u00edpio (2022 a 2023), liderando pol\u00edticas p\u00fablicas voltadas \u00e0 prote\u00e7\u00e3o animal e desenvolvimento de projetos de bem-estar.<\/p>\n<p>Tamb\u00e9m atuou como professora de Biologia na Secretaria da Educa\u00e7\u00e3o do Cear\u00e1 (SEDUC), entre 2008 e 2013, unindo conhecimento t\u00e9cnico, educa\u00e7\u00e3o ambiental e compromisso social. Atualmente, exerce o cargo de Secret\u00e1ria Executiva de Prote\u00e7\u00e3o Animal da Secretaria da Prote\u00e7\u00e3o Animal do Estado do Cear\u00e1, fortalecendo as pol\u00edticas p\u00fablicas em defesa dos animais no estado.<\/p>\n<\/div><\/div><\/div><div class=\"destaque-governo\" style=\"margin-bottom: 1.25rem;\"><div class=\"perfil-redes-sociais\"><img decoding=\"async\" src=\"https:\/\/ww16.ce.gov.br\/protecaoanimal\/wp-content\/uploads\/sites\/17\/2025\/06\/MARCOS-scaled-e1750267094378.jpg\" alt=\"Marcos Andrade J\u00fanior\" class=\"governo-foto\"><div class=\"governo-redes-sociais\"><\/div><\/div><div class=\"governo-bio\"><div class=\"governo-orgao\">Secret\u00e1rio Executivo de Planejamento e &#8230;<\/div><h3 class=\"governo-nome\">Marcos Andrade J\u00fanior<\/h3><div class=\"governo-bio-texto\"><p>Marcos Andrade J\u00fanior \u00e9 formado em Contabilidade e tem ampla experi\u00eancia na gest\u00e3o p\u00fablica e na articula\u00e7\u00e3o pol\u00edtico-administrativa. Atuou como assessor parlamentar em diferentes esferas do poder, passando por gabinetes de deputados federais.<\/p>\n<p>Com trajet\u00f3ria tamb\u00e9m no setor privado como empres\u00e1rio, Marcos acumulou viv\u00eancia pr\u00e1tica na administra\u00e7\u00e3o de recursos e planejamento estrat\u00e9gico. Atualmente, exerce o cargo de Secret\u00e1rio Executivo de Planejamento e Gest\u00e3o Interna da Secretaria da Prote\u00e7\u00e3o Animal do Estado do Cear\u00e1, com foco na ordena\u00e7\u00e3o de despesas, planejamento de a\u00e7\u00f5es e processos internos da pasta.<\/p>\n<\/div><\/div><\/div><div class=\"div-listagem-cards-secretarios\"><div class=\"div-lista-cards secretarios-grid\"><\/div><\/div><\/div>\n\n\n<div class=\"wp-block-columns is-layout-flex wp-container-core-columns-is-layout-9d6595d7 wp-block-columns-is-layout-flex\">\n<div class=\"wp-block-column is-layout-flow wp-block-column-is-layout-flow\" style=\"flex-basis:100%\">\n<details class=\"wp-block-details is-layout-flow wp-block-details-is-layout-flow\" open><summary><\/summary>\n<p><\/p>\n<\/details>\n<\/div>\n<\/div>\n","protected":false},"excerpt":{"rendered":"","protected":false},"author":156,"featured_media":0,"parent":0,"menu_order":0,"comment_status":"closed","ping_status":"closed","template":"page-secretarios.php","meta":{"_acf_changed":false,"inline_featured_image":false,"footnotes":""},"class_list":["post-65713","page","type-page","status-publish","hentry"],"acf":[],"yoast_head":"<!-- This site is optimized with the Yoast SEO plugin v26.9 - https:\/\/yoast.com\/product\/yoast-seo-wordpress\/ -->\n<title>Secret\u00e1rios - Secretaria de Prote\u00e7\u00e3o Animal<\/title>\n<meta name=\"robots\" content=\"index, follow, max-snippet:-1, max-image-preview:large, max-video-preview:-1\" \/>\n<link rel=\"canonical\" href=\"https:\/\/ww16.ce.gov.br\/protecaoanimal\/secretarios-2\/\" \/>\n<meta property=\"og:locale\" content=\"pt_BR\" \/>\n<meta property=\"og:type\" content=\"article\" \/>\n<meta property=\"og:title\" content=\"Secret\u00e1rios - Secretaria de Prote\u00e7\u00e3o Animal\" \/>\n<meta property=\"og:url\" content=\"https:\/\/ww16.ce.gov.br\/protecaoanimal\/secretarios-2\/\" \/>\n<meta property=\"og:site_name\" content=\"Secretaria de Prote\u00e7\u00e3o Animal\" \/>\n<meta property=\"article:modified_time\" content=\"2026-05-11T17:57:51+00:00\" \/>\n<meta name=\"twitter:card\" content=\"summary_large_image\" \/>\n<script type=\"application\/ld+json\" class=\"yoast-schema-graph\">{\"@context\":\"https:\/\/schema.org\",\"@graph\":[{\"@type\":\"WebPage\",\"@id\":\"https:\/\/ww16.ce.gov.br\/protecaoanimal\/secretarios-2\/\",\"url\":\"https:\/\/ww16.ce.gov.br\/protecaoanimal\/secretarios-2\/\",\"name\":\"Secret\u00e1rios - Secretaria de Prote\u00e7\u00e3o Animal\",\"isPartOf\":{\"@id\":\"https:\/\/ww16.ce.gov.br\/protecaoanimal\/#website\"},\"datePublished\":\"2026-05-11T17:48:08+00:00\",\"dateModified\":\"2026-05-11T17:57:51+00:00\",\"breadcrumb\":{\"@id\":\"https:\/\/ww16.ce.gov.br\/protecaoanimal\/secretarios-2\/#breadcrumb\"},\"inLanguage\":\"pt-BR\",\"potentialAction\":[{\"@type\":\"ReadAction\",\"target\":[\"https:\/\/ww16.ce.gov.br\/protecaoanimal\/secretarios-2\/\"]}]},{\"@type\":\"BreadcrumbList\",\"@id\":\"https:\/\/ww16.ce.gov.br\/protecaoanimal\/secretarios-2\/#breadcrumb\",\"itemListElement\":[{\"@type\":\"ListItem\",\"position\":1,\"name\":\"In\u00edcio\",\"item\":\"https:\/\/ww16.ce.gov.br\/protecaoanimal\/\"},{\"@type\":\"ListItem\",\"position\":2,\"name\":\"Secret\u00e1rios\"}]},{\"@type\":\"WebSite\",\"@id\":\"https:\/\/ww16.ce.gov.br\/protecaoanimal\/#website\",\"url\":\"https:\/\/ww16.ce.gov.br\/protecaoanimal\/\",\"name\":\"Secretaria de Prote\u00e7\u00e3o Animal\",\"description\":\"Modelo Padr\u00e3o do Estado\",\"potentialAction\":[{\"@type\":\"SearchAction\",\"target\":{\"@type\":\"EntryPoint\",\"urlTemplate\":\"https:\/\/ww16.ce.gov.br\/protecaoanimal\/?s={search_term_string}\"},\"query-input\":{\"@type\":\"PropertyValueSpecification\",\"valueRequired\":true,\"valueName\":\"search_term_string\"}}],\"inLanguage\":\"pt-BR\"}]}<\/script>\n<!-- \/ Yoast SEO plugin. -->","yoast_head_json":{"title":"Secret\u00e1rios - Secretaria de Prote\u00e7\u00e3o Animal","robots":{"index":"index","follow":"follow","max-snippet":"max-snippet:-1","max-image-preview":"max-image-preview:large","max-video-preview":"max-video-preview:-1"},"canonical":"https:\/\/ww16.ce.gov.br\/protecaoanimal\/secretarios-2\/","og_locale":"pt_BR","og_type":"article","og_title":"Secret\u00e1rios - Secretaria de Prote\u00e7\u00e3o Animal","og_url":"https:\/\/ww16.ce.gov.br\/protecaoanimal\/secretarios-2\/","og_site_name":"Secretaria de Prote\u00e7\u00e3o Animal","article_modified_time":"2026-05-11T17:57:51+00:00","twitter_card":"summary_large_image","schema":{"@context":"https:\/\/schema.org","@graph":[{"@type":"WebPage","@id":"https:\/\/ww16.ce.gov.br\/protecaoanimal\/secretarios-2\/","url":"https:\/\/ww16.ce.gov.br\/protecaoanimal\/secretarios-2\/","name":"Secret\u00e1rios - Secretaria de Prote\u00e7\u00e3o Animal","isPartOf":{"@id":"https:\/\/ww16.ce.gov.br\/protecaoanimal\/#website"},"datePublished":"2026-05-11T17:48:08+00:00","dateModified":"2026-05-11T17:57:51+00:00","breadcrumb":{"@id":"https:\/\/ww16.ce.gov.br\/protecaoanimal\/secretarios-2\/#breadcrumb"},"inLanguage":"pt-BR","potentialAction":[{"@type":"ReadAction","target":["https:\/\/ww16.ce.gov.br\/protecaoanimal\/secretarios-2\/"]}]},{"@type":"BreadcrumbList","@id":"https:\/\/ww16.ce.gov.br\/protecaoanimal\/secretarios-2\/#breadcrumb","itemListElement":[{"@type":"ListItem","position":1,"name":"In\u00edcio","item":"https:\/\/ww16.ce.gov.br\/protecaoanimal\/"},{"@type":"ListItem","position":2,"name":"Secret\u00e1rios"}]},{"@type":"WebSite","@id":"https:\/\/ww16.ce.gov.br\/protecaoanimal\/#website","url":"https:\/\/ww16.ce.gov.br\/protecaoanimal\/","name":"Secretaria de Prote\u00e7\u00e3o Animal","description":"Modelo Padr\u00e3o do Estado","potentialAction":[{"@type":"SearchAction","target":{"@type":"EntryPoint","urlTemplate":"https:\/\/ww16.ce.gov.br\/protecaoanimal\/?s={search_term_string}"},"query-input":{"@type":"PropertyValueSpecification","valueRequired":true,"valueName":"search_term_string"}}],"inLanguage":"pt-BR"}]}},"_links":{"self":[{"href":"https:\/\/ww16.ce.gov.br\/protecaoanimal\/wp-json\/wp\/v2\/pages\/65713","targetHints":{"allow":["GET"]}}],"collection":[{"href":"https:\/\/ww16.ce.gov.br\/protecaoanimal\/wp-json\/wp\/v2\/pages"}],"about":[{"href":"https:\/\/ww16.ce.gov.br\/protecaoanimal\/wp-json\/wp\/v2\/types\/page"}],"author":[{"embeddable":true,"href":"https:\/\/ww16.ce.gov.br\/protecaoanimal\/wp-json\/wp\/v2\/users\/156"}],"replies":[{"embeddable":true,"href":"https:\/\/ww16.ce.gov.br\/protecaoanimal\/wp-json\/wp\/v2\/comments?post=65713"}],"version-history":[{"count":5,"href":"https:\/\/ww16.ce.gov.br\/protecaoanimal\/wp-json\/wp\/v2\/pages\/65713\/revisions"}],"predecessor-version":[{"id":65721,"href":"https:\/\/ww16.ce.gov.br\/protecaoanimal\/wp-json\/wp\/v2\/pages\/65713\/revisions\/65721"}],"wp:attachment":[{"href":"https:\/\/ww16.ce.gov.br\/protecaoanimal\/wp-json\/wp\/v2\/media?parent=65713"}],"curies":[{"name":"wp","href":"https:\/\/api.w.org\/{rel}","templated":true}]}}