{"id":64664,"date":"2024-06-24T10:14:50","date_gmt":"2024-06-24T13:14:50","guid":{"rendered":"http:\/\/ww16.ce.gov.br\/protecaoanimal\/?page_id=64664"},"modified":"2024-06-24T10:14:50","modified_gmt":"2024-06-24T13:14:50","slug":"servicos","status":"publish","type":"page","link":"https:\/\/ww16.ce.gov.br\/protecaoanimal\/servicos\/","title":{"rendered":"SERVI\u00c7OS"},"content":{"rendered":"","protected":false},"excerpt":{"rendered":"","protected":false},"author":835,"featured_media":0,"parent":0,"menu_order":0,"comment_status":"closed","ping_status":"closed","template":"","meta":{"_acf_changed":false,"inline_featured_image":false,"footnotes":""},"class_list":["post-64664","page","type-page","status-publish","hentry"],"acf":[],"yoast_head":"<!-- This site is optimized with the Yoast SEO plugin v26.9 - https:\/\/yoast.com\/product\/yoast-seo-wordpress\/ -->\n<title>SERVI\u00c7OS - Secretaria de Prote\u00e7\u00e3o Animal<\/title>\n<meta name=\"robots\" content=\"index, follow, max-snippet:-1, max-image-preview:large, max-video-preview:-1\" \/>\n<link rel=\"canonical\" href=\"https:\/\/ww16.ce.gov.br\/protecaoanimal\/servicos\/\" \/>\n<meta property=\"og:locale\" content=\"pt_BR\" \/>\n<meta property=\"og:type\" content=\"article\" \/>\n<meta property=\"og:title\" content=\"SERVI\u00c7OS - Secretaria de Prote\u00e7\u00e3o Animal\" \/>\n<meta property=\"og:url\" content=\"https:\/\/ww16.ce.gov.br\/protecaoanimal\/servicos\/\" \/>\n<meta property=\"og:site_name\" content=\"Secretaria de Prote\u00e7\u00e3o Animal\" \/>\n<meta name=\"twitter:card\" content=\"summary_large_image\" \/>\n<script type=\"application\/ld+json\" class=\"yoast-schema-graph\">{\"@context\":\"https:\/\/schema.org\",\"@graph\":[{\"@type\":\"WebPage\",\"@id\":\"https:\/\/ww16.ce.gov.br\/protecaoanimal\/servicos\/\",\"url\":\"https:\/\/ww16.ce.gov.br\/protecaoanimal\/servicos\/\",\"name\":\"SERVI\u00c7OS - Secretaria de Prote\u00e7\u00e3o Animal\",\"isPartOf\":{\"@id\":\"https:\/\/ww16.ce.gov.br\/protecaoanimal\/#website\"},\"datePublished\":\"2024-06-24T13:14:50+00:00\",\"breadcrumb\":{\"@id\":\"https:\/\/ww16.ce.gov.br\/protecaoanimal\/servicos\/#breadcrumb\"},\"inLanguage\":\"pt-BR\",\"potentialAction\":[{\"@type\":\"ReadAction\",\"target\":[\"https:\/\/ww16.ce.gov.br\/protecaoanimal\/servicos\/\"]}]},{\"@type\":\"BreadcrumbList\",\"@id\":\"https:\/\/ww16.ce.gov.br\/protecaoanimal\/servicos\/#breadcrumb\",\"itemListElement\":[{\"@type\":\"ListItem\",\"position\":1,\"name\":\"In\u00edcio\",\"item\":\"https:\/\/ww16.ce.gov.br\/protecaoanimal\/\"},{\"@type\":\"ListItem\",\"position\":2,\"name\":\"SERVI\u00c7OS\"}]},{\"@type\":\"WebSite\",\"@id\":\"https:\/\/ww16.ce.gov.br\/protecaoanimal\/#website\",\"url\":\"https:\/\/ww16.ce.gov.br\/protecaoanimal\/\",\"name\":\"Secretaria de Prote\u00e7\u00e3o Animal\",\"description\":\"Modelo Padr\u00e3o do Estado\",\"potentialAction\":[{\"@type\":\"SearchAction\",\"target\":{\"@type\":\"EntryPoint\",\"urlTemplate\":\"https:\/\/ww16.ce.gov.br\/protecaoanimal\/?s={search_term_string}\"},\"query-input\":{\"@type\":\"PropertyValueSpecification\",\"valueRequired\":true,\"valueName\":\"search_term_string\"}}],\"inLanguage\":\"pt-BR\"}]}<\/script>\n<!-- \/ Yoast SEO plugin. -->","yoast_head_json":{"title":"SERVI\u00c7OS - Secretaria de Prote\u00e7\u00e3o Animal","robots":{"index":"index","follow":"follow","max-snippet":"max-snippet:-1","max-image-preview":"max-image-preview:large","max-video-preview":"max-video-preview:-1"},"canonical":"https:\/\/ww16.ce.gov.br\/protecaoanimal\/servicos\/","og_locale":"pt_BR","og_type":"article","og_title":"SERVI\u00c7OS - Secretaria de Prote\u00e7\u00e3o Animal","og_url":"https:\/\/ww16.ce.gov.br\/protecaoanimal\/servicos\/","og_site_name":"Secretaria de Prote\u00e7\u00e3o Animal","twitter_card":"summary_large_image","schema":{"@context":"https:\/\/schema.org","@graph":[{"@type":"WebPage","@id":"https:\/\/ww16.ce.gov.br\/protecaoanimal\/servicos\/","url":"https:\/\/ww16.ce.gov.br\/protecaoanimal\/servicos\/","name":"SERVI\u00c7OS - Secretaria de Prote\u00e7\u00e3o Animal","isPartOf":{"@id":"https:\/\/ww16.ce.gov.br\/protecaoanimal\/#website"},"datePublished":"2024-06-24T13:14:50+00:00","breadcrumb":{"@id":"https:\/\/ww16.ce.gov.br\/protecaoanimal\/servicos\/#breadcrumb"},"inLanguage":"pt-BR","potentialAction":[{"@type":"ReadAction","target":["https:\/\/ww16.ce.gov.br\/protecaoanimal\/servicos\/"]}]},{"@type":"BreadcrumbList","@id":"https:\/\/ww16.ce.gov.br\/protecaoanimal\/servicos\/#breadcrumb","itemListElement":[{"@type":"ListItem","position":1,"name":"In\u00edcio","item":"https:\/\/ww16.ce.gov.br\/protecaoanimal\/"},{"@type":"ListItem","position":2,"name":"SERVI\u00c7OS"}]},{"@type":"WebSite","@id":"https:\/\/ww16.ce.gov.br\/protecaoanimal\/#website","url":"https:\/\/ww16.ce.gov.br\/protecaoanimal\/","name":"Secretaria de Prote\u00e7\u00e3o Animal","description":"Modelo Padr\u00e3o do Estado","potentialAction":[{"@type":"SearchAction","target":{"@type":"EntryPoint","urlTemplate":"https:\/\/ww16.ce.gov.br\/protecaoanimal\/?s={search_term_string}"},"query-input":{"@type":"PropertyValueSpecification","valueRequired":true,"valueName":"search_term_string"}}],"inLanguage":"pt-BR"}]}},"_links":{"self":[{"href":"https:\/\/ww16.ce.gov.br\/protecaoanimal\/wp-json\/wp\/v2\/pages\/64664","targetHints":{"allow":["GET"]}}],"collection":[{"href":"https:\/\/ww16.ce.gov.br\/protecaoanimal\/wp-json\/wp\/v2\/pages"}],"about":[{"href":"https:\/\/ww16.ce.gov.br\/protecaoanimal\/wp-json\/wp\/v2\/types\/page"}],"author":[{"embeddable":true,"href":"https:\/\/ww16.ce.gov.br\/protecaoanimal\/wp-json\/wp\/v2\/users\/835"}],"replies":[{"embeddable":true,"href":"https:\/\/ww16.ce.gov.br\/protecaoanimal\/wp-json\/wp\/v2\/comments?post=64664"}],"version-history":[{"count":1,"href":"https:\/\/ww16.ce.gov.br\/protecaoanimal\/wp-json\/wp\/v2\/pages\/64664\/revisions"}],"predecessor-version":[{"id":64666,"href":"https:\/\/ww16.ce.gov.br\/protecaoanimal\/wp-json\/wp\/v2\/pages\/64664\/revisions\/64666"}],"wp:attachment":[{"href":"https:\/\/ww16.ce.gov.br\/protecaoanimal\/wp-json\/wp\/v2\/media?parent=64664"}],"curies":[{"name":"wp","href":"https:\/\/api.w.org\/{rel}","templated":true}]}}