{"id":28,"date":"2017-11-20T12:57:39","date_gmt":"2017-11-20T15:57:39","guid":{"rendered":"http:\/\/www.ceara.gov.br\/protecaoanimal\/?page_id=28"},"modified":"2023-09-16T12:35:09","modified_gmt":"2023-09-16T15:35:09","slug":"ultimas-noticias","status":"publish","type":"page","link":"https:\/\/ww16.ce.gov.br\/protecaoanimal\/ultimas-noticias\/","title":{"rendered":"\u00daltimas Not\u00edcias"},"content":{"rendered":"\n<div class=\"ListagemManchetes row \">\n\n\n    <div class=\"  dt-8  \">\n\n        <div class=\"separador\">\n\n            \n        <\/div>\n\n            \n                    <div class=\"UltimasNoticias\">\n\n                                                    <h2 class=\"-SmallTitle\"> \u00daltimas Not\u00edcias <\/h2>\n                        \n                        <div class=\"SliderManchetes\">\n                            \n                                <figure class=\"frame\">\n                                    <img decoding=\"async\" src=\"https:\/\/ww16.ce.gov.br\/protecaoanimal\/wp-content\/uploads\/sites\/17\/2025\/07\/ANP-SEPAPETCEARA-23-scaled.jpg\" class=\"attachment-medio size-medio\" alt=\"Pet Cear\u00e1 M\u00f3vel chega a Quixeramobim; agendamento j\u00e1 est\u00e1 dispon\u00edvel\" srcset=\"https:\/\/ww16.ce.gov.br\/protecaoanimal\/wp-content\/uploads\/sites\/17\/2025\/07\/ANP-SEPAPETCEARA-23-scaled.jpg 2560w, https:\/\/ww16.ce.gov.br\/protecaoanimal\/wp-content\/uploads\/sites\/17\/2025\/07\/ANP-SEPAPETCEARA-23-600x400.jpg 600w, https:\/\/ww16.ce.gov.br\/protecaoanimal\/wp-content\/uploads\/sites\/17\/2025\/07\/ANP-SEPAPETCEARA-23-1200x800.jpg 1200w, https:\/\/ww16.ce.gov.br\/protecaoanimal\/wp-content\/uploads\/sites\/17\/2025\/07\/ANP-SEPAPETCEARA-23-768x512.jpg 768w, https:\/\/ww16.ce.gov.br\/protecaoanimal\/wp-content\/uploads\/sites\/17\/2025\/07\/ANP-SEPAPETCEARA-23-1536x1024.jpg 1536w, https:\/\/ww16.ce.gov.br\/protecaoanimal\/wp-content\/uploads\/sites\/17\/2025\/07\/ANP-SEPAPETCEARA-23-2048x1365.jpg 2048w\" sizes=\"(max-width: 2560px) 100vw, 2560px\" \/>                                    <figcaption>\n                                                                                    <a href=\"https:\/\/ww16.ce.gov.br\/protecaoanimal\/categoria\/comunicado-oficial\/\" class=\"categoria\">COMUNICADO OFICIAL<\/a>\n                                                                                <a href=\"\">\n                                            <h3 class=\"-bold\">Pet Cear\u00e1 M\u00f3vel chega a Quixeramobim; agendamento j\u00e1 est\u00e1 dispon\u00edvel<\/h3>\n                                        <\/a>\n\n                                        <div class=\"actions\">\n                                                                                            <a href=\"https:\/\/ww16.ce.gov.br\/protecaoanimal\/?p=65577&preview=true\">Leia sobre<\/a>\n                                                                                                                                <\/div>\n                                    <\/figcaption>\n                                <\/figure>\n\n                            \n                                <figure class=\"frame\">\n                                    <img decoding=\"async\" src=\"https:\/\/ww16.ce.gov.br\/protecaoanimal\/wp-content\/uploads\/sites\/17\/2025\/08\/DSCF2187-scaled.jpg\" class=\"attachment-medio size-medio\" alt=\"Pet Cear\u00e1 M\u00f3vel chega a Quiterian\u00f3polis; agendamento j\u00e1 est\u00e1 dispon\u00edvel\" srcset=\"https:\/\/ww16.ce.gov.br\/protecaoanimal\/wp-content\/uploads\/sites\/17\/2025\/08\/DSCF2187-scaled.jpg 2560w, https:\/\/ww16.ce.gov.br\/protecaoanimal\/wp-content\/uploads\/sites\/17\/2025\/08\/DSCF2187-600x400.jpg 600w, https:\/\/ww16.ce.gov.br\/protecaoanimal\/wp-content\/uploads\/sites\/17\/2025\/08\/DSCF2187-1200x800.jpg 1200w, https:\/\/ww16.ce.gov.br\/protecaoanimal\/wp-content\/uploads\/sites\/17\/2025\/08\/DSCF2187-768x512.jpg 768w, https:\/\/ww16.ce.gov.br\/protecaoanimal\/wp-content\/uploads\/sites\/17\/2025\/08\/DSCF2187-1536x1024.jpg 1536w, https:\/\/ww16.ce.gov.br\/protecaoanimal\/wp-content\/uploads\/sites\/17\/2025\/08\/DSCF2187-2048x1365.jpg 2048w\" sizes=\"(max-width: 2560px) 100vw, 2560px\" \/>                                    <figcaption>\n                                                                                    <a href=\"https:\/\/ww16.ce.gov.br\/protecaoanimal\/categoria\/comunicado-oficial\/\" class=\"categoria\">COMUNICADO OFICIAL<\/a>\n                                                                                <a href=\"\">\n                                            <h3 class=\"-bold\">Pet Cear\u00e1 M\u00f3vel chega a Quiterian\u00f3polis; agendamento j\u00e1 est\u00e1 dispon\u00edvel<\/h3>\n                                        <\/a>\n\n                                        <div class=\"actions\">\n                                                                                            <a href=\"https:\/\/ww16.ce.gov.br\/protecaoanimal\/?p=65564&preview=true\">Leia sobre<\/a>\n                                                                                                                                <\/div>\n                                    <\/figcaption>\n                                <\/figure>\n\n                            \n                                <figure class=\"frame\">\n                                    <img decoding=\"async\" src=\"https:\/\/ww16.ce.gov.br\/protecaoanimal\/wp-content\/uploads\/sites\/17\/2025\/06\/DSCF2925-scaled.jpg\" class=\"attachment-medio size-medio\" alt=\"Giro Pet Cear\u00e1 circula em Fortaleza e Icapu\u00ed esta semana\" srcset=\"https:\/\/ww16.ce.gov.br\/protecaoanimal\/wp-content\/uploads\/sites\/17\/2025\/06\/DSCF2925-scaled.jpg 2560w, https:\/\/ww16.ce.gov.br\/protecaoanimal\/wp-content\/uploads\/sites\/17\/2025\/06\/DSCF2925-600x400.jpg 600w, https:\/\/ww16.ce.gov.br\/protecaoanimal\/wp-content\/uploads\/sites\/17\/2025\/06\/DSCF2925-1200x800.jpg 1200w, https:\/\/ww16.ce.gov.br\/protecaoanimal\/wp-content\/uploads\/sites\/17\/2025\/06\/DSCF2925-768x512.jpg 768w, https:\/\/ww16.ce.gov.br\/protecaoanimal\/wp-content\/uploads\/sites\/17\/2025\/06\/DSCF2925-1536x1024.jpg 1536w, https:\/\/ww16.ce.gov.br\/protecaoanimal\/wp-content\/uploads\/sites\/17\/2025\/06\/DSCF2925-2048x1365.jpg 2048w\" sizes=\"(max-width: 2560px) 100vw, 2560px\" \/>                                    <figcaption>\n                                                                                    <a href=\"https:\/\/ww16.ce.gov.br\/protecaoanimal\/categoria\/comunicado-oficial\/\" class=\"categoria\">COMUNICADO OFICIAL<\/a>\n                                                                                <a href=\"\">\n                                            <h3 class=\"-bold\">Giro Pet Cear\u00e1 circula em Fortaleza e Icapu\u00ed esta semana<\/h3>\n                                        <\/a>\n\n                                        <div class=\"actions\">\n                                                                                            <a href=\"https:\/\/ww16.ce.gov.br\/protecaoanimal\/2025\/08\/18\/giro-pet-ceara-circula-em-fortaleza-e-icapui-esta-semana\/\">Leia sobre<\/a>\n                                                                                                                                <\/div>\n                                    <\/figcaption>\n                                <\/figure>\n\n                            \n                                <figure class=\"frame\">\n                                    <img decoding=\"async\" src=\"https:\/\/ww16.ce.gov.br\/protecaoanimal\/wp-content\/uploads\/sites\/17\/2025\/06\/ANP-SEPAPETCEARA-05-scaled.jpg\" class=\"attachment-medio size-medio\" alt=\"Pet Cear\u00e1 M\u00f3vel chega a Parambu; agendamento j\u00e1 est\u00e1 dispon\u00edvel\" srcset=\"https:\/\/ww16.ce.gov.br\/protecaoanimal\/wp-content\/uploads\/sites\/17\/2025\/06\/ANP-SEPAPETCEARA-05-scaled.jpg 2560w, https:\/\/ww16.ce.gov.br\/protecaoanimal\/wp-content\/uploads\/sites\/17\/2025\/06\/ANP-SEPAPETCEARA-05-600x400.jpg 600w, https:\/\/ww16.ce.gov.br\/protecaoanimal\/wp-content\/uploads\/sites\/17\/2025\/06\/ANP-SEPAPETCEARA-05-1200x800.jpg 1200w, https:\/\/ww16.ce.gov.br\/protecaoanimal\/wp-content\/uploads\/sites\/17\/2025\/06\/ANP-SEPAPETCEARA-05-768x512.jpg 768w, https:\/\/ww16.ce.gov.br\/protecaoanimal\/wp-content\/uploads\/sites\/17\/2025\/06\/ANP-SEPAPETCEARA-05-1536x1024.jpg 1536w, https:\/\/ww16.ce.gov.br\/protecaoanimal\/wp-content\/uploads\/sites\/17\/2025\/06\/ANP-SEPAPETCEARA-05-2048x1365.jpg 2048w\" sizes=\"(max-width: 2560px) 100vw, 2560px\" \/>                                    <figcaption>\n                                                                                    <a href=\"https:\/\/ww16.ce.gov.br\/protecaoanimal\/categoria\/comunicado-oficial\/\" class=\"categoria\">COMUNICADO OFICIAL<\/a>\n                                                                                <a href=\"\">\n                                            <h3 class=\"-bold\">Pet Cear\u00e1 M\u00f3vel chega a Parambu; agendamento j\u00e1 est\u00e1 dispon\u00edvel<\/h3>\n                                        <\/a>\n\n                                        <div class=\"actions\">\n                                                                                            <a href=\"https:\/\/ww16.ce.gov.br\/protecaoanimal\/?p=65549&preview=true\">Leia sobre<\/a>\n                                                                                                                                <\/div>\n                                    <\/figcaption>\n                                <\/figure>\n\n                            \n                                <figure class=\"frame\">\n                                    <img decoding=\"async\" src=\"https:\/\/ww16.ce.gov.br\/protecaoanimal\/wp-content\/uploads\/sites\/17\/2025\/06\/MG_7203-scaled.jpg\" class=\"attachment-medio size-medio\" alt=\"Pet Cear\u00e1 M\u00f3vel: equipamento do Governo do Cear\u00e1 realiza mais de 10 Mil castra\u00e7\u00f5es em 3 meses\" srcset=\"https:\/\/ww16.ce.gov.br\/protecaoanimal\/wp-content\/uploads\/sites\/17\/2025\/06\/MG_7203-scaled.jpg 2560w, https:\/\/ww16.ce.gov.br\/protecaoanimal\/wp-content\/uploads\/sites\/17\/2025\/06\/MG_7203-600x400.jpg 600w, https:\/\/ww16.ce.gov.br\/protecaoanimal\/wp-content\/uploads\/sites\/17\/2025\/06\/MG_7203-1200x800.jpg 1200w, https:\/\/ww16.ce.gov.br\/protecaoanimal\/wp-content\/uploads\/sites\/17\/2025\/06\/MG_7203-768x512.jpg 768w, https:\/\/ww16.ce.gov.br\/protecaoanimal\/wp-content\/uploads\/sites\/17\/2025\/06\/MG_7203-1536x1024.jpg 1536w, https:\/\/ww16.ce.gov.br\/protecaoanimal\/wp-content\/uploads\/sites\/17\/2025\/06\/MG_7203-2048x1365.jpg 2048w\" sizes=\"(max-width: 2560px) 100vw, 2560px\" \/>                                    <figcaption>\n                                                                                    <a href=\"https:\/\/ww16.ce.gov.br\/protecaoanimal\/categoria\/comunicado-oficial\/\" class=\"categoria\">COMUNICADO OFICIAL<\/a>\n                                                                                <a href=\"\">\n                                            <h3 class=\"-bold\">Pet Cear\u00e1 M\u00f3vel: equipamento do Governo do Cear\u00e1 realiza mais de 10 Mil castra\u00e7\u00f5es em 3 meses<\/h3>\n                                        <\/a>\n\n                                        <div class=\"actions\">\n                                                                                            <a href=\"https:\/\/ww16.ce.gov.br\/protecaoanimal\/2025\/08\/11\/governo-do-ceara-ultrapassa-10-mil-castracoes-em-3-meses-de-funcionamento-do-novo-equipamento-do-pet-ceara-movel\/\">Leia sobre<\/a>\n                                                                                                                                <\/div>\n                                    <\/figcaption>\n                                <\/figure>\n\n                                                    <\/div>\n\n                    <\/div>\n\n            \n\n\n    <\/div>\n\n    <div class=\"Side dt-4\">\n                                                        <div class=\"Card  Calendario  BgVerde  row\">\n        \n                        <div class=\"mp-9\">\n                            <h2>AGENDA DX XXXX XXXXXXXXXXX<\/h2>\n                            <p>Xxxxx Xxxxxxxxx<\/p>\n                            <h3> <b>11<\/b> MAIO <\/h3>\n                        <\/div>\n                        <div class=\"mp-3  -right\">\n        \n                            <i class=\"icone  calendar \"><\/i>\n                            <a href=\"\"> + Veja mais <\/a>\n        \n                        <\/div>\n        \n                    <\/div>\n                                        \n\n        <div class=\"destacado\">\n                    <a class=\"categoria\" href=\"https:\/\/ww16.ce.gov.br\/protecaoanimal\/categoria\/comunicado-oficial\/\">COMUNICADO OFICIAL<\/a>\n                <a href=\"https:\/\/ww16.ce.gov.br\/protecaoanimal\/2025\/08\/27\/pet-ceara-movel-chega-a-quixeramobim-agendamento-ja-esta-disponivel\/\">\n                        <h2 class=\"-bold\">Pet Cear\u00e1 M\u00f3vel chega a Quixeramobim; agendamento j\u00e1 est\u00e1 dispon\u00edvel<\/h2>\n                    <\/a>\n    <\/div><hr \/>\n    \n\n        <div class=\"destacado\">\n                    <a class=\"categoria\" href=\"https:\/\/ww16.ce.gov.br\/protecaoanimal\/categoria\/comunicado-oficial\/\">COMUNICADO OFICIAL<\/a>\n                <a href=\"https:\/\/ww16.ce.gov.br\/protecaoanimal\/2025\/08\/21\/pet-ceara-movel-chega-a-quiterianopolis-agendamento-ja-esta-disponivel\/\">\n                            <h3>Pet Cear\u00e1 M\u00f3vel chega a Quiterian\u00f3polis; agendamento j\u00e1 est\u00e1 dispon\u00edvel<\/h3>\n                    <\/a>\n    <\/div><hr \/>\n    \n\n        <div class=\"destacado\">\n                    <a class=\"categoria\" href=\"https:\/\/ww16.ce.gov.br\/protecaoanimal\/categoria\/comunicado-oficial\/\">COMUNICADO OFICIAL<\/a>\n                <a href=\"https:\/\/ww16.ce.gov.br\/protecaoanimal\/2025\/08\/18\/giro-pet-ceara-circula-em-fortaleza-e-icapui-esta-semana\/\">\n                            <h3>Giro Pet Cear\u00e1 circula em Fortaleza e Icapu\u00ed esta semana<\/h3>\n                    <\/a>\n    <\/div><hr \/>\n    \n        \n    <\/div>\n\n<\/div>\n\n<span id=\"destaques\" class=\"ancora-vazia\"><\/span>\n<p>&nbsp;<\/p>\n","protected":false},"excerpt":{"rendered":"<p>&nbsp;<\/p>\n","protected":false},"author":690,"featured_media":0,"parent":0,"menu_order":0,"comment_status":"closed","ping_status":"closed","template":"pagina-lista-filhas.php","meta":{"_acf_changed":false,"inline_featured_image":false,"footnotes":""},"class_list":["post-28","page","type-page","status-publish","hentry"],"acf":[],"yoast_head":"<!-- This site is optimized with the Yoast SEO plugin v26.9 - https:\/\/yoast.com\/product\/yoast-seo-wordpress\/ -->\n<title>\u00daltimas Not\u00edcias - Secretaria de Prote\u00e7\u00e3o Animal<\/title>\n<meta name=\"robots\" content=\"index, follow, max-snippet:-1, max-image-preview:large, max-video-preview:-1\" \/>\n<link rel=\"canonical\" href=\"https:\/\/ww16.ce.gov.br\/protecaoanimal\/ultimas-noticias\/\" \/>\n<meta property=\"og:locale\" content=\"pt_BR\" \/>\n<meta property=\"og:type\" content=\"article\" \/>\n<meta property=\"og:title\" content=\"\u00daltimas Not\u00edcias - Secretaria de Prote\u00e7\u00e3o Animal\" \/>\n<meta property=\"og:description\" content=\"&nbsp;\" \/>\n<meta property=\"og:url\" content=\"https:\/\/ww16.ce.gov.br\/protecaoanimal\/ultimas-noticias\/\" \/>\n<meta property=\"og:site_name\" content=\"Secretaria de Prote\u00e7\u00e3o Animal\" \/>\n<meta property=\"article:modified_time\" content=\"2023-09-16T15:35:09+00:00\" \/>\n<meta name=\"twitter:card\" content=\"summary_large_image\" \/>\n<meta name=\"twitter:label1\" content=\"Est. reading time\" \/>\n\t<meta name=\"twitter:data1\" content=\"1 minuto\" \/>\n<script type=\"application\/ld+json\" class=\"yoast-schema-graph\">{\"@context\":\"https:\/\/schema.org\",\"@graph\":[{\"@type\":\"WebPage\",\"@id\":\"https:\/\/ww16.ce.gov.br\/protecaoanimal\/ultimas-noticias\/\",\"url\":\"https:\/\/ww16.ce.gov.br\/protecaoanimal\/ultimas-noticias\/\",\"name\":\"\u00daltimas Not\u00edcias - Secretaria de Prote\u00e7\u00e3o Animal\",\"isPartOf\":{\"@id\":\"https:\/\/ww16.ce.gov.br\/protecaoanimal\/#website\"},\"datePublished\":\"2017-11-20T15:57:39+00:00\",\"dateModified\":\"2023-09-16T15:35:09+00:00\",\"breadcrumb\":{\"@id\":\"https:\/\/ww16.ce.gov.br\/protecaoanimal\/ultimas-noticias\/#breadcrumb\"},\"inLanguage\":\"pt-BR\",\"potentialAction\":[{\"@type\":\"ReadAction\",\"target\":[\"https:\/\/ww16.ce.gov.br\/protecaoanimal\/ultimas-noticias\/\"]}]},{\"@type\":\"BreadcrumbList\",\"@id\":\"https:\/\/ww16.ce.gov.br\/protecaoanimal\/ultimas-noticias\/#breadcrumb\",\"itemListElement\":[{\"@type\":\"ListItem\",\"position\":1,\"name\":\"In\u00edcio\",\"item\":\"https:\/\/ww16.ce.gov.br\/protecaoanimal\/\"},{\"@type\":\"ListItem\",\"position\":2,\"name\":\"\u00daltimas Not\u00edcias\"}]},{\"@type\":\"WebSite\",\"@id\":\"https:\/\/ww16.ce.gov.br\/protecaoanimal\/#website\",\"url\":\"https:\/\/ww16.ce.gov.br\/protecaoanimal\/\",\"name\":\"Secretaria de Prote\u00e7\u00e3o Animal\",\"description\":\"Modelo Padr\u00e3o do Estado\",\"potentialAction\":[{\"@type\":\"SearchAction\",\"target\":{\"@type\":\"EntryPoint\",\"urlTemplate\":\"https:\/\/ww16.ce.gov.br\/protecaoanimal\/?s={search_term_string}\"},\"query-input\":{\"@type\":\"PropertyValueSpecification\",\"valueRequired\":true,\"valueName\":\"search_term_string\"}}],\"inLanguage\":\"pt-BR\"}]}<\/script>\n<!-- \/ Yoast SEO plugin. -->","yoast_head_json":{"title":"\u00daltimas Not\u00edcias - Secretaria de Prote\u00e7\u00e3o Animal","robots":{"index":"index","follow":"follow","max-snippet":"max-snippet:-1","max-image-preview":"max-image-preview:large","max-video-preview":"max-video-preview:-1"},"canonical":"https:\/\/ww16.ce.gov.br\/protecaoanimal\/ultimas-noticias\/","og_locale":"pt_BR","og_type":"article","og_title":"\u00daltimas Not\u00edcias - Secretaria de Prote\u00e7\u00e3o Animal","og_description":"&nbsp;","og_url":"https:\/\/ww16.ce.gov.br\/protecaoanimal\/ultimas-noticias\/","og_site_name":"Secretaria de Prote\u00e7\u00e3o Animal","article_modified_time":"2023-09-16T15:35:09+00:00","twitter_card":"summary_large_image","twitter_misc":{"Est. reading time":"1 minuto"},"schema":{"@context":"https:\/\/schema.org","@graph":[{"@type":"WebPage","@id":"https:\/\/ww16.ce.gov.br\/protecaoanimal\/ultimas-noticias\/","url":"https:\/\/ww16.ce.gov.br\/protecaoanimal\/ultimas-noticias\/","name":"\u00daltimas Not\u00edcias - Secretaria de Prote\u00e7\u00e3o Animal","isPartOf":{"@id":"https:\/\/ww16.ce.gov.br\/protecaoanimal\/#website"},"datePublished":"2017-11-20T15:57:39+00:00","dateModified":"2023-09-16T15:35:09+00:00","breadcrumb":{"@id":"https:\/\/ww16.ce.gov.br\/protecaoanimal\/ultimas-noticias\/#breadcrumb"},"inLanguage":"pt-BR","potentialAction":[{"@type":"ReadAction","target":["https:\/\/ww16.ce.gov.br\/protecaoanimal\/ultimas-noticias\/"]}]},{"@type":"BreadcrumbList","@id":"https:\/\/ww16.ce.gov.br\/protecaoanimal\/ultimas-noticias\/#breadcrumb","itemListElement":[{"@type":"ListItem","position":1,"name":"In\u00edcio","item":"https:\/\/ww16.ce.gov.br\/protecaoanimal\/"},{"@type":"ListItem","position":2,"name":"\u00daltimas Not\u00edcias"}]},{"@type":"WebSite","@id":"https:\/\/ww16.ce.gov.br\/protecaoanimal\/#website","url":"https:\/\/ww16.ce.gov.br\/protecaoanimal\/","name":"Secretaria de Prote\u00e7\u00e3o Animal","description":"Modelo Padr\u00e3o do Estado","potentialAction":[{"@type":"SearchAction","target":{"@type":"EntryPoint","urlTemplate":"https:\/\/ww16.ce.gov.br\/protecaoanimal\/?s={search_term_string}"},"query-input":{"@type":"PropertyValueSpecification","valueRequired":true,"valueName":"search_term_string"}}],"inLanguage":"pt-BR"}]}},"_links":{"self":[{"href":"https:\/\/ww16.ce.gov.br\/protecaoanimal\/wp-json\/wp\/v2\/pages\/28","targetHints":{"allow":["GET"]}}],"collection":[{"href":"https:\/\/ww16.ce.gov.br\/protecaoanimal\/wp-json\/wp\/v2\/pages"}],"about":[{"href":"https:\/\/ww16.ce.gov.br\/protecaoanimal\/wp-json\/wp\/v2\/types\/page"}],"author":[{"embeddable":true,"href":"https:\/\/ww16.ce.gov.br\/protecaoanimal\/wp-json\/wp\/v2\/users\/690"}],"replies":[{"embeddable":true,"href":"https:\/\/ww16.ce.gov.br\/protecaoanimal\/wp-json\/wp\/v2\/comments?post=28"}],"version-history":[{"count":25,"href":"https:\/\/ww16.ce.gov.br\/protecaoanimal\/wp-json\/wp\/v2\/pages\/28\/revisions"}],"predecessor-version":[{"id":264,"href":"https:\/\/ww16.ce.gov.br\/protecaoanimal\/wp-json\/wp\/v2\/pages\/28\/revisions\/264"}],"wp:attachment":[{"href":"https:\/\/ww16.ce.gov.br\/protecaoanimal\/wp-json\/wp\/v2\/media?parent=28"}],"curies":[{"name":"wp","href":"https:\/\/api.w.org\/{rel}","templated":true}]}}