{"id":67318,"date":"2018-02-23T11:56:36","date_gmt":"2018-02-23T14:56:36","guid":{"rendered":"http:\/\/www.pefoce.ce.gov.br\/?page_id=67318"},"modified":"2022-07-14T15:37:09","modified_gmt":"2022-07-14T18:37:09","slug":"processo-de-interiorizacao","status":"publish","type":"page","link":"https:\/\/ww16.ce.gov.br\/pefoce\/processo-de-interiorizacao\/","title":{"rendered":"Processo de Interioriza\u00e7\u00e3o"},"content":{"rendered":"<h3 style=\"text-align: center\"><strong>MAPAS CRONOL\u00d3GICOS DE IMPLANTA\u00c7\u00c3O DOS N\u00daCLEOS <\/strong><\/h3>\n<h3 style=\"text-align: center\"><strong>DA PER\u00cdCIA FORENSE <\/strong><strong>DO ESTADO DO CEAR\u00c1<\/strong><\/h3>\n<p><img loading=\"lazy\" decoding=\"async\" class=\"aligncenter wp-image-67315\" src=\"https:\/\/ww16.ce.gov.br\/pefoce\/wp-content\/uploads\/sites\/57\/2018\/02\/mapa1.jpg\" alt=\"\" width=\"700\" height=\"872\" srcset=\"https:\/\/ww16.ce.gov.br\/pefoce\/wp-content\/uploads\/sites\/57\/2018\/02\/mapa1.jpg 700w, https:\/\/ww16.ce.gov.br\/pefoce\/wp-content\/uploads\/sites\/57\/2018\/02\/mapa1-600x747.jpg 600w\" sizes=\"auto, (max-width: 700px) 100vw, 700px\" \/><\/p>\n<p style=\"text-align: center\"><strong>1972 a junho de 2006<\/strong><\/p>\n<p>&nbsp;<\/p>\n<p>&nbsp;<\/p>\n<p><img loading=\"lazy\" decoding=\"async\" class=\"aligncenter wp-image-67316 size-full\" src=\"https:\/\/ww16.ce.gov.br\/pefoce\/wp-content\/uploads\/sites\/57\/2018\/02\/mapa2.jpg-dez-2006.jpg\" alt=\"\" width=\"638\" height=\"752\" srcset=\"https:\/\/ww16.ce.gov.br\/pefoce\/wp-content\/uploads\/sites\/57\/2018\/02\/mapa2.jpg-dez-2006.jpg 638w, https:\/\/ww16.ce.gov.br\/pefoce\/wp-content\/uploads\/sites\/57\/2018\/02\/mapa2.jpg-dez-2006-600x707.jpg 600w\" sizes=\"auto, (max-width: 638px) 100vw, 638px\" \/><\/p>\n<p style=\"text-align: center\"><strong>Dezembro de 2006<\/strong> &#8211; Implanta\u00e7\u00e3o dos N\u00facleos de Per\u00edcia Forense da Regi\u00e3o Norte (Sobral) e Sul (Juazeiro do Norte)<\/p>\n<p>&nbsp;<\/p>\n<p>&nbsp;<\/p>\n<p><img loading=\"lazy\" decoding=\"async\" class=\"aligncenter wp-image-67317 size-full\" src=\"https:\/\/ww16.ce.gov.br\/pefoce\/wp-content\/uploads\/sites\/57\/2018\/02\/mapa3.jpg-dez-2006.jpg\" alt=\"\" width=\"700\" height=\"816\" srcset=\"https:\/\/ww16.ce.gov.br\/pefoce\/wp-content\/uploads\/sites\/57\/2018\/02\/mapa3.jpg-dez-2006.jpg 700w, https:\/\/ww16.ce.gov.br\/pefoce\/wp-content\/uploads\/sites\/57\/2018\/02\/mapa3.jpg-dez-2006-600x699.jpg 600w\" sizes=\"auto, (max-width: 700px) 100vw, 700px\" \/><\/p>\n<p style=\"text-align: center\"><strong>Dezembro de 2006<\/strong> &#8211; Implanta\u00e7\u00e3o do N\u00facleo de Per\u00edcia Forense da Regi\u00e3o Central (Quixeramobim)<\/p>\n<p>&nbsp;<\/p>\n<p>&nbsp;<\/p>\n<p><img loading=\"lazy\" decoding=\"async\" class=\"aligncenter wp-image-67313\" src=\"https:\/\/ww16.ce.gov.br\/pefoce\/wp-content\/uploads\/sites\/57\/2018\/02\/mapa4.jpg-out-2008.jpg\" alt=\"\" width=\"700\" height=\"794\" srcset=\"https:\/\/ww16.ce.gov.br\/pefoce\/wp-content\/uploads\/sites\/57\/2018\/02\/mapa4.jpg-out-2008.jpg 716w, https:\/\/ww16.ce.gov.br\/pefoce\/wp-content\/uploads\/sites\/57\/2018\/02\/mapa4.jpg-out-2008-600x680.jpg 600w\" sizes=\"auto, (max-width: 700px) 100vw, 700px\" \/><\/p>\n<p style=\"text-align: center\"><strong>Outubro de 2008<\/strong> &#8211; Implanta\u00e7\u00e3o do N\u00facleo de Per\u00edcia Forense da Regi\u00e3o Sert\u00f5es do Canind\u00e9 (Canind\u00e9)<\/p>\n<p>&nbsp;<\/p>\n<p>&nbsp;<\/p>\n<p><img loading=\"lazy\" decoding=\"async\" class=\"aligncenter wp-image-67312\" src=\"https:\/\/ww16.ce.gov.br\/pefoce\/wp-content\/uploads\/sites\/57\/2018\/02\/mapa5.jpg-mar\u00e7-2009.jpg\" alt=\"\" width=\"700\" height=\"833\" srcset=\"https:\/\/ww16.ce.gov.br\/pefoce\/wp-content\/uploads\/sites\/57\/2018\/02\/mapa5.jpg-mar\u00e7-2009.jpg 704w, https:\/\/ww16.ce.gov.br\/pefoce\/wp-content\/uploads\/sites\/57\/2018\/02\/mapa5.jpg-mar\u00e7-2009-600x714.jpg 600w\" sizes=\"auto, (max-width: 700px) 100vw, 700px\" \/><\/p>\n<p style=\"text-align: center\"><strong>Mar\u00e7o de 2009<\/strong> &#8211; Implanta\u00e7\u00e3o do N\u00facleo de Per\u00edcia Forense da Regi\u00e3o Centro-Sul (Iguatu)<\/p>\n<p>&nbsp;<\/p>\n<p>&nbsp;<\/p>\n<p><img loading=\"lazy\" decoding=\"async\" class=\"aligncenter wp-image-67314\" src=\"https:\/\/ww16.ce.gov.br\/pefoce\/wp-content\/uploads\/sites\/57\/2018\/02\/Ap\u00f3s-a-implanta\u00e7\u00e3o-dos-novos-n\u00facleos.jpg\" alt=\"\" width=\"700\" height=\"836\" srcset=\"https:\/\/ww16.ce.gov.br\/pefoce\/wp-content\/uploads\/sites\/57\/2018\/02\/Ap\u00f3s-a-implanta\u00e7\u00e3o-dos-novos-n\u00facleos.jpg 712w, https:\/\/ww16.ce.gov.br\/pefoce\/wp-content\/uploads\/sites\/57\/2018\/02\/Ap\u00f3s-a-implanta\u00e7\u00e3o-dos-novos-n\u00facleos-600x716.jpg 600w\" sizes=\"auto, (max-width: 700px) 100vw, 700px\" \/><\/p>\n<p style=\"text-align: center\"><strong>Dezembro de 2014<\/strong> &#8211; Implanta\u00e7\u00e3o do N\u00facleo de Per\u00edcia Forense da Regi\u00e3o dos Inhamuns (Tau\u00e1)<\/p>\n<p style=\"text-align: center\"><strong>Abril de 2018<\/strong> &#8211; Implanta\u00e7\u00e3o do N\u00facleo de Per\u00edcia Forense da Regi\u00e3o Vale do Jaguaribe (Russas)<\/p>\n<p>&nbsp;<\/p>\n<p>&nbsp;<\/p>\n<p><img loading=\"lazy\" decoding=\"async\" class=\"aligncenter wp-image-70920\" src=\"https:\/\/ww16.ce.gov.br\/pefoce\/wp-content\/uploads\/sites\/57\/2021\/11\/Pefoce_mapa2021-600x803.png\" alt=\"\" width=\"700\" height=\"936\" srcset=\"https:\/\/ww16.ce.gov.br\/pefoce\/wp-content\/uploads\/sites\/57\/2021\/11\/Pefoce_mapa2021-600x803.png 600w, https:\/\/ww16.ce.gov.br\/pefoce\/wp-content\/uploads\/sites\/57\/2021\/11\/Pefoce_mapa2021-768x1027.png 768w, https:\/\/ww16.ce.gov.br\/pefoce\/wp-content\/uploads\/sites\/57\/2021\/11\/Pefoce_mapa2021.png 826w\" sizes=\"auto, (max-width: 700px) 100vw, 700px\" \/><\/p>\n<p style=\"text-align: center\"><strong>Outubro de 2021<\/strong> &#8211; Implanta\u00e7\u00e3o do novo N\u00facleo de Per\u00edcia Forense da Regi\u00e3o Sert\u00f5es de Crate\u00fas (Crate\u00fas)<\/p>\n<p>&nbsp;<\/p>\n<p>&nbsp;<\/p>\n<p><img loading=\"lazy\" decoding=\"async\" class=\" wp-image-71771 aligncenter\" src=\"https:\/\/ww16.ce.gov.br\/pefoce\/wp-content\/uploads\/sites\/57\/2022\/07\/Pefoce_Ceara-abrancia_Jul-600x884.jpg\" alt=\"\" width=\"782\" height=\"1152\" srcset=\"https:\/\/ww16.ce.gov.br\/pefoce\/wp-content\/uploads\/sites\/57\/2022\/07\/Pefoce_Ceara-abrancia_Jul-600x884.jpg 600w, https:\/\/ww16.ce.gov.br\/pefoce\/wp-content\/uploads\/sites\/57\/2022\/07\/Pefoce_Ceara-abrancia_Jul.jpg 751w\" sizes=\"auto, (max-width: 782px) 100vw, 782px\" \/><\/p>\n<p style=\"text-align: center\"><strong>Mar\u00e7o de 2022<\/strong> &#8211; Implanta\u00e7\u00e3o do novo N\u00facleo de Per\u00edcia Forense da Regi\u00e3o do Curu (Itapipoca)<\/p>\n<p>&nbsp;<\/p>\n","protected":false},"excerpt":{"rendered":"<p>MAPAS CRONOL\u00d3GICOS DE IMPLANTA\u00c7\u00c3O DOS N\u00daCLEOS DA PER\u00cdCIA FORENSE DO ESTADO DO CEAR\u00c1 1972 a junho de 2006 &nbsp; &nbsp; Dezembro de 2006 &#8211; Implanta\u00e7\u00e3o dos N\u00facleos de Per\u00edcia Forense da Regi\u00e3o Norte (Sobral) e Sul (Juazeiro do Norte) &nbsp; &nbsp; Dezembro de 2006 &#8211; Implanta\u00e7\u00e3o do N\u00facleo de Per\u00edcia Forense da Regi\u00e3o Central (Quixeramobim) [&hellip;]<\/p>\n","protected":false},"author":12,"featured_media":0,"parent":0,"menu_order":0,"comment_status":"closed","ping_status":"closed","template":"","meta":{"_acf_changed":false,"inline_featured_image":false,"footnotes":""},"class_list":["post-67318","page","type-page","status-publish","hentry"],"acf":[],"yoast_head":"<!-- This site is optimized with the Yoast SEO plugin v26.9 - https:\/\/yoast.com\/product\/yoast-seo-wordpress\/ -->\n<title>Processo de Interioriza\u00e7\u00e3o - PEFOCE<\/title>\n<meta name=\"robots\" content=\"index, follow, max-snippet:-1, max-image-preview:large, max-video-preview:-1\" \/>\n<link rel=\"canonical\" href=\"https:\/\/ww16.ce.gov.br\/pefoce\/processo-de-interiorizacao\/\" \/>\n<meta property=\"og:locale\" content=\"pt_BR\" \/>\n<meta property=\"og:type\" content=\"article\" \/>\n<meta property=\"og:title\" content=\"Processo de Interioriza\u00e7\u00e3o - PEFOCE\" \/>\n<meta property=\"og:description\" content=\"MAPAS CRONOL\u00d3GICOS DE IMPLANTA\u00c7\u00c3O DOS N\u00daCLEOS DA PER\u00cdCIA FORENSE DO ESTADO DO CEAR\u00c1 1972 a junho de 2006 &nbsp; &nbsp; Dezembro de 2006 &#8211; Implanta\u00e7\u00e3o dos N\u00facleos de Per\u00edcia Forense da Regi\u00e3o Norte (Sobral) e Sul (Juazeiro do Norte) &nbsp; &nbsp; Dezembro de 2006 &#8211; Implanta\u00e7\u00e3o do N\u00facleo de Per\u00edcia Forense da Regi\u00e3o Central (Quixeramobim) [&hellip;]\" \/>\n<meta property=\"og:url\" content=\"https:\/\/ww16.ce.gov.br\/pefoce\/processo-de-interiorizacao\/\" \/>\n<meta property=\"og:site_name\" content=\"PEFOCE\" \/>\n<meta property=\"article:modified_time\" content=\"2022-07-14T18:37:09+00:00\" \/>\n<meta property=\"og:image\" content=\"http:\/\/ww16.ce.gov.br\/pefoce\/wp-content\/uploads\/sites\/57\/2018\/02\/mapa1.jpg\" \/>\n<meta name=\"twitter:card\" content=\"summary_large_image\" \/>\n<meta name=\"twitter:label1\" content=\"Est. reading time\" \/>\n\t<meta name=\"twitter:data1\" content=\"1 minuto\" \/>\n<script type=\"application\/ld+json\" class=\"yoast-schema-graph\">{\"@context\":\"https:\/\/schema.org\",\"@graph\":[{\"@type\":\"WebPage\",\"@id\":\"https:\/\/ww16.ce.gov.br\/pefoce\/processo-de-interiorizacao\/\",\"url\":\"https:\/\/ww16.ce.gov.br\/pefoce\/processo-de-interiorizacao\/\",\"name\":\"Processo de Interioriza\u00e7\u00e3o - PEFOCE\",\"isPartOf\":{\"@id\":\"https:\/\/ww16.ce.gov.br\/pefoce\/#website\"},\"primaryImageOfPage\":{\"@id\":\"https:\/\/ww16.ce.gov.br\/pefoce\/processo-de-interiorizacao\/#primaryimage\"},\"image\":{\"@id\":\"https:\/\/ww16.ce.gov.br\/pefoce\/processo-de-interiorizacao\/#primaryimage\"},\"thumbnailUrl\":\"http:\/\/ww16.ce.gov.br\/pefoce\/wp-content\/uploads\/sites\/57\/2018\/02\/mapa1.jpg\",\"datePublished\":\"2018-02-23T14:56:36+00:00\",\"dateModified\":\"2022-07-14T18:37:09+00:00\",\"breadcrumb\":{\"@id\":\"https:\/\/ww16.ce.gov.br\/pefoce\/processo-de-interiorizacao\/#breadcrumb\"},\"inLanguage\":\"pt-BR\",\"potentialAction\":[{\"@type\":\"ReadAction\",\"target\":[\"https:\/\/ww16.ce.gov.br\/pefoce\/processo-de-interiorizacao\/\"]}]},{\"@type\":\"ImageObject\",\"inLanguage\":\"pt-BR\",\"@id\":\"https:\/\/ww16.ce.gov.br\/pefoce\/processo-de-interiorizacao\/#primaryimage\",\"url\":\"http:\/\/ww16.ce.gov.br\/pefoce\/wp-content\/uploads\/sites\/57\/2018\/02\/mapa1.jpg\",\"contentUrl\":\"http:\/\/ww16.ce.gov.br\/pefoce\/wp-content\/uploads\/sites\/57\/2018\/02\/mapa1.jpg\"},{\"@type\":\"BreadcrumbList\",\"@id\":\"https:\/\/ww16.ce.gov.br\/pefoce\/processo-de-interiorizacao\/#breadcrumb\",\"itemListElement\":[{\"@type\":\"ListItem\",\"position\":1,\"name\":\"In\u00edcio\",\"item\":\"https:\/\/ww16.ce.gov.br\/pefoce\/\"},{\"@type\":\"ListItem\",\"position\":2,\"name\":\"Processo de Interioriza\u00e7\u00e3o\"}]},{\"@type\":\"WebSite\",\"@id\":\"https:\/\/ww16.ce.gov.br\/pefoce\/#website\",\"url\":\"https:\/\/ww16.ce.gov.br\/pefoce\/\",\"name\":\"Per\u00edcia Forense\",\"description\":\"Portal PEFOCE\",\"publisher\":{\"@id\":\"https:\/\/ww16.ce.gov.br\/pefoce\/#organization\"},\"potentialAction\":[{\"@type\":\"SearchAction\",\"target\":{\"@type\":\"EntryPoint\",\"urlTemplate\":\"https:\/\/ww16.ce.gov.br\/pefoce\/?s={search_term_string}\"},\"query-input\":{\"@type\":\"PropertyValueSpecification\",\"valueRequired\":true,\"valueName\":\"search_term_string\"}}],\"inLanguage\":\"pt-BR\"},{\"@type\":\"Organization\",\"@id\":\"https:\/\/ww16.ce.gov.br\/pefoce\/#organization\",\"name\":\"Per\u00edcia Forense\",\"url\":\"https:\/\/ww16.ce.gov.br\/pefoce\/\",\"logo\":{\"@type\":\"ImageObject\",\"inLanguage\":\"pt-BR\",\"@id\":\"https:\/\/ww16.ce.gov.br\/pefoce\/#\/schema\/logo\/image\/\",\"url\":\"http:\/\/ww16.ce.gov.br\/pefoce\/wp-content\/uploads\/sites\/28\/2018\/04\/pefoce-clara.png\",\"contentUrl\":\"http:\/\/ww16.ce.gov.br\/pefoce\/wp-content\/uploads\/sites\/28\/2018\/04\/pefoce-clara.png\",\"width\":559,\"height\":106,\"caption\":\"Per\u00edcia Forense\"},\"image\":{\"@id\":\"https:\/\/ww16.ce.gov.br\/pefoce\/#\/schema\/logo\/image\/\"}}]}<\/script>\n<!-- \/ Yoast SEO plugin. -->","yoast_head_json":{"title":"Processo de Interioriza\u00e7\u00e3o - PEFOCE","robots":{"index":"index","follow":"follow","max-snippet":"max-snippet:-1","max-image-preview":"max-image-preview:large","max-video-preview":"max-video-preview:-1"},"canonical":"https:\/\/ww16.ce.gov.br\/pefoce\/processo-de-interiorizacao\/","og_locale":"pt_BR","og_type":"article","og_title":"Processo de Interioriza\u00e7\u00e3o - PEFOCE","og_description":"MAPAS CRONOL\u00d3GICOS DE IMPLANTA\u00c7\u00c3O DOS N\u00daCLEOS DA PER\u00cdCIA FORENSE DO ESTADO DO CEAR\u00c1 1972 a junho de 2006 &nbsp; &nbsp; Dezembro de 2006 &#8211; Implanta\u00e7\u00e3o dos N\u00facleos de Per\u00edcia Forense da Regi\u00e3o Norte (Sobral) e Sul (Juazeiro do Norte) &nbsp; &nbsp; Dezembro de 2006 &#8211; Implanta\u00e7\u00e3o do N\u00facleo de Per\u00edcia Forense da Regi\u00e3o Central (Quixeramobim) [&hellip;]","og_url":"https:\/\/ww16.ce.gov.br\/pefoce\/processo-de-interiorizacao\/","og_site_name":"PEFOCE","article_modified_time":"2022-07-14T18:37:09+00:00","og_image":[{"url":"http:\/\/ww16.ce.gov.br\/pefoce\/wp-content\/uploads\/sites\/57\/2018\/02\/mapa1.jpg","type":"","width":"","height":""}],"twitter_card":"summary_large_image","twitter_misc":{"Est. reading time":"1 minuto"},"schema":{"@context":"https:\/\/schema.org","@graph":[{"@type":"WebPage","@id":"https:\/\/ww16.ce.gov.br\/pefoce\/processo-de-interiorizacao\/","url":"https:\/\/ww16.ce.gov.br\/pefoce\/processo-de-interiorizacao\/","name":"Processo de Interioriza\u00e7\u00e3o - PEFOCE","isPartOf":{"@id":"https:\/\/ww16.ce.gov.br\/pefoce\/#website"},"primaryImageOfPage":{"@id":"https:\/\/ww16.ce.gov.br\/pefoce\/processo-de-interiorizacao\/#primaryimage"},"image":{"@id":"https:\/\/ww16.ce.gov.br\/pefoce\/processo-de-interiorizacao\/#primaryimage"},"thumbnailUrl":"http:\/\/ww16.ce.gov.br\/pefoce\/wp-content\/uploads\/sites\/57\/2018\/02\/mapa1.jpg","datePublished":"2018-02-23T14:56:36+00:00","dateModified":"2022-07-14T18:37:09+00:00","breadcrumb":{"@id":"https:\/\/ww16.ce.gov.br\/pefoce\/processo-de-interiorizacao\/#breadcrumb"},"inLanguage":"pt-BR","potentialAction":[{"@type":"ReadAction","target":["https:\/\/ww16.ce.gov.br\/pefoce\/processo-de-interiorizacao\/"]}]},{"@type":"ImageObject","inLanguage":"pt-BR","@id":"https:\/\/ww16.ce.gov.br\/pefoce\/processo-de-interiorizacao\/#primaryimage","url":"http:\/\/ww16.ce.gov.br\/pefoce\/wp-content\/uploads\/sites\/57\/2018\/02\/mapa1.jpg","contentUrl":"http:\/\/ww16.ce.gov.br\/pefoce\/wp-content\/uploads\/sites\/57\/2018\/02\/mapa1.jpg"},{"@type":"BreadcrumbList","@id":"https:\/\/ww16.ce.gov.br\/pefoce\/processo-de-interiorizacao\/#breadcrumb","itemListElement":[{"@type":"ListItem","position":1,"name":"In\u00edcio","item":"https:\/\/ww16.ce.gov.br\/pefoce\/"},{"@type":"ListItem","position":2,"name":"Processo de Interioriza\u00e7\u00e3o"}]},{"@type":"WebSite","@id":"https:\/\/ww16.ce.gov.br\/pefoce\/#website","url":"https:\/\/ww16.ce.gov.br\/pefoce\/","name":"Per\u00edcia Forense","description":"Portal PEFOCE","publisher":{"@id":"https:\/\/ww16.ce.gov.br\/pefoce\/#organization"},"potentialAction":[{"@type":"SearchAction","target":{"@type":"EntryPoint","urlTemplate":"https:\/\/ww16.ce.gov.br\/pefoce\/?s={search_term_string}"},"query-input":{"@type":"PropertyValueSpecification","valueRequired":true,"valueName":"search_term_string"}}],"inLanguage":"pt-BR"},{"@type":"Organization","@id":"https:\/\/ww16.ce.gov.br\/pefoce\/#organization","name":"Per\u00edcia Forense","url":"https:\/\/ww16.ce.gov.br\/pefoce\/","logo":{"@type":"ImageObject","inLanguage":"pt-BR","@id":"https:\/\/ww16.ce.gov.br\/pefoce\/#\/schema\/logo\/image\/","url":"http:\/\/ww16.ce.gov.br\/pefoce\/wp-content\/uploads\/sites\/28\/2018\/04\/pefoce-clara.png","contentUrl":"http:\/\/ww16.ce.gov.br\/pefoce\/wp-content\/uploads\/sites\/28\/2018\/04\/pefoce-clara.png","width":559,"height":106,"caption":"Per\u00edcia Forense"},"image":{"@id":"https:\/\/ww16.ce.gov.br\/pefoce\/#\/schema\/logo\/image\/"}}]}},"_links":{"self":[{"href":"https:\/\/ww16.ce.gov.br\/pefoce\/wp-json\/wp\/v2\/pages\/67318","targetHints":{"allow":["GET"]}}],"collection":[{"href":"https:\/\/ww16.ce.gov.br\/pefoce\/wp-json\/wp\/v2\/pages"}],"about":[{"href":"https:\/\/ww16.ce.gov.br\/pefoce\/wp-json\/wp\/v2\/types\/page"}],"author":[{"embeddable":true,"href":"https:\/\/ww16.ce.gov.br\/pefoce\/wp-json\/wp\/v2\/users\/12"}],"replies":[{"embeddable":true,"href":"https:\/\/ww16.ce.gov.br\/pefoce\/wp-json\/wp\/v2\/comments?post=67318"}],"version-history":[{"count":11,"href":"https:\/\/ww16.ce.gov.br\/pefoce\/wp-json\/wp\/v2\/pages\/67318\/revisions"}],"predecessor-version":[{"id":71772,"href":"https:\/\/ww16.ce.gov.br\/pefoce\/wp-json\/wp\/v2\/pages\/67318\/revisions\/71772"}],"wp:attachment":[{"href":"https:\/\/ww16.ce.gov.br\/pefoce\/wp-json\/wp\/v2\/media?parent=67318"}],"curies":[{"name":"wp","href":"https:\/\/api.w.org\/{rel}","templated":true}]}}