{"id":75499,"date":"2026-05-07T15:58:23","date_gmt":"2026-05-07T18:58:23","guid":{"rendered":"https:\/\/ww16.ce.gov.br\/metrofor\/?page_id=75499"},"modified":"2026-05-07T15:58:27","modified_gmt":"2026-05-07T18:58:27","slug":"sobre-a-lai","status":"publish","type":"page","link":"https:\/\/ww16.ce.gov.br\/metrofor\/acesso-a-informacao\/sobre-a-lai\/","title":{"rendered":"Sobre a LAI"},"content":{"rendered":"\n<p>A Lei Estadual de Acesso \u00e0 Informa\u00e7\u00e3o, Lei n\u00ba 15.175, sancionada em 28 de junho, pelo governador Cid Gomes, institui como princ\u00edpio fundamental que o acesso \u00e0 informa\u00e7\u00e3o p\u00fablica \u00e9 a regra, e o sigilo somente a exce\u00e7\u00e3o. Sua san\u00e7\u00e3o representa mais um importante passo para a consolida\u00e7\u00e3o do regime democr\u00e1tico e para o fortalecimento das pol\u00edticas de transpar\u00eancia p\u00fablica.<\/p>\n\n<p>A legisla\u00e7\u00e3o estadual vem complementar, no \u00e2mbito do Cear\u00e1, a Lei Geral de Acesso \u00e0 Informa\u00e7\u00e3o, Lei n\u00ba 12.527, sancionada em 18 de novembro de 2011, pela Presidenta da Rep\u00fablica, Dilma Roussef. A lei federal regulamenta o direito constitucional de acesso dos cidad\u00e3os \u00e0s informa\u00e7\u00f5es p\u00fablicas e \u00e9 aplic\u00e1vel aos tr\u00eas Poderes da Uni\u00e3o, dos Estados, do Distrito Federal e dos Munic\u00edpios, com vig\u00eancia depois de decorridos 180 (cento e oitenta) dias da san\u00e7\u00e3o \u2013 dia 16 de maio de 2012.<\/p>\n\n<p>Para garantir o exerc\u00edcio pleno do direito de acesso previsto na Constitui\u00e7\u00e3o Federal, a Lei define os mecanismos, prazos e procedimentos para a entrega das informa\u00e7\u00f5es solicitadas \u00e0 administra\u00e7\u00e3o p\u00fablica pelos cidad\u00e3os. Al\u00e9m disso, a Lei determina que os \u00f3rg\u00e3os e entidades p\u00fablicas dever\u00e3o divulgar um rol m\u00ednimo de informa\u00e7\u00f5es proativamente por meio da internet.<\/p>\n\n<p>No \u00e2mbito do Poder Executivo Estadual, essas informa\u00e7\u00f5es que devem estar acess\u00edveis na internet, a chamada transpar\u00eancia ativa, est\u00e3o dispon\u00edveis no Portal da Transpar\u00eancia. J\u00e1 as demais informa\u00e7\u00f5es que possam vir a ser solicitadas pelos cidad\u00e3os, a transpar\u00eancia passiva, devem ser solicitadas por meio do site da Ouvidoria e Central de Atendimento pelo n\u00famero 155.<\/p>\n\n<p>Para regular o funcionamento do Acesso \u00e0 Informa\u00e7\u00e3o no Cear\u00e1, a Lei Estadual cria o Sistema Estadual de Acesso \u00e0 Informa\u00e7\u00e3o que \u00e9 composto pelo Conselho Estadual de Acesso \u00e0 Informa\u00e7\u00e3o, Comit\u00eas Gestores de Acesso \u00e0 Informa\u00e7\u00e3o e pelos Comit\u00eas Setoriais de Acesso \u00e0 Informa\u00e7\u00e3o.<\/p>\n\n<p>O Conselho Estadual de Acesso \u00e0 Informa\u00e7\u00e3o (CEAI), inst\u00e2ncia maior do Sistema, \u00e9 formado pelo poder executivo, legislativo, judici\u00e1rio, Minist\u00e9rio P\u00fablico Estadual, Tribunal de Contas do Estado (TCE) e Tribunal de Contas dos Munic\u00edpios (TCM). Na esfera do Poder Executivo, o Comit\u00ea Gestor de Acesso \u00e0 Informa\u00e7\u00e3o (CGAI) \u00e9 composto pelo Gabinete do Governador, Casa Civil, Procuradoria Geral do Estado (PGE), Controladoria e Ouvidoria Geral do Estado (CGE), Casa Militar, Secretaria da Fazenda (Sefaz) e Secretaria do Planejamento e Gest\u00e3o (Seplag). Por sua vez, cada \u00f3rg\u00e3o do Governo do Estado ter\u00e1 seu Comit\u00ea Setorial de Acesso \u00e0 Informa\u00e7\u00e3o (CSAI), formado pelo titular do \u00f3rg\u00e3o (ou subordinado imediato), assessor de Desenvolvimento Institucional (ou fun\u00e7\u00e3o equivalente), ouvidor setorial e um respons\u00e1vel pelo Servi\u00e7o de Informa\u00e7\u00e3o ao Cidad\u00e3o (SIC).<\/p>\n\n<p><a href=\"https:\/\/www.cge.ce.gov.br\/images\/Noticias\/leiinfo.pdf\" target=\"_blank\" rel=\"noopener\">Conhe\u00e7a a \u00edntegra da Lei Estadual de Acesso \u00e0 Informa\u00e7\u00e3o &#8211; n\u00ba 15.175;<\/a><\/p>\n<p><a href=\"https:\/\/www.cgu.gov.br\/acessoainformacaogov\/acesso-informacao-brasil\/legislacao-integra-texto-completo.asp\" target=\"_blank\" rel=\"noopener\">Conhe\u00e7a a \u00edntegra da lei federal<\/a><\/p>\n","protected":false},"excerpt":{"rendered":"<p>A Lei Estadual de Acesso \u00e0 Informa\u00e7\u00e3o, Lei n\u00ba 15.175, sancionada em 28 de junho, pelo governador Cid Gomes, institui como princ\u00edpio fundamental que o acesso \u00e0 informa\u00e7\u00e3o p\u00fablica \u00e9 a regra, e o sigilo somente a exce\u00e7\u00e3o. Sua san\u00e7\u00e3o representa mais um importante passo para a consolida\u00e7\u00e3o do regime democr\u00e1tico e para o fortalecimento [&hellip;]<\/p>\n","protected":false},"author":115,"featured_media":0,"parent":75409,"menu_order":0,"comment_status":"closed","ping_status":"closed","template":"","meta":{"_acf_changed":false,"inline_featured_image":false,"footnotes":""},"class_list":["post-75499","page","type-page","status-publish","hentry"],"acf":[],"yoast_head":"<!-- This site is optimized with the Yoast SEO plugin v26.9 - https:\/\/yoast.com\/product\/yoast-seo-wordpress\/ -->\n<title>Sobre a LAI - METROFOR<\/title>\n<meta name=\"robots\" content=\"index, follow, max-snippet:-1, max-image-preview:large, max-video-preview:-1\" \/>\n<link rel=\"canonical\" href=\"https:\/\/ww16.ce.gov.br\/metrofor\/acesso-a-informacao\/sobre-a-lai\/\" \/>\n<meta property=\"og:locale\" content=\"pt_BR\" \/>\n<meta property=\"og:type\" content=\"article\" \/>\n<meta property=\"og:title\" content=\"Sobre a LAI - METROFOR\" \/>\n<meta property=\"og:description\" content=\"A Lei Estadual de Acesso \u00e0 Informa\u00e7\u00e3o, Lei n\u00ba 15.175, sancionada em 28 de junho, pelo governador Cid Gomes, institui como princ\u00edpio fundamental que o acesso \u00e0 informa\u00e7\u00e3o p\u00fablica \u00e9 a regra, e o sigilo somente a exce\u00e7\u00e3o. Sua san\u00e7\u00e3o representa mais um importante passo para a consolida\u00e7\u00e3o do regime democr\u00e1tico e para o fortalecimento [&hellip;]\" \/>\n<meta property=\"og:url\" content=\"https:\/\/ww16.ce.gov.br\/metrofor\/acesso-a-informacao\/sobre-a-lai\/\" \/>\n<meta property=\"og:site_name\" content=\"METROFOR\" \/>\n<meta property=\"article:modified_time\" content=\"2026-05-07T18:58:27+00:00\" \/>\n<meta name=\"twitter:card\" content=\"summary_large_image\" \/>\n<meta name=\"twitter:label1\" content=\"Est. reading time\" \/>\n\t<meta name=\"twitter:data1\" content=\"3 minutos\" \/>\n<script type=\"application\/ld+json\" class=\"yoast-schema-graph\">{\"@context\":\"https:\/\/schema.org\",\"@graph\":[{\"@type\":\"WebPage\",\"@id\":\"https:\/\/ww16.ce.gov.br\/metrofor\/acesso-a-informacao\/sobre-a-lai\/\",\"url\":\"https:\/\/ww16.ce.gov.br\/metrofor\/acesso-a-informacao\/sobre-a-lai\/\",\"name\":\"Sobre a LAI - METROFOR\",\"isPartOf\":{\"@id\":\"https:\/\/ww16.ce.gov.br\/metrofor\/#website\"},\"datePublished\":\"2026-05-07T18:58:23+00:00\",\"dateModified\":\"2026-05-07T18:58:27+00:00\",\"breadcrumb\":{\"@id\":\"https:\/\/ww16.ce.gov.br\/metrofor\/acesso-a-informacao\/sobre-a-lai\/#breadcrumb\"},\"inLanguage\":\"pt-BR\",\"potentialAction\":[{\"@type\":\"ReadAction\",\"target\":[\"https:\/\/ww16.ce.gov.br\/metrofor\/acesso-a-informacao\/sobre-a-lai\/\"]}]},{\"@type\":\"BreadcrumbList\",\"@id\":\"https:\/\/ww16.ce.gov.br\/metrofor\/acesso-a-informacao\/sobre-a-lai\/#breadcrumb\",\"itemListElement\":[{\"@type\":\"ListItem\",\"position\":1,\"name\":\"In\u00edcio\",\"item\":\"https:\/\/ww16.ce.gov.br\/metrofor\/\"},{\"@type\":\"ListItem\",\"position\":2,\"name\":\"Acesso \u00e0 Informa\u00e7\u00e3o\",\"item\":\"https:\/\/ww16.ce.gov.br\/metrofor\/acesso-a-informacao\/\"},{\"@type\":\"ListItem\",\"position\":3,\"name\":\"Sobre a LAI\"}]},{\"@type\":\"WebSite\",\"@id\":\"https:\/\/ww16.ce.gov.br\/metrofor\/#website\",\"url\":\"https:\/\/ww16.ce.gov.br\/metrofor\/\",\"name\":\"Metr\u00f4 de Fortaleza\",\"description\":\"Portal METROFOR\",\"publisher\":{\"@id\":\"https:\/\/ww16.ce.gov.br\/metrofor\/#organization\"},\"potentialAction\":[{\"@type\":\"SearchAction\",\"target\":{\"@type\":\"EntryPoint\",\"urlTemplate\":\"https:\/\/ww16.ce.gov.br\/metrofor\/?s={search_term_string}\"},\"query-input\":{\"@type\":\"PropertyValueSpecification\",\"valueRequired\":true,\"valueName\":\"search_term_string\"}}],\"inLanguage\":\"pt-BR\"},{\"@type\":\"Organization\",\"@id\":\"https:\/\/ww16.ce.gov.br\/metrofor\/#organization\",\"name\":\"Metr\u00f4 de Fortaleza\",\"url\":\"https:\/\/ww16.ce.gov.br\/metrofor\/\",\"logo\":{\"@type\":\"ImageObject\",\"inLanguage\":\"pt-BR\",\"@id\":\"https:\/\/ww16.ce.gov.br\/metrofor\/#\/schema\/logo\/image\/\",\"url\":\"http:\/\/ww16.ce.gov.br\/metrofor\/wp-content\/uploads\/sites\/32\/2018\/01\/METROFOR-SEINFRAclara.png\",\"contentUrl\":\"http:\/\/ww16.ce.gov.br\/metrofor\/wp-content\/uploads\/sites\/32\/2018\/01\/METROFOR-SEINFRAclara.png\",\"width\":559,\"height\":106,\"caption\":\"Metr\u00f4 de Fortaleza\"},\"image\":{\"@id\":\"https:\/\/ww16.ce.gov.br\/metrofor\/#\/schema\/logo\/image\/\"}}]}<\/script>\n<!-- \/ Yoast SEO plugin. -->","yoast_head_json":{"title":"Sobre a LAI - METROFOR","robots":{"index":"index","follow":"follow","max-snippet":"max-snippet:-1","max-image-preview":"max-image-preview:large","max-video-preview":"max-video-preview:-1"},"canonical":"https:\/\/ww16.ce.gov.br\/metrofor\/acesso-a-informacao\/sobre-a-lai\/","og_locale":"pt_BR","og_type":"article","og_title":"Sobre a LAI - METROFOR","og_description":"A Lei Estadual de Acesso \u00e0 Informa\u00e7\u00e3o, Lei n\u00ba 15.175, sancionada em 28 de junho, pelo governador Cid Gomes, institui como princ\u00edpio fundamental que o acesso \u00e0 informa\u00e7\u00e3o p\u00fablica \u00e9 a regra, e o sigilo somente a exce\u00e7\u00e3o. Sua san\u00e7\u00e3o representa mais um importante passo para a consolida\u00e7\u00e3o do regime democr\u00e1tico e para o fortalecimento [&hellip;]","og_url":"https:\/\/ww16.ce.gov.br\/metrofor\/acesso-a-informacao\/sobre-a-lai\/","og_site_name":"METROFOR","article_modified_time":"2026-05-07T18:58:27+00:00","twitter_card":"summary_large_image","twitter_misc":{"Est. reading time":"3 minutos"},"schema":{"@context":"https:\/\/schema.org","@graph":[{"@type":"WebPage","@id":"https:\/\/ww16.ce.gov.br\/metrofor\/acesso-a-informacao\/sobre-a-lai\/","url":"https:\/\/ww16.ce.gov.br\/metrofor\/acesso-a-informacao\/sobre-a-lai\/","name":"Sobre a LAI - METROFOR","isPartOf":{"@id":"https:\/\/ww16.ce.gov.br\/metrofor\/#website"},"datePublished":"2026-05-07T18:58:23+00:00","dateModified":"2026-05-07T18:58:27+00:00","breadcrumb":{"@id":"https:\/\/ww16.ce.gov.br\/metrofor\/acesso-a-informacao\/sobre-a-lai\/#breadcrumb"},"inLanguage":"pt-BR","potentialAction":[{"@type":"ReadAction","target":["https:\/\/ww16.ce.gov.br\/metrofor\/acesso-a-informacao\/sobre-a-lai\/"]}]},{"@type":"BreadcrumbList","@id":"https:\/\/ww16.ce.gov.br\/metrofor\/acesso-a-informacao\/sobre-a-lai\/#breadcrumb","itemListElement":[{"@type":"ListItem","position":1,"name":"In\u00edcio","item":"https:\/\/ww16.ce.gov.br\/metrofor\/"},{"@type":"ListItem","position":2,"name":"Acesso \u00e0 Informa\u00e7\u00e3o","item":"https:\/\/ww16.ce.gov.br\/metrofor\/acesso-a-informacao\/"},{"@type":"ListItem","position":3,"name":"Sobre a LAI"}]},{"@type":"WebSite","@id":"https:\/\/ww16.ce.gov.br\/metrofor\/#website","url":"https:\/\/ww16.ce.gov.br\/metrofor\/","name":"Metr\u00f4 de Fortaleza","description":"Portal METROFOR","publisher":{"@id":"https:\/\/ww16.ce.gov.br\/metrofor\/#organization"},"potentialAction":[{"@type":"SearchAction","target":{"@type":"EntryPoint","urlTemplate":"https:\/\/ww16.ce.gov.br\/metrofor\/?s={search_term_string}"},"query-input":{"@type":"PropertyValueSpecification","valueRequired":true,"valueName":"search_term_string"}}],"inLanguage":"pt-BR"},{"@type":"Organization","@id":"https:\/\/ww16.ce.gov.br\/metrofor\/#organization","name":"Metr\u00f4 de Fortaleza","url":"https:\/\/ww16.ce.gov.br\/metrofor\/","logo":{"@type":"ImageObject","inLanguage":"pt-BR","@id":"https:\/\/ww16.ce.gov.br\/metrofor\/#\/schema\/logo\/image\/","url":"http:\/\/ww16.ce.gov.br\/metrofor\/wp-content\/uploads\/sites\/32\/2018\/01\/METROFOR-SEINFRAclara.png","contentUrl":"http:\/\/ww16.ce.gov.br\/metrofor\/wp-content\/uploads\/sites\/32\/2018\/01\/METROFOR-SEINFRAclara.png","width":559,"height":106,"caption":"Metr\u00f4 de Fortaleza"},"image":{"@id":"https:\/\/ww16.ce.gov.br\/metrofor\/#\/schema\/logo\/image\/"}}]}},"_links":{"self":[{"href":"https:\/\/ww16.ce.gov.br\/metrofor\/wp-json\/wp\/v2\/pages\/75499","targetHints":{"allow":["GET"]}}],"collection":[{"href":"https:\/\/ww16.ce.gov.br\/metrofor\/wp-json\/wp\/v2\/pages"}],"about":[{"href":"https:\/\/ww16.ce.gov.br\/metrofor\/wp-json\/wp\/v2\/types\/page"}],"author":[{"embeddable":true,"href":"https:\/\/ww16.ce.gov.br\/metrofor\/wp-json\/wp\/v2\/users\/115"}],"replies":[{"embeddable":true,"href":"https:\/\/ww16.ce.gov.br\/metrofor\/wp-json\/wp\/v2\/comments?post=75499"}],"version-history":[{"count":1,"href":"https:\/\/ww16.ce.gov.br\/metrofor\/wp-json\/wp\/v2\/pages\/75499\/revisions"}],"predecessor-version":[{"id":75500,"href":"https:\/\/ww16.ce.gov.br\/metrofor\/wp-json\/wp\/v2\/pages\/75499\/revisions\/75500"}],"up":[{"embeddable":true,"href":"https:\/\/ww16.ce.gov.br\/metrofor\/wp-json\/wp\/v2\/pages\/75409"}],"wp:attachment":[{"href":"https:\/\/ww16.ce.gov.br\/metrofor\/wp-json\/wp\/v2\/media?parent=75499"}],"curies":[{"name":"wp","href":"https:\/\/api.w.org\/{rel}","templated":true}]}}