{"id":71241,"date":"2021-10-28T14:23:36","date_gmt":"2021-10-28T17:23:36","guid":{"rendered":"http:\/\/ww16.ce.gov.br\/metrofor\/?page_id=71241"},"modified":"2026-05-07T16:24:40","modified_gmt":"2026-05-07T19:24:40","slug":"2021-03","status":"publish","type":"page","link":"https:\/\/ww16.ce.gov.br\/metrofor\/governanca-corporativa\/consulta-publica\/2021-03\/","title":{"rendered":"CP-2021-03 &#8211; Sobre o Fornecimento de Pe\u00e7as de Reposi\u00e7\u00e3o, Acess\u00f3rios Originais e Servi\u00e7os nos Equipamentos da Marca CUMMINS"},"content":{"rendered":"<p>&nbsp;<br \/>\n&nbsp;<\/p>\n<h3>Objetivo: <\/h3>\n<p>&nbsp;<\/p>\n<p style=\"text-align: justify\">O objetivo \u00e9 identificar empresas interessadas em fornecer pe\u00e7as de reposi\u00e7\u00e3o e acess\u00f3rios originais e servi\u00e7os nos equipamentos da marca CUMMINS, fornecidos pela Distribuidora Cummins Diesel do Nordeste LTDA &#8211; DCDN, de acordo com as especifica\u00e7\u00f5es e quantitativos previstos em Termo de Refer\u00eancia, assim como efetivar cota\u00e7\u00e3o de valores para servi\u00e7o e aquisi\u00e7\u00e3o destas pe\u00e7as visando futura e eventual contrata\u00e7\u00e3o de empresa compat\u00edvel com as necessidades desta Companhia.<\/p>\n<p>&nbsp;<br \/>\n&nbsp;<\/p>\n<h3>Procedimento: <\/h3>\n<p>&nbsp;<\/p>\n<p style=\"text-align: justify\">A consulta ser\u00e1 atrav\u00e9s de interc\u00e2mbio documental contados da data de publica\u00e7\u00e3o da Consulta P\u00fablica em Di\u00e1rio Oficial do Estado at\u00e9 19 de novembro de 2021.<br \/>\nAs contribui\u00e7\u00f5es documentais podem ser submetidas, atrav\u00e9s do formul\u00e1rio pr\u00f3prio disponibilizado neste site atrav\u00e9s email para o endere\u00e7o eletr\u00f4nico: consulta@metrofor.ce.gov.br ou por correspond\u00eancia para o endere\u00e7o: Rua Senador Jaguaribe, n\u00ba 501, Moura Brasil, CEP 60.010.010 em Fortaleza no Estado do Cear\u00e1 Fone: (85) 31017100, aos cuidados da GER\u00caNCIA DE MATERIAL RODANTE E OFICINAS \u2013 GEMOF informando, necessariamente, nome completo, endere\u00e7o e, ainda, se poss\u00edvel, telefone e endere\u00e7o eletr\u00f4nico do autor da contribui\u00e7\u00e3o. No caso de envio atrav\u00e9s de correspond\u00eancia, o teor do envelope dever\u00e1 dispor de m\u00eddia contendo em formato digital os conte\u00fados relacionados a suas contribui\u00e7\u00f5es.<\/p>\n<p>&nbsp;<\/p>\n<p style=\"text-align: justify\">Durante a consulta o METROFOR receber\u00e1 tamb\u00e9m, mediante agendamento pr\u00e9vio, os interessados em realizar apresenta\u00e7\u00f5es expositivas de suas contribui\u00e7\u00f5es e\/ou tirar d\u00favidas relacionas ao Termo de Refer\u00eancia, em formato on-line e\/ou presencial.<\/p>\n<p>&nbsp;<br \/>\n&nbsp;<\/p>\n<h3>Inscri\u00e7\u00e3o: <\/h3>\n<p>&nbsp;<\/p>\n<div>\n<h4 style=\"font-size: 1.287em\">\n<p>Este agendamento deve ser formalizado atrav\u00e9s de formul\u00e1rio especifico disponibilizado neste site ou pelo e-mail <a href=\"mailto:consulta@metrofor.ce.gov.br\">consulta@metrofor.ce.gov.br<\/a>.<\/p>\n<\/h4>\n<\/div>\n<p>&nbsp;<\/p>\n<div>\n<h4 style=\"font-size: 1.287em\">\n<p>Clique  <a href=\"https:\/\/ww16.ce.gov.br\/metrofor\/consulta-publica\/2021-03\/formulario-de-inscricao\/\">aqui<\/a> e preencha o formul\u00e1rio de inscri\u00e7\u00e3o on-line.<\/p>\n<p><a href=\"https:\/\/forms.gle\/vL9c6r9xVXh27b8s6\" rel=\"noopener noreferrer\" target=\"_blank\">https:\/\/forms.gle\/vL9c6r9xVXh27b8s6<\/a><\/p>\n<p>&nbsp;<br \/>\n&nbsp;<\/p>\n<h3>Arquivos: <\/h3>\n<p>&nbsp;<\/p>\n<div>\n<a href=\"https:\/\/ww16.ce.gov.br\/metrofor\/wp-content\/uploads\/sites\/75\/2021\/10\/CP-2021-03-Termo-Referencia.pdf\" rel=\"noopener noreferrer\" target=\"_blank\"><\/p>\n<div style='margin:0px 0px 0px 0px;float:left'><img loading=\"lazy\" decoding=\"async\" style='margin:0px 0px 0px 0px' src=\"https:\/\/ww16.ce.gov.br\/metrofor\/wp-content\/uploads\/sites\/75\/2021\/10\/download-filer-icon.png\" alt=\"\" width=\"32\" height=\"32\" \/><\/div>\n<div style='padding-top: 9px;margin-left:10px'>\n<h4 style='padding-left:10px;margin-left:20px'>Termo de Refer\u00eancia<\/h4>\n<\/div>\n<p><\/a>\n<\/div>\n<p>&nbsp;<\/p>\n<div>\n<a href=\"https:\/\/ww16.ce.gov.br\/metrofor\/wp-content\/uploads\/sites\/75\/2021\/10\/CP-2021-03-Cotacao-Preco.pdf\" rel=\"noopener noreferrer\" target=\"_blank\"><\/p>\n<div style='margin:0px 0px 0px 0px;float:left'><img loading=\"lazy\" decoding=\"async\" style='margin:0px 0px 0px 0px' src=\"https:\/\/ww16.ce.gov.br\/metrofor\/wp-content\/uploads\/sites\/75\/2021\/10\/download-filer-icon.png\" alt=\"\" width=\"32\" height=\"32\" \/><\/div>\n<div style='padding-top: 9px;margin-left:10px'>\n<h4 style='padding-left:10px;margin-left:20px'>Cota\u00e7\u00e3o de Pre\u00e7os<\/h4>\n<\/div>\n<p><\/a>\n<\/div>\n<p>&nbsp;<\/p>\n","protected":false},"excerpt":{"rendered":"<p>&nbsp; &nbsp; Objetivo: &nbsp; O objetivo \u00e9 identificar empresas interessadas em fornecer pe\u00e7as de reposi\u00e7\u00e3o e acess\u00f3rios originais e servi\u00e7os nos equipamentos da marca CUMMINS, fornecidos pela Distribuidora Cummins Diesel do Nordeste LTDA &#8211; DCDN, de acordo com as especifica\u00e7\u00f5es e quantitativos previstos em Termo de Refer\u00eancia, assim como efetivar cota\u00e7\u00e3o de valores para servi\u00e7o [&hellip;]<\/p>\n","protected":false},"author":115,"featured_media":0,"parent":75297,"menu_order":0,"comment_status":"closed","ping_status":"closed","template":"","meta":{"_acf_changed":false,"inline_featured_image":false,"footnotes":""},"class_list":["post-71241","page","type-page","status-publish","hentry"],"acf":[],"yoast_head":"<!-- This site is optimized with the Yoast SEO plugin v26.9 - https:\/\/yoast.com\/product\/yoast-seo-wordpress\/ -->\n<title>CP-2021-03 - Sobre o Fornecimento de Pe\u00e7as de Reposi\u00e7\u00e3o, Acess\u00f3rios Originais e Servi\u00e7os nos Equipamentos da Marca CUMMINS - METROFOR<\/title>\n<meta name=\"robots\" content=\"index, follow, max-snippet:-1, max-image-preview:large, max-video-preview:-1\" \/>\n<link rel=\"canonical\" href=\"https:\/\/ww16.ce.gov.br\/metrofor\/governanca-corporativa\/consulta-publica\/2021-03\/\" \/>\n<meta property=\"og:locale\" content=\"pt_BR\" \/>\n<meta property=\"og:type\" content=\"article\" \/>\n<meta property=\"og:title\" content=\"CP-2021-03 - Sobre o Fornecimento de Pe\u00e7as de Reposi\u00e7\u00e3o, Acess\u00f3rios Originais e Servi\u00e7os nos Equipamentos da Marca CUMMINS - METROFOR\" \/>\n<meta property=\"og:description\" content=\"&nbsp; &nbsp; Objetivo: &nbsp; O objetivo \u00e9 identificar empresas interessadas em fornecer pe\u00e7as de reposi\u00e7\u00e3o e acess\u00f3rios originais e servi\u00e7os nos equipamentos da marca CUMMINS, fornecidos pela Distribuidora Cummins Diesel do Nordeste LTDA &#8211; DCDN, de acordo com as especifica\u00e7\u00f5es e quantitativos previstos em Termo de Refer\u00eancia, assim como efetivar cota\u00e7\u00e3o de valores para servi\u00e7o [&hellip;]\" \/>\n<meta property=\"og:url\" content=\"https:\/\/ww16.ce.gov.br\/metrofor\/governanca-corporativa\/consulta-publica\/2021-03\/\" \/>\n<meta property=\"og:site_name\" content=\"METROFOR\" \/>\n<meta property=\"article:modified_time\" content=\"2026-05-07T19:24:40+00:00\" \/>\n<meta property=\"og:image\" content=\"http:\/\/ww16.ce.gov.br\/metrofor\/wp-content\/uploads\/sites\/75\/2021\/10\/download-filer-icon.png\" \/>\n<meta name=\"twitter:card\" content=\"summary_large_image\" \/>\n<meta name=\"twitter:label1\" content=\"Est. reading time\" \/>\n\t<meta name=\"twitter:data1\" content=\"2 minutos\" \/>\n<script type=\"application\/ld+json\" class=\"yoast-schema-graph\">{\"@context\":\"https:\/\/schema.org\",\"@graph\":[{\"@type\":\"WebPage\",\"@id\":\"https:\/\/ww16.ce.gov.br\/metrofor\/governanca-corporativa\/consulta-publica\/2021-03\/\",\"url\":\"https:\/\/ww16.ce.gov.br\/metrofor\/governanca-corporativa\/consulta-publica\/2021-03\/\",\"name\":\"CP-2021-03 - Sobre o Fornecimento de Pe\u00e7as de Reposi\u00e7\u00e3o, Acess\u00f3rios Originais e Servi\u00e7os nos Equipamentos da Marca CUMMINS - METROFOR\",\"isPartOf\":{\"@id\":\"https:\/\/ww16.ce.gov.br\/metrofor\/#website\"},\"primaryImageOfPage\":{\"@id\":\"https:\/\/ww16.ce.gov.br\/metrofor\/governanca-corporativa\/consulta-publica\/2021-03\/#primaryimage\"},\"image\":{\"@id\":\"https:\/\/ww16.ce.gov.br\/metrofor\/governanca-corporativa\/consulta-publica\/2021-03\/#primaryimage\"},\"thumbnailUrl\":\"http:\/\/ww16.ce.gov.br\/metrofor\/wp-content\/uploads\/sites\/75\/2021\/10\/download-filer-icon.png\",\"datePublished\":\"2021-10-28T17:23:36+00:00\",\"dateModified\":\"2026-05-07T19:24:40+00:00\",\"breadcrumb\":{\"@id\":\"https:\/\/ww16.ce.gov.br\/metrofor\/governanca-corporativa\/consulta-publica\/2021-03\/#breadcrumb\"},\"inLanguage\":\"pt-BR\",\"potentialAction\":[{\"@type\":\"ReadAction\",\"target\":[\"https:\/\/ww16.ce.gov.br\/metrofor\/governanca-corporativa\/consulta-publica\/2021-03\/\"]}]},{\"@type\":\"ImageObject\",\"inLanguage\":\"pt-BR\",\"@id\":\"https:\/\/ww16.ce.gov.br\/metrofor\/governanca-corporativa\/consulta-publica\/2021-03\/#primaryimage\",\"url\":\"http:\/\/ww16.ce.gov.br\/metrofor\/wp-content\/uploads\/sites\/75\/2021\/10\/download-filer-icon.png\",\"contentUrl\":\"http:\/\/ww16.ce.gov.br\/metrofor\/wp-content\/uploads\/sites\/75\/2021\/10\/download-filer-icon.png\"},{\"@type\":\"BreadcrumbList\",\"@id\":\"https:\/\/ww16.ce.gov.br\/metrofor\/governanca-corporativa\/consulta-publica\/2021-03\/#breadcrumb\",\"itemListElement\":[{\"@type\":\"ListItem\",\"position\":1,\"name\":\"In\u00edcio\",\"item\":\"https:\/\/ww16.ce.gov.br\/metrofor\/\"},{\"@type\":\"ListItem\",\"position\":2,\"name\":\"Governan\u00e7a Corporativa\",\"item\":\"https:\/\/ww16.ce.gov.br\/metrofor\/governanca-corporativa\/\"},{\"@type\":\"ListItem\",\"position\":3,\"name\":\"Consulta P\u00fablica\",\"item\":\"https:\/\/ww16.ce.gov.br\/metrofor\/governanca-corporativa\/consulta-publica\/\"},{\"@type\":\"ListItem\",\"position\":4,\"name\":\"CP-2021-03 &#8211; Sobre o Fornecimento de Pe\u00e7as de Reposi\u00e7\u00e3o, Acess\u00f3rios Originais e Servi\u00e7os nos Equipamentos da Marca CUMMINS\"}]},{\"@type\":\"WebSite\",\"@id\":\"https:\/\/ww16.ce.gov.br\/metrofor\/#website\",\"url\":\"https:\/\/ww16.ce.gov.br\/metrofor\/\",\"name\":\"Metr\u00f4 de Fortaleza\",\"description\":\"Portal METROFOR\",\"publisher\":{\"@id\":\"https:\/\/ww16.ce.gov.br\/metrofor\/#organization\"},\"potentialAction\":[{\"@type\":\"SearchAction\",\"target\":{\"@type\":\"EntryPoint\",\"urlTemplate\":\"https:\/\/ww16.ce.gov.br\/metrofor\/?s={search_term_string}\"},\"query-input\":{\"@type\":\"PropertyValueSpecification\",\"valueRequired\":true,\"valueName\":\"search_term_string\"}}],\"inLanguage\":\"pt-BR\"},{\"@type\":\"Organization\",\"@id\":\"https:\/\/ww16.ce.gov.br\/metrofor\/#organization\",\"name\":\"Metr\u00f4 de Fortaleza\",\"url\":\"https:\/\/ww16.ce.gov.br\/metrofor\/\",\"logo\":{\"@type\":\"ImageObject\",\"inLanguage\":\"pt-BR\",\"@id\":\"https:\/\/ww16.ce.gov.br\/metrofor\/#\/schema\/logo\/image\/\",\"url\":\"http:\/\/ww16.ce.gov.br\/metrofor\/wp-content\/uploads\/sites\/32\/2018\/01\/METROFOR-SEINFRAclara.png\",\"contentUrl\":\"http:\/\/ww16.ce.gov.br\/metrofor\/wp-content\/uploads\/sites\/32\/2018\/01\/METROFOR-SEINFRAclara.png\",\"width\":559,\"height\":106,\"caption\":\"Metr\u00f4 de Fortaleza\"},\"image\":{\"@id\":\"https:\/\/ww16.ce.gov.br\/metrofor\/#\/schema\/logo\/image\/\"}}]}<\/script>\n<!-- \/ Yoast SEO plugin. -->","yoast_head_json":{"title":"CP-2021-03 - Sobre o Fornecimento de Pe\u00e7as de Reposi\u00e7\u00e3o, Acess\u00f3rios Originais e Servi\u00e7os nos Equipamentos da Marca CUMMINS - METROFOR","robots":{"index":"index","follow":"follow","max-snippet":"max-snippet:-1","max-image-preview":"max-image-preview:large","max-video-preview":"max-video-preview:-1"},"canonical":"https:\/\/ww16.ce.gov.br\/metrofor\/governanca-corporativa\/consulta-publica\/2021-03\/","og_locale":"pt_BR","og_type":"article","og_title":"CP-2021-03 - Sobre o Fornecimento de Pe\u00e7as de Reposi\u00e7\u00e3o, Acess\u00f3rios Originais e Servi\u00e7os nos Equipamentos da Marca CUMMINS - METROFOR","og_description":"&nbsp; &nbsp; Objetivo: &nbsp; O objetivo \u00e9 identificar empresas interessadas em fornecer pe\u00e7as de reposi\u00e7\u00e3o e acess\u00f3rios originais e servi\u00e7os nos equipamentos da marca CUMMINS, fornecidos pela Distribuidora Cummins Diesel do Nordeste LTDA &#8211; DCDN, de acordo com as especifica\u00e7\u00f5es e quantitativos previstos em Termo de Refer\u00eancia, assim como efetivar cota\u00e7\u00e3o de valores para servi\u00e7o [&hellip;]","og_url":"https:\/\/ww16.ce.gov.br\/metrofor\/governanca-corporativa\/consulta-publica\/2021-03\/","og_site_name":"METROFOR","article_modified_time":"2026-05-07T19:24:40+00:00","og_image":[{"url":"http:\/\/ww16.ce.gov.br\/metrofor\/wp-content\/uploads\/sites\/75\/2021\/10\/download-filer-icon.png","type":"","width":"","height":""}],"twitter_card":"summary_large_image","twitter_misc":{"Est. reading time":"2 minutos"},"schema":{"@context":"https:\/\/schema.org","@graph":[{"@type":"WebPage","@id":"https:\/\/ww16.ce.gov.br\/metrofor\/governanca-corporativa\/consulta-publica\/2021-03\/","url":"https:\/\/ww16.ce.gov.br\/metrofor\/governanca-corporativa\/consulta-publica\/2021-03\/","name":"CP-2021-03 - Sobre o Fornecimento de Pe\u00e7as de Reposi\u00e7\u00e3o, Acess\u00f3rios Originais e Servi\u00e7os nos Equipamentos da Marca CUMMINS - METROFOR","isPartOf":{"@id":"https:\/\/ww16.ce.gov.br\/metrofor\/#website"},"primaryImageOfPage":{"@id":"https:\/\/ww16.ce.gov.br\/metrofor\/governanca-corporativa\/consulta-publica\/2021-03\/#primaryimage"},"image":{"@id":"https:\/\/ww16.ce.gov.br\/metrofor\/governanca-corporativa\/consulta-publica\/2021-03\/#primaryimage"},"thumbnailUrl":"http:\/\/ww16.ce.gov.br\/metrofor\/wp-content\/uploads\/sites\/75\/2021\/10\/download-filer-icon.png","datePublished":"2021-10-28T17:23:36+00:00","dateModified":"2026-05-07T19:24:40+00:00","breadcrumb":{"@id":"https:\/\/ww16.ce.gov.br\/metrofor\/governanca-corporativa\/consulta-publica\/2021-03\/#breadcrumb"},"inLanguage":"pt-BR","potentialAction":[{"@type":"ReadAction","target":["https:\/\/ww16.ce.gov.br\/metrofor\/governanca-corporativa\/consulta-publica\/2021-03\/"]}]},{"@type":"ImageObject","inLanguage":"pt-BR","@id":"https:\/\/ww16.ce.gov.br\/metrofor\/governanca-corporativa\/consulta-publica\/2021-03\/#primaryimage","url":"http:\/\/ww16.ce.gov.br\/metrofor\/wp-content\/uploads\/sites\/75\/2021\/10\/download-filer-icon.png","contentUrl":"http:\/\/ww16.ce.gov.br\/metrofor\/wp-content\/uploads\/sites\/75\/2021\/10\/download-filer-icon.png"},{"@type":"BreadcrumbList","@id":"https:\/\/ww16.ce.gov.br\/metrofor\/governanca-corporativa\/consulta-publica\/2021-03\/#breadcrumb","itemListElement":[{"@type":"ListItem","position":1,"name":"In\u00edcio","item":"https:\/\/ww16.ce.gov.br\/metrofor\/"},{"@type":"ListItem","position":2,"name":"Governan\u00e7a Corporativa","item":"https:\/\/ww16.ce.gov.br\/metrofor\/governanca-corporativa\/"},{"@type":"ListItem","position":3,"name":"Consulta P\u00fablica","item":"https:\/\/ww16.ce.gov.br\/metrofor\/governanca-corporativa\/consulta-publica\/"},{"@type":"ListItem","position":4,"name":"CP-2021-03 &#8211; Sobre o Fornecimento de Pe\u00e7as de Reposi\u00e7\u00e3o, Acess\u00f3rios Originais e Servi\u00e7os nos Equipamentos da Marca CUMMINS"}]},{"@type":"WebSite","@id":"https:\/\/ww16.ce.gov.br\/metrofor\/#website","url":"https:\/\/ww16.ce.gov.br\/metrofor\/","name":"Metr\u00f4 de Fortaleza","description":"Portal METROFOR","publisher":{"@id":"https:\/\/ww16.ce.gov.br\/metrofor\/#organization"},"potentialAction":[{"@type":"SearchAction","target":{"@type":"EntryPoint","urlTemplate":"https:\/\/ww16.ce.gov.br\/metrofor\/?s={search_term_string}"},"query-input":{"@type":"PropertyValueSpecification","valueRequired":true,"valueName":"search_term_string"}}],"inLanguage":"pt-BR"},{"@type":"Organization","@id":"https:\/\/ww16.ce.gov.br\/metrofor\/#organization","name":"Metr\u00f4 de Fortaleza","url":"https:\/\/ww16.ce.gov.br\/metrofor\/","logo":{"@type":"ImageObject","inLanguage":"pt-BR","@id":"https:\/\/ww16.ce.gov.br\/metrofor\/#\/schema\/logo\/image\/","url":"http:\/\/ww16.ce.gov.br\/metrofor\/wp-content\/uploads\/sites\/32\/2018\/01\/METROFOR-SEINFRAclara.png","contentUrl":"http:\/\/ww16.ce.gov.br\/metrofor\/wp-content\/uploads\/sites\/32\/2018\/01\/METROFOR-SEINFRAclara.png","width":559,"height":106,"caption":"Metr\u00f4 de Fortaleza"},"image":{"@id":"https:\/\/ww16.ce.gov.br\/metrofor\/#\/schema\/logo\/image\/"}}]}},"_links":{"self":[{"href":"https:\/\/ww16.ce.gov.br\/metrofor\/wp-json\/wp\/v2\/pages\/71241","targetHints":{"allow":["GET"]}}],"collection":[{"href":"https:\/\/ww16.ce.gov.br\/metrofor\/wp-json\/wp\/v2\/pages"}],"about":[{"href":"https:\/\/ww16.ce.gov.br\/metrofor\/wp-json\/wp\/v2\/types\/page"}],"author":[{"embeddable":true,"href":"https:\/\/ww16.ce.gov.br\/metrofor\/wp-json\/wp\/v2\/users\/115"}],"replies":[{"embeddable":true,"href":"https:\/\/ww16.ce.gov.br\/metrofor\/wp-json\/wp\/v2\/comments?post=71241"}],"version-history":[{"count":5,"href":"https:\/\/ww16.ce.gov.br\/metrofor\/wp-json\/wp\/v2\/pages\/71241\/revisions"}],"predecessor-version":[{"id":71320,"href":"https:\/\/ww16.ce.gov.br\/metrofor\/wp-json\/wp\/v2\/pages\/71241\/revisions\/71320"}],"up":[{"embeddable":true,"href":"https:\/\/ww16.ce.gov.br\/metrofor\/wp-json\/wp\/v2\/pages\/75297"}],"wp:attachment":[{"href":"https:\/\/ww16.ce.gov.br\/metrofor\/wp-json\/wp\/v2\/media?parent=71241"}],"curies":[{"name":"wp","href":"https:\/\/api.w.org\/{rel}","templated":true}]}}