{"id":71,"date":"2017-11-21T10:11:14","date_gmt":"2017-11-21T12:11:14","guid":{"rendered":"http:\/\/www.ceara.gov.br\/metrofor\/?page_id=71"},"modified":"2026-02-26T10:11:12","modified_gmt":"2026-02-26T13:11:12","slug":"diretoria","status":"publish","type":"page","link":"https:\/\/ww16.ce.gov.br\/metrofor\/institucional\/diretoria\/","title":{"rendered":"Diretoria"},"content":{"rendered":"<div class=\"secretarios-container\"><div class=\"destaque-governo\" style=\"margin-bottom: 1.25rem;\"><div class=\"perfil-redes-sociais\"><img decoding=\"async\" src=\"https:\/\/ww16.ce.gov.br\/metrofor\/wp-content\/uploads\/sites\/75\/2018\/01\/plinio-saboya_2.jpg\" alt=\"Pl\u00ednio Pompeu de Saboya Magalh\u00e3es Neto\" class=\"governo-foto\"><div class=\"governo-redes-sociais\"><\/div><\/div><div class=\"governo-bio\"><div class=\"governo-orgao\">Diretor Presidente<\/div><h3 class=\"governo-nome\">Pl\u00ednio Pompeu de Saboya Magalh\u00e3es Neto<\/h3><div class=\"governo-bio-texto\"><p>Graduado em Engenharia Mec\u00e2nica pela UNIFOR \u2013 Universidade de Fortaleza, em 12\/1986, com especializa\u00e7\u00f5es e p\u00f3s-gradua\u00e7\u00f5es nos setores: T\u00eaxtil \u2013 Engenharia T\u00eaxtil, pela Scuola Superiore Mecanotessile e Tessile di Pordenone \u2013 It\u00e1lia e pelo CETIQT \u2013 RJ; Financeiro \u2013 Estrutura e An\u00e1lise das Demonstra\u00e7\u00f5es Financeiras \u2013 CEAG; Administrativo \u2013 Forma\u00e7\u00e3o Empresarial e Empreendedorismo \u2013 SEBRAE; Opera\u00e7\u00e3o e Manuten\u00e7\u00e3o Metroferrovi\u00e1ria \u2013 V Curso Internacional de Treinamento Operacional de Trens Urbanos \u2013 JICA\/ABC\/TRENSURB; Transportes P\u00fablicos \u2013 Especializa\u00e7\u00e3o em Gest\u00e3o de Transito e Transportes Urbanos pela UFC (em aberto). Atuou profissionalmente nos setores de: Log\u00edstica de Suprimentos e de Expedi\u00e7\u00e3o; Planejamento e Controle de Manuten\u00e7\u00e3o; Gest\u00e3o de produ\u00e7\u00e3o e controle de qualidade; Consultoria da Elabora\u00e7\u00e3o, Implanta\u00e7\u00e3o e An\u00e1lise de Projetos; Viv\u00eancia na \u00e1rea comercial, com Elabora\u00e7\u00e3o de Propostas T\u00e9cnicas e Comerciais; Elabora\u00e7\u00e3o de Termos de Refer\u00eancia para Licita\u00e7\u00f5es Pertinentes ao Setor de Seguran\u00e7a, Opera\u00e7\u00e3o e Manuten\u00e7\u00e3o de Sistemas de Transporte Metroferrovi\u00e1rio. Ingressou na Companhia Cearense de Transportes Metropolitanos \u2013 METROFOR em 10\/201, na Diretoria de Implanta\u00e7\u00e3o, como gerente do Material Rodante a ser adquirido. Em 02\/2003 assumiu a Diretoria de Opera\u00e7\u00e3o e Manuten\u00e7\u00e3o.<\/p>\n<\/div><\/div><\/div><div class=\"destaque-governo layout-alternating\" style=\"margin-bottom: 1.25rem;\"><div class=\"perfil-redes-sociais\"><img decoding=\"async\" src=\"https:\/\/ww16.ce.gov.br\/metrofor\/wp-content\/uploads\/sites\/75\/2017\/11\/edilson-aragao_3.jpg\" alt=\"Francisco Edilson Ponte Arag\u00e3o\" class=\"governo-foto\"><div class=\"governo-redes-sociais\"><\/div><\/div><div class=\"governo-bio\"><div class=\"governo-orgao\">Diretor de Desenvolvimento e Tecnologia<\/div><h3 class=\"governo-nome\">Francisco Edilson Ponte Arag\u00e3o<\/h3><div class=\"governo-bio-texto\"><p>Possui Mestrado em Arquitetura e Urbanismo pela Universidade Presbiteriana Mackenzie (2015); Especializa\u00e7\u00e3o em Metodologia do Ensino Superior pela Universidade Federal da Para\u00edba (1984); Gradua\u00e7\u00e3o em Arquitetura e Urbanismo pela Universidade Federal do Cear\u00e1 (1981). Atualmente \u00e9 professor adjunto da Universidade Estadual Vale do Acara\u00fa (Uva) e Professor de Projeto Urban\u00edstico da Universidade de Fortaleza (Unifor). \u00c9 Diretor de Desenvolvimento e Tecnologia do Metrofor. Tem experi\u00eancia na \u00e1rea de Arquitetura e Urbanismo, com \u00eanfase em Projeto de Arquitetura e Urbanismo. Atua na \u00e1rea de Projeto e Planejamento de Transportes Metroferrovi\u00e1rios.<\/p>\n<\/div><\/div><\/div><div class=\"destaque-governo\" style=\"margin-bottom: 1.25rem;\"><div class=\"perfil-redes-sociais\"><img decoding=\"async\" src=\"https:\/\/ww16.ce.gov.br\/metrofor\/wp-content\/uploads\/sites\/75\/2018\/01\/tupinamba-almeida_4.jpg\" alt=\"Jos\u00e9 Tupinamb\u00e1 Cavalcante de Almeida\" class=\"governo-foto\"><div class=\"governo-redes-sociais\"><\/div><\/div><div class=\"governo-bio\"><div class=\"governo-orgao\">Diretor de Gest\u00e3o Empresarial<\/div><h3 class=\"governo-nome\">Jos\u00e9 Tupinamb\u00e1 Cavalcante de Almeida<\/h3><div class=\"governo-bio-texto\"><p>Advogado formado pela Universidade de Fortaleza (Unifor) em 1984, iniciou a carreira no Banco do Estado do Cear\u00e1 como bolsista em 1980, tendo atuado nesta institui\u00e7\u00e3o nos anos seguintes, ocupando os cargos de banc\u00e1rio-administrativo, caixa-executivo, estagi\u00e1rio do departamento jur\u00eddico, advogado e chefe do departamento jur\u00eddico. No per\u00edodo de 1991 \u00e0 1995, assumiu o cargo de Diretor Administrativo e Financeiro da Secretaria de Transportes, Energia, Comunica\u00e7\u00f5es e Obras (Seteco) do Estado do Cear\u00e1. Entre 2003 e 2007 atuou como Diretor Administrativo do Departamento Nacional de Obras Contra as Secas (Dnocs) e ap\u00f3s esse per\u00edodo assumiu a fun\u00e7\u00e3o de Coordenador de Gest\u00e3o Financeira da Secretaria da Fazenda (Sefaz) at\u00e9 dezembro de 2014. Atualmente exerce a fun\u00e7\u00e3o de Diretor de Gest\u00e3o Empresarial do Metrofor.<\/p>\n<\/div><\/div><\/div><div class=\"destaque-governo layout-alternating\" style=\"margin-bottom: 1.25rem;\"><div class=\"perfil-redes-sociais\"><img decoding=\"async\" src=\"https:\/\/ww16.ce.gov.br\/metrofor\/wp-content\/uploads\/sites\/75\/2023\/06\/Joao-Paulo-Angelim.jpg\" alt=\"Jo\u00e3o Paulo Angelim de Albuquerque\" class=\"governo-foto\"><div class=\"governo-redes-sociais\"><\/div><\/div><div class=\"governo-bio\"><div class=\"governo-orgao\">Diretor de Impanta\u00e7\u00e3o<\/div><h3 class=\"governo-nome\">Jo\u00e3o Paulo Angelim de Albuquerque<\/h3><div class=\"governo-bio-texto\"><p>Graduado em Engenharia Civil pela UFC \u2013 Universidade Federal do Cear\u00e1, em<br \/>\n2004, com especializa\u00e7\u00f5es em Infraestrutura de Transportes e Rodovias \u2013 pela<br \/>\nUniversidade Paulista (UNIP) \/ INBEC, Gerenciamento de Projetos no Distrito<br \/>\nFederal pela Funda\u00e7\u00e3o Get\u00falio Vargas e p\u00f3s-gradua\u00e7\u00e3o em Gest\u00e3o de Neg\u00f3cios<br \/>\npela Funda\u00e7\u00e3o Dom Cabral (em andamento). Atuou profissionalmente em<br \/>\nempresas do setor privado gerenciando contratos de planejamento,<br \/>\nimplanta\u00e7\u00e3o e manuten\u00e7\u00e3o de usinas solares, projetos de investimentos na<br \/>\namplia\u00e7\u00e3o da Companhia Sider\u00fargica do Pec\u00e9m, gest\u00e3o de produ\u00e7\u00e3o e controle<br \/>\nde qualidade em obras de infraestrutura como aeroportos e t\u00faneis,<br \/>\ngerenciamento, implanta\u00e7\u00e3o e an\u00e1lise de projetos de rodovias nas regi\u00f5es<br \/>\nSudeste e Nordeste. Possui tamb\u00e9m experi\u00eancia na \u00e1rea comercial, com<br \/>\nelabora\u00e7\u00e3o de propostas t\u00e9cnicas e comerciais, al\u00e9m da elabora\u00e7\u00e3o de Termos<br \/>\nde Refer\u00eancia para Licita\u00e7\u00f5es na Diretoria Aquavi\u00e1ria do DNIT.<br \/>\nIngressou na Companhia Cearense de Transportes Metropolitanos \u2013<br \/>\nMETROFOR em junho de 2023, assumindo a Diretoria de Implanta\u00e7\u00e3o.<\/p>\n<\/div><\/div><\/div><div class=\"destaque-governo\" style=\"margin-bottom: 1.25rem;\"><div class=\"perfil-redes-sociais\"><img decoding=\"async\" src=\"https:\/\/ww16.ce.gov.br\/metrofor\/wp-content\/uploads\/sites\/75\/2023\/01\/Ticiana-1-2.jpg\" alt=\"Ticiana Marques Vieira Ximenes\" class=\"governo-foto\"><div class=\"governo-redes-sociais\"><\/div><\/div><div class=\"governo-bio\"><div class=\"governo-orgao\">Diretora de Desenvolvimento Estrat\u00e9gico<\/div><h3 class=\"governo-nome\">Ticiana Marques Vieira Ximenes<\/h3><div class=\"governo-bio-texto\"><p>Ingressou no Metrofor em 2009, exercendo a fun\u00e7\u00e3o de Assessora T\u00e9cnica da Presid\u00eancia, cargo no qual ficou at\u00e9 2022. Nos \u00faltimos anos, atuou com foco na pol\u00edtica de Sustentabilidade do Metrofor. Iniciou sua carreira no Departamento Nacional de Obras Contra a Seca (Dnocs) em 2007, atuando como advogada at\u00e9 2009. \u00c9 formada em Direito pelo Centro Universit\u00e1rio 7 de Setembro (Uni7), tendo se graduado em 2007. Possui experi\u00eancia em direito administrativo com \u00eanfase em licita\u00e7\u00f5es, regulariza\u00e7\u00e3o fundi\u00e1ria, desapropria\u00e7\u00f5es, celebra\u00e7\u00e3o de contratos e conv\u00eanio. Atualmente exerce a fun\u00e7\u00e3o de Diretora de Desenvolvimento Estrat\u00e9gico do Metrofor.<\/p>\n<\/div><\/div><\/div><div class=\"div-listagem-cards-secretarios\"><div class=\"div-lista-cards secretarios-grid\"><\/div><\/div><\/div>","protected":false},"excerpt":{"rendered":"","protected":false},"author":38,"featured_media":0,"parent":52,"menu_order":10,"comment_status":"closed","ping_status":"closed","template":"page-secretarios.php","meta":{"_acf_changed":false,"inline_featured_image":false,"footnotes":""},"class_list":["post-71","page","type-page","status-publish","hentry"],"acf":[],"yoast_head":"<!-- This site is optimized with the Yoast SEO plugin v26.9 - https:\/\/yoast.com\/product\/yoast-seo-wordpress\/ -->\n<title>Diretoria - METROFOR<\/title>\n<meta name=\"robots\" content=\"index, follow, max-snippet:-1, max-image-preview:large, max-video-preview:-1\" \/>\n<link rel=\"canonical\" href=\"https:\/\/ww16.ce.gov.br\/metrofor\/institucional\/diretoria\/\" \/>\n<meta property=\"og:locale\" content=\"pt_BR\" \/>\n<meta property=\"og:type\" content=\"article\" \/>\n<meta property=\"og:title\" content=\"Diretoria - METROFOR\" \/>\n<meta property=\"og:url\" content=\"https:\/\/ww16.ce.gov.br\/metrofor\/institucional\/diretoria\/\" \/>\n<meta property=\"og:site_name\" content=\"METROFOR\" \/>\n<meta property=\"article:modified_time\" content=\"2026-02-26T13:11:12+00:00\" \/>\n<meta name=\"twitter:card\" content=\"summary_large_image\" \/>\n<script type=\"application\/ld+json\" class=\"yoast-schema-graph\">{\"@context\":\"https:\/\/schema.org\",\"@graph\":[{\"@type\":\"WebPage\",\"@id\":\"https:\/\/ww16.ce.gov.br\/metrofor\/institucional\/diretoria\/\",\"url\":\"https:\/\/ww16.ce.gov.br\/metrofor\/institucional\/diretoria\/\",\"name\":\"Diretoria - METROFOR\",\"isPartOf\":{\"@id\":\"https:\/\/ww16.ce.gov.br\/metrofor\/#website\"},\"datePublished\":\"2017-11-21T12:11:14+00:00\",\"dateModified\":\"2026-02-26T13:11:12+00:00\",\"breadcrumb\":{\"@id\":\"https:\/\/ww16.ce.gov.br\/metrofor\/institucional\/diretoria\/#breadcrumb\"},\"inLanguage\":\"pt-BR\",\"potentialAction\":[{\"@type\":\"ReadAction\",\"target\":[\"https:\/\/ww16.ce.gov.br\/metrofor\/institucional\/diretoria\/\"]}]},{\"@type\":\"BreadcrumbList\",\"@id\":\"https:\/\/ww16.ce.gov.br\/metrofor\/institucional\/diretoria\/#breadcrumb\",\"itemListElement\":[{\"@type\":\"ListItem\",\"position\":1,\"name\":\"In\u00edcio\",\"item\":\"https:\/\/ww16.ce.gov.br\/metrofor\/\"},{\"@type\":\"ListItem\",\"position\":2,\"name\":\"Institucional\",\"item\":\"https:\/\/ww16.ce.gov.br\/metrofor\/institucional\/\"},{\"@type\":\"ListItem\",\"position\":3,\"name\":\"Diretoria\"}]},{\"@type\":\"WebSite\",\"@id\":\"https:\/\/ww16.ce.gov.br\/metrofor\/#website\",\"url\":\"https:\/\/ww16.ce.gov.br\/metrofor\/\",\"name\":\"Metr\u00f4 de Fortaleza\",\"description\":\"Portal METROFOR\",\"publisher\":{\"@id\":\"https:\/\/ww16.ce.gov.br\/metrofor\/#organization\"},\"potentialAction\":[{\"@type\":\"SearchAction\",\"target\":{\"@type\":\"EntryPoint\",\"urlTemplate\":\"https:\/\/ww16.ce.gov.br\/metrofor\/?s={search_term_string}\"},\"query-input\":{\"@type\":\"PropertyValueSpecification\",\"valueRequired\":true,\"valueName\":\"search_term_string\"}}],\"inLanguage\":\"pt-BR\"},{\"@type\":\"Organization\",\"@id\":\"https:\/\/ww16.ce.gov.br\/metrofor\/#organization\",\"name\":\"Metr\u00f4 de Fortaleza\",\"url\":\"https:\/\/ww16.ce.gov.br\/metrofor\/\",\"logo\":{\"@type\":\"ImageObject\",\"inLanguage\":\"pt-BR\",\"@id\":\"https:\/\/ww16.ce.gov.br\/metrofor\/#\/schema\/logo\/image\/\",\"url\":\"http:\/\/ww16.ce.gov.br\/metrofor\/wp-content\/uploads\/sites\/32\/2018\/01\/METROFOR-SEINFRAclara.png\",\"contentUrl\":\"http:\/\/ww16.ce.gov.br\/metrofor\/wp-content\/uploads\/sites\/32\/2018\/01\/METROFOR-SEINFRAclara.png\",\"width\":559,\"height\":106,\"caption\":\"Metr\u00f4 de Fortaleza\"},\"image\":{\"@id\":\"https:\/\/ww16.ce.gov.br\/metrofor\/#\/schema\/logo\/image\/\"}}]}<\/script>\n<!-- \/ Yoast SEO plugin. -->","yoast_head_json":{"title":"Diretoria - METROFOR","robots":{"index":"index","follow":"follow","max-snippet":"max-snippet:-1","max-image-preview":"max-image-preview:large","max-video-preview":"max-video-preview:-1"},"canonical":"https:\/\/ww16.ce.gov.br\/metrofor\/institucional\/diretoria\/","og_locale":"pt_BR","og_type":"article","og_title":"Diretoria - METROFOR","og_url":"https:\/\/ww16.ce.gov.br\/metrofor\/institucional\/diretoria\/","og_site_name":"METROFOR","article_modified_time":"2026-02-26T13:11:12+00:00","twitter_card":"summary_large_image","schema":{"@context":"https:\/\/schema.org","@graph":[{"@type":"WebPage","@id":"https:\/\/ww16.ce.gov.br\/metrofor\/institucional\/diretoria\/","url":"https:\/\/ww16.ce.gov.br\/metrofor\/institucional\/diretoria\/","name":"Diretoria - METROFOR","isPartOf":{"@id":"https:\/\/ww16.ce.gov.br\/metrofor\/#website"},"datePublished":"2017-11-21T12:11:14+00:00","dateModified":"2026-02-26T13:11:12+00:00","breadcrumb":{"@id":"https:\/\/ww16.ce.gov.br\/metrofor\/institucional\/diretoria\/#breadcrumb"},"inLanguage":"pt-BR","potentialAction":[{"@type":"ReadAction","target":["https:\/\/ww16.ce.gov.br\/metrofor\/institucional\/diretoria\/"]}]},{"@type":"BreadcrumbList","@id":"https:\/\/ww16.ce.gov.br\/metrofor\/institucional\/diretoria\/#breadcrumb","itemListElement":[{"@type":"ListItem","position":1,"name":"In\u00edcio","item":"https:\/\/ww16.ce.gov.br\/metrofor\/"},{"@type":"ListItem","position":2,"name":"Institucional","item":"https:\/\/ww16.ce.gov.br\/metrofor\/institucional\/"},{"@type":"ListItem","position":3,"name":"Diretoria"}]},{"@type":"WebSite","@id":"https:\/\/ww16.ce.gov.br\/metrofor\/#website","url":"https:\/\/ww16.ce.gov.br\/metrofor\/","name":"Metr\u00f4 de Fortaleza","description":"Portal METROFOR","publisher":{"@id":"https:\/\/ww16.ce.gov.br\/metrofor\/#organization"},"potentialAction":[{"@type":"SearchAction","target":{"@type":"EntryPoint","urlTemplate":"https:\/\/ww16.ce.gov.br\/metrofor\/?s={search_term_string}"},"query-input":{"@type":"PropertyValueSpecification","valueRequired":true,"valueName":"search_term_string"}}],"inLanguage":"pt-BR"},{"@type":"Organization","@id":"https:\/\/ww16.ce.gov.br\/metrofor\/#organization","name":"Metr\u00f4 de Fortaleza","url":"https:\/\/ww16.ce.gov.br\/metrofor\/","logo":{"@type":"ImageObject","inLanguage":"pt-BR","@id":"https:\/\/ww16.ce.gov.br\/metrofor\/#\/schema\/logo\/image\/","url":"http:\/\/ww16.ce.gov.br\/metrofor\/wp-content\/uploads\/sites\/32\/2018\/01\/METROFOR-SEINFRAclara.png","contentUrl":"http:\/\/ww16.ce.gov.br\/metrofor\/wp-content\/uploads\/sites\/32\/2018\/01\/METROFOR-SEINFRAclara.png","width":559,"height":106,"caption":"Metr\u00f4 de Fortaleza"},"image":{"@id":"https:\/\/ww16.ce.gov.br\/metrofor\/#\/schema\/logo\/image\/"}}]}},"_links":{"self":[{"href":"https:\/\/ww16.ce.gov.br\/metrofor\/wp-json\/wp\/v2\/pages\/71","targetHints":{"allow":["GET"]}}],"collection":[{"href":"https:\/\/ww16.ce.gov.br\/metrofor\/wp-json\/wp\/v2\/pages"}],"about":[{"href":"https:\/\/ww16.ce.gov.br\/metrofor\/wp-json\/wp\/v2\/types\/page"}],"author":[{"embeddable":true,"href":"https:\/\/ww16.ce.gov.br\/metrofor\/wp-json\/wp\/v2\/users\/38"}],"replies":[{"embeddable":true,"href":"https:\/\/ww16.ce.gov.br\/metrofor\/wp-json\/wp\/v2\/comments?post=71"}],"version-history":[{"count":31,"href":"https:\/\/ww16.ce.gov.br\/metrofor\/wp-json\/wp\/v2\/pages\/71\/revisions"}],"predecessor-version":[{"id":75078,"href":"https:\/\/ww16.ce.gov.br\/metrofor\/wp-json\/wp\/v2\/pages\/71\/revisions\/75078"}],"up":[{"embeddable":true,"href":"https:\/\/ww16.ce.gov.br\/metrofor\/wp-json\/wp\/v2\/pages\/52"}],"wp:attachment":[{"href":"https:\/\/ww16.ce.gov.br\/metrofor\/wp-json\/wp\/v2\/media?parent=71"}],"curies":[{"name":"wp","href":"https:\/\/api.w.org\/{rel}","templated":true}]}}