{"id":68611,"date":"2019-05-17T17:51:20","date_gmt":"2019-05-17T20:51:20","guid":{"rendered":"http:\/\/ww16.ce.gov.br\/metrofor\/?page_id=68611"},"modified":"2026-02-27T14:05:12","modified_gmt":"2026-02-27T17:05:12","slug":"credenciamento-para-negocios","status":"publish","type":"page","link":"https:\/\/ww16.ce.gov.br\/metrofor\/credenciamento-para-negocios\/","title":{"rendered":"Credenciamento"},"content":{"rendered":"\n<p>O Metr\u00f4 de Fortaleza est\u00e1 de portas abertas para explora\u00e7\u00e3o de espa\u00e7os comerciais em suas esta\u00e7\u00f5es. Empresas interessadas em empreender no metr\u00f4 devem se credenciar.<\/p>\n\n\n\n<p>A documenta\u00e7\u00e3o necess\u00e1ria para o credenciamento est\u00e1 dispon\u00edvel no Chamamento P\u00fablico de Credenciamento, no item &#8220;Regulamentos e documenta\u00e7\u00e3o&#8221;, no fim desta p\u00e1gina. Neste espa\u00e7o voc\u00ea poder\u00e1 se informar sobre as demais etapas do processo.<\/p>\n\n\n\n<div class=\"wp-block-buttons is-layout-flex wp-block-buttons-is-layout-flex\">\n<div class=\"wp-block-button\"><a class=\"wp-block-button__link wp-element-button\" href=\"https:\/\/ww16.ce.gov.br\/metrofor\/wp-content\/uploads\/sites\/75\/2018\/06\/Chamamento-P\u00fablico-para-Credenciamento.pdf\">Chamamento P\u00fablico para Credenciamento<\/a><\/div>\n<\/div>\n\n\n\n<div class=\"wp-block-cegovbr-titulo-personalizado cegovbr-titulo-personalizado\"><div class=\"cegovbr-titulo-header\"><span class=\"material-symbols-outlined cegovbr-titulo-icon\">check_circle<\/span><h6 class=\"cegovbr-titulo-text\">Importante<\/h6><\/div><\/div>\n\n\n\n<p>Empresas com objetivo de explorar espa\u00e7os de m\u00eddia no Metr\u00f4 devem ser pessoas jur\u00eddicas do tipo ag\u00eancias e ve\u00edculos de promo\u00e7\u00e3o e de publicidade. Para os demais tipos de neg\u00f3cios poder\u00e3o realizar o credenciamento quaisquer pessoas jur\u00eddicas cujo objeto social tenha correla\u00e7\u00e3o com as atividades previstas no Regulamento de Neg\u00f3cios.<\/p>\n\n\n\n<p>&nbsp;<\/p>\n\n\n\n<div class=\"wp-block-cegovbr-titulo-personalizado cegovbr-titulo-personalizado\"><div class=\"cegovbr-titulo-header\"><span class=\"material-symbols-outlined cegovbr-titulo-icon\">info<\/span><h6 class=\"cegovbr-titulo-text\">Documenta\u00e7\u00e3o necess\u00e1ria para credenciamento:<\/h6><\/div><\/div>\n\n\n\n<p>&#8211; Ato Constitutivo, Estatuto ou Contrato Social em vigor, devidamente registrado na Junta Comercial ou Cart\u00f3rio de Registro competente (via autenticada);<br>&#8211; Prova de inscri\u00e7\u00e3o no Cadastro Nacional de Pessoa Jur\u00eddica (CNPJ), nos moldes da IN RFB 1470\/2014;<br>&#8211; Certificado de regularidade perante o Fundo de Garantia do Tempo de Servi\u00e7o \u2013 FGTS, que esteja dentro do prazo de validade nele atestado;<br>&#8211; Prova de regularidade fiscal perante a Seguridade Social e a Fazenda Nacional, mediante apresenta\u00e7\u00e3o de certid\u00e3o expedida conjuntamente pela Secretaria da Receita Federal do Brasil \u2013 RFB e pela Procuradoria Geral da Fazenda Nacional \u2013 PGFN, referente a todos os tributos federais e \u00e0 D\u00edvida Ativa da Uni\u00e3o \u2013 DAU por ela administrados.<br>&#8211; Prova de inexist\u00eancia de d\u00e9bitos inadimplidos perante a Justi\u00e7a do Trabalho, consistente na Certid\u00e3o Negativa ou Positiva com Efeito de Negativa de D\u00e9bitos Trabalhistas (CNDT), nos termos do T\u00edtulo VII-A da Consolida\u00e7\u00e3o das Leis do Trabalho, aprovada pe\u00e7o Decreto-Lei n\u00ba 5.452, de 1\u00ba de maio de 1943;<br>&#8211; Prova de regularidade fiscal perante a Secretaria da Fazenda do Estadual, mediante apresenta\u00e7\u00e3o de Certid\u00e3o Negativa de D\u00e9bitos Estaduais;<br>&#8211; Prova de regularidade fiscal perante a Secretaria Municipal das Finan\u00e7as, mediante apresenta\u00e7\u00e3o de Certid\u00e3o Negativa de D\u00e9bitos Municipais;<br>&#8211; Declara\u00e7\u00e3o comprometendo-se a seguir as Normas fixadas no C\u00f3digo Brasileiro de Autoregulamenta\u00e7\u00e3o Publicit\u00e1ria (modelo no Anexo VI);<br>&#8211; Declara\u00e7\u00e3o obrigando-se a cumprir o C\u00f3digo de Defesa do Consumidor e legisla\u00e7\u00e3o aplic\u00e1vel correlata (modelo no Anexo V);<br>&#8211; Prova de autoriza\u00e7\u00e3o espec\u00edfica de comercializa\u00e7\u00e3o, se houver essa exig\u00eancia legal para a natureza do produto;<br>&#8211; Declara\u00e7\u00e3o comprometendo-se a emitir nota-fiscal de acordo com a legisla\u00e7\u00e3o tribut\u00e1ria vigente para todo e qualquer produto ou servi\u00e7o comercializado (modelo no Anexo VII);<br>&#8211; Indica\u00e7\u00e3o de e-mail para fins de correspond\u00eancia (modelo no Anexo VIII);<br>&#8211; Ficha Cadastral (fornecida pe\u00e7a Companhia Cearense de Transportes Metropolitanos) &#8211; modelo no Anexo IX;<br>&#8211; C\u00f3pia autenticada de RG ou CNH do s\u00f3cio ou procurador respons\u00e1vel pela empresa junto \u00e0 Companhia Cearense de Transportes Metropolitanos;<\/p>\n","protected":false},"excerpt":{"rendered":"<p>O Metr\u00f4 de Fortaleza est\u00e1 de portas abertas para explora\u00e7\u00e3o de espa\u00e7os comerciais em suas esta\u00e7\u00f5es. Empresas interessadas em empreender no metr\u00f4 devem se credenciar. A documenta\u00e7\u00e3o necess\u00e1ria para o credenciamento est\u00e1 dispon\u00edvel no Chamamento P\u00fablico de Credenciamento, no item &#8220;Regulamentos e documenta\u00e7\u00e3o&#8221;, no fim desta p\u00e1gina. Neste espa\u00e7o voc\u00ea poder\u00e1 se informar sobre as [&hellip;]<\/p>\n","protected":false},"author":119,"featured_media":0,"parent":0,"menu_order":0,"comment_status":"closed","ping_status":"closed","template":"","meta":{"_acf_changed":false,"inline_featured_image":false,"footnotes":""},"class_list":["post-68611","page","type-page","status-publish","hentry"],"acf":[],"yoast_head":"<!-- This site is optimized with the Yoast SEO plugin v26.9 - https:\/\/yoast.com\/product\/yoast-seo-wordpress\/ -->\n<title>Credenciamento - METROFOR<\/title>\n<meta name=\"robots\" content=\"index, follow, max-snippet:-1, max-image-preview:large, max-video-preview:-1\" \/>\n<link rel=\"canonical\" href=\"https:\/\/ww16.ce.gov.br\/metrofor\/credenciamento-para-negocios\/\" \/>\n<meta property=\"og:locale\" content=\"pt_BR\" \/>\n<meta property=\"og:type\" content=\"article\" \/>\n<meta property=\"og:title\" content=\"Credenciamento - METROFOR\" \/>\n<meta property=\"og:description\" content=\"O Metr\u00f4 de Fortaleza est\u00e1 de portas abertas para explora\u00e7\u00e3o de espa\u00e7os comerciais em suas esta\u00e7\u00f5es. Empresas interessadas em empreender no metr\u00f4 devem se credenciar. A documenta\u00e7\u00e3o necess\u00e1ria para o credenciamento est\u00e1 dispon\u00edvel no Chamamento P\u00fablico de Credenciamento, no item &#8220;Regulamentos e documenta\u00e7\u00e3o&#8221;, no fim desta p\u00e1gina. Neste espa\u00e7o voc\u00ea poder\u00e1 se informar sobre as [&hellip;]\" \/>\n<meta property=\"og:url\" content=\"https:\/\/ww16.ce.gov.br\/metrofor\/credenciamento-para-negocios\/\" \/>\n<meta property=\"og:site_name\" content=\"METROFOR\" \/>\n<meta property=\"article:modified_time\" content=\"2026-02-27T17:05:12+00:00\" \/>\n<meta name=\"twitter:card\" content=\"summary_large_image\" \/>\n<meta name=\"twitter:label1\" content=\"Est. reading time\" \/>\n\t<meta name=\"twitter:data1\" content=\"3 minutos\" \/>\n<script type=\"application\/ld+json\" class=\"yoast-schema-graph\">{\"@context\":\"https:\/\/schema.org\",\"@graph\":[{\"@type\":\"WebPage\",\"@id\":\"https:\/\/ww16.ce.gov.br\/metrofor\/credenciamento-para-negocios\/\",\"url\":\"https:\/\/ww16.ce.gov.br\/metrofor\/credenciamento-para-negocios\/\",\"name\":\"Credenciamento - METROFOR\",\"isPartOf\":{\"@id\":\"https:\/\/ww16.ce.gov.br\/metrofor\/#website\"},\"datePublished\":\"2019-05-17T20:51:20+00:00\",\"dateModified\":\"2026-02-27T17:05:12+00:00\",\"breadcrumb\":{\"@id\":\"https:\/\/ww16.ce.gov.br\/metrofor\/credenciamento-para-negocios\/#breadcrumb\"},\"inLanguage\":\"pt-BR\",\"potentialAction\":[{\"@type\":\"ReadAction\",\"target\":[\"https:\/\/ww16.ce.gov.br\/metrofor\/credenciamento-para-negocios\/\"]}]},{\"@type\":\"BreadcrumbList\",\"@id\":\"https:\/\/ww16.ce.gov.br\/metrofor\/credenciamento-para-negocios\/#breadcrumb\",\"itemListElement\":[{\"@type\":\"ListItem\",\"position\":1,\"name\":\"In\u00edcio\",\"item\":\"https:\/\/ww16.ce.gov.br\/metrofor\/\"},{\"@type\":\"ListItem\",\"position\":2,\"name\":\"Credenciamento\"}]},{\"@type\":\"WebSite\",\"@id\":\"https:\/\/ww16.ce.gov.br\/metrofor\/#website\",\"url\":\"https:\/\/ww16.ce.gov.br\/metrofor\/\",\"name\":\"Metr\u00f4 de Fortaleza\",\"description\":\"Portal METROFOR\",\"publisher\":{\"@id\":\"https:\/\/ww16.ce.gov.br\/metrofor\/#organization\"},\"potentialAction\":[{\"@type\":\"SearchAction\",\"target\":{\"@type\":\"EntryPoint\",\"urlTemplate\":\"https:\/\/ww16.ce.gov.br\/metrofor\/?s={search_term_string}\"},\"query-input\":{\"@type\":\"PropertyValueSpecification\",\"valueRequired\":true,\"valueName\":\"search_term_string\"}}],\"inLanguage\":\"pt-BR\"},{\"@type\":\"Organization\",\"@id\":\"https:\/\/ww16.ce.gov.br\/metrofor\/#organization\",\"name\":\"Metr\u00f4 de Fortaleza\",\"url\":\"https:\/\/ww16.ce.gov.br\/metrofor\/\",\"logo\":{\"@type\":\"ImageObject\",\"inLanguage\":\"pt-BR\",\"@id\":\"https:\/\/ww16.ce.gov.br\/metrofor\/#\/schema\/logo\/image\/\",\"url\":\"http:\/\/ww16.ce.gov.br\/metrofor\/wp-content\/uploads\/sites\/32\/2018\/01\/METROFOR-SEINFRAclara.png\",\"contentUrl\":\"http:\/\/ww16.ce.gov.br\/metrofor\/wp-content\/uploads\/sites\/32\/2018\/01\/METROFOR-SEINFRAclara.png\",\"width\":559,\"height\":106,\"caption\":\"Metr\u00f4 de Fortaleza\"},\"image\":{\"@id\":\"https:\/\/ww16.ce.gov.br\/metrofor\/#\/schema\/logo\/image\/\"}}]}<\/script>\n<!-- \/ Yoast SEO plugin. -->","yoast_head_json":{"title":"Credenciamento - METROFOR","robots":{"index":"index","follow":"follow","max-snippet":"max-snippet:-1","max-image-preview":"max-image-preview:large","max-video-preview":"max-video-preview:-1"},"canonical":"https:\/\/ww16.ce.gov.br\/metrofor\/credenciamento-para-negocios\/","og_locale":"pt_BR","og_type":"article","og_title":"Credenciamento - METROFOR","og_description":"O Metr\u00f4 de Fortaleza est\u00e1 de portas abertas para explora\u00e7\u00e3o de espa\u00e7os comerciais em suas esta\u00e7\u00f5es. Empresas interessadas em empreender no metr\u00f4 devem se credenciar. A documenta\u00e7\u00e3o necess\u00e1ria para o credenciamento est\u00e1 dispon\u00edvel no Chamamento P\u00fablico de Credenciamento, no item &#8220;Regulamentos e documenta\u00e7\u00e3o&#8221;, no fim desta p\u00e1gina. Neste espa\u00e7o voc\u00ea poder\u00e1 se informar sobre as [&hellip;]","og_url":"https:\/\/ww16.ce.gov.br\/metrofor\/credenciamento-para-negocios\/","og_site_name":"METROFOR","article_modified_time":"2026-02-27T17:05:12+00:00","twitter_card":"summary_large_image","twitter_misc":{"Est. reading time":"3 minutos"},"schema":{"@context":"https:\/\/schema.org","@graph":[{"@type":"WebPage","@id":"https:\/\/ww16.ce.gov.br\/metrofor\/credenciamento-para-negocios\/","url":"https:\/\/ww16.ce.gov.br\/metrofor\/credenciamento-para-negocios\/","name":"Credenciamento - METROFOR","isPartOf":{"@id":"https:\/\/ww16.ce.gov.br\/metrofor\/#website"},"datePublished":"2019-05-17T20:51:20+00:00","dateModified":"2026-02-27T17:05:12+00:00","breadcrumb":{"@id":"https:\/\/ww16.ce.gov.br\/metrofor\/credenciamento-para-negocios\/#breadcrumb"},"inLanguage":"pt-BR","potentialAction":[{"@type":"ReadAction","target":["https:\/\/ww16.ce.gov.br\/metrofor\/credenciamento-para-negocios\/"]}]},{"@type":"BreadcrumbList","@id":"https:\/\/ww16.ce.gov.br\/metrofor\/credenciamento-para-negocios\/#breadcrumb","itemListElement":[{"@type":"ListItem","position":1,"name":"In\u00edcio","item":"https:\/\/ww16.ce.gov.br\/metrofor\/"},{"@type":"ListItem","position":2,"name":"Credenciamento"}]},{"@type":"WebSite","@id":"https:\/\/ww16.ce.gov.br\/metrofor\/#website","url":"https:\/\/ww16.ce.gov.br\/metrofor\/","name":"Metr\u00f4 de Fortaleza","description":"Portal METROFOR","publisher":{"@id":"https:\/\/ww16.ce.gov.br\/metrofor\/#organization"},"potentialAction":[{"@type":"SearchAction","target":{"@type":"EntryPoint","urlTemplate":"https:\/\/ww16.ce.gov.br\/metrofor\/?s={search_term_string}"},"query-input":{"@type":"PropertyValueSpecification","valueRequired":true,"valueName":"search_term_string"}}],"inLanguage":"pt-BR"},{"@type":"Organization","@id":"https:\/\/ww16.ce.gov.br\/metrofor\/#organization","name":"Metr\u00f4 de Fortaleza","url":"https:\/\/ww16.ce.gov.br\/metrofor\/","logo":{"@type":"ImageObject","inLanguage":"pt-BR","@id":"https:\/\/ww16.ce.gov.br\/metrofor\/#\/schema\/logo\/image\/","url":"http:\/\/ww16.ce.gov.br\/metrofor\/wp-content\/uploads\/sites\/32\/2018\/01\/METROFOR-SEINFRAclara.png","contentUrl":"http:\/\/ww16.ce.gov.br\/metrofor\/wp-content\/uploads\/sites\/32\/2018\/01\/METROFOR-SEINFRAclara.png","width":559,"height":106,"caption":"Metr\u00f4 de Fortaleza"},"image":{"@id":"https:\/\/ww16.ce.gov.br\/metrofor\/#\/schema\/logo\/image\/"}}]}},"_links":{"self":[{"href":"https:\/\/ww16.ce.gov.br\/metrofor\/wp-json\/wp\/v2\/pages\/68611","targetHints":{"allow":["GET"]}}],"collection":[{"href":"https:\/\/ww16.ce.gov.br\/metrofor\/wp-json\/wp\/v2\/pages"}],"about":[{"href":"https:\/\/ww16.ce.gov.br\/metrofor\/wp-json\/wp\/v2\/types\/page"}],"author":[{"embeddable":true,"href":"https:\/\/ww16.ce.gov.br\/metrofor\/wp-json\/wp\/v2\/users\/119"}],"replies":[{"embeddable":true,"href":"https:\/\/ww16.ce.gov.br\/metrofor\/wp-json\/wp\/v2\/comments?post=68611"}],"version-history":[{"count":12,"href":"https:\/\/ww16.ce.gov.br\/metrofor\/wp-json\/wp\/v2\/pages\/68611\/revisions"}],"predecessor-version":[{"id":75166,"href":"https:\/\/ww16.ce.gov.br\/metrofor\/wp-json\/wp\/v2\/pages\/68611\/revisions\/75166"}],"wp:attachment":[{"href":"https:\/\/ww16.ce.gov.br\/metrofor\/wp-json\/wp\/v2\/media?parent=68611"}],"curies":[{"name":"wp","href":"https:\/\/api.w.org\/{rel}","templated":true}]}}