{"id":68560,"date":"2019-05-17T15:46:29","date_gmt":"2019-05-17T18:46:29","guid":{"rendered":"http:\/\/ww16.ce.gov.br\/metrofor\/?page_id=68560"},"modified":"2021-01-29T15:47:16","modified_gmt":"2021-01-29T18:47:16","slug":"16-04-2019-publicidade","status":"publish","type":"page","link":"https:\/\/ww16.ce.gov.br\/metrofor\/16-04-2019-publicidade\/","title":{"rendered":"16.04.2019 &#8211; Publicidade"},"content":{"rendered":"<p>&nbsp;<\/p>\n<p>A Cia Cearense de Transportes Metropolitanos anuncia a libera\u00e7\u00e3o de espa\u00e7os para m\u00eddias publicit\u00e1rias nas esta\u00e7\u00f5es Couto Fernandes, Juscelino Kubitschek, Mondubim e Aracap\u00e9, na Linha Sul do Metr\u00f4 de Fortaleza, conforme procedimentos e documentos abaixo.<\/p>\n<p>&nbsp;<\/p>\n<p>Empresas credenciadas que tenham interesse na explora\u00e7\u00e3o dos espa\u00e7os devem ler os documentos abaixo, que cont\u00e9m todas as especifica\u00e7\u00f5es t\u00e9cnicas e procedimentos necess\u00e1rios para a explora\u00e7\u00e3o dos espa\u00e7os.<\/p>\n<p>&nbsp;<\/p>\n<p><a href=\"https:\/\/ww16.ce.gov.br\/metrofor\/wp-content\/uploads\/sites\/75\/2020\/03\/01.-Procedimento-de-M\u00eddias-ARACAP\u00c9-Couto-Fernandes-JK-MONDUBIM.pdf\">01. Procedimento de M\u00eddias ARACAP\u00c9 Couto Fernandes JK MONDUBIM<\/a><\/p>\n<p><a href=\"https:\/\/ww16.ce.gov.br\/metrofor\/wp-content\/uploads\/sites\/75\/2020\/05\/12_MODUBIM_M\u00cdDIAS_PLATAFORMA.pdf\">02. Estacao Mondubim Planta baixa &#8211; Plataforma<\/a><\/p>\n<p><a href=\"https:\/\/ww16.ce.gov.br\/metrofor\/wp-content\/uploads\/sites\/75\/2020\/05\/12_MODUBIM_M\u00cdDIAS-_T\u00c9RREO.pdf\">03. Estacao Mondubim Planta baixa &#8211; Terreo<\/a><\/p>\n<p><a href=\"https:\/\/ww16.ce.gov.br\/metrofor\/wp-content\/uploads\/sites\/75\/2021\/01\/06-JUSCELINO-KUBITSCHEK_LIBERACAO_TERREO.pdf\">04. Estacao JK Planta baixa &#8211; Terreo<\/a><\/p>\n<p><a href=\"https:\/\/ww16.ce.gov.br\/metrofor\/wp-content\/uploads\/sites\/75\/2021\/01\/06-JUSCELINO-KUBITSCHEK_LIBERACAO-_-MEZANINO.pdf\">05 Estacao JK Planta baixa &#8211; Mezanino<\/a><\/p>\n<p><a href=\"https:\/\/ww16.ce.gov.br\/metrofor\/wp-content\/uploads\/sites\/75\/2021\/01\/06-JUSCELINO-KUBITSCHEK_LIBERACAO_PLATAFORMA.pdf\">05 Estacao JK Planta baixa &#8211; Plataforma<\/a><\/p>\n<p><a href=\"https:\/\/ww16.ce.gov.br\/metrofor\/wp-content\/uploads\/sites\/75\/2020\/05\/07_COUTO-FERNANDES_MIDIAS.pdf\">07. Estacao Couto Fernando Planta baixa &#8211; Plataforma e corredor<\/a><\/p>\n<p><a href=\"https:\/\/ww16.ce.gov.br\/metrofor\/wp-content\/uploads\/sites\/75\/2020\/05\/14_ARACAP\u00c9_M\u00cdDIAS-_PLATAFORMA.pdf\">08. Estacao Aracape Planta baixa &#8211; Plataforma<\/a><\/p>\n<p><a href=\"https:\/\/ww16.ce.gov.br\/metrofor\/wp-content\/uploads\/sites\/75\/2020\/05\/14_ARACAP\u00c9_M\u00cdDIAS-_T\u00c9RREO.pdf\">09. Estacao Aracape Planta baixa &#8211; Terreo<\/a><\/p>\n<p>&nbsp;<\/p>\n<p>Mais informa\u00e7\u00f5es: (85) 3101 7138<\/p>\n<p>&nbsp;<\/p>\n","protected":false},"excerpt":{"rendered":"<p>&nbsp; A Cia Cearense de Transportes Metropolitanos anuncia a libera\u00e7\u00e3o de espa\u00e7os para m\u00eddias publicit\u00e1rias nas esta\u00e7\u00f5es Couto Fernandes, Juscelino Kubitschek, Mondubim e Aracap\u00e9, na Linha Sul do Metr\u00f4 de Fortaleza, conforme procedimentos e documentos abaixo. &nbsp; Empresas credenciadas que tenham interesse na explora\u00e7\u00e3o dos espa\u00e7os devem ler os documentos abaixo, que cont\u00e9m todas as [&hellip;]<\/p>\n","protected":false},"author":119,"featured_media":0,"parent":0,"menu_order":0,"comment_status":"closed","ping_status":"closed","template":"","meta":{"_acf_changed":false,"inline_featured_image":false,"footnotes":""},"class_list":["post-68560","page","type-page","status-publish","hentry"],"acf":[],"yoast_head":"<!-- This site is optimized with the Yoast SEO plugin v26.9 - https:\/\/yoast.com\/product\/yoast-seo-wordpress\/ -->\n<title>16.04.2019 - Publicidade - METROFOR<\/title>\n<meta name=\"robots\" content=\"index, follow, max-snippet:-1, max-image-preview:large, max-video-preview:-1\" \/>\n<link rel=\"canonical\" href=\"https:\/\/ww16.ce.gov.br\/metrofor\/16-04-2019-publicidade\/\" \/>\n<meta property=\"og:locale\" content=\"pt_BR\" \/>\n<meta property=\"og:type\" content=\"article\" \/>\n<meta property=\"og:title\" content=\"16.04.2019 - Publicidade - METROFOR\" \/>\n<meta property=\"og:description\" content=\"&nbsp; A Cia Cearense de Transportes Metropolitanos anuncia a libera\u00e7\u00e3o de espa\u00e7os para m\u00eddias publicit\u00e1rias nas esta\u00e7\u00f5es Couto Fernandes, Juscelino Kubitschek, Mondubim e Aracap\u00e9, na Linha Sul do Metr\u00f4 de Fortaleza, conforme procedimentos e documentos abaixo. &nbsp; Empresas credenciadas que tenham interesse na explora\u00e7\u00e3o dos espa\u00e7os devem ler os documentos abaixo, que cont\u00e9m todas as [&hellip;]\" \/>\n<meta property=\"og:url\" content=\"https:\/\/ww16.ce.gov.br\/metrofor\/16-04-2019-publicidade\/\" \/>\n<meta property=\"og:site_name\" content=\"METROFOR\" \/>\n<meta property=\"article:modified_time\" content=\"2021-01-29T18:47:16+00:00\" \/>\n<meta name=\"twitter:card\" content=\"summary_large_image\" \/>\n<meta name=\"twitter:label1\" content=\"Est. reading time\" \/>\n\t<meta name=\"twitter:data1\" content=\"1 minuto\" \/>\n<script type=\"application\/ld+json\" class=\"yoast-schema-graph\">{\"@context\":\"https:\/\/schema.org\",\"@graph\":[{\"@type\":\"WebPage\",\"@id\":\"https:\/\/ww16.ce.gov.br\/metrofor\/16-04-2019-publicidade\/\",\"url\":\"https:\/\/ww16.ce.gov.br\/metrofor\/16-04-2019-publicidade\/\",\"name\":\"16.04.2019 - Publicidade - METROFOR\",\"isPartOf\":{\"@id\":\"https:\/\/ww16.ce.gov.br\/metrofor\/#website\"},\"datePublished\":\"2019-05-17T18:46:29+00:00\",\"dateModified\":\"2021-01-29T18:47:16+00:00\",\"breadcrumb\":{\"@id\":\"https:\/\/ww16.ce.gov.br\/metrofor\/16-04-2019-publicidade\/#breadcrumb\"},\"inLanguage\":\"pt-BR\",\"potentialAction\":[{\"@type\":\"ReadAction\",\"target\":[\"https:\/\/ww16.ce.gov.br\/metrofor\/16-04-2019-publicidade\/\"]}]},{\"@type\":\"BreadcrumbList\",\"@id\":\"https:\/\/ww16.ce.gov.br\/metrofor\/16-04-2019-publicidade\/#breadcrumb\",\"itemListElement\":[{\"@type\":\"ListItem\",\"position\":1,\"name\":\"In\u00edcio\",\"item\":\"https:\/\/ww16.ce.gov.br\/metrofor\/\"},{\"@type\":\"ListItem\",\"position\":2,\"name\":\"16.04.2019 &#8211; Publicidade\"}]},{\"@type\":\"WebSite\",\"@id\":\"https:\/\/ww16.ce.gov.br\/metrofor\/#website\",\"url\":\"https:\/\/ww16.ce.gov.br\/metrofor\/\",\"name\":\"Metr\u00f4 de Fortaleza\",\"description\":\"Portal METROFOR\",\"publisher\":{\"@id\":\"https:\/\/ww16.ce.gov.br\/metrofor\/#organization\"},\"potentialAction\":[{\"@type\":\"SearchAction\",\"target\":{\"@type\":\"EntryPoint\",\"urlTemplate\":\"https:\/\/ww16.ce.gov.br\/metrofor\/?s={search_term_string}\"},\"query-input\":{\"@type\":\"PropertyValueSpecification\",\"valueRequired\":true,\"valueName\":\"search_term_string\"}}],\"inLanguage\":\"pt-BR\"},{\"@type\":\"Organization\",\"@id\":\"https:\/\/ww16.ce.gov.br\/metrofor\/#organization\",\"name\":\"Metr\u00f4 de Fortaleza\",\"url\":\"https:\/\/ww16.ce.gov.br\/metrofor\/\",\"logo\":{\"@type\":\"ImageObject\",\"inLanguage\":\"pt-BR\",\"@id\":\"https:\/\/ww16.ce.gov.br\/metrofor\/#\/schema\/logo\/image\/\",\"url\":\"http:\/\/ww16.ce.gov.br\/metrofor\/wp-content\/uploads\/sites\/32\/2018\/01\/METROFOR-SEINFRAclara.png\",\"contentUrl\":\"http:\/\/ww16.ce.gov.br\/metrofor\/wp-content\/uploads\/sites\/32\/2018\/01\/METROFOR-SEINFRAclara.png\",\"width\":559,\"height\":106,\"caption\":\"Metr\u00f4 de Fortaleza\"},\"image\":{\"@id\":\"https:\/\/ww16.ce.gov.br\/metrofor\/#\/schema\/logo\/image\/\"}}]}<\/script>\n<!-- \/ Yoast SEO plugin. -->","yoast_head_json":{"title":"16.04.2019 - Publicidade - METROFOR","robots":{"index":"index","follow":"follow","max-snippet":"max-snippet:-1","max-image-preview":"max-image-preview:large","max-video-preview":"max-video-preview:-1"},"canonical":"https:\/\/ww16.ce.gov.br\/metrofor\/16-04-2019-publicidade\/","og_locale":"pt_BR","og_type":"article","og_title":"16.04.2019 - Publicidade - METROFOR","og_description":"&nbsp; A Cia Cearense de Transportes Metropolitanos anuncia a libera\u00e7\u00e3o de espa\u00e7os para m\u00eddias publicit\u00e1rias nas esta\u00e7\u00f5es Couto Fernandes, Juscelino Kubitschek, Mondubim e Aracap\u00e9, na Linha Sul do Metr\u00f4 de Fortaleza, conforme procedimentos e documentos abaixo. &nbsp; Empresas credenciadas que tenham interesse na explora\u00e7\u00e3o dos espa\u00e7os devem ler os documentos abaixo, que cont\u00e9m todas as [&hellip;]","og_url":"https:\/\/ww16.ce.gov.br\/metrofor\/16-04-2019-publicidade\/","og_site_name":"METROFOR","article_modified_time":"2021-01-29T18:47:16+00:00","twitter_card":"summary_large_image","twitter_misc":{"Est. reading time":"1 minuto"},"schema":{"@context":"https:\/\/schema.org","@graph":[{"@type":"WebPage","@id":"https:\/\/ww16.ce.gov.br\/metrofor\/16-04-2019-publicidade\/","url":"https:\/\/ww16.ce.gov.br\/metrofor\/16-04-2019-publicidade\/","name":"16.04.2019 - Publicidade - METROFOR","isPartOf":{"@id":"https:\/\/ww16.ce.gov.br\/metrofor\/#website"},"datePublished":"2019-05-17T18:46:29+00:00","dateModified":"2021-01-29T18:47:16+00:00","breadcrumb":{"@id":"https:\/\/ww16.ce.gov.br\/metrofor\/16-04-2019-publicidade\/#breadcrumb"},"inLanguage":"pt-BR","potentialAction":[{"@type":"ReadAction","target":["https:\/\/ww16.ce.gov.br\/metrofor\/16-04-2019-publicidade\/"]}]},{"@type":"BreadcrumbList","@id":"https:\/\/ww16.ce.gov.br\/metrofor\/16-04-2019-publicidade\/#breadcrumb","itemListElement":[{"@type":"ListItem","position":1,"name":"In\u00edcio","item":"https:\/\/ww16.ce.gov.br\/metrofor\/"},{"@type":"ListItem","position":2,"name":"16.04.2019 &#8211; Publicidade"}]},{"@type":"WebSite","@id":"https:\/\/ww16.ce.gov.br\/metrofor\/#website","url":"https:\/\/ww16.ce.gov.br\/metrofor\/","name":"Metr\u00f4 de Fortaleza","description":"Portal METROFOR","publisher":{"@id":"https:\/\/ww16.ce.gov.br\/metrofor\/#organization"},"potentialAction":[{"@type":"SearchAction","target":{"@type":"EntryPoint","urlTemplate":"https:\/\/ww16.ce.gov.br\/metrofor\/?s={search_term_string}"},"query-input":{"@type":"PropertyValueSpecification","valueRequired":true,"valueName":"search_term_string"}}],"inLanguage":"pt-BR"},{"@type":"Organization","@id":"https:\/\/ww16.ce.gov.br\/metrofor\/#organization","name":"Metr\u00f4 de Fortaleza","url":"https:\/\/ww16.ce.gov.br\/metrofor\/","logo":{"@type":"ImageObject","inLanguage":"pt-BR","@id":"https:\/\/ww16.ce.gov.br\/metrofor\/#\/schema\/logo\/image\/","url":"http:\/\/ww16.ce.gov.br\/metrofor\/wp-content\/uploads\/sites\/32\/2018\/01\/METROFOR-SEINFRAclara.png","contentUrl":"http:\/\/ww16.ce.gov.br\/metrofor\/wp-content\/uploads\/sites\/32\/2018\/01\/METROFOR-SEINFRAclara.png","width":559,"height":106,"caption":"Metr\u00f4 de Fortaleza"},"image":{"@id":"https:\/\/ww16.ce.gov.br\/metrofor\/#\/schema\/logo\/image\/"}}]}},"_links":{"self":[{"href":"https:\/\/ww16.ce.gov.br\/metrofor\/wp-json\/wp\/v2\/pages\/68560","targetHints":{"allow":["GET"]}}],"collection":[{"href":"https:\/\/ww16.ce.gov.br\/metrofor\/wp-json\/wp\/v2\/pages"}],"about":[{"href":"https:\/\/ww16.ce.gov.br\/metrofor\/wp-json\/wp\/v2\/types\/page"}],"author":[{"embeddable":true,"href":"https:\/\/ww16.ce.gov.br\/metrofor\/wp-json\/wp\/v2\/users\/119"}],"replies":[{"embeddable":true,"href":"https:\/\/ww16.ce.gov.br\/metrofor\/wp-json\/wp\/v2\/comments?post=68560"}],"version-history":[{"count":9,"href":"https:\/\/ww16.ce.gov.br\/metrofor\/wp-json\/wp\/v2\/pages\/68560\/revisions"}],"predecessor-version":[{"id":70549,"href":"https:\/\/ww16.ce.gov.br\/metrofor\/wp-json\/wp\/v2\/pages\/68560\/revisions\/70549"}],"wp:attachment":[{"href":"https:\/\/ww16.ce.gov.br\/metrofor\/wp-json\/wp\/v2\/media?parent=68560"}],"curies":[{"name":"wp","href":"https:\/\/api.w.org\/{rel}","templated":true}]}}