{"id":67714,"date":"2018-06-08T11:27:01","date_gmt":"2018-06-08T14:27:01","guid":{"rendered":"http:\/\/www.metrofor.ce.gov.br\/?page_id=67714"},"modified":"2024-08-07T09:49:22","modified_gmt":"2024-08-07T12:49:22","slug":"oportunidades","status":"publish","type":"page","link":"https:\/\/ww16.ce.gov.br\/metrofor\/oportunidades\/","title":{"rendered":"Oportunidades"},"content":{"rendered":"<p>&nbsp;<\/p>\n\n<div class=\"row ListagemProjetos\">\n    <div class=\"dt-4\">\n        <div class=\"TituloListagemProjetos\">\n            <h1 class=\"-verde\">Tipos de oportunidades<\/h1>\n                    <\/div>\n    <\/div>\n    <div class=\"dt-8\">\n        <ul class=\"ListaEst col2\">\n                            <li>\n                    <a href=\"https:\/\/ww16.ce.gov.br\/metrofor\/projeto\/publicidade\/\">\n                        Publicidade                        <small><\/small>\n                    <\/a>\n                <\/li>\n                            <li>\n                    <a href=\"https:\/\/ww16.ce.gov.br\/metrofor\/projeto\/lojas\/\">\n                        Lojas                        <small><\/small>\n                    <\/a>\n                <\/li>\n                            <li>\n                    <a href=\"https:\/\/ww16.ce.gov.br\/metrofor\/projeto\/maquinas-de-produtos\/\">\n                        M\u00e1quinas de produtos                        <small><\/small>\n                    <\/a>\n                <\/li>\n                            <li>\n                    <a href=\"https:\/\/ww16.ce.gov.br\/metrofor\/projeto\/eventos-e-acoes\/\">\n                        Eventos e a\u00e7\u00f5es                        <small><\/small>\n                    <\/a>\n                <\/li>\n                            <li>\n                    <a href=\"https:\/\/ww16.ce.gov.br\/metrofor\/projeto\/maquinas-de-autoatendimento-bancario-caixas-eletronicos\/\">\n                        M\u00e1quinas de Autoatendimento Banc\u00e1rio (Caixas Eletr\u00f4nicos)                        <small><\/small>\n                    <\/a>\n                <\/li>\n                            <li>\n                    <a href=\"https:\/\/ww16.ce.gov.br\/metrofor\/projeto\/wi-fi-nas-estacoes\/\">\n                        Wi-Fi nas esta\u00e7\u00f5es                        <small><\/small>\n                    <\/a>\n                <\/li>\n                            <li>\n                    <a href=\"https:\/\/ww16.ce.gov.br\/metrofor\/projeto\/autorizacoes-de-uso\/\">\n                        Termos de autoriza\u00e7\u00f5es de uso                        <small><\/small>\n                    <\/a>\n                <\/li>\n                            <li>\n                    <a href=\"https:\/\/ww16.ce.gov.br\/metrofor\/projeto\/quiosques\/\">\n                        Quiosques                        <small><\/small>\n                    <\/a>\n                <\/li>\n                            <li>\n                    <a href=\"https:\/\/ww16.ce.gov.br\/metrofor\/projeto\/fibra-otica-consulta-publica\/\">\n                        Consulta p\u00fablica Fibra \u00d3ptica &#8211; ENCERRADA                        <small><\/small>\n                    <\/a>\n                <\/li>\n                            <li>\n                    <a href=\"https:\/\/ww16.ce.gov.br\/metrofor\/projeto\/passagem\/\">\n                        Travessia subterr\u00e2nea na faixa de dom\u00ednio                        <small><\/small>\n                    <\/a>\n                <\/li>\n                            <li>\n                    <a href=\"https:\/\/ww16.ce.gov.br\/metrofor\/projeto\/72729\/\">\n                        Publicidade nos trens                        <small><\/small>\n                    <\/a>\n                <\/li>\n                            <li>\n                    <a href=\"https:\/\/ww16.ce.gov.br\/metrofor\/projeto\/terrenos-para-uso-comercial\/\">\n                        Terrenos para Uso Comercial                        <small><\/small>\n                    <\/a>\n                <\/li>\n                            <li>\n                    <a href=\"https:\/\/ww16.ce.gov.br\/metrofor\/projeto\/imovel-da-antiga-estacao-parangaba\/\">\n                        Explora\u00e7\u00e3o do im\u00f3vel da antiga esta\u00e7\u00e3o ferrovi\u00e1ria Parangaba                        <small><\/small>\n                    <\/a>\n                <\/li>\n                            <li>\n                    <a href=\"https:\/\/ww16.ce.gov.br\/metrofor\/projeto\/areas-externas-das-estacoes-das-linhas-sul-oeste-e-nordeste\/\">\n                        \u00c1reas Externas das Esta\u00e7\u00f5es das linhas Sul, Oeste e Nordeste.                        <small><\/small>\n                    <\/a>\n                <\/li>\n                    <\/ul>\n    <\/div>\n<\/div>\n\n","protected":false},"excerpt":{"rendered":"<p>&nbsp;<\/p>\n","protected":false},"author":12,"featured_media":67727,"parent":0,"menu_order":0,"comment_status":"closed","ping_status":"closed","template":"","meta":{"_acf_changed":false,"inline_featured_image":false,"footnotes":""},"class_list":["post-67714","page","type-page","status-publish","has-post-thumbnail","hentry"],"acf":[],"yoast_head":"<!-- This site is optimized with the Yoast SEO plugin v26.9 - https:\/\/yoast.com\/product\/yoast-seo-wordpress\/ -->\n<title>Oportunidades - METROFOR<\/title>\n<meta name=\"robots\" content=\"index, follow, max-snippet:-1, max-image-preview:large, max-video-preview:-1\" \/>\n<link rel=\"canonical\" href=\"https:\/\/ww16.ce.gov.br\/metrofor\/oportunidades\/\" \/>\n<meta property=\"og:locale\" content=\"pt_BR\" \/>\n<meta property=\"og:type\" content=\"article\" \/>\n<meta property=\"og:title\" content=\"Oportunidades - METROFOR\" \/>\n<meta property=\"og:description\" content=\"&nbsp;\" \/>\n<meta property=\"og:url\" content=\"https:\/\/ww16.ce.gov.br\/metrofor\/oportunidades\/\" \/>\n<meta property=\"og:site_name\" content=\"METROFOR\" \/>\n<meta property=\"article:modified_time\" content=\"2024-08-07T12:49:22+00:00\" \/>\n<meta property=\"og:image\" content=\"https:\/\/ww16.ce.gov.br\/metrofor\/wp-content\/uploads\/sites\/75\/2018\/06\/mdp2.jpg\" \/>\n\t<meta property=\"og:image:width\" content=\"3000\" \/>\n\t<meta property=\"og:image:height\" content=\"3000\" \/>\n\t<meta property=\"og:image:type\" content=\"image\/jpeg\" \/>\n<meta name=\"twitter:card\" content=\"summary_large_image\" \/>\n<meta name=\"twitter:label1\" content=\"Est. reading time\" \/>\n\t<meta name=\"twitter:data1\" content=\"1 minuto\" \/>\n<script type=\"application\/ld+json\" class=\"yoast-schema-graph\">{\"@context\":\"https:\/\/schema.org\",\"@graph\":[{\"@type\":\"WebPage\",\"@id\":\"https:\/\/ww16.ce.gov.br\/metrofor\/oportunidades\/\",\"url\":\"https:\/\/ww16.ce.gov.br\/metrofor\/oportunidades\/\",\"name\":\"Oportunidades - METROFOR\",\"isPartOf\":{\"@id\":\"https:\/\/ww16.ce.gov.br\/metrofor\/#website\"},\"primaryImageOfPage\":{\"@id\":\"https:\/\/ww16.ce.gov.br\/metrofor\/oportunidades\/#primaryimage\"},\"image\":{\"@id\":\"https:\/\/ww16.ce.gov.br\/metrofor\/oportunidades\/#primaryimage\"},\"thumbnailUrl\":\"https:\/\/ww16.ce.gov.br\/metrofor\/wp-content\/uploads\/sites\/75\/2018\/06\/mdp2.jpg\",\"datePublished\":\"2018-06-08T14:27:01+00:00\",\"dateModified\":\"2024-08-07T12:49:22+00:00\",\"breadcrumb\":{\"@id\":\"https:\/\/ww16.ce.gov.br\/metrofor\/oportunidades\/#breadcrumb\"},\"inLanguage\":\"pt-BR\",\"potentialAction\":[{\"@type\":\"ReadAction\",\"target\":[\"https:\/\/ww16.ce.gov.br\/metrofor\/oportunidades\/\"]}]},{\"@type\":\"ImageObject\",\"inLanguage\":\"pt-BR\",\"@id\":\"https:\/\/ww16.ce.gov.br\/metrofor\/oportunidades\/#primaryimage\",\"url\":\"https:\/\/ww16.ce.gov.br\/metrofor\/wp-content\/uploads\/sites\/75\/2018\/06\/mdp2.jpg\",\"contentUrl\":\"https:\/\/ww16.ce.gov.br\/metrofor\/wp-content\/uploads\/sites\/75\/2018\/06\/mdp2.jpg\",\"width\":3000,\"height\":3000},{\"@type\":\"BreadcrumbList\",\"@id\":\"https:\/\/ww16.ce.gov.br\/metrofor\/oportunidades\/#breadcrumb\",\"itemListElement\":[{\"@type\":\"ListItem\",\"position\":1,\"name\":\"In\u00edcio\",\"item\":\"https:\/\/ww16.ce.gov.br\/metrofor\/\"},{\"@type\":\"ListItem\",\"position\":2,\"name\":\"Oportunidades\"}]},{\"@type\":\"WebSite\",\"@id\":\"https:\/\/ww16.ce.gov.br\/metrofor\/#website\",\"url\":\"https:\/\/ww16.ce.gov.br\/metrofor\/\",\"name\":\"Metr\u00f4 de Fortaleza\",\"description\":\"Portal METROFOR\",\"publisher\":{\"@id\":\"https:\/\/ww16.ce.gov.br\/metrofor\/#organization\"},\"potentialAction\":[{\"@type\":\"SearchAction\",\"target\":{\"@type\":\"EntryPoint\",\"urlTemplate\":\"https:\/\/ww16.ce.gov.br\/metrofor\/?s={search_term_string}\"},\"query-input\":{\"@type\":\"PropertyValueSpecification\",\"valueRequired\":true,\"valueName\":\"search_term_string\"}}],\"inLanguage\":\"pt-BR\"},{\"@type\":\"Organization\",\"@id\":\"https:\/\/ww16.ce.gov.br\/metrofor\/#organization\",\"name\":\"Metr\u00f4 de Fortaleza\",\"url\":\"https:\/\/ww16.ce.gov.br\/metrofor\/\",\"logo\":{\"@type\":\"ImageObject\",\"inLanguage\":\"pt-BR\",\"@id\":\"https:\/\/ww16.ce.gov.br\/metrofor\/#\/schema\/logo\/image\/\",\"url\":\"http:\/\/ww16.ce.gov.br\/metrofor\/wp-content\/uploads\/sites\/32\/2018\/01\/METROFOR-SEINFRAclara.png\",\"contentUrl\":\"http:\/\/ww16.ce.gov.br\/metrofor\/wp-content\/uploads\/sites\/32\/2018\/01\/METROFOR-SEINFRAclara.png\",\"width\":559,\"height\":106,\"caption\":\"Metr\u00f4 de Fortaleza\"},\"image\":{\"@id\":\"https:\/\/ww16.ce.gov.br\/metrofor\/#\/schema\/logo\/image\/\"}}]}<\/script>\n<!-- \/ Yoast SEO plugin. -->","yoast_head_json":{"title":"Oportunidades - METROFOR","robots":{"index":"index","follow":"follow","max-snippet":"max-snippet:-1","max-image-preview":"max-image-preview:large","max-video-preview":"max-video-preview:-1"},"canonical":"https:\/\/ww16.ce.gov.br\/metrofor\/oportunidades\/","og_locale":"pt_BR","og_type":"article","og_title":"Oportunidades - METROFOR","og_description":"&nbsp;","og_url":"https:\/\/ww16.ce.gov.br\/metrofor\/oportunidades\/","og_site_name":"METROFOR","article_modified_time":"2024-08-07T12:49:22+00:00","og_image":[{"width":3000,"height":3000,"url":"https:\/\/ww16.ce.gov.br\/metrofor\/wp-content\/uploads\/sites\/75\/2018\/06\/mdp2.jpg","type":"image\/jpeg"}],"twitter_card":"summary_large_image","twitter_misc":{"Est. reading time":"1 minuto"},"schema":{"@context":"https:\/\/schema.org","@graph":[{"@type":"WebPage","@id":"https:\/\/ww16.ce.gov.br\/metrofor\/oportunidades\/","url":"https:\/\/ww16.ce.gov.br\/metrofor\/oportunidades\/","name":"Oportunidades - METROFOR","isPartOf":{"@id":"https:\/\/ww16.ce.gov.br\/metrofor\/#website"},"primaryImageOfPage":{"@id":"https:\/\/ww16.ce.gov.br\/metrofor\/oportunidades\/#primaryimage"},"image":{"@id":"https:\/\/ww16.ce.gov.br\/metrofor\/oportunidades\/#primaryimage"},"thumbnailUrl":"https:\/\/ww16.ce.gov.br\/metrofor\/wp-content\/uploads\/sites\/75\/2018\/06\/mdp2.jpg","datePublished":"2018-06-08T14:27:01+00:00","dateModified":"2024-08-07T12:49:22+00:00","breadcrumb":{"@id":"https:\/\/ww16.ce.gov.br\/metrofor\/oportunidades\/#breadcrumb"},"inLanguage":"pt-BR","potentialAction":[{"@type":"ReadAction","target":["https:\/\/ww16.ce.gov.br\/metrofor\/oportunidades\/"]}]},{"@type":"ImageObject","inLanguage":"pt-BR","@id":"https:\/\/ww16.ce.gov.br\/metrofor\/oportunidades\/#primaryimage","url":"https:\/\/ww16.ce.gov.br\/metrofor\/wp-content\/uploads\/sites\/75\/2018\/06\/mdp2.jpg","contentUrl":"https:\/\/ww16.ce.gov.br\/metrofor\/wp-content\/uploads\/sites\/75\/2018\/06\/mdp2.jpg","width":3000,"height":3000},{"@type":"BreadcrumbList","@id":"https:\/\/ww16.ce.gov.br\/metrofor\/oportunidades\/#breadcrumb","itemListElement":[{"@type":"ListItem","position":1,"name":"In\u00edcio","item":"https:\/\/ww16.ce.gov.br\/metrofor\/"},{"@type":"ListItem","position":2,"name":"Oportunidades"}]},{"@type":"WebSite","@id":"https:\/\/ww16.ce.gov.br\/metrofor\/#website","url":"https:\/\/ww16.ce.gov.br\/metrofor\/","name":"Metr\u00f4 de Fortaleza","description":"Portal METROFOR","publisher":{"@id":"https:\/\/ww16.ce.gov.br\/metrofor\/#organization"},"potentialAction":[{"@type":"SearchAction","target":{"@type":"EntryPoint","urlTemplate":"https:\/\/ww16.ce.gov.br\/metrofor\/?s={search_term_string}"},"query-input":{"@type":"PropertyValueSpecification","valueRequired":true,"valueName":"search_term_string"}}],"inLanguage":"pt-BR"},{"@type":"Organization","@id":"https:\/\/ww16.ce.gov.br\/metrofor\/#organization","name":"Metr\u00f4 de Fortaleza","url":"https:\/\/ww16.ce.gov.br\/metrofor\/","logo":{"@type":"ImageObject","inLanguage":"pt-BR","@id":"https:\/\/ww16.ce.gov.br\/metrofor\/#\/schema\/logo\/image\/","url":"http:\/\/ww16.ce.gov.br\/metrofor\/wp-content\/uploads\/sites\/32\/2018\/01\/METROFOR-SEINFRAclara.png","contentUrl":"http:\/\/ww16.ce.gov.br\/metrofor\/wp-content\/uploads\/sites\/32\/2018\/01\/METROFOR-SEINFRAclara.png","width":559,"height":106,"caption":"Metr\u00f4 de Fortaleza"},"image":{"@id":"https:\/\/ww16.ce.gov.br\/metrofor\/#\/schema\/logo\/image\/"}}]}},"_links":{"self":[{"href":"https:\/\/ww16.ce.gov.br\/metrofor\/wp-json\/wp\/v2\/pages\/67714","targetHints":{"allow":["GET"]}}],"collection":[{"href":"https:\/\/ww16.ce.gov.br\/metrofor\/wp-json\/wp\/v2\/pages"}],"about":[{"href":"https:\/\/ww16.ce.gov.br\/metrofor\/wp-json\/wp\/v2\/types\/page"}],"author":[{"embeddable":true,"href":"https:\/\/ww16.ce.gov.br\/metrofor\/wp-json\/wp\/v2\/users\/12"}],"replies":[{"embeddable":true,"href":"https:\/\/ww16.ce.gov.br\/metrofor\/wp-json\/wp\/v2\/comments?post=67714"}],"version-history":[{"count":75,"href":"https:\/\/ww16.ce.gov.br\/metrofor\/wp-json\/wp\/v2\/pages\/67714\/revisions"}],"predecessor-version":[{"id":73717,"href":"https:\/\/ww16.ce.gov.br\/metrofor\/wp-json\/wp\/v2\/pages\/67714\/revisions\/73717"}],"wp:featuredmedia":[{"embeddable":true,"href":"https:\/\/ww16.ce.gov.br\/metrofor\/wp-json\/wp\/v2\/media\/67727"}],"wp:attachment":[{"href":"https:\/\/ww16.ce.gov.br\/metrofor\/wp-json\/wp\/v2\/media?parent=67714"}],"curies":[{"name":"wp","href":"https:\/\/api.w.org\/{rel}","templated":true}]}}