{"id":1592,"date":"2018-01-25T15:48:10","date_gmt":"2018-01-25T18:48:10","guid":{"rendered":"http:\/\/www.metrofor.ce.gov.br\/?page_id=1592"},"modified":"2021-09-20T15:34:00","modified_gmt":"2021-09-20T18:34:00","slug":"acessibilidade","status":"publish","type":"page","link":"https:\/\/ww16.ce.gov.br\/metrofor\/acessibilidade\/","title":{"rendered":"Acessibilidade"},"content":{"rendered":"<p>&nbsp;<\/p>\n<p>As linhas metrovi\u00e1rias operadas pela Cia Cearense de Transportes Metropolitanos disp\u00f5em de rampas, elevadores, plataformas elevat\u00f3rias, Carros Escaladores de Escada, piso t\u00e1til, mapa t\u00e1til e avisos sonoros que garantem acesso e boa utiliza\u00e7\u00e3o do Metr\u00f4 de Fortaleza a todos os cidad\u00e3os, incluindo aqueles que possuem alguma defici\u00eancia ou est\u00e3o com mobilidade reduzida por qualquer raz\u00e3o. Al\u00e9m disso, as equipes presentes nas esta\u00e7\u00f5es \u2013 compostas por agentes de esta\u00e7\u00e3o e vigilantes &#8211; recebem treinamento especializado para ajudar no embarque e desembarque desses passageiros, e est\u00e3o sempre atentos para oferecer ajuda a quem necessitar.<\/p>\n<p>O Metr\u00f4 de Fortaleza garante gratuidade \u00e0s pessoas com defici\u00eancia que estejam dentro dos crit\u00e9rios legais para usufruir deste benef\u00edcio. Para isso, \u00e9 necess\u00e1rio apresentar, nas esta\u00e7\u00f5es, o Cart\u00e3o Gratuidade Pessoa com Defici\u00eancia, emitido pela Empresa de Transporte Urbano de Fortaleza &#8211; Etufor. Dentro dessas condi\u00e7\u00f5es, no m\u00eas de julho, foram registrados na Linha Sul embarques de 12.738 pessoas com defici\u00eancia. J\u00e1 na Linha Oeste, no mesmo m\u00eas, foram 1.260 embarques.<br \/>\nVeja abaixo uma lista de equipamentos de acessibilidade presentes nas esta\u00e7\u00f5es do Metr\u00f4 de Fortaleza.<\/p>\n<p>&nbsp;<\/p>\n<p><strong>ELEVADOR<\/strong><br \/>\nOs elevadores convencionais s\u00e3o a solu\u00e7\u00e3o de mobilidade acessibilidade vertical mais utilizada no Metr\u00f4 de Fortaleza, possibilitando a subida e descida de pessoas em cadeiras de rodas, carrinhos de beb\u00ea, idosos ou pessoas com a sa\u00fade debilitada. Os elevadores s\u00e3o usados para fazer o transporte entre dois ou tr\u00eas andares nas esta\u00e7\u00f5es.<\/p>\n<p>&nbsp;<\/p>\n<p><strong>PISO T\u00c1TIL<\/strong><br \/>\nOs pisos t\u00e1teis s\u00e3o percursos fixados no ch\u00e3o das esta\u00e7\u00f5es, com relevo, que permitem aos deficientes visuais transitar com autonomia e seguran\u00e7a.<\/p>\n<p>&nbsp;<\/p>\n<p><strong>PLATAFORMA ELEVAT\u00d3RIA<\/strong><br \/>\nAs plataformas elevat\u00f3rias s\u00e3o m\u00e1quinas instaladas em escadas comuns com a fun\u00e7\u00e3o de possibilitar o transporte de pessoas em cadeiras de rodas, m\u00e3es com carrinhos de beb\u00ea ou outras pessoas que n\u00e3o tenham possibilidade de usar a escada convencional. O equipamento \u00e9 instalado na parede lateral da escada e, ao ser manuseado por funcion\u00e1rios do Metr\u00f4, executa com seguran\u00e7a o movimento de subida e descida. Duas dessas m\u00e1quinas est\u00e3o em opera\u00e7\u00e3o na esta\u00e7\u00e3o de Maracana\u00fa, na Linha Sul, devido \u00e0 impossibilidade de constru\u00e7\u00e3o de elevadores nesta esta\u00e7\u00e3o. Dessa forma, a Cia Cearense de Transportes Metropolitanos, garante a acessibilidade tamb\u00e9m nesta esta\u00e7\u00e3o.<\/p>\n<p>&nbsp;<\/p>\n<p><strong>CARRO ESCALADOR DE ESCADA<\/strong><br \/>\nOs Carros Escaladores de Escada s\u00e3o equipamentos port\u00e1teis que s\u00e3o operados em escadas convencionais para realizar a subida e descida de cadeiras de rodas. O Metr\u00f4 de Fortaleza disp\u00f5e de dois desses equipamentos, que s\u00e3o utilizados, atualmente, como alternativa em caso de manuten\u00e7\u00e3o de elevadores e de plataformas elevat\u00f3rias. Os equipamentos est\u00e3o localizados nas esta\u00e7\u00f5es Parangaba e Maracana\u00fa, mas podem ser levados para outras esta\u00e7\u00f5es dependendo da necessidade.<\/p>\n<p>&nbsp;<\/p>\n<p><strong>MAPA T\u00c1TIL<\/strong><br \/>\nOs mapas t\u00e1teis est\u00e3o presentes em todas as esta\u00e7\u00f5es da Linha Sul do Metr\u00f4 de Fortaleza e trazem informa\u00e7\u00f5es, em braile, sobre a localiza\u00e7\u00e3o dos principais pontos na esta\u00e7\u00e3o, indicando aos deficientes visuais onde est\u00e1 localizado o elevador, a plataforma de embarque, a bilheteria e as escadas. Localizado na entrada das esta\u00e7\u00f5es, o mapa t\u00e1til \u00e9 uma importante ferramenta para a locomo\u00e7\u00e3o dos deficientes visuais, conferindo maior autonomia para estes passageiros.<\/p>\n<p>&nbsp;<\/p>\n<p><strong>AVISO SONORO<\/strong><br \/>\nOs avisos sonoros informam o nome da esta\u00e7\u00e3o por qual o VLT ou metr\u00f4 est\u00e1 passando, al\u00e9m de informar o nome da pr\u00f3xima esta\u00e7\u00e3o. Por isso, esses avisos s\u00e3o importantes para a orienta\u00e7\u00e3o de todos os passageiros. Para os deficientes visuais, os avisos possuem import\u00e2ncia ainda maior, j\u00e1 que s\u00e3o uma fonte de informa\u00e7\u00e3o para pessoas que n\u00e3o podem enxergar as paisagens ou as placas, proporcionando maior autonomia para estes passageiros. Os avisos sonoros est\u00e3o implantados e em funcionamento na Linha Sul e em parte dos trens da Linha Oeste e \u2013 em car\u00e1ter experimental \u2013 no VLT Parangaba-Mucuripe.<\/p>\n<p>&nbsp;<\/p>\n<p><strong>RAMPA<\/strong><br \/>\nAs rampas s\u00e3o utilizadas como alternativa \u00e0s escadas convencionais no acesso das esta\u00e7\u00f5es al\u00e9m de substitu\u00edrem elevadores e escadas rolantes nas esta\u00e7\u00f5es de menor estrutura \u2013 como as da Linha Oeste. Elas s\u00e3o importantes na mobilidade de pessoas em cadeiras de rodas, m\u00e3es empurrando carrinho de beb\u00ea, idosos ou quaisquer outras pessoas com alguma restri\u00e7\u00e3o ou dificuldade em sua mobilidade, dando acesso entre o andar t\u00e9rreo e a plataforma de embarque.<\/p>\n<p>&nbsp;<\/p>\n<p><strong><a href=\"https:\/\/www.metrofor.ce.gov.br\/wp-content\/uploads\/sites\/75\/2018\/01\/acessibilidade-linha-sul.pdf\">Linha Sul<\/a><\/strong><\/p>\n<p><strong><a href=\"https:\/\/www.metrofor.ce.gov.br\/wp-content\/uploads\/sites\/75\/2018\/01\/acessibilidade-linha-oeste.pdf\">Linha Oeste<\/a><\/strong><\/p>\n<p><strong><a href=\"https:\/\/www.metrofor.ce.gov.br\/wp-content\/uploads\/sites\/75\/2018\/01\/acessibilidade-ramal-pm.pdf\">VLT de Parangaba-Mucuripe<\/a><\/strong><\/p>\n<p><strong><a href=\"https:\/\/www.metrofor.ce.gov.br\/wp-content\/uploads\/sites\/75\/2018\/01\/acessibilidade-vlt-cariri.pdf\">VLT do Cariri<\/a><\/strong><\/p>\n<p><strong><a href=\"https:\/\/www.metrofor.ce.gov.br\/wp-content\/uploads\/sites\/75\/2018\/01\/acessibilidade-vlt-sobral.pdf\">VLT de Sobral<\/a><\/strong><\/p>\n<p>&nbsp;<\/p>\n<p>&nbsp;<\/p>\n<p><em>Atualiza\u00e7\u00e3o em 27.08.2019<\/em><\/p>\n","protected":false},"excerpt":{"rendered":"<p>&nbsp; As linhas metrovi\u00e1rias operadas pela Cia Cearense de Transportes Metropolitanos disp\u00f5em de rampas, elevadores, plataformas elevat\u00f3rias, Carros Escaladores de Escada, piso t\u00e1til, mapa t\u00e1til e avisos sonoros que garantem acesso e boa utiliza\u00e7\u00e3o do Metr\u00f4 de Fortaleza a todos os cidad\u00e3os, incluindo aqueles que possuem alguma defici\u00eancia ou est\u00e3o com mobilidade reduzida por qualquer [&hellip;]<\/p>\n","protected":false},"author":12,"featured_media":0,"parent":0,"menu_order":0,"comment_status":"closed","ping_status":"closed","template":"","meta":{"_acf_changed":false,"inline_featured_image":false,"footnotes":""},"class_list":["post-1592","page","type-page","status-publish","hentry"],"acf":[],"yoast_head":"<!-- This site is optimized with the Yoast SEO plugin v26.9 - https:\/\/yoast.com\/product\/yoast-seo-wordpress\/ -->\n<title>Acessibilidade - METROFOR<\/title>\n<meta name=\"robots\" content=\"index, follow, max-snippet:-1, max-image-preview:large, max-video-preview:-1\" \/>\n<link rel=\"canonical\" href=\"https:\/\/ww16.ce.gov.br\/metrofor\/acessibilidade\/\" \/>\n<meta property=\"og:locale\" content=\"pt_BR\" \/>\n<meta property=\"og:type\" content=\"article\" \/>\n<meta property=\"og:title\" content=\"Acessibilidade - METROFOR\" \/>\n<meta property=\"og:description\" content=\"&nbsp; As linhas metrovi\u00e1rias operadas pela Cia Cearense de Transportes Metropolitanos disp\u00f5em de rampas, elevadores, plataformas elevat\u00f3rias, Carros Escaladores de Escada, piso t\u00e1til, mapa t\u00e1til e avisos sonoros que garantem acesso e boa utiliza\u00e7\u00e3o do Metr\u00f4 de Fortaleza a todos os cidad\u00e3os, incluindo aqueles que possuem alguma defici\u00eancia ou est\u00e3o com mobilidade reduzida por qualquer [&hellip;]\" \/>\n<meta property=\"og:url\" content=\"https:\/\/ww16.ce.gov.br\/metrofor\/acessibilidade\/\" \/>\n<meta property=\"og:site_name\" content=\"METROFOR\" \/>\n<meta property=\"article:modified_time\" content=\"2021-09-20T18:34:00+00:00\" \/>\n<meta name=\"twitter:card\" content=\"summary_large_image\" \/>\n<meta name=\"twitter:label1\" content=\"Est. reading time\" \/>\n\t<meta name=\"twitter:data1\" content=\"4 minutos\" \/>\n<script type=\"application\/ld+json\" class=\"yoast-schema-graph\">{\"@context\":\"https:\/\/schema.org\",\"@graph\":[{\"@type\":\"WebPage\",\"@id\":\"https:\/\/ww16.ce.gov.br\/metrofor\/acessibilidade\/\",\"url\":\"https:\/\/ww16.ce.gov.br\/metrofor\/acessibilidade\/\",\"name\":\"Acessibilidade - METROFOR\",\"isPartOf\":{\"@id\":\"https:\/\/ww16.ce.gov.br\/metrofor\/#website\"},\"datePublished\":\"2018-01-25T18:48:10+00:00\",\"dateModified\":\"2021-09-20T18:34:00+00:00\",\"breadcrumb\":{\"@id\":\"https:\/\/ww16.ce.gov.br\/metrofor\/acessibilidade\/#breadcrumb\"},\"inLanguage\":\"pt-BR\",\"potentialAction\":[{\"@type\":\"ReadAction\",\"target\":[\"https:\/\/ww16.ce.gov.br\/metrofor\/acessibilidade\/\"]}]},{\"@type\":\"BreadcrumbList\",\"@id\":\"https:\/\/ww16.ce.gov.br\/metrofor\/acessibilidade\/#breadcrumb\",\"itemListElement\":[{\"@type\":\"ListItem\",\"position\":1,\"name\":\"In\u00edcio\",\"item\":\"https:\/\/ww16.ce.gov.br\/metrofor\/\"},{\"@type\":\"ListItem\",\"position\":2,\"name\":\"Acessibilidade\"}]},{\"@type\":\"WebSite\",\"@id\":\"https:\/\/ww16.ce.gov.br\/metrofor\/#website\",\"url\":\"https:\/\/ww16.ce.gov.br\/metrofor\/\",\"name\":\"Metr\u00f4 de Fortaleza\",\"description\":\"Portal METROFOR\",\"publisher\":{\"@id\":\"https:\/\/ww16.ce.gov.br\/metrofor\/#organization\"},\"potentialAction\":[{\"@type\":\"SearchAction\",\"target\":{\"@type\":\"EntryPoint\",\"urlTemplate\":\"https:\/\/ww16.ce.gov.br\/metrofor\/?s={search_term_string}\"},\"query-input\":{\"@type\":\"PropertyValueSpecification\",\"valueRequired\":true,\"valueName\":\"search_term_string\"}}],\"inLanguage\":\"pt-BR\"},{\"@type\":\"Organization\",\"@id\":\"https:\/\/ww16.ce.gov.br\/metrofor\/#organization\",\"name\":\"Metr\u00f4 de Fortaleza\",\"url\":\"https:\/\/ww16.ce.gov.br\/metrofor\/\",\"logo\":{\"@type\":\"ImageObject\",\"inLanguage\":\"pt-BR\",\"@id\":\"https:\/\/ww16.ce.gov.br\/metrofor\/#\/schema\/logo\/image\/\",\"url\":\"http:\/\/ww16.ce.gov.br\/metrofor\/wp-content\/uploads\/sites\/32\/2018\/01\/METROFOR-SEINFRAclara.png\",\"contentUrl\":\"http:\/\/ww16.ce.gov.br\/metrofor\/wp-content\/uploads\/sites\/32\/2018\/01\/METROFOR-SEINFRAclara.png\",\"width\":559,\"height\":106,\"caption\":\"Metr\u00f4 de Fortaleza\"},\"image\":{\"@id\":\"https:\/\/ww16.ce.gov.br\/metrofor\/#\/schema\/logo\/image\/\"}}]}<\/script>\n<!-- \/ Yoast SEO plugin. -->","yoast_head_json":{"title":"Acessibilidade - METROFOR","robots":{"index":"index","follow":"follow","max-snippet":"max-snippet:-1","max-image-preview":"max-image-preview:large","max-video-preview":"max-video-preview:-1"},"canonical":"https:\/\/ww16.ce.gov.br\/metrofor\/acessibilidade\/","og_locale":"pt_BR","og_type":"article","og_title":"Acessibilidade - METROFOR","og_description":"&nbsp; As linhas metrovi\u00e1rias operadas pela Cia Cearense de Transportes Metropolitanos disp\u00f5em de rampas, elevadores, plataformas elevat\u00f3rias, Carros Escaladores de Escada, piso t\u00e1til, mapa t\u00e1til e avisos sonoros que garantem acesso e boa utiliza\u00e7\u00e3o do Metr\u00f4 de Fortaleza a todos os cidad\u00e3os, incluindo aqueles que possuem alguma defici\u00eancia ou est\u00e3o com mobilidade reduzida por qualquer [&hellip;]","og_url":"https:\/\/ww16.ce.gov.br\/metrofor\/acessibilidade\/","og_site_name":"METROFOR","article_modified_time":"2021-09-20T18:34:00+00:00","twitter_card":"summary_large_image","twitter_misc":{"Est. reading time":"4 minutos"},"schema":{"@context":"https:\/\/schema.org","@graph":[{"@type":"WebPage","@id":"https:\/\/ww16.ce.gov.br\/metrofor\/acessibilidade\/","url":"https:\/\/ww16.ce.gov.br\/metrofor\/acessibilidade\/","name":"Acessibilidade - METROFOR","isPartOf":{"@id":"https:\/\/ww16.ce.gov.br\/metrofor\/#website"},"datePublished":"2018-01-25T18:48:10+00:00","dateModified":"2021-09-20T18:34:00+00:00","breadcrumb":{"@id":"https:\/\/ww16.ce.gov.br\/metrofor\/acessibilidade\/#breadcrumb"},"inLanguage":"pt-BR","potentialAction":[{"@type":"ReadAction","target":["https:\/\/ww16.ce.gov.br\/metrofor\/acessibilidade\/"]}]},{"@type":"BreadcrumbList","@id":"https:\/\/ww16.ce.gov.br\/metrofor\/acessibilidade\/#breadcrumb","itemListElement":[{"@type":"ListItem","position":1,"name":"In\u00edcio","item":"https:\/\/ww16.ce.gov.br\/metrofor\/"},{"@type":"ListItem","position":2,"name":"Acessibilidade"}]},{"@type":"WebSite","@id":"https:\/\/ww16.ce.gov.br\/metrofor\/#website","url":"https:\/\/ww16.ce.gov.br\/metrofor\/","name":"Metr\u00f4 de Fortaleza","description":"Portal METROFOR","publisher":{"@id":"https:\/\/ww16.ce.gov.br\/metrofor\/#organization"},"potentialAction":[{"@type":"SearchAction","target":{"@type":"EntryPoint","urlTemplate":"https:\/\/ww16.ce.gov.br\/metrofor\/?s={search_term_string}"},"query-input":{"@type":"PropertyValueSpecification","valueRequired":true,"valueName":"search_term_string"}}],"inLanguage":"pt-BR"},{"@type":"Organization","@id":"https:\/\/ww16.ce.gov.br\/metrofor\/#organization","name":"Metr\u00f4 de Fortaleza","url":"https:\/\/ww16.ce.gov.br\/metrofor\/","logo":{"@type":"ImageObject","inLanguage":"pt-BR","@id":"https:\/\/ww16.ce.gov.br\/metrofor\/#\/schema\/logo\/image\/","url":"http:\/\/ww16.ce.gov.br\/metrofor\/wp-content\/uploads\/sites\/32\/2018\/01\/METROFOR-SEINFRAclara.png","contentUrl":"http:\/\/ww16.ce.gov.br\/metrofor\/wp-content\/uploads\/sites\/32\/2018\/01\/METROFOR-SEINFRAclara.png","width":559,"height":106,"caption":"Metr\u00f4 de Fortaleza"},"image":{"@id":"https:\/\/ww16.ce.gov.br\/metrofor\/#\/schema\/logo\/image\/"}}]}},"_links":{"self":[{"href":"https:\/\/ww16.ce.gov.br\/metrofor\/wp-json\/wp\/v2\/pages\/1592","targetHints":{"allow":["GET"]}}],"collection":[{"href":"https:\/\/ww16.ce.gov.br\/metrofor\/wp-json\/wp\/v2\/pages"}],"about":[{"href":"https:\/\/ww16.ce.gov.br\/metrofor\/wp-json\/wp\/v2\/types\/page"}],"author":[{"embeddable":true,"href":"https:\/\/ww16.ce.gov.br\/metrofor\/wp-json\/wp\/v2\/users\/12"}],"replies":[{"embeddable":true,"href":"https:\/\/ww16.ce.gov.br\/metrofor\/wp-json\/wp\/v2\/comments?post=1592"}],"version-history":[{"count":11,"href":"https:\/\/ww16.ce.gov.br\/metrofor\/wp-json\/wp\/v2\/pages\/1592\/revisions"}],"predecessor-version":[{"id":71023,"href":"https:\/\/ww16.ce.gov.br\/metrofor\/wp-json\/wp\/v2\/pages\/1592\/revisions\/71023"}],"wp:attachment":[{"href":"https:\/\/ww16.ce.gov.br\/metrofor\/wp-json\/wp\/v2\/media?parent=1592"}],"curies":[{"name":"wp","href":"https:\/\/api.w.org\/{rel}","templated":true}]}}