{"id":3098,"date":"2026-02-25T11:22:42","date_gmt":"2026-02-25T14:22:42","guid":{"rendered":"http:\/\/ww16.ce.gov.br\/hsm\/?page_id=3098"},"modified":"2026-05-11T11:38:28","modified_gmt":"2026-05-11T14:38:28","slug":"submissao","status":"publish","type":"page","link":"https:\/\/ww16.ce.gov.br\/hsm\/ensino-e-pesquisa\/submissao\/","title":{"rendered":"CEAP"},"content":{"rendered":"\n<p><strong>Centro de Estudos, Aperfei\u00e7oamento e Pesquisa<\/strong><\/p>\n\n\n\n<p>O Centro de Estudos, Aperfei\u00e7oamento e Pesquisa do Hospital de Sa\u00fade Mental Professor Frota Pinto \u00e9 um \u00f3rg\u00e3o colegiado, deliberativo e permanente que tem como objetivo promover, coordenar e divulgar as atividades t\u00e9cnico-cient\u00edfico-culturais, bem como promover o ensino e a pesquisa desenvolvidos no hospital, com vistas \u00e0 forma\u00e7\u00e3o e ao aperfei\u00e7oamento dos profissionais e estudantes em atividades no hospital.<\/p>\n\n\n\n<p>A unidade desenvolve programas de resid\u00eancia m\u00e9dica e multiprofissional, al\u00e9m de oferecer internato e est\u00e1gios curriculares. Atualmente, conta com tr\u00eas programas de resid\u00eancia m\u00e9dica e um programa de resid\u00eancia multiprofissional, que abrange as \u00e1reas de enfermagem, farm\u00e1cia, nutri\u00e7\u00e3o, psicologia e servi\u00e7o social.<\/p>\n\n\n\n<p><strong>Equipe t\u00e9cnica<\/strong><\/p>\n\n\n\n<p><strong>Presid\u00eancia<\/strong><br>Rafaela Tavares Pessoa<\/p>\n\n\n\n<p><strong>Vice-Presid\u00eancia<\/strong><br>Joel Porfirio Pinto<\/p>\n\n\n\n<p><strong>Coordena\u00e7\u00e3o do N\u00facleo de Educa\u00e7\u00e3o Permanente<\/strong><br>Daniele Cajaseiras Matos<\/p>\n\n\n\n<p><strong>Coordena\u00e7\u00e3o de Pesquisa<\/strong><br>Ticihana Ribeiro de Oliveira<\/p>\n\n\n\n<p><strong>Coordena\u00e7\u00e3o do Internato<\/strong><br>Mayra Thays Gon\u00e7alves Cruz Macedo Quental\u00a0 \u00a0 \u00a0 \u00a0 \u00a0\u00a0<\/p>\n\n\n\n<p><strong>Coordena\u00e7\u00e3o da Comiss\u00e3o de Est\u00e1gios<\/strong><br>Luisa Cordeiro Studart Gurgel<\/p>\n\n\n\n<p><strong>Coordena\u00e7\u00e3o da COREME<\/strong><br>Alexandre Menezes Sampaio<\/p>\n\n\n\n<p><strong>Coordena\u00e7\u00e3o RESMULTI<\/strong><br>Samara Naiane de Souza Nascimento<\/p>\n\n\n\n<p><strong>Tesouraria<\/strong><br>Juliana Pereira Queiros<\/p>\n\n\n\n<p><strong>Secret\u00e1ria Geral<\/strong><br>Sara Alves Barbosa<\/p>\n","protected":false},"excerpt":{"rendered":"<p>Centro de Estudos, Aperfei\u00e7oamento e Pesquisa O Centro de Estudos, Aperfei\u00e7oamento e Pesquisa do Hospital de Sa\u00fade Mental Professor Frota Pinto \u00e9 um \u00f3rg\u00e3o colegiado, deliberativo e permanente que tem como objetivo promover, coordenar e divulgar as atividades t\u00e9cnico-cient\u00edfico-culturais, bem como promover o ensino e a pesquisa desenvolvidos no hospital, com vistas \u00e0 forma\u00e7\u00e3o e [&hellip;]<\/p>\n","protected":false},"author":44,"featured_media":0,"parent":1114,"menu_order":0,"comment_status":"closed","ping_status":"closed","template":"","meta":{"_acf_changed":false,"inline_featured_image":false,"footnotes":""},"class_list":["post-3098","page","type-page","status-publish","hentry"],"acf":[],"yoast_head":"<!-- This site is optimized with the Yoast SEO plugin v26.9 - https:\/\/yoast.com\/product\/yoast-seo-wordpress\/ -->\n<title>CEAP - HSM<\/title>\n<meta name=\"robots\" content=\"index, follow, max-snippet:-1, max-image-preview:large, max-video-preview:-1\" \/>\n<link rel=\"canonical\" href=\"https:\/\/ww16.ce.gov.br\/hsm\/ensino-e-pesquisa\/submissao\/\" \/>\n<meta property=\"og:locale\" content=\"pt_BR\" \/>\n<meta property=\"og:type\" content=\"article\" \/>\n<meta property=\"og:title\" content=\"CEAP - HSM\" \/>\n<meta property=\"og:description\" content=\"Centro de Estudos, Aperfei\u00e7oamento e Pesquisa O Centro de Estudos, Aperfei\u00e7oamento e Pesquisa do Hospital de Sa\u00fade Mental Professor Frota Pinto \u00e9 um \u00f3rg\u00e3o colegiado, deliberativo e permanente que tem como objetivo promover, coordenar e divulgar as atividades t\u00e9cnico-cient\u00edfico-culturais, bem como promover o ensino e a pesquisa desenvolvidos no hospital, com vistas \u00e0 forma\u00e7\u00e3o e [&hellip;]\" \/>\n<meta property=\"og:url\" content=\"https:\/\/ww16.ce.gov.br\/hsm\/ensino-e-pesquisa\/submissao\/\" \/>\n<meta property=\"og:site_name\" content=\"HSM\" \/>\n<meta property=\"article:modified_time\" content=\"2026-05-11T14:38:28+00:00\" \/>\n<meta name=\"twitter:card\" content=\"summary_large_image\" \/>\n<meta name=\"twitter:label1\" content=\"Est. reading time\" \/>\n\t<meta name=\"twitter:data1\" content=\"1 minuto\" \/>\n<script type=\"application\/ld+json\" class=\"yoast-schema-graph\">{\"@context\":\"https:\/\/schema.org\",\"@graph\":[{\"@type\":\"WebPage\",\"@id\":\"https:\/\/ww16.ce.gov.br\/hsm\/ensino-e-pesquisa\/submissao\/\",\"url\":\"https:\/\/ww16.ce.gov.br\/hsm\/ensino-e-pesquisa\/submissao\/\",\"name\":\"CEAP - HSM\",\"isPartOf\":{\"@id\":\"https:\/\/ww16.ce.gov.br\/hsm\/#website\"},\"datePublished\":\"2026-02-25T14:22:42+00:00\",\"dateModified\":\"2026-05-11T14:38:28+00:00\",\"breadcrumb\":{\"@id\":\"https:\/\/ww16.ce.gov.br\/hsm\/ensino-e-pesquisa\/submissao\/#breadcrumb\"},\"inLanguage\":\"pt-BR\",\"potentialAction\":[{\"@type\":\"ReadAction\",\"target\":[\"https:\/\/ww16.ce.gov.br\/hsm\/ensino-e-pesquisa\/submissao\/\"]}]},{\"@type\":\"BreadcrumbList\",\"@id\":\"https:\/\/ww16.ce.gov.br\/hsm\/ensino-e-pesquisa\/submissao\/#breadcrumb\",\"itemListElement\":[{\"@type\":\"ListItem\",\"position\":1,\"name\":\"In\u00edcio\",\"item\":\"https:\/\/ww16.ce.gov.br\/hsm\/\"},{\"@type\":\"ListItem\",\"position\":2,\"name\":\"ENSINO E PESQUISA\",\"item\":\"https:\/\/ww16.ce.gov.br\/hsm\/ensino-e-pesquisa\/\"},{\"@type\":\"ListItem\",\"position\":3,\"name\":\"CEAP\"}]},{\"@type\":\"WebSite\",\"@id\":\"https:\/\/ww16.ce.gov.br\/hsm\/#website\",\"url\":\"https:\/\/ww16.ce.gov.br\/hsm\/\",\"name\":\"HSM\",\"description\":\"Portal HSM\",\"potentialAction\":[{\"@type\":\"SearchAction\",\"target\":{\"@type\":\"EntryPoint\",\"urlTemplate\":\"https:\/\/ww16.ce.gov.br\/hsm\/?s={search_term_string}\"},\"query-input\":{\"@type\":\"PropertyValueSpecification\",\"valueRequired\":true,\"valueName\":\"search_term_string\"}}],\"inLanguage\":\"pt-BR\"}]}<\/script>\n<!-- \/ Yoast SEO plugin. -->","yoast_head_json":{"title":"CEAP - HSM","robots":{"index":"index","follow":"follow","max-snippet":"max-snippet:-1","max-image-preview":"max-image-preview:large","max-video-preview":"max-video-preview:-1"},"canonical":"https:\/\/ww16.ce.gov.br\/hsm\/ensino-e-pesquisa\/submissao\/","og_locale":"pt_BR","og_type":"article","og_title":"CEAP - HSM","og_description":"Centro de Estudos, Aperfei\u00e7oamento e Pesquisa O Centro de Estudos, Aperfei\u00e7oamento e Pesquisa do Hospital de Sa\u00fade Mental Professor Frota Pinto \u00e9 um \u00f3rg\u00e3o colegiado, deliberativo e permanente que tem como objetivo promover, coordenar e divulgar as atividades t\u00e9cnico-cient\u00edfico-culturais, bem como promover o ensino e a pesquisa desenvolvidos no hospital, com vistas \u00e0 forma\u00e7\u00e3o e [&hellip;]","og_url":"https:\/\/ww16.ce.gov.br\/hsm\/ensino-e-pesquisa\/submissao\/","og_site_name":"HSM","article_modified_time":"2026-05-11T14:38:28+00:00","twitter_card":"summary_large_image","twitter_misc":{"Est. reading time":"1 minuto"},"schema":{"@context":"https:\/\/schema.org","@graph":[{"@type":"WebPage","@id":"https:\/\/ww16.ce.gov.br\/hsm\/ensino-e-pesquisa\/submissao\/","url":"https:\/\/ww16.ce.gov.br\/hsm\/ensino-e-pesquisa\/submissao\/","name":"CEAP - HSM","isPartOf":{"@id":"https:\/\/ww16.ce.gov.br\/hsm\/#website"},"datePublished":"2026-02-25T14:22:42+00:00","dateModified":"2026-05-11T14:38:28+00:00","breadcrumb":{"@id":"https:\/\/ww16.ce.gov.br\/hsm\/ensino-e-pesquisa\/submissao\/#breadcrumb"},"inLanguage":"pt-BR","potentialAction":[{"@type":"ReadAction","target":["https:\/\/ww16.ce.gov.br\/hsm\/ensino-e-pesquisa\/submissao\/"]}]},{"@type":"BreadcrumbList","@id":"https:\/\/ww16.ce.gov.br\/hsm\/ensino-e-pesquisa\/submissao\/#breadcrumb","itemListElement":[{"@type":"ListItem","position":1,"name":"In\u00edcio","item":"https:\/\/ww16.ce.gov.br\/hsm\/"},{"@type":"ListItem","position":2,"name":"ENSINO E PESQUISA","item":"https:\/\/ww16.ce.gov.br\/hsm\/ensino-e-pesquisa\/"},{"@type":"ListItem","position":3,"name":"CEAP"}]},{"@type":"WebSite","@id":"https:\/\/ww16.ce.gov.br\/hsm\/#website","url":"https:\/\/ww16.ce.gov.br\/hsm\/","name":"HSM","description":"Portal HSM","potentialAction":[{"@type":"SearchAction","target":{"@type":"EntryPoint","urlTemplate":"https:\/\/ww16.ce.gov.br\/hsm\/?s={search_term_string}"},"query-input":{"@type":"PropertyValueSpecification","valueRequired":true,"valueName":"search_term_string"}}],"inLanguage":"pt-BR"}]}},"_links":{"self":[{"href":"https:\/\/ww16.ce.gov.br\/hsm\/wp-json\/wp\/v2\/pages\/3098","targetHints":{"allow":["GET"]}}],"collection":[{"href":"https:\/\/ww16.ce.gov.br\/hsm\/wp-json\/wp\/v2\/pages"}],"about":[{"href":"https:\/\/ww16.ce.gov.br\/hsm\/wp-json\/wp\/v2\/types\/page"}],"author":[{"embeddable":true,"href":"https:\/\/ww16.ce.gov.br\/hsm\/wp-json\/wp\/v2\/users\/44"}],"replies":[{"embeddable":true,"href":"https:\/\/ww16.ce.gov.br\/hsm\/wp-json\/wp\/v2\/comments?post=3098"}],"version-history":[{"count":6,"href":"https:\/\/ww16.ce.gov.br\/hsm\/wp-json\/wp\/v2\/pages\/3098\/revisions"}],"predecessor-version":[{"id":3376,"href":"https:\/\/ww16.ce.gov.br\/hsm\/wp-json\/wp\/v2\/pages\/3098\/revisions\/3376"}],"up":[{"embeddable":true,"href":"https:\/\/ww16.ce.gov.br\/hsm\/wp-json\/wp\/v2\/pages\/1114"}],"wp:attachment":[{"href":"https:\/\/ww16.ce.gov.br\/hsm\/wp-json\/wp\/v2\/media?parent=3098"}],"curies":[{"name":"wp","href":"https:\/\/api.w.org\/{rel}","templated":true}]}}