{"id":2573,"date":"2024-12-11T10:40:32","date_gmt":"2024-12-11T13:40:32","guid":{"rendered":"http:\/\/ww16.ce.gov.br\/hsm\/?page_id=2573"},"modified":"2026-02-27T14:08:01","modified_gmt":"2026-02-27T17:08:01","slug":"supervisores-pedagogicos","status":"publish","type":"page","link":"https:\/\/ww16.ce.gov.br\/hsm\/residencia-medica\/supervisores-pedagogicos\/","title":{"rendered":"Supervisores Pedag\u00f3gicos"},"content":{"rendered":"<ul>\n<li>\n<p data-renderer-start-pos=\"5\"><strong><span style=\"color: #094627\">Coordena\u00e7\u00e3o Resid\u00eancia M\u00e9dica &#8211; Nayana Holanda<\/span><\/strong><\/p>\n<\/li>\n<li>\n<p data-renderer-start-pos=\"42\"><strong><span style=\"color: #094627\">Coordena\u00e7\u00e3o Internato &#8211; Mayra Quental<\/span><\/strong><\/p>\n<\/li>\n<li>\n<p data-renderer-start-pos=\"83\"><strong><span style=\"color: #094627\">Comiss\u00e3o de Resid\u00eancia M\u00e9dica (Coreme) &#8211; Alexandre Sampaio<\/span><\/strong><\/p>\n<\/li>\n<li>\n<p data-renderer-start-pos=\"111\"><strong><span style=\"color: #094627\">Comit\u00ea de avalia\u00e7\u00e3o &#8211; Alexandre Sampaio<\/span><\/strong><\/p>\n<\/li>\n<li>\n<p data-renderer-start-pos=\"144\"><strong><span style=\"color: #094627\">Enfermeira &#8211; Helder Gomes<\/span><\/strong><\/p>\n<\/li>\n<li>\n<p data-renderer-start-pos=\"173\"><strong><span style=\"color: #094627\">NGA (N\u00facleo Gestor dos Ambulat\u00f3rios) &#8211; Nayana Holanda<\/span><\/strong><\/p>\n<\/li>\n<li>\n<p data-renderer-start-pos=\"230\"><strong><span style=\"color: #094627\">SAG (Servi\u00e7o dos Ambulat\u00f3rios Gerais) &#8211; David Martins<\/span><\/strong><\/p>\n<\/li>\n<li>\n<p data-renderer-start-pos=\"287\"><strong><span style=\"color: #094627\">SERP (Servi\u00e7o das Psicoses) &#8211; Samuel Pinho<\/span><\/strong><\/p>\n<\/li>\n<li>\n<p data-renderer-start-pos=\"333\"><strong><span style=\"color: #094627\">NPG (Servi\u00e7o da Neuropsicogeriatria) -Alexandre Lima<\/span><\/strong><\/p>\n<\/li>\n<li>\n<p data-renderer-start-pos=\"389\"><strong><span style=\"color: #094627\">SAE (Servi\u00e7o dos Ambulat\u00f3rios Especializados) &#8211; Douglas Sousa<\/span><\/strong><\/p>\n<\/li>\n<li>\n<p data-renderer-start-pos=\"454\"><strong><span style=\"color: #094627\">NAIA (N\u00facleo de Aten\u00e7\u00e3o a Infancia e Adolescencia): Diego Mendon\u00e7a<\/span><\/strong><\/p>\n<\/li>\n<li>\n<p data-renderer-start-pos=\"527\"><strong><span style=\"color: #094627\">CEAP (Centro de Estudos e Aperfei\u00e7oamento) &#8211; Joel Porfirio<\/span><\/strong><\/p>\n<\/li>\n<li>\n<p data-renderer-start-pos=\"589\"><strong><span style=\"color: #094627\">M\u00f3dulos te\u00f3ricos &#8211; Andr\u00e9 Gadelha<\/span><\/strong><\/p>\n<\/li>\n<li>\n<p data-renderer-start-pos=\"625\"><strong><span style=\"color: #094627\">Pesquisa &#8211; Matias Carvalho<\/span><\/strong><\/p>\n<\/li>\n<li>\n<p data-renderer-start-pos=\"655\"><strong><span style=\"color: #094627\">Plant\u00e3o &#8211; Alexandre Sampaio<\/span><\/strong><\/p>\n<\/li>\n<li>\n<p data-renderer-start-pos=\"676\"><strong><span style=\"color: #094627\">Psicoterapias &#8211; Frederico Emmanuel<\/span><\/strong><\/p>\n<\/li>\n<li>\n<p data-renderer-start-pos=\"713\"><strong><span style=\"color: #094627\">Est\u00e1gios externos &#8211; Paula Souto<\/span><\/strong><\/p>\n<\/li>\n<\/ul>\n","protected":false},"excerpt":{"rendered":"<p>Coordena\u00e7\u00e3o Resid\u00eancia M\u00e9dica &#8211; Nayana Holanda Coordena\u00e7\u00e3o Internato &#8211; Mayra Quental Comiss\u00e3o de Resid\u00eancia M\u00e9dica (Coreme) &#8211; Alexandre Sampaio Comit\u00ea de avalia\u00e7\u00e3o &#8211; Alexandre Sampaio Enfermeira &#8211; Helder Gomes NGA (N\u00facleo Gestor dos Ambulat\u00f3rios) &#8211; Nayana Holanda SAG (Servi\u00e7o dos Ambulat\u00f3rios Gerais) &#8211; David Martins SERP (Servi\u00e7o das Psicoses) &#8211; Samuel Pinho NPG (Servi\u00e7o da [&hellip;]<\/p>\n","protected":false},"author":596,"featured_media":0,"parent":1183,"menu_order":0,"comment_status":"closed","ping_status":"closed","template":"","meta":{"_acf_changed":false,"inline_featured_image":false,"footnotes":""},"class_list":["post-2573","page","type-page","status-publish","hentry"],"acf":[],"yoast_head":"<!-- This site is optimized with the Yoast SEO plugin v26.9 - https:\/\/yoast.com\/product\/yoast-seo-wordpress\/ -->\n<title>Supervisores Pedag\u00f3gicos - HSM<\/title>\n<meta name=\"robots\" content=\"index, follow, max-snippet:-1, max-image-preview:large, max-video-preview:-1\" \/>\n<link rel=\"canonical\" href=\"https:\/\/ww16.ce.gov.br\/hsm\/residencia-medica\/supervisores-pedagogicos\/\" \/>\n<meta property=\"og:locale\" content=\"pt_BR\" \/>\n<meta property=\"og:type\" content=\"article\" \/>\n<meta property=\"og:title\" content=\"Supervisores Pedag\u00f3gicos - HSM\" \/>\n<meta property=\"og:description\" content=\"Coordena\u00e7\u00e3o Resid\u00eancia M\u00e9dica &#8211; Nayana Holanda Coordena\u00e7\u00e3o Internato &#8211; Mayra Quental Comiss\u00e3o de Resid\u00eancia M\u00e9dica (Coreme) &#8211; Alexandre Sampaio Comit\u00ea de avalia\u00e7\u00e3o &#8211; Alexandre Sampaio Enfermeira &#8211; Helder Gomes NGA (N\u00facleo Gestor dos Ambulat\u00f3rios) &#8211; Nayana Holanda SAG (Servi\u00e7o dos Ambulat\u00f3rios Gerais) &#8211; David Martins SERP (Servi\u00e7o das Psicoses) &#8211; Samuel Pinho NPG (Servi\u00e7o da [&hellip;]\" \/>\n<meta property=\"og:url\" content=\"https:\/\/ww16.ce.gov.br\/hsm\/residencia-medica\/supervisores-pedagogicos\/\" \/>\n<meta property=\"og:site_name\" content=\"HSM\" \/>\n<meta property=\"article:modified_time\" content=\"2026-02-27T17:08:01+00:00\" \/>\n<meta name=\"twitter:card\" content=\"summary_large_image\" \/>\n<meta name=\"twitter:label1\" content=\"Est. reading time\" \/>\n\t<meta name=\"twitter:data1\" content=\"1 minuto\" \/>\n<script type=\"application\/ld+json\" class=\"yoast-schema-graph\">{\"@context\":\"https:\/\/schema.org\",\"@graph\":[{\"@type\":\"WebPage\",\"@id\":\"https:\/\/ww16.ce.gov.br\/hsm\/residencia-medica\/supervisores-pedagogicos\/\",\"url\":\"https:\/\/ww16.ce.gov.br\/hsm\/residencia-medica\/supervisores-pedagogicos\/\",\"name\":\"Supervisores Pedag\u00f3gicos - HSM\",\"isPartOf\":{\"@id\":\"https:\/\/ww16.ce.gov.br\/hsm\/#website\"},\"datePublished\":\"2024-12-11T13:40:32+00:00\",\"dateModified\":\"2026-02-27T17:08:01+00:00\",\"breadcrumb\":{\"@id\":\"https:\/\/ww16.ce.gov.br\/hsm\/residencia-medica\/supervisores-pedagogicos\/#breadcrumb\"},\"inLanguage\":\"pt-BR\",\"potentialAction\":[{\"@type\":\"ReadAction\",\"target\":[\"https:\/\/ww16.ce.gov.br\/hsm\/residencia-medica\/supervisores-pedagogicos\/\"]}]},{\"@type\":\"BreadcrumbList\",\"@id\":\"https:\/\/ww16.ce.gov.br\/hsm\/residencia-medica\/supervisores-pedagogicos\/#breadcrumb\",\"itemListElement\":[{\"@type\":\"ListItem\",\"position\":1,\"name\":\"In\u00edcio\",\"item\":\"https:\/\/ww16.ce.gov.br\/hsm\/\"},{\"@type\":\"ListItem\",\"position\":2,\"name\":\"Programa de Resid\u00eancia M\u00e9dica em Psiquiatria\",\"item\":\"https:\/\/ww16.ce.gov.br\/hsm\/residencia-medica\/\"},{\"@type\":\"ListItem\",\"position\":3,\"name\":\"Supervisores Pedag\u00f3gicos\"}]},{\"@type\":\"WebSite\",\"@id\":\"https:\/\/ww16.ce.gov.br\/hsm\/#website\",\"url\":\"https:\/\/ww16.ce.gov.br\/hsm\/\",\"name\":\"HSM\",\"description\":\"Portal HSM\",\"potentialAction\":[{\"@type\":\"SearchAction\",\"target\":{\"@type\":\"EntryPoint\",\"urlTemplate\":\"https:\/\/ww16.ce.gov.br\/hsm\/?s={search_term_string}\"},\"query-input\":{\"@type\":\"PropertyValueSpecification\",\"valueRequired\":true,\"valueName\":\"search_term_string\"}}],\"inLanguage\":\"pt-BR\"}]}<\/script>\n<!-- \/ Yoast SEO plugin. -->","yoast_head_json":{"title":"Supervisores Pedag\u00f3gicos - HSM","robots":{"index":"index","follow":"follow","max-snippet":"max-snippet:-1","max-image-preview":"max-image-preview:large","max-video-preview":"max-video-preview:-1"},"canonical":"https:\/\/ww16.ce.gov.br\/hsm\/residencia-medica\/supervisores-pedagogicos\/","og_locale":"pt_BR","og_type":"article","og_title":"Supervisores Pedag\u00f3gicos - HSM","og_description":"Coordena\u00e7\u00e3o Resid\u00eancia M\u00e9dica &#8211; Nayana Holanda Coordena\u00e7\u00e3o Internato &#8211; Mayra Quental Comiss\u00e3o de Resid\u00eancia M\u00e9dica (Coreme) &#8211; Alexandre Sampaio Comit\u00ea de avalia\u00e7\u00e3o &#8211; Alexandre Sampaio Enfermeira &#8211; Helder Gomes NGA (N\u00facleo Gestor dos Ambulat\u00f3rios) &#8211; Nayana Holanda SAG (Servi\u00e7o dos Ambulat\u00f3rios Gerais) &#8211; David Martins SERP (Servi\u00e7o das Psicoses) &#8211; Samuel Pinho NPG (Servi\u00e7o da [&hellip;]","og_url":"https:\/\/ww16.ce.gov.br\/hsm\/residencia-medica\/supervisores-pedagogicos\/","og_site_name":"HSM","article_modified_time":"2026-02-27T17:08:01+00:00","twitter_card":"summary_large_image","twitter_misc":{"Est. reading time":"1 minuto"},"schema":{"@context":"https:\/\/schema.org","@graph":[{"@type":"WebPage","@id":"https:\/\/ww16.ce.gov.br\/hsm\/residencia-medica\/supervisores-pedagogicos\/","url":"https:\/\/ww16.ce.gov.br\/hsm\/residencia-medica\/supervisores-pedagogicos\/","name":"Supervisores Pedag\u00f3gicos - HSM","isPartOf":{"@id":"https:\/\/ww16.ce.gov.br\/hsm\/#website"},"datePublished":"2024-12-11T13:40:32+00:00","dateModified":"2026-02-27T17:08:01+00:00","breadcrumb":{"@id":"https:\/\/ww16.ce.gov.br\/hsm\/residencia-medica\/supervisores-pedagogicos\/#breadcrumb"},"inLanguage":"pt-BR","potentialAction":[{"@type":"ReadAction","target":["https:\/\/ww16.ce.gov.br\/hsm\/residencia-medica\/supervisores-pedagogicos\/"]}]},{"@type":"BreadcrumbList","@id":"https:\/\/ww16.ce.gov.br\/hsm\/residencia-medica\/supervisores-pedagogicos\/#breadcrumb","itemListElement":[{"@type":"ListItem","position":1,"name":"In\u00edcio","item":"https:\/\/ww16.ce.gov.br\/hsm\/"},{"@type":"ListItem","position":2,"name":"Programa de Resid\u00eancia M\u00e9dica em Psiquiatria","item":"https:\/\/ww16.ce.gov.br\/hsm\/residencia-medica\/"},{"@type":"ListItem","position":3,"name":"Supervisores Pedag\u00f3gicos"}]},{"@type":"WebSite","@id":"https:\/\/ww16.ce.gov.br\/hsm\/#website","url":"https:\/\/ww16.ce.gov.br\/hsm\/","name":"HSM","description":"Portal HSM","potentialAction":[{"@type":"SearchAction","target":{"@type":"EntryPoint","urlTemplate":"https:\/\/ww16.ce.gov.br\/hsm\/?s={search_term_string}"},"query-input":{"@type":"PropertyValueSpecification","valueRequired":true,"valueName":"search_term_string"}}],"inLanguage":"pt-BR"}]}},"_links":{"self":[{"href":"https:\/\/ww16.ce.gov.br\/hsm\/wp-json\/wp\/v2\/pages\/2573","targetHints":{"allow":["GET"]}}],"collection":[{"href":"https:\/\/ww16.ce.gov.br\/hsm\/wp-json\/wp\/v2\/pages"}],"about":[{"href":"https:\/\/ww16.ce.gov.br\/hsm\/wp-json\/wp\/v2\/types\/page"}],"author":[{"embeddable":true,"href":"https:\/\/ww16.ce.gov.br\/hsm\/wp-json\/wp\/v2\/users\/596"}],"replies":[{"embeddable":true,"href":"https:\/\/ww16.ce.gov.br\/hsm\/wp-json\/wp\/v2\/comments?post=2573"}],"version-history":[{"count":4,"href":"https:\/\/ww16.ce.gov.br\/hsm\/wp-json\/wp\/v2\/pages\/2573\/revisions"}],"predecessor-version":[{"id":3022,"href":"https:\/\/ww16.ce.gov.br\/hsm\/wp-json\/wp\/v2\/pages\/2573\/revisions\/3022"}],"up":[{"embeddable":true,"href":"https:\/\/ww16.ce.gov.br\/hsm\/wp-json\/wp\/v2\/pages\/1183"}],"wp:attachment":[{"href":"https:\/\/ww16.ce.gov.br\/hsm\/wp-json\/wp\/v2\/media?parent=2573"}],"curies":[{"name":"wp","href":"https:\/\/api.w.org\/{rel}","templated":true}]}}