{"id":1174,"date":"2021-10-05T08:45:05","date_gmt":"2021-10-05T11:45:05","guid":{"rendered":"http:\/\/www.hsmm.ce.gov.br\/?page_id=1174"},"modified":"2026-05-11T09:08:50","modified_gmt":"2026-05-11T12:08:50","slug":"gerencia-de-risco","status":"publish","type":"page","link":"https:\/\/ww16.ce.gov.br\/hsm\/gestao-da-qualidade\/gerencia-de-risco\/","title":{"rendered":"Ger\u00eancia de Risco"},"content":{"rendered":"<p style=\"text-align: justify\">Na busca constante de prestar uma assist\u00eancia de qualidade, o Hospital de Sa\u00fade Mental Professor Frota Pinto (HSMM) conta com a Comiss\u00e3o de Ger\u00eancia de Risco Sanit\u00e1rio Hospitalar, alinhado as pol\u00edticas p\u00fablicas nacionais, em especial a Portaria do Minist\u00e9rio da Sa\u00fade N\u00ba 1660\/2009, que institui o Sistema de Notifica\u00e7\u00e3o e Investiga\u00e7\u00e3o em Vigil\u00e2ncia Sanit\u00e1ria-VIGIP\u00d3S.<\/p>\n<p style=\"text-align: justify\">O Escopo da Ger\u00eancia de Risco \u00e9 a vigil\u00e2ncia p\u00f3s uso\/comercializa\u00e7\u00e3o de eventos adversos e queixas t\u00e9cnicas dos produtos para sa\u00fade sujeitos a vigil\u00e2ncia sanit\u00e1ria, o que impacta diretamente na qualidade e seguran\u00e7a do cuidado \u00e0 sa\u00fade.<\/p>\n<p style=\"text-align: justify\">O objetivo \u00e9 identificar, analisar, avaliar, tratar, monitorar e comunicar os riscos decorrente do uso de produtos para sa\u00fade. As informa\u00e7\u00f5es geradas ser\u00e3o comunicadas a Vigil\u00e2ncia Sanit\u00e1ria, atrav\u00e9s do Sistema NOTIVISA e VIGIMED, as quais subsidiar\u00e1 tomadas de decis\u00e3o por parte do Sistema Nacional de Vigil\u00e2ncia Sanit\u00e1ria, para eliminar ou reduzir os riscos e minimizar danos relacionados \u00e0 utiliza\u00e7\u00e3o dos produtos sob vigil\u00e2ncia sanit\u00e1ria.<\/p>\n<p style=\"text-align: justify\">Para alcan\u00e7ar os resultados trabalhamos em equipe envolvendo os profissionais das diversas \u00e1reas do HSMM desenvolvendo a\u00e7\u00f5es nas \u00e1reas de TECNOVIGIL\u00c2NCIA (materiais, equipamentos, kits laboratoriais), FARMACOVIGIL\u00c2NCIA (medicamentos), NUTRIVIGIL\u00c2NCIA (alimentos), COSMETOVIGIL\u00c2NCIA (higiene pessoal) e SANEANTES (produtos de limpeza).<\/p>\n","protected":false},"excerpt":{"rendered":"<p>Na busca constante de prestar uma assist\u00eancia de qualidade, o Hospital de Sa\u00fade Mental Professor Frota Pinto (HSMM) conta com a Comiss\u00e3o de Ger\u00eancia de Risco Sanit\u00e1rio Hospitalar, alinhado as pol\u00edticas p\u00fablicas nacionais, em especial a Portaria do Minist\u00e9rio da Sa\u00fade N\u00ba 1660\/2009, que institui o Sistema de Notifica\u00e7\u00e3o e Investiga\u00e7\u00e3o em Vigil\u00e2ncia Sanit\u00e1ria-VIGIP\u00d3S. O [&hellip;]<\/p>\n","protected":false},"author":498,"featured_media":0,"parent":1103,"menu_order":0,"comment_status":"closed","ping_status":"closed","template":"","meta":{"_acf_changed":false,"inline_featured_image":false,"footnotes":""},"class_list":["post-1174","page","type-page","status-publish","hentry"],"acf":[],"yoast_head":"<!-- This site is optimized with the Yoast SEO plugin v26.9 - https:\/\/yoast.com\/product\/yoast-seo-wordpress\/ -->\n<title>Ger\u00eancia de Risco - HSM<\/title>\n<meta name=\"robots\" content=\"index, follow, max-snippet:-1, max-image-preview:large, max-video-preview:-1\" \/>\n<link rel=\"canonical\" href=\"https:\/\/ww16.ce.gov.br\/hsm\/gestao-da-qualidade\/gerencia-de-risco\/\" \/>\n<meta property=\"og:locale\" content=\"pt_BR\" \/>\n<meta property=\"og:type\" content=\"article\" \/>\n<meta property=\"og:title\" content=\"Ger\u00eancia de Risco - HSM\" \/>\n<meta property=\"og:description\" content=\"Na busca constante de prestar uma assist\u00eancia de qualidade, o Hospital de Sa\u00fade Mental Professor Frota Pinto (HSMM) conta com a Comiss\u00e3o de Ger\u00eancia de Risco Sanit\u00e1rio Hospitalar, alinhado as pol\u00edticas p\u00fablicas nacionais, em especial a Portaria do Minist\u00e9rio da Sa\u00fade N\u00ba 1660\/2009, que institui o Sistema de Notifica\u00e7\u00e3o e Investiga\u00e7\u00e3o em Vigil\u00e2ncia Sanit\u00e1ria-VIGIP\u00d3S. O [&hellip;]\" \/>\n<meta property=\"og:url\" content=\"https:\/\/ww16.ce.gov.br\/hsm\/gestao-da-qualidade\/gerencia-de-risco\/\" \/>\n<meta property=\"og:site_name\" content=\"HSM\" \/>\n<meta property=\"article:modified_time\" content=\"2026-05-11T12:08:50+00:00\" \/>\n<meta name=\"twitter:card\" content=\"summary_large_image\" \/>\n<meta name=\"twitter:label1\" content=\"Est. reading time\" \/>\n\t<meta name=\"twitter:data1\" content=\"2 minutos\" \/>\n<script type=\"application\/ld+json\" class=\"yoast-schema-graph\">{\"@context\":\"https:\/\/schema.org\",\"@graph\":[{\"@type\":\"WebPage\",\"@id\":\"https:\/\/ww16.ce.gov.br\/hsm\/gestao-da-qualidade\/gerencia-de-risco\/\",\"url\":\"https:\/\/ww16.ce.gov.br\/hsm\/gestao-da-qualidade\/gerencia-de-risco\/\",\"name\":\"Ger\u00eancia de Risco - HSM\",\"isPartOf\":{\"@id\":\"https:\/\/ww16.ce.gov.br\/hsm\/#website\"},\"datePublished\":\"2021-10-05T11:45:05+00:00\",\"dateModified\":\"2026-05-11T12:08:50+00:00\",\"breadcrumb\":{\"@id\":\"https:\/\/ww16.ce.gov.br\/hsm\/gestao-da-qualidade\/gerencia-de-risco\/#breadcrumb\"},\"inLanguage\":\"pt-BR\",\"potentialAction\":[{\"@type\":\"ReadAction\",\"target\":[\"https:\/\/ww16.ce.gov.br\/hsm\/gestao-da-qualidade\/gerencia-de-risco\/\"]}]},{\"@type\":\"BreadcrumbList\",\"@id\":\"https:\/\/ww16.ce.gov.br\/hsm\/gestao-da-qualidade\/gerencia-de-risco\/#breadcrumb\",\"itemListElement\":[{\"@type\":\"ListItem\",\"position\":1,\"name\":\"In\u00edcio\",\"item\":\"https:\/\/ww16.ce.gov.br\/hsm\/\"},{\"@type\":\"ListItem\",\"position\":2,\"name\":\"GEST\u00c3O DA QUALIDADE\",\"item\":\"https:\/\/ww16.ce.gov.br\/hsm\/gestao-da-qualidade\/\"},{\"@type\":\"ListItem\",\"position\":3,\"name\":\"Ger\u00eancia de Risco\"}]},{\"@type\":\"WebSite\",\"@id\":\"https:\/\/ww16.ce.gov.br\/hsm\/#website\",\"url\":\"https:\/\/ww16.ce.gov.br\/hsm\/\",\"name\":\"HSM\",\"description\":\"Portal HSM\",\"potentialAction\":[{\"@type\":\"SearchAction\",\"target\":{\"@type\":\"EntryPoint\",\"urlTemplate\":\"https:\/\/ww16.ce.gov.br\/hsm\/?s={search_term_string}\"},\"query-input\":{\"@type\":\"PropertyValueSpecification\",\"valueRequired\":true,\"valueName\":\"search_term_string\"}}],\"inLanguage\":\"pt-BR\"}]}<\/script>\n<!-- \/ Yoast SEO plugin. -->","yoast_head_json":{"title":"Ger\u00eancia de Risco - HSM","robots":{"index":"index","follow":"follow","max-snippet":"max-snippet:-1","max-image-preview":"max-image-preview:large","max-video-preview":"max-video-preview:-1"},"canonical":"https:\/\/ww16.ce.gov.br\/hsm\/gestao-da-qualidade\/gerencia-de-risco\/","og_locale":"pt_BR","og_type":"article","og_title":"Ger\u00eancia de Risco - HSM","og_description":"Na busca constante de prestar uma assist\u00eancia de qualidade, o Hospital de Sa\u00fade Mental Professor Frota Pinto (HSMM) conta com a Comiss\u00e3o de Ger\u00eancia de Risco Sanit\u00e1rio Hospitalar, alinhado as pol\u00edticas p\u00fablicas nacionais, em especial a Portaria do Minist\u00e9rio da Sa\u00fade N\u00ba 1660\/2009, que institui o Sistema de Notifica\u00e7\u00e3o e Investiga\u00e7\u00e3o em Vigil\u00e2ncia Sanit\u00e1ria-VIGIP\u00d3S. O [&hellip;]","og_url":"https:\/\/ww16.ce.gov.br\/hsm\/gestao-da-qualidade\/gerencia-de-risco\/","og_site_name":"HSM","article_modified_time":"2026-05-11T12:08:50+00:00","twitter_card":"summary_large_image","twitter_misc":{"Est. reading time":"2 minutos"},"schema":{"@context":"https:\/\/schema.org","@graph":[{"@type":"WebPage","@id":"https:\/\/ww16.ce.gov.br\/hsm\/gestao-da-qualidade\/gerencia-de-risco\/","url":"https:\/\/ww16.ce.gov.br\/hsm\/gestao-da-qualidade\/gerencia-de-risco\/","name":"Ger\u00eancia de Risco - HSM","isPartOf":{"@id":"https:\/\/ww16.ce.gov.br\/hsm\/#website"},"datePublished":"2021-10-05T11:45:05+00:00","dateModified":"2026-05-11T12:08:50+00:00","breadcrumb":{"@id":"https:\/\/ww16.ce.gov.br\/hsm\/gestao-da-qualidade\/gerencia-de-risco\/#breadcrumb"},"inLanguage":"pt-BR","potentialAction":[{"@type":"ReadAction","target":["https:\/\/ww16.ce.gov.br\/hsm\/gestao-da-qualidade\/gerencia-de-risco\/"]}]},{"@type":"BreadcrumbList","@id":"https:\/\/ww16.ce.gov.br\/hsm\/gestao-da-qualidade\/gerencia-de-risco\/#breadcrumb","itemListElement":[{"@type":"ListItem","position":1,"name":"In\u00edcio","item":"https:\/\/ww16.ce.gov.br\/hsm\/"},{"@type":"ListItem","position":2,"name":"GEST\u00c3O DA QUALIDADE","item":"https:\/\/ww16.ce.gov.br\/hsm\/gestao-da-qualidade\/"},{"@type":"ListItem","position":3,"name":"Ger\u00eancia de Risco"}]},{"@type":"WebSite","@id":"https:\/\/ww16.ce.gov.br\/hsm\/#website","url":"https:\/\/ww16.ce.gov.br\/hsm\/","name":"HSM","description":"Portal HSM","potentialAction":[{"@type":"SearchAction","target":{"@type":"EntryPoint","urlTemplate":"https:\/\/ww16.ce.gov.br\/hsm\/?s={search_term_string}"},"query-input":{"@type":"PropertyValueSpecification","valueRequired":true,"valueName":"search_term_string"}}],"inLanguage":"pt-BR"}]}},"_links":{"self":[{"href":"https:\/\/ww16.ce.gov.br\/hsm\/wp-json\/wp\/v2\/pages\/1174","targetHints":{"allow":["GET"]}}],"collection":[{"href":"https:\/\/ww16.ce.gov.br\/hsm\/wp-json\/wp\/v2\/pages"}],"about":[{"href":"https:\/\/ww16.ce.gov.br\/hsm\/wp-json\/wp\/v2\/types\/page"}],"author":[{"embeddable":true,"href":"https:\/\/ww16.ce.gov.br\/hsm\/wp-json\/wp\/v2\/users\/498"}],"replies":[{"embeddable":true,"href":"https:\/\/ww16.ce.gov.br\/hsm\/wp-json\/wp\/v2\/comments?post=1174"}],"version-history":[{"count":7,"href":"https:\/\/ww16.ce.gov.br\/hsm\/wp-json\/wp\/v2\/pages\/1174\/revisions"}],"predecessor-version":[{"id":3323,"href":"https:\/\/ww16.ce.gov.br\/hsm\/wp-json\/wp\/v2\/pages\/1174\/revisions\/3323"}],"up":[{"embeddable":true,"href":"https:\/\/ww16.ce.gov.br\/hsm\/wp-json\/wp\/v2\/pages\/1103"}],"wp:attachment":[{"href":"https:\/\/ww16.ce.gov.br\/hsm\/wp-json\/wp\/v2\/media?parent=1174"}],"curies":[{"name":"wp","href":"https:\/\/api.w.org\/{rel}","templated":true}]}}