{"id":71,"date":"2017-11-21T10:11:14","date_gmt":"2017-11-21T12:11:14","guid":{"rendered":"http:\/\/www.fecop.seplag.ce.gov.br\/?page_id=71"},"modified":"2017-11-21T17:21:18","modified_gmt":"2017-11-21T19:21:18","slug":"quem-e-quem","status":"publish","type":"page","link":"https:\/\/ww16.ce.gov.br\/detran\/institucional\/quem-e-quem\/","title":{"rendered":"Quem \u00e9 quem"},"content":{"rendered":"    \n        <div id=\"destaque1\" class=\"descricaoPessoal\">\n            <figure>\n                <img decoding=\"async\" src=\"https:\/\/ww16.ce.gov.br\/detran\/wp-content\/uploads\/sites\/91\/2017\/11\/exemplo-imagem-secretario.jpg.png\" class=\"attachment-large size-large\" alt=\"\" \/>                <figcaption>\n                    <ul>    \n                              \n                            <li>\n                                <a href=\"#\">\n                                    <img decoding=\"async\" src=\"https:\/\/ww16.ce.gov.br\/detran\/wp-content\/themes\/cegovbr\/assets\/images\/redesSociais\/facebook.png\" alt=\"Facebook\">\n                                <\/a>\n                            <\/li> \n                           \n                              \n                            <li>\n                                <a href=\"#\">\n                                    <img decoding=\"async\" src=\"https:\/\/ww16.ce.gov.br\/detran\/wp-content\/themes\/cegovbr\/assets\/images\/redesSociais\/instagram.png\" alt=\"Instagram\">\n                                <\/a>\n                            <\/li> \n                         \n                              \n                            <li>\n                                <a href=\"#\">\n                                    <img decoding=\"async\" src=\"https:\/\/ww16.ce.gov.br\/detran\/wp-content\/themes\/cegovbr\/assets\/images\/redesSociais\/twitter.png\" alt=\"Twitter\">\n                                <\/a>\n                            <\/li> \n                         \n                              \n                            <li>\n                                <a href=\"#\">\n                                    <img decoding=\"async\" src=\"https:\/\/ww16.ce.gov.br\/detran\/wp-content\/themes\/cegovbr\/assets\/images\/redesSociais\/youtube.png\" alt=\"Youtube\">\n                                <\/a>\n                            <\/li> \n                         \n                              \n                            <li>\n                                <a href=\"mailto:#\">\n                                    <img decoding=\"async\" src=\"https:\/\/ww16.ce.gov.br\/detran\/wp-content\/themes\/cegovbr\/assets\/images\/redesSociais\/email.png\" alt=\"E-mail\">\n                                <\/a>\n                            <\/li> \n                             \n                    <\/ul>\n                <\/figcaption>\n            <\/figure>\n            <div class=\"info\"> \n                <h4>COORDENADORIA DE TIC<\/h4>           \n                <h2>XXXXX XXXXXXXX<\/h2>           \n                <p style=\"text-align: justify;\">Ao contr\u00e1rio do que se acredita, Lorem Ipsum n\u00e3o \u00e9 simplesmente um texto rand\u00f4mico. Com mais de 2000 anos, suas ra\u00edzes podem ser encontradas em uma obra de literatura latina cl\u00e1ssica datada de 45 AC. Richard McClintock, um professor de latim do Hampden-Sydney College na Virginia, pesquisou uma das mais obscuras palavras em latim, consectetur, oriunda de uma passagem de Lorem Ipsum, e, procurando por entre cita\u00e7\u00f5es da palavra na literatura cl\u00e1ssica, descobriu a sua indubit\u00e1vel origem. Lorem Ipsum vem das se\u00e7\u00f5es 1.10.32 e 1.10.33 do &#8220;de Finibus Bonorum et Malorum&#8221; (Os Extremos do Bem e do Mal), de C\u00edcero, escrito em 45 AC. Este livro \u00e9 um tratado de teoria da \u00e9tica muito popular na \u00e9poca da Renascen\u00e7a. A primeira linha de Lorem Ipsum, &#8220;Lorem Ipsum dolor sit amet&#8230;&#8221; vem de uma linha na se\u00e7\u00e3o 1.10.32.<\/p>\n<p style=\"text-align: justify;\">O trecho padr\u00e3o original de Lorem Ipsum, usado desde o s\u00e9culo XVI, est\u00e1 reproduzido abaixo para os interessados. Se\u00e7\u00f5es 1.10.32 e 1.10.33 de &#8220;de Finibus Bonorum et Malorum&#8221; de Cicero tamb\u00e9m foram reproduzidas abaixo em sua forma exata original, acompanhada das vers\u00f5es para o ingl\u00eas da tradu\u00e7\u00e3o feita por H. Rackham em 1914.\u00a0Existem muitas varia\u00e7\u00f5es dispon\u00edveis de passagens de Lorem Ipsum, mas a maioria sofreu algum tipo de altera\u00e7\u00e3o, seja por inser\u00e7\u00e3o de passagens com humor, ou palavras aleat\u00f3rias que n\u00e3o parecem nem um pouco convincentes. Se voc\u00ea pretende usar uma passagem de Lorem Ipsum, precisa ter certeza de que n\u00e3o h\u00e1 algo embara\u00e7oso escrito escondido no meio do texto. Todos os geradores de Lorem Ipsum na internet tendem a repetir peda\u00e7os predefinidos conforme necess\u00e1rio, fazendo deste o primeiro gerador de Lorem Ipsum aut\u00eantico da internet. Ele usa um dicion\u00e1rio com mais de 200 palavras em Latim combinado com um punhado de modelos de estrutura de frases para gerar um Lorem Ipsum com apar\u00eancia razo\u00e1vel, livre de repeti\u00e7\u00f5es, inser\u00e7\u00f5es de humor, palavras n\u00e3o caracter\u00edsticas, etc.<\/p>\n      \n            <\/div>\n        <\/div>\n    \n        <div id=\"destaque2\" class=\"descricaoPessoal\">\n            <figure>\n                <img decoding=\"async\" src=\"https:\/\/ww16.ce.gov.br\/detran\/wp-content\/uploads\/sites\/91\/2017\/11\/exemplo-imagem-secretario.jpg.png\" class=\"attachment-large size-large\" alt=\"\" \/>                <figcaption>\n                    <ul>    \n                              \n                            <li>\n                                <a href=\"#\">\n                                    <img decoding=\"async\" src=\"https:\/\/ww16.ce.gov.br\/detran\/wp-content\/themes\/cegovbr\/assets\/images\/redesSociais\/facebook.png\" alt=\"Facebook\">\n                                <\/a>\n                            <\/li> \n                           \n                              \n                            <li>\n                                <a href=\"#\">\n                                    <img decoding=\"async\" src=\"https:\/\/ww16.ce.gov.br\/detran\/wp-content\/themes\/cegovbr\/assets\/images\/redesSociais\/instagram.png\" alt=\"Instagram\">\n                                <\/a>\n                            <\/li> \n                         \n                              \n                            <li>\n                                <a href=\"#\">\n                                    <img decoding=\"async\" src=\"https:\/\/ww16.ce.gov.br\/detran\/wp-content\/themes\/cegovbr\/assets\/images\/redesSociais\/twitter.png\" alt=\"Twitter\">\n                                <\/a>\n                            <\/li> \n                         \n                              \n                            <li>\n                                <a href=\"#\">\n                                    <img decoding=\"async\" src=\"https:\/\/ww16.ce.gov.br\/detran\/wp-content\/themes\/cegovbr\/assets\/images\/redesSociais\/youtube.png\" alt=\"Youtube\">\n                                <\/a>\n                            <\/li> \n                         \n                              \n                            <li>\n                                <a href=\"mailto:#\">\n                                    <img decoding=\"async\" src=\"https:\/\/ww16.ce.gov.br\/detran\/wp-content\/themes\/cegovbr\/assets\/images\/redesSociais\/email.png\" alt=\"E-mail\">\n                                <\/a>\n                            <\/li> \n                             \n                    <\/ul>\n                <\/figcaption>\n            <\/figure>\n            <div class=\"info\"> \n                <h4>Secret\u00e1rio da XXXX XXXXX<\/h4>           \n                <h2>XXXXX XXXXXXXX<\/h2>           \n                <p style=\"text-align: justify;\">Ao contr\u00e1rio do que se acredita, Lorem Ipsum n\u00e3o \u00e9 simplesmente um texto rand\u00f4mico. Com mais de 2000 anos, suas ra\u00edzes podem ser encontradas em uma obra de literatura latina cl\u00e1ssica datada de 45 AC. Richard McClintock, um professor de latim do Hampden-Sydney College na Virginia, pesquisou uma das mais obscuras palavras em latim, consectetur, oriunda de uma passagem de Lorem Ipsum, e, procurando por entre cita\u00e7\u00f5es da palavra na literatura cl\u00e1ssica, descobriu a sua indubit\u00e1vel origem. Lorem Ipsum vem das se\u00e7\u00f5es 1.10.32 e 1.10.33 do &#8220;de Finibus Bonorum et Malorum&#8221; (Os Extremos do Bem e do Mal), de C\u00edcero, escrito em 45 AC. Este livro \u00e9 um tratado de teoria da \u00e9tica muito popular na \u00e9poca da Renascen\u00e7a. A primeira linha de Lorem Ipsum, &#8220;Lorem Ipsum dolor sit amet&#8230;&#8221; vem de uma linha na se\u00e7\u00e3o 1.10.32.<\/p>\n<p style=\"text-align: justify;\">O trecho padr\u00e3o original de Lorem Ipsum, usado desde o s\u00e9culo XVI, est\u00e1 reproduzido abaixo para os interessados. Se\u00e7\u00f5es 1.10.32 e 1.10.33 de &#8220;de Finibus Bonorum et Malorum&#8221; de Cicero tamb\u00e9m foram reproduzidas abaixo em sua forma exata original, acompanhada das vers\u00f5es para o ingl\u00eas da tradu\u00e7\u00e3o feita por H. Rackham em 1914.\u00a0Existem muitas varia\u00e7\u00f5es dispon\u00edveis de passagens de Lorem Ipsum, mas a maioria sofreu algum tipo de altera\u00e7\u00e3o, seja por inser\u00e7\u00e3o de passagens com humor, ou palavras aleat\u00f3rias que n\u00e3o parecem nem um pouco convincentes. Se voc\u00ea pretende usar uma passagem de Lorem Ipsum, precisa ter certeza de que n\u00e3o h\u00e1 algo embara\u00e7oso escrito escondido no meio do texto. Todos os geradores de Lorem Ipsum na internet tendem a repetir peda\u00e7os predefinidos conforme necess\u00e1rio, fazendo deste o primeiro gerador de Lorem Ipsum aut\u00eantico da internet. Ele usa um dicion\u00e1rio com mais de 200 palavras em Latim combinado com um punhado de modelos de estrutura de frases para gerar um Lorem Ipsum com apar\u00eancia razo\u00e1vel, livre de repeti\u00e7\u00f5es, inser\u00e7\u00f5es de humor, palavras n\u00e3o caracter\u00edsticas, etc.<\/p>\n      \n            <\/div>\n        <\/div>\n    \n                <h3 id=\"secretarios\" class=\"titulo\">Secret\u00e1rios(as), Servidores e Organograma<\/h3>\n                        <div class=\"listagem-servidores\">\n                <div class=\"grid-servidores\">\n                                            <div class=\"item\">\n                            <figure>\n                                                                    <div class=\"mascara-img\">\n                                        <img decoding=\"async\" src=\"https:\/\/ww16.ce.gov.br\/detran\/wp-content\/uploads\/sites\/91\/2017\/11\/exemplo-imagem-secretario.jpg.png\" class=\"attachment-large size-large\" alt=\"\" \/>                                    <\/div>\n                                                                <figcaption>\n                                    <h4>XXXX XX XXXXXXXX<\/h4>\n                                    <p>SECRET\u00c1RIO EXECUTIVO<\/p>\n                                                                            <a href=\"#\">\n                                            <img decoding=\"async\" src=\"https:\/\/ww16.ce.gov.br\/detran\/wp-content\/themes\/cegovbr\/assets\/images\/redesSociais\/facebook-grey.png\" alt=\"Facebook\" \/>\n                                        <\/a>\n                                                                                                                <a href=\"#\">\n                                            <img decoding=\"async\" src=\"https:\/\/ww16.ce.gov.br\/detran\/wp-content\/themes\/cegovbr\/assets\/images\/redesSociais\/instagram-grey.png\" alt=\"Instagram\" \/>\n                                        <\/a>\n                                                                                                                <a href=\"#\">\n                                            <img decoding=\"async\" src=\"https:\/\/ww16.ce.gov.br\/detran\/wp-content\/themes\/cegovbr\/assets\/images\/redesSociais\/twitter-grey.png\" alt=\"Twitter\" \/>\n                                        <\/a>\n                                                                                                                <a href=\"#\">\n                                            <img decoding=\"async\" src=\"https:\/\/ww16.ce.gov.br\/detran\/wp-content\/themes\/cegovbr\/assets\/images\/redesSociais\/youtube-grey.png\" alt=\"Youtube\" \/>\n                                        <\/a>\n                                                                                                                <a href=\"mailto:#\">\n                                            <img decoding=\"async\" src=\"https:\/\/ww16.ce.gov.br\/detran\/wp-content\/themes\/cegovbr\/assets\/images\/redesSociais\/email-grey.png\" alt=\"E-mail\" \/>\n                                        <\/a>\n                                                                    <\/figcaption>\n                            <\/figure>\n                        <\/div>\n                                            <div class=\"item\">\n                            <figure>\n                                                                    <div class=\"mascara-img\">\n                                        <img decoding=\"async\" src=\"https:\/\/ww16.ce.gov.br\/detran\/wp-content\/uploads\/sites\/91\/2017\/11\/exemplo-imagem-secretario.jpg.png\" class=\"attachment-large size-large\" alt=\"\" \/>                                    <\/div>\n                                                                <figcaption>\n                                    <h4>XXXXX XX XXXX<\/h4>\n                                    <p>Coordenador de TI<\/p>\n                                                                            <a href=\"#\">\n                                            <img decoding=\"async\" src=\"https:\/\/ww16.ce.gov.br\/detran\/wp-content\/themes\/cegovbr\/assets\/images\/redesSociais\/facebook-grey.png\" alt=\"Facebook\" \/>\n                                        <\/a>\n                                                                                                                <a href=\"#\">\n                                            <img decoding=\"async\" src=\"https:\/\/ww16.ce.gov.br\/detran\/wp-content\/themes\/cegovbr\/assets\/images\/redesSociais\/instagram-grey.png\" alt=\"Instagram\" \/>\n                                        <\/a>\n                                                                                                                <a href=\"#\">\n                                            <img decoding=\"async\" src=\"https:\/\/ww16.ce.gov.br\/detran\/wp-content\/themes\/cegovbr\/assets\/images\/redesSociais\/twitter-grey.png\" alt=\"Twitter\" \/>\n                                        <\/a>\n                                                                                                                <a href=\"#\">\n                                            <img decoding=\"async\" src=\"https:\/\/ww16.ce.gov.br\/detran\/wp-content\/themes\/cegovbr\/assets\/images\/redesSociais\/youtube-grey.png\" alt=\"Youtube\" \/>\n                                        <\/a>\n                                                                                                                <a href=\"mailto:#\">\n                                            <img decoding=\"async\" src=\"https:\/\/ww16.ce.gov.br\/detran\/wp-content\/themes\/cegovbr\/assets\/images\/redesSociais\/email-grey.png\" alt=\"E-mail\" \/>\n                                        <\/a>\n                                                                    <\/figcaption>\n                            <\/figure>\n                        <\/div>\n                                    <\/div>\n                            <\/div>\n        \n","protected":false},"excerpt":{"rendered":"","protected":false},"author":38,"featured_media":0,"parent":52,"menu_order":10,"comment_status":"closed","ping_status":"closed","template":"","meta":{"_acf_changed":false,"inline_featured_image":false,"footnotes":""},"class_list":["post-71","page","type-page","status-publish","hentry"],"acf":[],"yoast_head":"<!-- This site is optimized with the Yoast SEO plugin v26.9 - https:\/\/yoast.com\/product\/yoast-seo-wordpress\/ -->\n<title>Quem \u00e9 quem - Departamento Estadual de Tr\u00e2nsito<\/title>\n<meta name=\"robots\" content=\"noindex, follow, max-snippet:-1, max-image-preview:large, max-video-preview:-1\" \/>\n<meta property=\"og:locale\" content=\"pt_BR\" \/>\n<meta property=\"og:type\" content=\"article\" \/>\n<meta property=\"og:title\" content=\"Quem \u00e9 quem - Departamento Estadual de Tr\u00e2nsito\" \/>\n<meta property=\"og:url\" content=\"https:\/\/ww16.ce.gov.br\/detran\/institucional\/quem-e-quem\/\" \/>\n<meta property=\"og:site_name\" content=\"Departamento Estadual de Tr\u00e2nsito\" \/>\n<meta property=\"article:modified_time\" content=\"2017-11-21T19:21:18+00:00\" \/>\n<meta name=\"twitter:card\" content=\"summary_large_image\" \/>\n<script type=\"application\/ld+json\" class=\"yoast-schema-graph\">{\"@context\":\"https:\/\/schema.org\",\"@graph\":[{\"@type\":\"WebPage\",\"@id\":\"https:\/\/ww16.ce.gov.br\/detran\/institucional\/quem-e-quem\/\",\"url\":\"https:\/\/ww16.ce.gov.br\/detran\/institucional\/quem-e-quem\/\",\"name\":\"Quem \u00e9 quem - Departamento Estadual de Tr\u00e2nsito\",\"isPartOf\":{\"@id\":\"https:\/\/ww16.ce.gov.br\/detran\/#website\"},\"datePublished\":\"2017-11-21T12:11:14+00:00\",\"dateModified\":\"2017-11-21T19:21:18+00:00\",\"breadcrumb\":{\"@id\":\"https:\/\/ww16.ce.gov.br\/detran\/institucional\/quem-e-quem\/#breadcrumb\"},\"inLanguage\":\"pt-BR\",\"potentialAction\":[{\"@type\":\"ReadAction\",\"target\":[\"https:\/\/ww16.ce.gov.br\/detran\/institucional\/quem-e-quem\/\"]}]},{\"@type\":\"BreadcrumbList\",\"@id\":\"https:\/\/ww16.ce.gov.br\/detran\/institucional\/quem-e-quem\/#breadcrumb\",\"itemListElement\":[{\"@type\":\"ListItem\",\"position\":1,\"name\":\"In\u00edcio\",\"item\":\"https:\/\/ww16.ce.gov.br\/detran\/\"},{\"@type\":\"ListItem\",\"position\":2,\"name\":\"Institucional\",\"item\":\"https:\/\/ww16.ce.gov.br\/detran\/institucional\/\"},{\"@type\":\"ListItem\",\"position\":3,\"name\":\"Quem \u00e9 quem\"}]},{\"@type\":\"WebSite\",\"@id\":\"https:\/\/ww16.ce.gov.br\/detran\/#website\",\"url\":\"https:\/\/ww16.ce.gov.br\/detran\/\",\"name\":\"Departamento Estadual de Tr\u00e2nsito\",\"description\":\"Modelo Padr\u00e3o do Estado\",\"potentialAction\":[{\"@type\":\"SearchAction\",\"target\":{\"@type\":\"EntryPoint\",\"urlTemplate\":\"https:\/\/ww16.ce.gov.br\/detran\/?s={search_term_string}\"},\"query-input\":{\"@type\":\"PropertyValueSpecification\",\"valueRequired\":true,\"valueName\":\"search_term_string\"}}],\"inLanguage\":\"pt-BR\"}]}<\/script>\n<!-- \/ Yoast SEO plugin. -->","yoast_head_json":{"title":"Quem \u00e9 quem - Departamento Estadual de Tr\u00e2nsito","robots":{"index":"noindex","follow":"follow","max-snippet":"max-snippet:-1","max-image-preview":"max-image-preview:large","max-video-preview":"max-video-preview:-1"},"og_locale":"pt_BR","og_type":"article","og_title":"Quem \u00e9 quem - Departamento Estadual de Tr\u00e2nsito","og_url":"https:\/\/ww16.ce.gov.br\/detran\/institucional\/quem-e-quem\/","og_site_name":"Departamento Estadual de Tr\u00e2nsito","article_modified_time":"2017-11-21T19:21:18+00:00","twitter_card":"summary_large_image","schema":{"@context":"https:\/\/schema.org","@graph":[{"@type":"WebPage","@id":"https:\/\/ww16.ce.gov.br\/detran\/institucional\/quem-e-quem\/","url":"https:\/\/ww16.ce.gov.br\/detran\/institucional\/quem-e-quem\/","name":"Quem \u00e9 quem - Departamento Estadual de Tr\u00e2nsito","isPartOf":{"@id":"https:\/\/ww16.ce.gov.br\/detran\/#website"},"datePublished":"2017-11-21T12:11:14+00:00","dateModified":"2017-11-21T19:21:18+00:00","breadcrumb":{"@id":"https:\/\/ww16.ce.gov.br\/detran\/institucional\/quem-e-quem\/#breadcrumb"},"inLanguage":"pt-BR","potentialAction":[{"@type":"ReadAction","target":["https:\/\/ww16.ce.gov.br\/detran\/institucional\/quem-e-quem\/"]}]},{"@type":"BreadcrumbList","@id":"https:\/\/ww16.ce.gov.br\/detran\/institucional\/quem-e-quem\/#breadcrumb","itemListElement":[{"@type":"ListItem","position":1,"name":"In\u00edcio","item":"https:\/\/ww16.ce.gov.br\/detran\/"},{"@type":"ListItem","position":2,"name":"Institucional","item":"https:\/\/ww16.ce.gov.br\/detran\/institucional\/"},{"@type":"ListItem","position":3,"name":"Quem \u00e9 quem"}]},{"@type":"WebSite","@id":"https:\/\/ww16.ce.gov.br\/detran\/#website","url":"https:\/\/ww16.ce.gov.br\/detran\/","name":"Departamento Estadual de Tr\u00e2nsito","description":"Modelo Padr\u00e3o do Estado","potentialAction":[{"@type":"SearchAction","target":{"@type":"EntryPoint","urlTemplate":"https:\/\/ww16.ce.gov.br\/detran\/?s={search_term_string}"},"query-input":{"@type":"PropertyValueSpecification","valueRequired":true,"valueName":"search_term_string"}}],"inLanguage":"pt-BR"}]}},"_links":{"self":[{"href":"https:\/\/ww16.ce.gov.br\/detran\/wp-json\/wp\/v2\/pages\/71","targetHints":{"allow":["GET"]}}],"collection":[{"href":"https:\/\/ww16.ce.gov.br\/detran\/wp-json\/wp\/v2\/pages"}],"about":[{"href":"https:\/\/ww16.ce.gov.br\/detran\/wp-json\/wp\/v2\/types\/page"}],"author":[{"embeddable":true,"href":"https:\/\/ww16.ce.gov.br\/detran\/wp-json\/wp\/v2\/users\/38"}],"replies":[{"embeddable":true,"href":"https:\/\/ww16.ce.gov.br\/detran\/wp-json\/wp\/v2\/comments?post=71"}],"version-history":[{"count":12,"href":"https:\/\/ww16.ce.gov.br\/detran\/wp-json\/wp\/v2\/pages\/71\/revisions"}],"predecessor-version":[{"id":148,"href":"https:\/\/ww16.ce.gov.br\/detran\/wp-json\/wp\/v2\/pages\/71\/revisions\/148"}],"up":[{"embeddable":true,"href":"https:\/\/ww16.ce.gov.br\/detran\/wp-json\/wp\/v2\/pages\/52"}],"wp:attachment":[{"href":"https:\/\/ww16.ce.gov.br\/detran\/wp-json\/wp\/v2\/media?parent=71"}],"curies":[{"name":"wp","href":"https:\/\/api.w.org\/{rel}","templated":true}]}}