{"id":659,"date":"2026-05-05T10:16:18","date_gmt":"2026-05-05T13:16:18","guid":{"rendered":"https:\/\/ww16.ce.gov.br\/detran\/?page_id=659"},"modified":"2026-05-05T10:19:33","modified_gmt":"2026-05-05T13:19:33","slug":"educacao","status":"publish","type":"page","link":"https:\/\/ww16.ce.gov.br\/detran\/educacao\/","title":{"rendered":"Educa\u00e7\u00e3o"},"content":{"rendered":"\n<p>texto de explana\u00e7\u00e3o<\/p>\n\n\n<div class=\"wp-block-cegovbr-destaques\"><div class=\"destaques\"><div class=\"destaques__carousel-wrapper\"><button class=\"destaques__nav destaques__nav--prev\" aria-label=\"Anterior arrow_back\" disabled><span class=\"material-symbols-outlined\" aria-hidden=\"true\">arrow_back<\/span><\/button><div class=\"destaques__track\"><a class=\"destaques__card\" href=\"#\" title=\"Agendar Visita\" aria-label=\"Agendar Visita\"><div class=\"destaques__card-imagem\"><img decoding=\"async\" src=\"https:\/\/ww16.ce.gov.br\/detran\/wp-content\/uploads\/sites\/91\/2026\/04\/cropped-1.png\" alt=\"Agendar Visita\" \/><\/div><\/a><a class=\"destaques__card\" href=\"#\" title=\"EAD\" aria-label=\"EAD\"><div class=\"destaques__card-imagem\"><div class=\"destaques__card-placeholder\"><span class=\"material-symbols-outlined\" aria-hidden=\"true\">image<\/span><\/div><\/div><\/a><a class=\"destaques__card\" href=\"#\" title=\"Jogo On line\" aria-label=\"Jogo On line\"><div class=\"destaques__card-imagem\"><img decoding=\"async\" src=\"https:\/\/ww16.ce.gov.br\/detran\/wp-content\/uploads\/sites\/91\/2026\/04\/ChatGPT-Image-16-de-abr.-de-2026-15_16_20-e1776364567632.png\" alt=\"Jogo On line\" \/><\/div><\/a><a class=\"destaques__card\" href=\"#\" title=\"Crian\u00e7as  no transito\" aria-label=\"Crian\u00e7as  no transito\"><div class=\"destaques__card-imagem\"><img decoding=\"async\" src=\"https:\/\/ww16.ce.gov.br\/detran\/wp-content\/uploads\/sites\/91\/2026\/04\/ChatGPT-Image-16-de-abr.-de-2026-15_16_20-e1776364567632.png\" alt=\"Crian\u00e7as  no transito\" \/><\/div><\/a><a class=\"destaques__card\" href=\"#\" title=\"VaiVem\" aria-label=\"VaiVem\"><div class=\"destaques__card-imagem\"><div class=\"destaques__card-placeholder\"><span class=\"material-symbols-outlined\" aria-hidden=\"true\">image<\/span><\/div><\/div><\/a><\/div><button class=\"destaques__nav destaques__nav--next\" aria-label=\"Pr\u00f3ximo arrow_forward\"><span class=\"material-symbols-outlined\" aria-hidden=\"true\">arrow_forward<\/span><\/button><\/div><div class=\"destaques__dots\"><\/div><\/div><\/div>","protected":false},"excerpt":{"rendered":"<p>texto de explana\u00e7\u00e3o<\/p>\n","protected":false},"author":93,"featured_media":0,"parent":0,"menu_order":0,"comment_status":"closed","ping_status":"closed","template":"","meta":{"_acf_changed":false,"inline_featured_image":false,"footnotes":""},"class_list":["post-659","page","type-page","status-publish","hentry"],"acf":[],"yoast_head":"<!-- This site is optimized with the Yoast SEO plugin v26.9 - https:\/\/yoast.com\/product\/yoast-seo-wordpress\/ -->\n<title>Educa\u00e7\u00e3o - Departamento Estadual de Tr\u00e2nsito<\/title>\n<meta name=\"robots\" content=\"noindex, follow, max-snippet:-1, max-image-preview:large, max-video-preview:-1\" \/>\n<meta property=\"og:locale\" content=\"pt_BR\" \/>\n<meta property=\"og:type\" content=\"article\" \/>\n<meta property=\"og:title\" content=\"Educa\u00e7\u00e3o - Departamento Estadual de Tr\u00e2nsito\" \/>\n<meta property=\"og:description\" content=\"texto de explana\u00e7\u00e3o\" \/>\n<meta property=\"og:url\" content=\"https:\/\/ww16.ce.gov.br\/detran\/educacao\/\" \/>\n<meta property=\"og:site_name\" content=\"Departamento Estadual de Tr\u00e2nsito\" \/>\n<meta property=\"article:modified_time\" content=\"2026-05-05T13:19:33+00:00\" \/>\n<meta name=\"twitter:card\" content=\"summary_large_image\" \/>\n<meta name=\"twitter:label1\" content=\"Est. reading time\" \/>\n\t<meta name=\"twitter:data1\" content=\"1 minuto\" \/>\n<script type=\"application\/ld+json\" class=\"yoast-schema-graph\">{\"@context\":\"https:\/\/schema.org\",\"@graph\":[{\"@type\":\"WebPage\",\"@id\":\"https:\/\/ww16.ce.gov.br\/detran\/educacao\/\",\"url\":\"https:\/\/ww16.ce.gov.br\/detran\/educacao\/\",\"name\":\"Educa\u00e7\u00e3o - Departamento Estadual de Tr\u00e2nsito\",\"isPartOf\":{\"@id\":\"https:\/\/ww16.ce.gov.br\/detran\/#website\"},\"datePublished\":\"2026-05-05T13:16:18+00:00\",\"dateModified\":\"2026-05-05T13:19:33+00:00\",\"breadcrumb\":{\"@id\":\"https:\/\/ww16.ce.gov.br\/detran\/educacao\/#breadcrumb\"},\"inLanguage\":\"pt-BR\",\"potentialAction\":[{\"@type\":\"ReadAction\",\"target\":[\"https:\/\/ww16.ce.gov.br\/detran\/educacao\/\"]}]},{\"@type\":\"BreadcrumbList\",\"@id\":\"https:\/\/ww16.ce.gov.br\/detran\/educacao\/#breadcrumb\",\"itemListElement\":[{\"@type\":\"ListItem\",\"position\":1,\"name\":\"In\u00edcio\",\"item\":\"https:\/\/ww16.ce.gov.br\/detran\/\"},{\"@type\":\"ListItem\",\"position\":2,\"name\":\"Educa\u00e7\u00e3o\"}]},{\"@type\":\"WebSite\",\"@id\":\"https:\/\/ww16.ce.gov.br\/detran\/#website\",\"url\":\"https:\/\/ww16.ce.gov.br\/detran\/\",\"name\":\"Departamento Estadual de Tr\u00e2nsito\",\"description\":\"Modelo Padr\u00e3o do Estado\",\"potentialAction\":[{\"@type\":\"SearchAction\",\"target\":{\"@type\":\"EntryPoint\",\"urlTemplate\":\"https:\/\/ww16.ce.gov.br\/detran\/?s={search_term_string}\"},\"query-input\":{\"@type\":\"PropertyValueSpecification\",\"valueRequired\":true,\"valueName\":\"search_term_string\"}}],\"inLanguage\":\"pt-BR\"}]}<\/script>\n<!-- \/ Yoast SEO plugin. -->","yoast_head_json":{"title":"Educa\u00e7\u00e3o - Departamento Estadual de Tr\u00e2nsito","robots":{"index":"noindex","follow":"follow","max-snippet":"max-snippet:-1","max-image-preview":"max-image-preview:large","max-video-preview":"max-video-preview:-1"},"og_locale":"pt_BR","og_type":"article","og_title":"Educa\u00e7\u00e3o - Departamento Estadual de Tr\u00e2nsito","og_description":"texto de explana\u00e7\u00e3o","og_url":"https:\/\/ww16.ce.gov.br\/detran\/educacao\/","og_site_name":"Departamento Estadual de Tr\u00e2nsito","article_modified_time":"2026-05-05T13:19:33+00:00","twitter_card":"summary_large_image","twitter_misc":{"Est. reading time":"1 minuto"},"schema":{"@context":"https:\/\/schema.org","@graph":[{"@type":"WebPage","@id":"https:\/\/ww16.ce.gov.br\/detran\/educacao\/","url":"https:\/\/ww16.ce.gov.br\/detran\/educacao\/","name":"Educa\u00e7\u00e3o - Departamento Estadual de Tr\u00e2nsito","isPartOf":{"@id":"https:\/\/ww16.ce.gov.br\/detran\/#website"},"datePublished":"2026-05-05T13:16:18+00:00","dateModified":"2026-05-05T13:19:33+00:00","breadcrumb":{"@id":"https:\/\/ww16.ce.gov.br\/detran\/educacao\/#breadcrumb"},"inLanguage":"pt-BR","potentialAction":[{"@type":"ReadAction","target":["https:\/\/ww16.ce.gov.br\/detran\/educacao\/"]}]},{"@type":"BreadcrumbList","@id":"https:\/\/ww16.ce.gov.br\/detran\/educacao\/#breadcrumb","itemListElement":[{"@type":"ListItem","position":1,"name":"In\u00edcio","item":"https:\/\/ww16.ce.gov.br\/detran\/"},{"@type":"ListItem","position":2,"name":"Educa\u00e7\u00e3o"}]},{"@type":"WebSite","@id":"https:\/\/ww16.ce.gov.br\/detran\/#website","url":"https:\/\/ww16.ce.gov.br\/detran\/","name":"Departamento Estadual de Tr\u00e2nsito","description":"Modelo Padr\u00e3o do Estado","potentialAction":[{"@type":"SearchAction","target":{"@type":"EntryPoint","urlTemplate":"https:\/\/ww16.ce.gov.br\/detran\/?s={search_term_string}"},"query-input":{"@type":"PropertyValueSpecification","valueRequired":true,"valueName":"search_term_string"}}],"inLanguage":"pt-BR"}]}},"_links":{"self":[{"href":"https:\/\/ww16.ce.gov.br\/detran\/wp-json\/wp\/v2\/pages\/659","targetHints":{"allow":["GET"]}}],"collection":[{"href":"https:\/\/ww16.ce.gov.br\/detran\/wp-json\/wp\/v2\/pages"}],"about":[{"href":"https:\/\/ww16.ce.gov.br\/detran\/wp-json\/wp\/v2\/types\/page"}],"author":[{"embeddable":true,"href":"https:\/\/ww16.ce.gov.br\/detran\/wp-json\/wp\/v2\/users\/93"}],"replies":[{"embeddable":true,"href":"https:\/\/ww16.ce.gov.br\/detran\/wp-json\/wp\/v2\/comments?post=659"}],"version-history":[{"count":2,"href":"https:\/\/ww16.ce.gov.br\/detran\/wp-json\/wp\/v2\/pages\/659\/revisions"}],"predecessor-version":[{"id":678,"href":"https:\/\/ww16.ce.gov.br\/detran\/wp-json\/wp\/v2\/pages\/659\/revisions\/678"}],"wp:attachment":[{"href":"https:\/\/ww16.ce.gov.br\/detran\/wp-json\/wp\/v2\/media?parent=659"}],"curies":[{"name":"wp","href":"https:\/\/api.w.org\/{rel}","templated":true}]}}