{"id":3152,"date":"2023-09-29T16:00:27","date_gmt":"2023-09-29T19:00:27","guid":{"rendered":"http:\/\/www.crede17.seduc.ce.gov.br\/?page_id=3152"},"modified":"2025-09-30T13:13:10","modified_gmt":"2025-09-30T16:13:10","slug":"cedea","status":"publish","type":"page","link":"https:\/\/ww16.ce.gov.br\/crede17-seduc\/cedea\/","title":{"rendered":"CEDEA"},"content":{"rendered":"<section><!-- COLUNA 1 (Nova - CEDEA) --><\/p>\n<div class=\"dt-8 -padfix HasSidebar\">\n<p>&nbsp;<\/p>\n<p>Com a miss\u00e3o de acompanhar e apoiar a gest\u00e3o das unidades escolares, a Superintend\u00eancia Escolar visa a fomentar um movimento de reflex\u00e3o e a\u00e7\u00e3o em torno de tr\u00eas eixos principais: Indicadores, Processos Escolares e INSTRUMENTOS DE GEST\u00c3O. Este acompanhamento de informa\u00e7\u00f5es, metas e rotinas escolares fazem da equipe da Superintend\u00eancia uma parceira que estimula a autonomia das escolas, ao mesmo tempo em que promove uma maior articula\u00e7\u00e3o entre a SEDUC e a escola, na perspectiva de melhor acompanhar o seu funcionamento e de apoiar na identifica\u00e7\u00e3o de suas fragilidades e na busca de solu\u00e7\u00f5es para estas.<br \/>\n<br \/>\n<strong>Organograma CEDEA<\/strong><\/p>\n<hr \/>\n<p><a href=\"https:\/\/www.crede17.seduc.ce.gov.br\/wp-content\/uploads\/sites\/111\/2025\/09\/ORGANOGRAMA-CEDEA-1.pdf\"><img loading=\"lazy\" decoding=\"async\" class=\"alignnone wp-image-8447 size-full\" src=\"https:\/\/www.crede17.seduc.ce.gov.br\/wp-content\/uploads\/sites\/111\/2025\/09\/Captura-de-tela_2025-09-30_13-11-20.png\" alt=\"\" width=\"1429\" height=\"1008\" srcset=\"https:\/\/ww16.ce.gov.br\/crede17-seduc\/wp-content\/uploads\/sites\/111\/2025\/09\/Captura-de-tela_2025-09-30_13-11-20.png 1429w, https:\/\/ww16.ce.gov.br\/crede17-seduc\/wp-content\/uploads\/sites\/111\/2025\/09\/Captura-de-tela_2025-09-30_13-11-20-600x423.png 600w, https:\/\/ww16.ce.gov.br\/crede17-seduc\/wp-content\/uploads\/sites\/111\/2025\/09\/Captura-de-tela_2025-09-30_13-11-20-1200x846.png 1200w, https:\/\/ww16.ce.gov.br\/crede17-seduc\/wp-content\/uploads\/sites\/111\/2025\/09\/Captura-de-tela_2025-09-30_13-11-20-768x542.png 768w\" sizes=\"auto, (max-width: 1429px) 100vw, 1429px\" \/><\/a><\/p>\n<\/div>\n<p><!-- COLUNA 2 (Sidebar mantida) --><\/p>\n<aside class=\"sidebar dt-4 -padfix\"><img loading=\"lazy\" decoding=\"async\" class=\"alignnone wp-image-8407\" src=\"https:\/\/www.crede17.seduc.ce.gov.br\/wp-content\/uploads\/sites\/111\/2025\/09\/conceicao-600x600-1.jpg\" alt=\"\" width=\"150\" height=\"150\" \/><\/aside>\n<p class=\"sidebar dt-4 -padfix\"><strong>Maria da Concei\u00e7\u00e3o Pereira<\/strong><br \/>\nOrientadora<br \/>\nContato: (88) 3561-5552<br \/>\nE-mail: conceicao.pereira@crede17.seduc.ce.gov.br<\/p>\n<\/section>\n","protected":false},"excerpt":{"rendered":"<p>&nbsp; Com a miss\u00e3o de acompanhar e apoiar a gest\u00e3o das unidades escolares, a Superintend\u00eancia Escolar visa a fomentar um movimento de reflex\u00e3o e a\u00e7\u00e3o em torno de tr\u00eas eixos principais: Indicadores, Processos Escolares e INSTRUMENTOS DE GEST\u00c3O. Este acompanhamento de informa\u00e7\u00f5es, metas e rotinas escolares fazem da equipe da Superintend\u00eancia uma parceira que estimula [&hellip;]<\/p>\n","protected":false},"author":520,"featured_media":0,"parent":0,"menu_order":0,"comment_status":"closed","ping_status":"closed","template":"","meta":{"_acf_changed":false,"inline_featured_image":false,"footnotes":""},"class_list":["post-3152","page","type-page","status-publish","hentry"],"acf":[],"yoast_head":"<!-- This site is optimized with the Yoast SEO plugin v26.9 - https:\/\/yoast.com\/product\/yoast-seo-wordpress\/ -->\n<title>CEDEA - CREDE17-SEDUC<\/title>\n<meta name=\"robots\" content=\"index, follow, max-snippet:-1, max-image-preview:large, max-video-preview:-1\" \/>\n<link rel=\"canonical\" href=\"https:\/\/ww16.ce.gov.br\/crede17-seduc\/cedea\/\" \/>\n<meta property=\"og:locale\" content=\"pt_BR\" \/>\n<meta property=\"og:type\" content=\"article\" \/>\n<meta property=\"og:title\" content=\"CEDEA - CREDE17-SEDUC\" \/>\n<meta property=\"og:description\" content=\"&nbsp; Com a miss\u00e3o de acompanhar e apoiar a gest\u00e3o das unidades escolares, a Superintend\u00eancia Escolar visa a fomentar um movimento de reflex\u00e3o e a\u00e7\u00e3o em torno de tr\u00eas eixos principais: Indicadores, Processos Escolares e INSTRUMENTOS DE GEST\u00c3O. Este acompanhamento de informa\u00e7\u00f5es, metas e rotinas escolares fazem da equipe da Superintend\u00eancia uma parceira que estimula [&hellip;]\" \/>\n<meta property=\"og:url\" content=\"https:\/\/ww16.ce.gov.br\/crede17-seduc\/cedea\/\" \/>\n<meta property=\"og:site_name\" content=\"CREDE17-SEDUC\" \/>\n<meta property=\"article:modified_time\" content=\"2025-09-30T16:13:10+00:00\" \/>\n<meta property=\"og:image\" content=\"http:\/\/www.crede17.seduc.ce.gov.br\/wp-content\/uploads\/sites\/111\/2025\/09\/Captura-de-tela_2025-09-30_13-11-20.png\" \/>\n<meta name=\"twitter:card\" content=\"summary_large_image\" \/>\n<meta name=\"twitter:label1\" content=\"Est. reading time\" \/>\n\t<meta name=\"twitter:data1\" content=\"1 minuto\" \/>\n<script type=\"application\/ld+json\" class=\"yoast-schema-graph\">{\"@context\":\"https:\/\/schema.org\",\"@graph\":[{\"@type\":\"WebPage\",\"@id\":\"https:\/\/ww16.ce.gov.br\/crede17-seduc\/cedea\/\",\"url\":\"https:\/\/ww16.ce.gov.br\/crede17-seduc\/cedea\/\",\"name\":\"CEDEA - CREDE17-SEDUC\",\"isPartOf\":{\"@id\":\"https:\/\/ww16.ce.gov.br\/crede17-seduc\/#website\"},\"primaryImageOfPage\":{\"@id\":\"https:\/\/ww16.ce.gov.br\/crede17-seduc\/cedea\/#primaryimage\"},\"image\":{\"@id\":\"https:\/\/ww16.ce.gov.br\/crede17-seduc\/cedea\/#primaryimage\"},\"thumbnailUrl\":\"http:\/\/www.crede17.seduc.ce.gov.br\/wp-content\/uploads\/sites\/111\/2025\/09\/Captura-de-tela_2025-09-30_13-11-20.png\",\"datePublished\":\"2023-09-29T19:00:27+00:00\",\"dateModified\":\"2025-09-30T16:13:10+00:00\",\"breadcrumb\":{\"@id\":\"https:\/\/ww16.ce.gov.br\/crede17-seduc\/cedea\/#breadcrumb\"},\"inLanguage\":\"pt-BR\",\"potentialAction\":[{\"@type\":\"ReadAction\",\"target\":[\"https:\/\/ww16.ce.gov.br\/crede17-seduc\/cedea\/\"]}]},{\"@type\":\"ImageObject\",\"inLanguage\":\"pt-BR\",\"@id\":\"https:\/\/ww16.ce.gov.br\/crede17-seduc\/cedea\/#primaryimage\",\"url\":\"http:\/\/www.crede17.seduc.ce.gov.br\/wp-content\/uploads\/sites\/111\/2025\/09\/Captura-de-tela_2025-09-30_13-11-20.png\",\"contentUrl\":\"http:\/\/www.crede17.seduc.ce.gov.br\/wp-content\/uploads\/sites\/111\/2025\/09\/Captura-de-tela_2025-09-30_13-11-20.png\"},{\"@type\":\"BreadcrumbList\",\"@id\":\"https:\/\/ww16.ce.gov.br\/crede17-seduc\/cedea\/#breadcrumb\",\"itemListElement\":[{\"@type\":\"ListItem\",\"position\":1,\"name\":\"In\u00edcio\",\"item\":\"https:\/\/ww16.ce.gov.br\/crede17-seduc\/\"},{\"@type\":\"ListItem\",\"position\":2,\"name\":\"CEDEA\"}]},{\"@type\":\"WebSite\",\"@id\":\"https:\/\/ww16.ce.gov.br\/crede17-seduc\/#website\",\"url\":\"https:\/\/ww16.ce.gov.br\/crede17-seduc\/\",\"name\":\"CREDE17-SEDUC\",\"description\":\"Portal CREDE17-SEDUC\",\"potentialAction\":[{\"@type\":\"SearchAction\",\"target\":{\"@type\":\"EntryPoint\",\"urlTemplate\":\"https:\/\/ww16.ce.gov.br\/crede17-seduc\/?s={search_term_string}\"},\"query-input\":{\"@type\":\"PropertyValueSpecification\",\"valueRequired\":true,\"valueName\":\"search_term_string\"}}],\"inLanguage\":\"pt-BR\"}]}<\/script>\n<!-- \/ Yoast SEO plugin. -->","yoast_head_json":{"title":"CEDEA - CREDE17-SEDUC","robots":{"index":"index","follow":"follow","max-snippet":"max-snippet:-1","max-image-preview":"max-image-preview:large","max-video-preview":"max-video-preview:-1"},"canonical":"https:\/\/ww16.ce.gov.br\/crede17-seduc\/cedea\/","og_locale":"pt_BR","og_type":"article","og_title":"CEDEA - CREDE17-SEDUC","og_description":"&nbsp; Com a miss\u00e3o de acompanhar e apoiar a gest\u00e3o das unidades escolares, a Superintend\u00eancia Escolar visa a fomentar um movimento de reflex\u00e3o e a\u00e7\u00e3o em torno de tr\u00eas eixos principais: Indicadores, Processos Escolares e INSTRUMENTOS DE GEST\u00c3O. Este acompanhamento de informa\u00e7\u00f5es, metas e rotinas escolares fazem da equipe da Superintend\u00eancia uma parceira que estimula [&hellip;]","og_url":"https:\/\/ww16.ce.gov.br\/crede17-seduc\/cedea\/","og_site_name":"CREDE17-SEDUC","article_modified_time":"2025-09-30T16:13:10+00:00","og_image":[{"url":"http:\/\/www.crede17.seduc.ce.gov.br\/wp-content\/uploads\/sites\/111\/2025\/09\/Captura-de-tela_2025-09-30_13-11-20.png","type":"","width":"","height":""}],"twitter_card":"summary_large_image","twitter_misc":{"Est. reading time":"1 minuto"},"schema":{"@context":"https:\/\/schema.org","@graph":[{"@type":"WebPage","@id":"https:\/\/ww16.ce.gov.br\/crede17-seduc\/cedea\/","url":"https:\/\/ww16.ce.gov.br\/crede17-seduc\/cedea\/","name":"CEDEA - CREDE17-SEDUC","isPartOf":{"@id":"https:\/\/ww16.ce.gov.br\/crede17-seduc\/#website"},"primaryImageOfPage":{"@id":"https:\/\/ww16.ce.gov.br\/crede17-seduc\/cedea\/#primaryimage"},"image":{"@id":"https:\/\/ww16.ce.gov.br\/crede17-seduc\/cedea\/#primaryimage"},"thumbnailUrl":"http:\/\/www.crede17.seduc.ce.gov.br\/wp-content\/uploads\/sites\/111\/2025\/09\/Captura-de-tela_2025-09-30_13-11-20.png","datePublished":"2023-09-29T19:00:27+00:00","dateModified":"2025-09-30T16:13:10+00:00","breadcrumb":{"@id":"https:\/\/ww16.ce.gov.br\/crede17-seduc\/cedea\/#breadcrumb"},"inLanguage":"pt-BR","potentialAction":[{"@type":"ReadAction","target":["https:\/\/ww16.ce.gov.br\/crede17-seduc\/cedea\/"]}]},{"@type":"ImageObject","inLanguage":"pt-BR","@id":"https:\/\/ww16.ce.gov.br\/crede17-seduc\/cedea\/#primaryimage","url":"http:\/\/www.crede17.seduc.ce.gov.br\/wp-content\/uploads\/sites\/111\/2025\/09\/Captura-de-tela_2025-09-30_13-11-20.png","contentUrl":"http:\/\/www.crede17.seduc.ce.gov.br\/wp-content\/uploads\/sites\/111\/2025\/09\/Captura-de-tela_2025-09-30_13-11-20.png"},{"@type":"BreadcrumbList","@id":"https:\/\/ww16.ce.gov.br\/crede17-seduc\/cedea\/#breadcrumb","itemListElement":[{"@type":"ListItem","position":1,"name":"In\u00edcio","item":"https:\/\/ww16.ce.gov.br\/crede17-seduc\/"},{"@type":"ListItem","position":2,"name":"CEDEA"}]},{"@type":"WebSite","@id":"https:\/\/ww16.ce.gov.br\/crede17-seduc\/#website","url":"https:\/\/ww16.ce.gov.br\/crede17-seduc\/","name":"CREDE17-SEDUC","description":"Portal CREDE17-SEDUC","potentialAction":[{"@type":"SearchAction","target":{"@type":"EntryPoint","urlTemplate":"https:\/\/ww16.ce.gov.br\/crede17-seduc\/?s={search_term_string}"},"query-input":{"@type":"PropertyValueSpecification","valueRequired":true,"valueName":"search_term_string"}}],"inLanguage":"pt-BR"}]}},"_links":{"self":[{"href":"https:\/\/ww16.ce.gov.br\/crede17-seduc\/wp-json\/wp\/v2\/pages\/3152","targetHints":{"allow":["GET"]}}],"collection":[{"href":"https:\/\/ww16.ce.gov.br\/crede17-seduc\/wp-json\/wp\/v2\/pages"}],"about":[{"href":"https:\/\/ww16.ce.gov.br\/crede17-seduc\/wp-json\/wp\/v2\/types\/page"}],"author":[{"embeddable":true,"href":"https:\/\/ww16.ce.gov.br\/crede17-seduc\/wp-json\/wp\/v2\/users\/520"}],"replies":[{"embeddable":true,"href":"https:\/\/ww16.ce.gov.br\/crede17-seduc\/wp-json\/wp\/v2\/comments?post=3152"}],"version-history":[{"count":25,"href":"https:\/\/ww16.ce.gov.br\/crede17-seduc\/wp-json\/wp\/v2\/pages\/3152\/revisions"}],"predecessor-version":[{"id":8450,"href":"https:\/\/ww16.ce.gov.br\/crede17-seduc\/wp-json\/wp\/v2\/pages\/3152\/revisions\/8450"}],"wp:attachment":[{"href":"https:\/\/ww16.ce.gov.br\/crede17-seduc\/wp-json\/wp\/v2\/media?parent=3152"}],"curies":[{"name":"wp","href":"https:\/\/api.w.org\/{rel}","templated":true}]}}