{"id":3026,"date":"2025-09-23T08:00:19","date_gmt":"2025-09-23T11:00:19","guid":{"rendered":"http:\/\/www.crede17.seduc.ce.gov.br\/?page_id=3026"},"modified":"2026-02-11T10:21:31","modified_gmt":"2026-02-11T13:21:31","slug":"eeep-professor-gustavo-augusto-lima","status":"publish","type":"page","link":"https:\/\/ww16.ce.gov.br\/crede17-seduc\/eeep\/eeep-professor-gustavo-augusto-lima\/","title":{"rendered":"EEEP Professor Gustavo Augusto Lima"},"content":{"rendered":"<p>&nbsp;<\/p>\n<p><a href=\"https:\/\/www.crede17.seduc.ce.gov.br\/wp-content\/uploads\/sites\/111\/2021\/09\/EEEP-Professor-Gustavo-Augusto-Lima.jpg\"><img decoding=\"async\" class=\"alignright wp-image-2966 size-medium\" src=\"https:\/\/www.crede17.seduc.ce.gov.br\/wp-content\/uploads\/sites\/111\/2021\/09\/EEEP-Professor-Gustavo-Augusto-Lima.jpg\" alt=\"Fachada da escola\" width=\"398\" \/><\/a><strong>INEP:<\/strong> 23243023<br \/>\n<strong>Diretor(a) Escolar:<\/strong> Marcelo Gon\u00e7alves de Caldas<br \/>\n<strong>Coordenador(a) Escolar:<\/strong> Francisco Monteiro de Sousa<br \/>\n<strong>Coordenador(a) Escolar:<\/strong> Joaquim Lopes Filho<br \/>\n<strong>Coordenador(a) Escolar:<\/strong> Maria Adriana Leite Alves<br \/>\n<strong>Secret\u00e1rio(a) Escolar:<\/strong> Libia Pereira Furtado Pinto Fernandes<br \/>\n<strong>Assessor(a) Financeiro:<\/strong> Rosileuda Belarmino Ribeiro<\/p>\n<p>&nbsp;<\/p>\n<p><strong>Endere\u00e7o:<\/strong> Fazenda Pereiros BR 230, SN | S\u00edtio &#8211; 63300-000 &#8211; Lavras da Mangabeira\/CE<br \/>\n<strong>Telefone:<\/strong> (88) 3536-2009<br \/>\n<strong>E-mail:<\/strong> eeepgustavolima@escola.ce.gov.br<br \/>\n<strong>CNPJ:<\/strong> 18.695.596\/0001-57<\/p>\n","protected":false},"excerpt":{"rendered":"<p>&nbsp; INEP: 23243023 Diretor(a) Escolar: Marcelo Gon\u00e7alves de Caldas Coordenador(a) Escolar: Francisco Monteiro de Sousa Coordenador(a) Escolar: Joaquim Lopes Filho Coordenador(a) Escolar: Maria Adriana Leite Alves Secret\u00e1rio(a) Escolar: Libia Pereira Furtado Pinto Fernandes Assessor(a) Financeiro: Rosileuda Belarmino Ribeiro &nbsp; Endere\u00e7o: Fazenda Pereiros BR 230, SN | S\u00edtio &#8211; 63300-000 &#8211; Lavras da Mangabeira\/CE Telefone: (88) [&hellip;]<\/p>\n","protected":false},"author":520,"featured_media":0,"parent":3017,"menu_order":0,"comment_status":"closed","ping_status":"closed","template":"","meta":{"_acf_changed":false,"inline_featured_image":false,"footnotes":""},"class_list":["post-3026","page","type-page","status-publish","hentry"],"acf":[],"yoast_head":"<!-- This site is optimized with the Yoast SEO plugin v26.9 - https:\/\/yoast.com\/product\/yoast-seo-wordpress\/ -->\n<title>EEEP Professor Gustavo Augusto Lima - CREDE17-SEDUC<\/title>\n<meta name=\"robots\" content=\"index, follow, max-snippet:-1, max-image-preview:large, max-video-preview:-1\" \/>\n<link rel=\"canonical\" href=\"https:\/\/ww16.ce.gov.br\/crede17-seduc\/eeep\/eeep-professor-gustavo-augusto-lima\/\" \/>\n<meta property=\"og:locale\" content=\"pt_BR\" \/>\n<meta property=\"og:type\" content=\"article\" \/>\n<meta property=\"og:title\" content=\"EEEP Professor Gustavo Augusto Lima - CREDE17-SEDUC\" \/>\n<meta property=\"og:description\" content=\"&nbsp; INEP: 23243023 Diretor(a) Escolar: Marcelo Gon\u00e7alves de Caldas Coordenador(a) Escolar: Francisco Monteiro de Sousa Coordenador(a) Escolar: Joaquim Lopes Filho Coordenador(a) Escolar: Maria Adriana Leite Alves Secret\u00e1rio(a) Escolar: Libia Pereira Furtado Pinto Fernandes Assessor(a) Financeiro: Rosileuda Belarmino Ribeiro &nbsp; Endere\u00e7o: Fazenda Pereiros BR 230, SN | S\u00edtio &#8211; 63300-000 &#8211; Lavras da Mangabeira\/CE Telefone: (88) [&hellip;]\" \/>\n<meta property=\"og:url\" content=\"https:\/\/ww16.ce.gov.br\/crede17-seduc\/eeep\/eeep-professor-gustavo-augusto-lima\/\" \/>\n<meta property=\"og:site_name\" content=\"CREDE17-SEDUC\" \/>\n<meta property=\"article:modified_time\" content=\"2026-02-11T13:21:31+00:00\" \/>\n<meta property=\"og:image\" content=\"http:\/\/www.crede17.seduc.ce.gov.br\/wp-content\/uploads\/sites\/111\/2021\/09\/EEEP-Professor-Gustavo-Augusto-Lima.jpg\" \/>\n<meta name=\"twitter:card\" content=\"summary_large_image\" \/>\n<meta name=\"twitter:label1\" content=\"Est. reading time\" \/>\n\t<meta name=\"twitter:data1\" content=\"1 minuto\" \/>\n<script type=\"application\/ld+json\" class=\"yoast-schema-graph\">{\"@context\":\"https:\/\/schema.org\",\"@graph\":[{\"@type\":\"WebPage\",\"@id\":\"https:\/\/ww16.ce.gov.br\/crede17-seduc\/eeep\/eeep-professor-gustavo-augusto-lima\/\",\"url\":\"https:\/\/ww16.ce.gov.br\/crede17-seduc\/eeep\/eeep-professor-gustavo-augusto-lima\/\",\"name\":\"EEEP Professor Gustavo Augusto Lima - CREDE17-SEDUC\",\"isPartOf\":{\"@id\":\"https:\/\/ww16.ce.gov.br\/crede17-seduc\/#website\"},\"primaryImageOfPage\":{\"@id\":\"https:\/\/ww16.ce.gov.br\/crede17-seduc\/eeep\/eeep-professor-gustavo-augusto-lima\/#primaryimage\"},\"image\":{\"@id\":\"https:\/\/ww16.ce.gov.br\/crede17-seduc\/eeep\/eeep-professor-gustavo-augusto-lima\/#primaryimage\"},\"thumbnailUrl\":\"http:\/\/www.crede17.seduc.ce.gov.br\/wp-content\/uploads\/sites\/111\/2021\/09\/EEEP-Professor-Gustavo-Augusto-Lima.jpg\",\"datePublished\":\"2025-09-23T11:00:19+00:00\",\"dateModified\":\"2026-02-11T13:21:31+00:00\",\"breadcrumb\":{\"@id\":\"https:\/\/ww16.ce.gov.br\/crede17-seduc\/eeep\/eeep-professor-gustavo-augusto-lima\/#breadcrumb\"},\"inLanguage\":\"pt-BR\",\"potentialAction\":[{\"@type\":\"ReadAction\",\"target\":[\"https:\/\/ww16.ce.gov.br\/crede17-seduc\/eeep\/eeep-professor-gustavo-augusto-lima\/\"]}]},{\"@type\":\"ImageObject\",\"inLanguage\":\"pt-BR\",\"@id\":\"https:\/\/ww16.ce.gov.br\/crede17-seduc\/eeep\/eeep-professor-gustavo-augusto-lima\/#primaryimage\",\"url\":\"http:\/\/www.crede17.seduc.ce.gov.br\/wp-content\/uploads\/sites\/111\/2021\/09\/EEEP-Professor-Gustavo-Augusto-Lima.jpg\",\"contentUrl\":\"http:\/\/www.crede17.seduc.ce.gov.br\/wp-content\/uploads\/sites\/111\/2021\/09\/EEEP-Professor-Gustavo-Augusto-Lima.jpg\"},{\"@type\":\"BreadcrumbList\",\"@id\":\"https:\/\/ww16.ce.gov.br\/crede17-seduc\/eeep\/eeep-professor-gustavo-augusto-lima\/#breadcrumb\",\"itemListElement\":[{\"@type\":\"ListItem\",\"position\":1,\"name\":\"In\u00edcio\",\"item\":\"https:\/\/ww16.ce.gov.br\/crede17-seduc\/\"},{\"@type\":\"ListItem\",\"position\":2,\"name\":\"EEEP\",\"item\":\"https:\/\/ww16.ce.gov.br\/crede17-seduc\/eeep\/\"},{\"@type\":\"ListItem\",\"position\":3,\"name\":\"EEEP Professor Gustavo Augusto Lima\"}]},{\"@type\":\"WebSite\",\"@id\":\"https:\/\/ww16.ce.gov.br\/crede17-seduc\/#website\",\"url\":\"https:\/\/ww16.ce.gov.br\/crede17-seduc\/\",\"name\":\"CREDE17-SEDUC\",\"description\":\"Portal CREDE17-SEDUC\",\"potentialAction\":[{\"@type\":\"SearchAction\",\"target\":{\"@type\":\"EntryPoint\",\"urlTemplate\":\"https:\/\/ww16.ce.gov.br\/crede17-seduc\/?s={search_term_string}\"},\"query-input\":{\"@type\":\"PropertyValueSpecification\",\"valueRequired\":true,\"valueName\":\"search_term_string\"}}],\"inLanguage\":\"pt-BR\"}]}<\/script>\n<!-- \/ Yoast SEO plugin. -->","yoast_head_json":{"title":"EEEP Professor Gustavo Augusto Lima - CREDE17-SEDUC","robots":{"index":"index","follow":"follow","max-snippet":"max-snippet:-1","max-image-preview":"max-image-preview:large","max-video-preview":"max-video-preview:-1"},"canonical":"https:\/\/ww16.ce.gov.br\/crede17-seduc\/eeep\/eeep-professor-gustavo-augusto-lima\/","og_locale":"pt_BR","og_type":"article","og_title":"EEEP Professor Gustavo Augusto Lima - CREDE17-SEDUC","og_description":"&nbsp; INEP: 23243023 Diretor(a) Escolar: Marcelo Gon\u00e7alves de Caldas Coordenador(a) Escolar: Francisco Monteiro de Sousa Coordenador(a) Escolar: Joaquim Lopes Filho Coordenador(a) Escolar: Maria Adriana Leite Alves Secret\u00e1rio(a) Escolar: Libia Pereira Furtado Pinto Fernandes Assessor(a) Financeiro: Rosileuda Belarmino Ribeiro &nbsp; Endere\u00e7o: Fazenda Pereiros BR 230, SN | S\u00edtio &#8211; 63300-000 &#8211; Lavras da Mangabeira\/CE Telefone: (88) [&hellip;]","og_url":"https:\/\/ww16.ce.gov.br\/crede17-seduc\/eeep\/eeep-professor-gustavo-augusto-lima\/","og_site_name":"CREDE17-SEDUC","article_modified_time":"2026-02-11T13:21:31+00:00","og_image":[{"url":"http:\/\/www.crede17.seduc.ce.gov.br\/wp-content\/uploads\/sites\/111\/2021\/09\/EEEP-Professor-Gustavo-Augusto-Lima.jpg","type":"","width":"","height":""}],"twitter_card":"summary_large_image","twitter_misc":{"Est. reading time":"1 minuto"},"schema":{"@context":"https:\/\/schema.org","@graph":[{"@type":"WebPage","@id":"https:\/\/ww16.ce.gov.br\/crede17-seduc\/eeep\/eeep-professor-gustavo-augusto-lima\/","url":"https:\/\/ww16.ce.gov.br\/crede17-seduc\/eeep\/eeep-professor-gustavo-augusto-lima\/","name":"EEEP Professor Gustavo Augusto Lima - CREDE17-SEDUC","isPartOf":{"@id":"https:\/\/ww16.ce.gov.br\/crede17-seduc\/#website"},"primaryImageOfPage":{"@id":"https:\/\/ww16.ce.gov.br\/crede17-seduc\/eeep\/eeep-professor-gustavo-augusto-lima\/#primaryimage"},"image":{"@id":"https:\/\/ww16.ce.gov.br\/crede17-seduc\/eeep\/eeep-professor-gustavo-augusto-lima\/#primaryimage"},"thumbnailUrl":"http:\/\/www.crede17.seduc.ce.gov.br\/wp-content\/uploads\/sites\/111\/2021\/09\/EEEP-Professor-Gustavo-Augusto-Lima.jpg","datePublished":"2025-09-23T11:00:19+00:00","dateModified":"2026-02-11T13:21:31+00:00","breadcrumb":{"@id":"https:\/\/ww16.ce.gov.br\/crede17-seduc\/eeep\/eeep-professor-gustavo-augusto-lima\/#breadcrumb"},"inLanguage":"pt-BR","potentialAction":[{"@type":"ReadAction","target":["https:\/\/ww16.ce.gov.br\/crede17-seduc\/eeep\/eeep-professor-gustavo-augusto-lima\/"]}]},{"@type":"ImageObject","inLanguage":"pt-BR","@id":"https:\/\/ww16.ce.gov.br\/crede17-seduc\/eeep\/eeep-professor-gustavo-augusto-lima\/#primaryimage","url":"http:\/\/www.crede17.seduc.ce.gov.br\/wp-content\/uploads\/sites\/111\/2021\/09\/EEEP-Professor-Gustavo-Augusto-Lima.jpg","contentUrl":"http:\/\/www.crede17.seduc.ce.gov.br\/wp-content\/uploads\/sites\/111\/2021\/09\/EEEP-Professor-Gustavo-Augusto-Lima.jpg"},{"@type":"BreadcrumbList","@id":"https:\/\/ww16.ce.gov.br\/crede17-seduc\/eeep\/eeep-professor-gustavo-augusto-lima\/#breadcrumb","itemListElement":[{"@type":"ListItem","position":1,"name":"In\u00edcio","item":"https:\/\/ww16.ce.gov.br\/crede17-seduc\/"},{"@type":"ListItem","position":2,"name":"EEEP","item":"https:\/\/ww16.ce.gov.br\/crede17-seduc\/eeep\/"},{"@type":"ListItem","position":3,"name":"EEEP Professor Gustavo Augusto Lima"}]},{"@type":"WebSite","@id":"https:\/\/ww16.ce.gov.br\/crede17-seduc\/#website","url":"https:\/\/ww16.ce.gov.br\/crede17-seduc\/","name":"CREDE17-SEDUC","description":"Portal CREDE17-SEDUC","potentialAction":[{"@type":"SearchAction","target":{"@type":"EntryPoint","urlTemplate":"https:\/\/ww16.ce.gov.br\/crede17-seduc\/?s={search_term_string}"},"query-input":{"@type":"PropertyValueSpecification","valueRequired":true,"valueName":"search_term_string"}}],"inLanguage":"pt-BR"}]}},"_links":{"self":[{"href":"https:\/\/ww16.ce.gov.br\/crede17-seduc\/wp-json\/wp\/v2\/pages\/3026","targetHints":{"allow":["GET"]}}],"collection":[{"href":"https:\/\/ww16.ce.gov.br\/crede17-seduc\/wp-json\/wp\/v2\/pages"}],"about":[{"href":"https:\/\/ww16.ce.gov.br\/crede17-seduc\/wp-json\/wp\/v2\/types\/page"}],"author":[{"embeddable":true,"href":"https:\/\/ww16.ce.gov.br\/crede17-seduc\/wp-json\/wp\/v2\/users\/520"}],"replies":[{"embeddable":true,"href":"https:\/\/ww16.ce.gov.br\/crede17-seduc\/wp-json\/wp\/v2\/comments?post=3026"}],"version-history":[{"count":9,"href":"https:\/\/ww16.ce.gov.br\/crede17-seduc\/wp-json\/wp\/v2\/pages\/3026\/revisions"}],"predecessor-version":[{"id":8806,"href":"https:\/\/ww16.ce.gov.br\/crede17-seduc\/wp-json\/wp\/v2\/pages\/3026\/revisions\/8806"}],"up":[{"embeddable":true,"href":"https:\/\/ww16.ce.gov.br\/crede17-seduc\/wp-json\/wp\/v2\/pages\/3017"}],"wp:attachment":[{"href":"https:\/\/ww16.ce.gov.br\/crede17-seduc\/wp-json\/wp\/v2\/media?parent=3026"}],"curies":[{"name":"wp","href":"https:\/\/api.w.org\/{rel}","templated":true}]}}