{"id":2960,"date":"2025-05-24T08:00:43","date_gmt":"2025-05-24T11:00:43","guid":{"rendered":"http:\/\/www.crede17.seduc.ce.gov.br\/?page_id=2960"},"modified":"2025-09-24T16:38:36","modified_gmt":"2025-09-24T19:38:36","slug":"ceja-ana-vieira-pinheiro","status":"publish","type":"page","link":"https:\/\/ww16.ce.gov.br\/crede17-seduc\/ceja\/ceja-ana-vieira-pinheiro\/","title":{"rendered":"CEJA Ana Vieira Pinheiro"},"content":{"rendered":"<p>&nbsp;<\/p>\n<p><a href=\"https:\/\/www.crede17.seduc.ce.gov.br\/wp-content\/uploads\/sites\/111\/2021\/09\/CEJA-Ana-Vieira-Pinheiro.jpg\"><img decoding=\"async\" class=\"alignright wp-image-2966 size-medium\" src=\"https:\/\/www.crede17.seduc.ce.gov.br\/wp-content\/uploads\/sites\/111\/2021\/09\/CEJA-Ana-Vieira-Pinheiro.jpg\" alt=\"Fachada da escola\" width=\"398\" srcset=\"https:\/\/ww16.ce.gov.br\/crede17-seduc\/wp-content\/uploads\/sites\/111\/2021\/09\/CEJA-Ana-Vieira-Pinheiro.jpg 1500w, https:\/\/ww16.ce.gov.br\/crede17-seduc\/wp-content\/uploads\/sites\/111\/2021\/09\/CEJA-Ana-Vieira-Pinheiro-600x347.jpg 600w, https:\/\/ww16.ce.gov.br\/crede17-seduc\/wp-content\/uploads\/sites\/111\/2021\/09\/CEJA-Ana-Vieira-Pinheiro-768x444.jpg 768w, https:\/\/ww16.ce.gov.br\/crede17-seduc\/wp-content\/uploads\/sites\/111\/2021\/09\/CEJA-Ana-Vieira-Pinheiro-1200x694.jpg 1200w\" sizes=\"(max-width: 1500px) 100vw, 1500px\" \/><\/a><strong>INEP:<\/strong> 23140240<br \/>\n<strong>Diretor(a) Escolar:<\/strong> Francisco Rener da Silva<br \/>\n<strong>Coordenador(a) Escolar:<\/strong> Eleomar Crispim de Oliveira<br \/>\n<strong>Secret\u00e1rio(a) Escolar:<\/strong> Claudenice Torres Vieira<br \/>\n<strong>Assessor(a) Financeiro:<\/strong> Rafaela de Sousa Barros<\/p>\n<p>&nbsp;<\/p>\n<p><strong>Endere\u00e7o:<\/strong> Rua Dona Aldery, 324 | Centro &#8211; 63430-000 &#8211; Ic\u00f3\/CE<br \/>\n<strong>Telefone:<\/strong> (88) 3561-5563<br \/>\n<strong>E-mail:<\/strong> cejaanavp@escola.ce.gov.br<br \/>\n<strong>CNPJ:<\/strong> 10.897.968\/0001-16<\/p>\n","protected":false},"excerpt":{"rendered":"<p>&nbsp; INEP: 23140240 Diretor(a) Escolar: Francisco Rener da Silva Coordenador(a) Escolar: Eleomar Crispim de Oliveira Secret\u00e1rio(a) Escolar: Claudenice Torres Vieira Assessor(a) Financeiro: Rafaela de Sousa Barros &nbsp; Endere\u00e7o: Rua Dona Aldery, 324 | Centro &#8211; 63430-000 &#8211; Ic\u00f3\/CE Telefone: (88) 3561-5563 E-mail: cejaanavp@escola.ce.gov.br CNPJ: 10.897.968\/0001-16<\/p>\n","protected":false},"author":520,"featured_media":0,"parent":3044,"menu_order":0,"comment_status":"closed","ping_status":"closed","template":"","meta":{"_acf_changed":false,"inline_featured_image":false,"footnotes":""},"class_list":["post-2960","page","type-page","status-publish","hentry"],"acf":[],"yoast_head":"<!-- This site is optimized with the Yoast SEO plugin v26.9 - https:\/\/yoast.com\/product\/yoast-seo-wordpress\/ -->\n<title>CEJA Ana Vieira Pinheiro - CREDE17-SEDUC<\/title>\n<meta name=\"robots\" content=\"index, follow, max-snippet:-1, max-image-preview:large, max-video-preview:-1\" \/>\n<link rel=\"canonical\" href=\"https:\/\/ww16.ce.gov.br\/crede17-seduc\/ceja\/ceja-ana-vieira-pinheiro\/\" \/>\n<meta property=\"og:locale\" content=\"pt_BR\" \/>\n<meta property=\"og:type\" content=\"article\" \/>\n<meta property=\"og:title\" content=\"CEJA Ana Vieira Pinheiro - CREDE17-SEDUC\" \/>\n<meta property=\"og:description\" content=\"&nbsp; INEP: 23140240 Diretor(a) Escolar: Francisco Rener da Silva Coordenador(a) Escolar: Eleomar Crispim de Oliveira Secret\u00e1rio(a) Escolar: Claudenice Torres Vieira Assessor(a) Financeiro: Rafaela de Sousa Barros &nbsp; Endere\u00e7o: Rua Dona Aldery, 324 | Centro &#8211; 63430-000 &#8211; Ic\u00f3\/CE Telefone: (88) 3561-5563 E-mail: cejaanavp@escola.ce.gov.br CNPJ: 10.897.968\/0001-16\" \/>\n<meta property=\"og:url\" content=\"https:\/\/ww16.ce.gov.br\/crede17-seduc\/ceja\/ceja-ana-vieira-pinheiro\/\" \/>\n<meta property=\"og:site_name\" content=\"CREDE17-SEDUC\" \/>\n<meta property=\"article:modified_time\" content=\"2025-09-24T19:38:36+00:00\" \/>\n<meta property=\"og:image\" content=\"http:\/\/www.crede17.seduc.ce.gov.br\/wp-content\/uploads\/sites\/111\/2021\/09\/CEJA-Ana-Vieira-Pinheiro.jpg\" \/>\n<meta name=\"twitter:card\" content=\"summary_large_image\" \/>\n<meta name=\"twitter:label1\" content=\"Est. reading time\" \/>\n\t<meta name=\"twitter:data1\" content=\"1 minuto\" \/>\n<script type=\"application\/ld+json\" class=\"yoast-schema-graph\">{\"@context\":\"https:\/\/schema.org\",\"@graph\":[{\"@type\":\"WebPage\",\"@id\":\"https:\/\/ww16.ce.gov.br\/crede17-seduc\/ceja\/ceja-ana-vieira-pinheiro\/\",\"url\":\"https:\/\/ww16.ce.gov.br\/crede17-seduc\/ceja\/ceja-ana-vieira-pinheiro\/\",\"name\":\"CEJA Ana Vieira Pinheiro - CREDE17-SEDUC\",\"isPartOf\":{\"@id\":\"https:\/\/ww16.ce.gov.br\/crede17-seduc\/#website\"},\"primaryImageOfPage\":{\"@id\":\"https:\/\/ww16.ce.gov.br\/crede17-seduc\/ceja\/ceja-ana-vieira-pinheiro\/#primaryimage\"},\"image\":{\"@id\":\"https:\/\/ww16.ce.gov.br\/crede17-seduc\/ceja\/ceja-ana-vieira-pinheiro\/#primaryimage\"},\"thumbnailUrl\":\"http:\/\/www.crede17.seduc.ce.gov.br\/wp-content\/uploads\/sites\/111\/2021\/09\/CEJA-Ana-Vieira-Pinheiro.jpg\",\"datePublished\":\"2025-05-24T11:00:43+00:00\",\"dateModified\":\"2025-09-24T19:38:36+00:00\",\"breadcrumb\":{\"@id\":\"https:\/\/ww16.ce.gov.br\/crede17-seduc\/ceja\/ceja-ana-vieira-pinheiro\/#breadcrumb\"},\"inLanguage\":\"pt-BR\",\"potentialAction\":[{\"@type\":\"ReadAction\",\"target\":[\"https:\/\/ww16.ce.gov.br\/crede17-seduc\/ceja\/ceja-ana-vieira-pinheiro\/\"]}]},{\"@type\":\"ImageObject\",\"inLanguage\":\"pt-BR\",\"@id\":\"https:\/\/ww16.ce.gov.br\/crede17-seduc\/ceja\/ceja-ana-vieira-pinheiro\/#primaryimage\",\"url\":\"http:\/\/www.crede17.seduc.ce.gov.br\/wp-content\/uploads\/sites\/111\/2021\/09\/CEJA-Ana-Vieira-Pinheiro.jpg\",\"contentUrl\":\"http:\/\/www.crede17.seduc.ce.gov.br\/wp-content\/uploads\/sites\/111\/2021\/09\/CEJA-Ana-Vieira-Pinheiro.jpg\"},{\"@type\":\"BreadcrumbList\",\"@id\":\"https:\/\/ww16.ce.gov.br\/crede17-seduc\/ceja\/ceja-ana-vieira-pinheiro\/#breadcrumb\",\"itemListElement\":[{\"@type\":\"ListItem\",\"position\":1,\"name\":\"In\u00edcio\",\"item\":\"https:\/\/ww16.ce.gov.br\/crede17-seduc\/\"},{\"@type\":\"ListItem\",\"position\":2,\"name\":\"CEJA\",\"item\":\"https:\/\/ww16.ce.gov.br\/crede17-seduc\/ceja\/\"},{\"@type\":\"ListItem\",\"position\":3,\"name\":\"CEJA Ana Vieira Pinheiro\"}]},{\"@type\":\"WebSite\",\"@id\":\"https:\/\/ww16.ce.gov.br\/crede17-seduc\/#website\",\"url\":\"https:\/\/ww16.ce.gov.br\/crede17-seduc\/\",\"name\":\"CREDE17-SEDUC\",\"description\":\"Portal CREDE17-SEDUC\",\"potentialAction\":[{\"@type\":\"SearchAction\",\"target\":{\"@type\":\"EntryPoint\",\"urlTemplate\":\"https:\/\/ww16.ce.gov.br\/crede17-seduc\/?s={search_term_string}\"},\"query-input\":{\"@type\":\"PropertyValueSpecification\",\"valueRequired\":true,\"valueName\":\"search_term_string\"}}],\"inLanguage\":\"pt-BR\"}]}<\/script>\n<!-- \/ Yoast SEO plugin. -->","yoast_head_json":{"title":"CEJA Ana Vieira Pinheiro - CREDE17-SEDUC","robots":{"index":"index","follow":"follow","max-snippet":"max-snippet:-1","max-image-preview":"max-image-preview:large","max-video-preview":"max-video-preview:-1"},"canonical":"https:\/\/ww16.ce.gov.br\/crede17-seduc\/ceja\/ceja-ana-vieira-pinheiro\/","og_locale":"pt_BR","og_type":"article","og_title":"CEJA Ana Vieira Pinheiro - CREDE17-SEDUC","og_description":"&nbsp; INEP: 23140240 Diretor(a) Escolar: Francisco Rener da Silva Coordenador(a) Escolar: Eleomar Crispim de Oliveira Secret\u00e1rio(a) Escolar: Claudenice Torres Vieira Assessor(a) Financeiro: Rafaela de Sousa Barros &nbsp; Endere\u00e7o: Rua Dona Aldery, 324 | Centro &#8211; 63430-000 &#8211; Ic\u00f3\/CE Telefone: (88) 3561-5563 E-mail: cejaanavp@escola.ce.gov.br CNPJ: 10.897.968\/0001-16","og_url":"https:\/\/ww16.ce.gov.br\/crede17-seduc\/ceja\/ceja-ana-vieira-pinheiro\/","og_site_name":"CREDE17-SEDUC","article_modified_time":"2025-09-24T19:38:36+00:00","og_image":[{"url":"http:\/\/www.crede17.seduc.ce.gov.br\/wp-content\/uploads\/sites\/111\/2021\/09\/CEJA-Ana-Vieira-Pinheiro.jpg","type":"","width":"","height":""}],"twitter_card":"summary_large_image","twitter_misc":{"Est. reading time":"1 minuto"},"schema":{"@context":"https:\/\/schema.org","@graph":[{"@type":"WebPage","@id":"https:\/\/ww16.ce.gov.br\/crede17-seduc\/ceja\/ceja-ana-vieira-pinheiro\/","url":"https:\/\/ww16.ce.gov.br\/crede17-seduc\/ceja\/ceja-ana-vieira-pinheiro\/","name":"CEJA Ana Vieira Pinheiro - CREDE17-SEDUC","isPartOf":{"@id":"https:\/\/ww16.ce.gov.br\/crede17-seduc\/#website"},"primaryImageOfPage":{"@id":"https:\/\/ww16.ce.gov.br\/crede17-seduc\/ceja\/ceja-ana-vieira-pinheiro\/#primaryimage"},"image":{"@id":"https:\/\/ww16.ce.gov.br\/crede17-seduc\/ceja\/ceja-ana-vieira-pinheiro\/#primaryimage"},"thumbnailUrl":"http:\/\/www.crede17.seduc.ce.gov.br\/wp-content\/uploads\/sites\/111\/2021\/09\/CEJA-Ana-Vieira-Pinheiro.jpg","datePublished":"2025-05-24T11:00:43+00:00","dateModified":"2025-09-24T19:38:36+00:00","breadcrumb":{"@id":"https:\/\/ww16.ce.gov.br\/crede17-seduc\/ceja\/ceja-ana-vieira-pinheiro\/#breadcrumb"},"inLanguage":"pt-BR","potentialAction":[{"@type":"ReadAction","target":["https:\/\/ww16.ce.gov.br\/crede17-seduc\/ceja\/ceja-ana-vieira-pinheiro\/"]}]},{"@type":"ImageObject","inLanguage":"pt-BR","@id":"https:\/\/ww16.ce.gov.br\/crede17-seduc\/ceja\/ceja-ana-vieira-pinheiro\/#primaryimage","url":"http:\/\/www.crede17.seduc.ce.gov.br\/wp-content\/uploads\/sites\/111\/2021\/09\/CEJA-Ana-Vieira-Pinheiro.jpg","contentUrl":"http:\/\/www.crede17.seduc.ce.gov.br\/wp-content\/uploads\/sites\/111\/2021\/09\/CEJA-Ana-Vieira-Pinheiro.jpg"},{"@type":"BreadcrumbList","@id":"https:\/\/ww16.ce.gov.br\/crede17-seduc\/ceja\/ceja-ana-vieira-pinheiro\/#breadcrumb","itemListElement":[{"@type":"ListItem","position":1,"name":"In\u00edcio","item":"https:\/\/ww16.ce.gov.br\/crede17-seduc\/"},{"@type":"ListItem","position":2,"name":"CEJA","item":"https:\/\/ww16.ce.gov.br\/crede17-seduc\/ceja\/"},{"@type":"ListItem","position":3,"name":"CEJA Ana Vieira Pinheiro"}]},{"@type":"WebSite","@id":"https:\/\/ww16.ce.gov.br\/crede17-seduc\/#website","url":"https:\/\/ww16.ce.gov.br\/crede17-seduc\/","name":"CREDE17-SEDUC","description":"Portal CREDE17-SEDUC","potentialAction":[{"@type":"SearchAction","target":{"@type":"EntryPoint","urlTemplate":"https:\/\/ww16.ce.gov.br\/crede17-seduc\/?s={search_term_string}"},"query-input":{"@type":"PropertyValueSpecification","valueRequired":true,"valueName":"search_term_string"}}],"inLanguage":"pt-BR"}]}},"_links":{"self":[{"href":"https:\/\/ww16.ce.gov.br\/crede17-seduc\/wp-json\/wp\/v2\/pages\/2960","targetHints":{"allow":["GET"]}}],"collection":[{"href":"https:\/\/ww16.ce.gov.br\/crede17-seduc\/wp-json\/wp\/v2\/pages"}],"about":[{"href":"https:\/\/ww16.ce.gov.br\/crede17-seduc\/wp-json\/wp\/v2\/types\/page"}],"author":[{"embeddable":true,"href":"https:\/\/ww16.ce.gov.br\/crede17-seduc\/wp-json\/wp\/v2\/users\/520"}],"replies":[{"embeddable":true,"href":"https:\/\/ww16.ce.gov.br\/crede17-seduc\/wp-json\/wp\/v2\/comments?post=2960"}],"version-history":[{"count":22,"href":"https:\/\/ww16.ce.gov.br\/crede17-seduc\/wp-json\/wp\/v2\/pages\/2960\/revisions"}],"predecessor-version":[{"id":8340,"href":"https:\/\/ww16.ce.gov.br\/crede17-seduc\/wp-json\/wp\/v2\/pages\/2960\/revisions\/8340"}],"up":[{"embeddable":true,"href":"https:\/\/ww16.ce.gov.br\/crede17-seduc\/wp-json\/wp\/v2\/pages\/3044"}],"wp:attachment":[{"href":"https:\/\/ww16.ce.gov.br\/crede17-seduc\/wp-json\/wp\/v2\/media?parent=2960"}],"curies":[{"name":"wp","href":"https:\/\/api.w.org\/{rel}","templated":true}]}}