{"id":7189,"date":"2021-09-15T16:38:52","date_gmt":"2021-09-15T19:38:52","guid":{"rendered":"http:\/\/www.crede10.seduc.ce.gov.br\/?page_id=7189"},"modified":"2021-09-20T14:41:39","modified_gmt":"2021-09-20T17:41:39","slug":"download","status":"publish","type":"page","link":"https:\/\/ww16.ce.gov.br\/crede10-seduc\/download\/","title":{"rendered":"DOWNLOAD"},"content":{"rendered":"<div class=\"wrapper wrapper--downloads\"><div class=\"ckc-card-mer-front\"><div class=\"ckc-card-mer-container\"><div class=\"ckc-card-mer-folders\"><div class=\"ckc-mer-folder-item\" data-folder-id=\"downloads-4325-folder-0\"><button class=\"ckc-mer-folder-toggle\" type=\"button\" aria-expanded=\"false\" aria-controls=\"folder-content-downloads-4325-folder-0\"><span class=\"ckc-mer-toggle-icon material-symbols-outlined\">chevron_right<\/span><span class=\"ckc-mer-folder-icon material-symbols-outlined\">folder_open<\/span><span class=\"ckc-mer-folder-name\">Identidade Visual<\/span><\/button><div class=\"ckc-mer-folder-content\" id=\"folder-content-downloads-4325-folder-0\"><div class=\"ckc-mer-file-item\"><a href=\"https:\/\/ww16.ce.gov.br\/crede10-seduc\/download\/identidade-visual-2021\/\" title=\"Identidade Visual 2021\"><span class=\"ckc-mer-file-icon material-symbols-outlined\">folder<\/span><span class=\"ckc-mer-file-name\">Identidade Visual 2021<\/span><\/a><\/div><\/div><\/div><div class=\"ckc-mer-folder-item\" data-folder-id=\"downloads-4325-folder-1\"><button class=\"ckc-mer-folder-toggle\" type=\"button\" aria-expanded=\"false\" aria-controls=\"folder-content-downloads-4325-folder-1\"><span class=\"ckc-mer-toggle-icon material-symbols-outlined\">chevron_right<\/span><span class=\"ckc-mer-folder-icon material-symbols-outlined\">folder_open<\/span><span class=\"ckc-mer-folder-name\">Imagens<\/span><\/button><div class=\"ckc-mer-folder-content\" id=\"folder-content-downloads-4325-folder-1\"><div class=\"ckc-mer-file-item\"><a href=\"https:\/\/ww16.ce.gov.br\/crede10-seduc\/download\/mapa-crede-10\/\" title=\"Mapa da Crede 10\"><span class=\"ckc-mer-file-icon material-symbols-outlined\">folder<\/span><span class=\"ckc-mer-file-name\">Mapa da Crede 10<\/span><\/a><\/div><\/div><\/div><\/div><\/div><\/div><\/div><script>\n(function() {\n    const container = document.querySelector(\".wrapper--downloads:last-of-type\");\n    if (!container) return;\n\n    const toggleContent = (button) => {\n        const contentId = button.getAttribute(\"aria-controls\");\n        if (!contentId) return;\n\n        const content = document.getElementById(contentId);\n        if (!content) return;\n\n        const isOpen = button.getAttribute(\"aria-expanded\") === \"true\";\n        button.setAttribute(\"aria-expanded\", isOpen ? \"false\" : \"true\");\n        content.classList.toggle(\"ckc-mer-open\", !isOpen);\n\n        const icon = button.querySelector(\".ckc-mer-toggle-icon\");\n        if (icon) {\n            icon.textContent = isOpen ? \"chevron_right\" : \"expand_more\";\n        }\n    };\n\n    container.querySelectorAll(\".ckc-mer-folder-toggle, .ckc-mer-subfolder-toggle\").forEach((button) => {\n        button.addEventListener(\"click\", (event) => {\n            event.preventDefault();\n            toggleContent(button);\n        });\n    });\n})();\n<\/script>\n\n\n\n<section class=\" ListaMateriais  row\">\n    <hr>\n            <h3>Downloads<\/h3>\n    \n            <div class=\"Card  Informativo  BgBranco  row\">\n\n            <div class=\"icon\">\n                <img decoding=\"async\" src=\"https:\/\/ww16.ce.gov.br\/crede10-seduc\/wp-content\/themes\/cegovbr\/assets\/images\/icon-clipes.png\" alt=\"\u00cdcone\">            <\/div>\n\n            <div class=\"tl-10  principal\">\n                <small class=\"data\"> 20 de setembro de 2021<\/small>\n                <p> Requerimento Padr\u00e3o Estado &#8211; Documento para dar entrada em solicita\u00e7\u00e3o de processo junto ao setor de Protocolo da Seduc <\/p>\n            <\/div>\n\n            <div class=\"action\"><a href=\"#\">\n                    <a class=\"baixar  ico-download\" href=\"https:\/\/www.seduc.ce.gov.br\/wp-content\/uploads\/sites\/37\/2021\/05\/requerimento_padrao_.pdf\">Download pdf<\/a>\n            <\/div>\n\n        <\/div>\n\n    \n    <hr>\n<\/section>\n\n\n\n\n<pre><\/pre>\n","protected":false},"excerpt":{"rendered":"","protected":false},"author":519,"featured_media":0,"parent":0,"menu_order":0,"comment_status":"closed","ping_status":"closed","template":"","meta":{"_acf_changed":false,"inline_featured_image":false,"footnotes":""},"class_list":["post-7189","page","type-page","status-publish","hentry"],"acf":[],"yoast_head":"<!-- This site is optimized with the Yoast SEO plugin v26.9 - https:\/\/yoast.com\/product\/yoast-seo-wordpress\/ -->\n<title>DOWNLOAD - CREDE10-SEDUC<\/title>\n<meta name=\"robots\" content=\"index, follow, max-snippet:-1, max-image-preview:large, max-video-preview:-1\" \/>\n<link rel=\"canonical\" href=\"https:\/\/ww16.ce.gov.br\/crede10-seduc\/download\/\" \/>\n<meta property=\"og:locale\" content=\"pt_BR\" \/>\n<meta property=\"og:type\" content=\"article\" \/>\n<meta property=\"og:title\" content=\"DOWNLOAD - CREDE10-SEDUC\" \/>\n<meta property=\"og:url\" content=\"https:\/\/ww16.ce.gov.br\/crede10-seduc\/download\/\" \/>\n<meta property=\"og:site_name\" content=\"CREDE10-SEDUC\" \/>\n<meta property=\"article:modified_time\" content=\"2021-09-20T17:41:39+00:00\" \/>\n<meta name=\"twitter:card\" content=\"summary_large_image\" \/>\n<script type=\"application\/ld+json\" class=\"yoast-schema-graph\">{\"@context\":\"https:\/\/schema.org\",\"@graph\":[{\"@type\":\"WebPage\",\"@id\":\"https:\/\/ww16.ce.gov.br\/crede10-seduc\/download\/\",\"url\":\"https:\/\/ww16.ce.gov.br\/crede10-seduc\/download\/\",\"name\":\"DOWNLOAD - CREDE10-SEDUC\",\"isPartOf\":{\"@id\":\"https:\/\/ww16.ce.gov.br\/crede10-seduc\/#website\"},\"datePublished\":\"2021-09-15T19:38:52+00:00\",\"dateModified\":\"2021-09-20T17:41:39+00:00\",\"breadcrumb\":{\"@id\":\"https:\/\/ww16.ce.gov.br\/crede10-seduc\/download\/#breadcrumb\"},\"inLanguage\":\"pt-BR\",\"potentialAction\":[{\"@type\":\"ReadAction\",\"target\":[\"https:\/\/ww16.ce.gov.br\/crede10-seduc\/download\/\"]}]},{\"@type\":\"BreadcrumbList\",\"@id\":\"https:\/\/ww16.ce.gov.br\/crede10-seduc\/download\/#breadcrumb\",\"itemListElement\":[{\"@type\":\"ListItem\",\"position\":1,\"name\":\"In\u00edcio\",\"item\":\"https:\/\/ww16.ce.gov.br\/crede10-seduc\/\"},{\"@type\":\"ListItem\",\"position\":2,\"name\":\"DOWNLOAD\"}]},{\"@type\":\"WebSite\",\"@id\":\"https:\/\/ww16.ce.gov.br\/crede10-seduc\/#website\",\"url\":\"https:\/\/ww16.ce.gov.br\/crede10-seduc\/\",\"name\":\"CREDE10-SEDUC\",\"description\":\"Portal CREDE10-SEDUC\",\"potentialAction\":[{\"@type\":\"SearchAction\",\"target\":{\"@type\":\"EntryPoint\",\"urlTemplate\":\"https:\/\/ww16.ce.gov.br\/crede10-seduc\/?s={search_term_string}\"},\"query-input\":{\"@type\":\"PropertyValueSpecification\",\"valueRequired\":true,\"valueName\":\"search_term_string\"}}],\"inLanguage\":\"pt-BR\"}]}<\/script>\n<!-- \/ Yoast SEO plugin. -->","yoast_head_json":{"title":"DOWNLOAD - CREDE10-SEDUC","robots":{"index":"index","follow":"follow","max-snippet":"max-snippet:-1","max-image-preview":"max-image-preview:large","max-video-preview":"max-video-preview:-1"},"canonical":"https:\/\/ww16.ce.gov.br\/crede10-seduc\/download\/","og_locale":"pt_BR","og_type":"article","og_title":"DOWNLOAD - CREDE10-SEDUC","og_url":"https:\/\/ww16.ce.gov.br\/crede10-seduc\/download\/","og_site_name":"CREDE10-SEDUC","article_modified_time":"2021-09-20T17:41:39+00:00","twitter_card":"summary_large_image","schema":{"@context":"https:\/\/schema.org","@graph":[{"@type":"WebPage","@id":"https:\/\/ww16.ce.gov.br\/crede10-seduc\/download\/","url":"https:\/\/ww16.ce.gov.br\/crede10-seduc\/download\/","name":"DOWNLOAD - CREDE10-SEDUC","isPartOf":{"@id":"https:\/\/ww16.ce.gov.br\/crede10-seduc\/#website"},"datePublished":"2021-09-15T19:38:52+00:00","dateModified":"2021-09-20T17:41:39+00:00","breadcrumb":{"@id":"https:\/\/ww16.ce.gov.br\/crede10-seduc\/download\/#breadcrumb"},"inLanguage":"pt-BR","potentialAction":[{"@type":"ReadAction","target":["https:\/\/ww16.ce.gov.br\/crede10-seduc\/download\/"]}]},{"@type":"BreadcrumbList","@id":"https:\/\/ww16.ce.gov.br\/crede10-seduc\/download\/#breadcrumb","itemListElement":[{"@type":"ListItem","position":1,"name":"In\u00edcio","item":"https:\/\/ww16.ce.gov.br\/crede10-seduc\/"},{"@type":"ListItem","position":2,"name":"DOWNLOAD"}]},{"@type":"WebSite","@id":"https:\/\/ww16.ce.gov.br\/crede10-seduc\/#website","url":"https:\/\/ww16.ce.gov.br\/crede10-seduc\/","name":"CREDE10-SEDUC","description":"Portal CREDE10-SEDUC","potentialAction":[{"@type":"SearchAction","target":{"@type":"EntryPoint","urlTemplate":"https:\/\/ww16.ce.gov.br\/crede10-seduc\/?s={search_term_string}"},"query-input":{"@type":"PropertyValueSpecification","valueRequired":true,"valueName":"search_term_string"}}],"inLanguage":"pt-BR"}]}},"_links":{"self":[{"href":"https:\/\/ww16.ce.gov.br\/crede10-seduc\/wp-json\/wp\/v2\/pages\/7189","targetHints":{"allow":["GET"]}}],"collection":[{"href":"https:\/\/ww16.ce.gov.br\/crede10-seduc\/wp-json\/wp\/v2\/pages"}],"about":[{"href":"https:\/\/ww16.ce.gov.br\/crede10-seduc\/wp-json\/wp\/v2\/types\/page"}],"author":[{"embeddable":true,"href":"https:\/\/ww16.ce.gov.br\/crede10-seduc\/wp-json\/wp\/v2\/users\/519"}],"replies":[{"embeddable":true,"href":"https:\/\/ww16.ce.gov.br\/crede10-seduc\/wp-json\/wp\/v2\/comments?post=7189"}],"version-history":[{"count":13,"href":"https:\/\/ww16.ce.gov.br\/crede10-seduc\/wp-json\/wp\/v2\/pages\/7189\/revisions"}],"predecessor-version":[{"id":7403,"href":"https:\/\/ww16.ce.gov.br\/crede10-seduc\/wp-json\/wp\/v2\/pages\/7189\/revisions\/7403"}],"wp:attachment":[{"href":"https:\/\/ww16.ce.gov.br\/crede10-seduc\/wp-json\/wp\/v2\/media?parent=7189"}],"curies":[{"name":"wp","href":"https:\/\/api.w.org\/{rel}","templated":true}]}}