{"id":7181,"date":"2021-09-15T16:31:39","date_gmt":"2021-09-15T19:31:39","guid":{"rendered":"http:\/\/www.crede10.seduc.ce.gov.br\/?page_id=7181"},"modified":"2021-09-16T15:43:35","modified_gmt":"2021-09-16T18:43:35","slug":"gestao-de-pessoa","status":"publish","type":"page","link":"https:\/\/ww16.ce.gov.br\/crede10-seduc\/gestao-de-pessoa\/","title":{"rendered":"GEST\u00c3O DE PESSOA"},"content":{"rendered":"<p>&nbsp;<\/p>\n<p>A Coordenadoria de Gest\u00e3o de Pessoas, conjuntamente com as CREDE e SEFOR coordena os processos funcionais relacionados aos servidores ativos da rede estadual de ensino do Cear\u00e1 e busca o desenvolvimento, o acompanhamento e a divulga\u00e7\u00e3o de direitos, de vantagens, de concess\u00f5es, de deveres e de responsabilidades dos servidores e dos professores. Trabalha-se na perspectiva de melhorar, sempre, a qualidade dos servi\u00e7os prestados a todos os que acessam a esta Secretaria.<\/p>\n","protected":false},"excerpt":{"rendered":"<p>&nbsp; A Coordenadoria de Gest\u00e3o de Pessoas, conjuntamente com as CREDE e SEFOR coordena os processos funcionais relacionados aos servidores ativos da rede estadual de ensino do Cear\u00e1 e busca o desenvolvimento, o acompanhamento e a divulga\u00e7\u00e3o de direitos, de vantagens, de concess\u00f5es, de deveres e de responsabilidades dos servidores e dos professores. Trabalha-se na [&hellip;]<\/p>\n","protected":false},"author":519,"featured_media":0,"parent":0,"menu_order":0,"comment_status":"closed","ping_status":"closed","template":"","meta":{"_acf_changed":false,"inline_featured_image":false,"footnotes":""},"class_list":["post-7181","page","type-page","status-publish","hentry"],"acf":[],"yoast_head":"<!-- This site is optimized with the Yoast SEO plugin v26.9 - https:\/\/yoast.com\/product\/yoast-seo-wordpress\/ -->\n<title>GEST\u00c3O DE PESSOA - CREDE10-SEDUC<\/title>\n<meta name=\"robots\" content=\"index, follow, max-snippet:-1, max-image-preview:large, max-video-preview:-1\" \/>\n<link rel=\"canonical\" href=\"https:\/\/ww16.ce.gov.br\/crede10-seduc\/gestao-de-pessoa\/\" \/>\n<meta property=\"og:locale\" content=\"pt_BR\" \/>\n<meta property=\"og:type\" content=\"article\" \/>\n<meta property=\"og:title\" content=\"GEST\u00c3O DE PESSOA - CREDE10-SEDUC\" \/>\n<meta property=\"og:description\" content=\"&nbsp; A Coordenadoria de Gest\u00e3o de Pessoas, conjuntamente com as CREDE e SEFOR coordena os processos funcionais relacionados aos servidores ativos da rede estadual de ensino do Cear\u00e1 e busca o desenvolvimento, o acompanhamento e a divulga\u00e7\u00e3o de direitos, de vantagens, de concess\u00f5es, de deveres e de responsabilidades dos servidores e dos professores. Trabalha-se na [&hellip;]\" \/>\n<meta property=\"og:url\" content=\"https:\/\/ww16.ce.gov.br\/crede10-seduc\/gestao-de-pessoa\/\" \/>\n<meta property=\"og:site_name\" content=\"CREDE10-SEDUC\" \/>\n<meta property=\"article:modified_time\" content=\"2021-09-16T18:43:35+00:00\" \/>\n<meta name=\"twitter:card\" content=\"summary_large_image\" \/>\n<script type=\"application\/ld+json\" class=\"yoast-schema-graph\">{\"@context\":\"https:\/\/schema.org\",\"@graph\":[{\"@type\":\"WebPage\",\"@id\":\"https:\/\/ww16.ce.gov.br\/crede10-seduc\/gestao-de-pessoa\/\",\"url\":\"https:\/\/ww16.ce.gov.br\/crede10-seduc\/gestao-de-pessoa\/\",\"name\":\"GEST\u00c3O DE PESSOA - CREDE10-SEDUC\",\"isPartOf\":{\"@id\":\"https:\/\/ww16.ce.gov.br\/crede10-seduc\/#website\"},\"datePublished\":\"2021-09-15T19:31:39+00:00\",\"dateModified\":\"2021-09-16T18:43:35+00:00\",\"breadcrumb\":{\"@id\":\"https:\/\/ww16.ce.gov.br\/crede10-seduc\/gestao-de-pessoa\/#breadcrumb\"},\"inLanguage\":\"pt-BR\",\"potentialAction\":[{\"@type\":\"ReadAction\",\"target\":[\"https:\/\/ww16.ce.gov.br\/crede10-seduc\/gestao-de-pessoa\/\"]}]},{\"@type\":\"BreadcrumbList\",\"@id\":\"https:\/\/ww16.ce.gov.br\/crede10-seduc\/gestao-de-pessoa\/#breadcrumb\",\"itemListElement\":[{\"@type\":\"ListItem\",\"position\":1,\"name\":\"In\u00edcio\",\"item\":\"https:\/\/ww16.ce.gov.br\/crede10-seduc\/\"},{\"@type\":\"ListItem\",\"position\":2,\"name\":\"GEST\u00c3O DE PESSOA\"}]},{\"@type\":\"WebSite\",\"@id\":\"https:\/\/ww16.ce.gov.br\/crede10-seduc\/#website\",\"url\":\"https:\/\/ww16.ce.gov.br\/crede10-seduc\/\",\"name\":\"CREDE10-SEDUC\",\"description\":\"Portal CREDE10-SEDUC\",\"potentialAction\":[{\"@type\":\"SearchAction\",\"target\":{\"@type\":\"EntryPoint\",\"urlTemplate\":\"https:\/\/ww16.ce.gov.br\/crede10-seduc\/?s={search_term_string}\"},\"query-input\":{\"@type\":\"PropertyValueSpecification\",\"valueRequired\":true,\"valueName\":\"search_term_string\"}}],\"inLanguage\":\"pt-BR\"}]}<\/script>\n<!-- \/ Yoast SEO plugin. -->","yoast_head_json":{"title":"GEST\u00c3O DE PESSOA - CREDE10-SEDUC","robots":{"index":"index","follow":"follow","max-snippet":"max-snippet:-1","max-image-preview":"max-image-preview:large","max-video-preview":"max-video-preview:-1"},"canonical":"https:\/\/ww16.ce.gov.br\/crede10-seduc\/gestao-de-pessoa\/","og_locale":"pt_BR","og_type":"article","og_title":"GEST\u00c3O DE PESSOA - CREDE10-SEDUC","og_description":"&nbsp; A Coordenadoria de Gest\u00e3o de Pessoas, conjuntamente com as CREDE e SEFOR coordena os processos funcionais relacionados aos servidores ativos da rede estadual de ensino do Cear\u00e1 e busca o desenvolvimento, o acompanhamento e a divulga\u00e7\u00e3o de direitos, de vantagens, de concess\u00f5es, de deveres e de responsabilidades dos servidores e dos professores. Trabalha-se na [&hellip;]","og_url":"https:\/\/ww16.ce.gov.br\/crede10-seduc\/gestao-de-pessoa\/","og_site_name":"CREDE10-SEDUC","article_modified_time":"2021-09-16T18:43:35+00:00","twitter_card":"summary_large_image","schema":{"@context":"https:\/\/schema.org","@graph":[{"@type":"WebPage","@id":"https:\/\/ww16.ce.gov.br\/crede10-seduc\/gestao-de-pessoa\/","url":"https:\/\/ww16.ce.gov.br\/crede10-seduc\/gestao-de-pessoa\/","name":"GEST\u00c3O DE PESSOA - CREDE10-SEDUC","isPartOf":{"@id":"https:\/\/ww16.ce.gov.br\/crede10-seduc\/#website"},"datePublished":"2021-09-15T19:31:39+00:00","dateModified":"2021-09-16T18:43:35+00:00","breadcrumb":{"@id":"https:\/\/ww16.ce.gov.br\/crede10-seduc\/gestao-de-pessoa\/#breadcrumb"},"inLanguage":"pt-BR","potentialAction":[{"@type":"ReadAction","target":["https:\/\/ww16.ce.gov.br\/crede10-seduc\/gestao-de-pessoa\/"]}]},{"@type":"BreadcrumbList","@id":"https:\/\/ww16.ce.gov.br\/crede10-seduc\/gestao-de-pessoa\/#breadcrumb","itemListElement":[{"@type":"ListItem","position":1,"name":"In\u00edcio","item":"https:\/\/ww16.ce.gov.br\/crede10-seduc\/"},{"@type":"ListItem","position":2,"name":"GEST\u00c3O DE PESSOA"}]},{"@type":"WebSite","@id":"https:\/\/ww16.ce.gov.br\/crede10-seduc\/#website","url":"https:\/\/ww16.ce.gov.br\/crede10-seduc\/","name":"CREDE10-SEDUC","description":"Portal CREDE10-SEDUC","potentialAction":[{"@type":"SearchAction","target":{"@type":"EntryPoint","urlTemplate":"https:\/\/ww16.ce.gov.br\/crede10-seduc\/?s={search_term_string}"},"query-input":{"@type":"PropertyValueSpecification","valueRequired":true,"valueName":"search_term_string"}}],"inLanguage":"pt-BR"}]}},"_links":{"self":[{"href":"https:\/\/ww16.ce.gov.br\/crede10-seduc\/wp-json\/wp\/v2\/pages\/7181","targetHints":{"allow":["GET"]}}],"collection":[{"href":"https:\/\/ww16.ce.gov.br\/crede10-seduc\/wp-json\/wp\/v2\/pages"}],"about":[{"href":"https:\/\/ww16.ce.gov.br\/crede10-seduc\/wp-json\/wp\/v2\/types\/page"}],"author":[{"embeddable":true,"href":"https:\/\/ww16.ce.gov.br\/crede10-seduc\/wp-json\/wp\/v2\/users\/519"}],"replies":[{"embeddable":true,"href":"https:\/\/ww16.ce.gov.br\/crede10-seduc\/wp-json\/wp\/v2\/comments?post=7181"}],"version-history":[{"count":2,"href":"https:\/\/ww16.ce.gov.br\/crede10-seduc\/wp-json\/wp\/v2\/pages\/7181\/revisions"}],"predecessor-version":[{"id":7270,"href":"https:\/\/ww16.ce.gov.br\/crede10-seduc\/wp-json\/wp\/v2\/pages\/7181\/revisions\/7270"}],"wp:attachment":[{"href":"https:\/\/ww16.ce.gov.br\/crede10-seduc\/wp-json\/wp\/v2\/media?parent=7181"}],"curies":[{"name":"wp","href":"https:\/\/api.w.org\/{rel}","templated":true}]}}