{"id":8138,"date":"2022-07-05T10:06:50","date_gmt":"2022-07-05T13:06:50","guid":{"rendered":"http:\/\/www.crede08.seduc.ce.gov.br\/?page_id=8138"},"modified":"2022-07-07T11:49:31","modified_gmt":"2022-07-07T14:49:31","slug":"servicos","status":"publish","type":"page","link":"https:\/\/ww16.ce.gov.br\/crede08-seduc\/servicos\/","title":{"rendered":"SERVI\u00c7OS"},"content":{"rendered":"<section class=\"BgCinza\">\n<div class=\"wrapper container\">\n<div class=\"\">\n<h2><strong>Chamadas P\u00fablicas<\/strong><\/h2>\n<p>&nbsp;<\/p>\n<ul class=\"ListaEst col2 -Verde\" style=\"font-weight: bold\">\n<li><a href=\"https:\/\/www.seduc.ce.gov.br\/crede-08-cp-em-andamento\/\" rel=\"noopener noreferrer\">Chamadas P\u00fablicas em andamento <\/a><\/li>\n<li><a href=\"#\" rel=\"noopener noreferrer\">Chamadas P\u00fablicas finalizadas<\/a><\/li>\n<\/ul>\n<p>&nbsp;<\/p>\n<h2><strong>Acesso a Sistemas<\/strong><\/h2>\n<p>&nbsp;<\/p>\n<ul class=\"ListaEst col2\" style=\"font-weight: bold\">\n<li><a href=\"https:\/\/sige.seduc.ce.gov.br\/\" target=\"_blank\" rel=\"noopener noreferrer\">SIGE Acad\u00eamico<\/a><\/li>\n<li><a href=\"#\" rel=\"noopener noreferrer\">Documenta\u00e7\u00e3o Escolar<\/a><\/li>\n<li><a href=\"https:\/\/professor.seduc.ce.gov.br\/\" target=\"_blank\" rel=\"noopener noreferrer\">Professor Online<\/a><\/li>\n<li><a href=\"https:\/\/aluno.seduc.ce.gov.br\/\" target=\"_blank\" rel=\"noopener noreferrer\">Aluno Online<\/a><\/li>\n<li><a href=\"https:\/\/www.seduc.ce.gov.br\/sistemas\/\" target=\"_blank\" rel=\"noopener noreferrer\">Mais Sistemas &gt;&gt;<\/a><\/li>\n<li><a href=\"https:\/\/webmail.seduc.ce.gov.br\/\" target=\"_blank\" rel=\"noopener noreferrer\">WebMail<\/a><\/li>\n<\/ul>\n<\/div>\n<\/div>\n<\/section>\n","protected":false},"excerpt":{"rendered":"<p>Chamadas P\u00fablicas &nbsp; Chamadas P\u00fablicas em andamento Chamadas P\u00fablicas finalizadas &nbsp; Acesso a Sistemas &nbsp; SIGE Acad\u00eamico Documenta\u00e7\u00e3o Escolar Professor Online Aluno Online Mais Sistemas &gt;&gt; WebMail<\/p>\n","protected":false},"author":607,"featured_media":0,"parent":0,"menu_order":0,"comment_status":"closed","ping_status":"closed","template":"","meta":{"_acf_changed":false,"inline_featured_image":false,"footnotes":""},"class_list":["post-8138","page","type-page","status-publish","hentry"],"acf":[],"yoast_head":"<!-- This site is optimized with the Yoast SEO plugin v26.9 - https:\/\/yoast.com\/product\/yoast-seo-wordpress\/ -->\n<title>SERVI\u00c7OS - CREDE08-SEDUC<\/title>\n<meta name=\"robots\" content=\"index, follow, max-snippet:-1, max-image-preview:large, max-video-preview:-1\" \/>\n<link rel=\"canonical\" href=\"https:\/\/ww16.ce.gov.br\/crede08-seduc\/servicos\/\" \/>\n<meta property=\"og:locale\" content=\"pt_BR\" \/>\n<meta property=\"og:type\" content=\"article\" \/>\n<meta property=\"og:title\" content=\"SERVI\u00c7OS - CREDE08-SEDUC\" \/>\n<meta property=\"og:description\" content=\"Chamadas P\u00fablicas &nbsp; Chamadas P\u00fablicas em andamento Chamadas P\u00fablicas finalizadas &nbsp; Acesso a Sistemas &nbsp; SIGE Acad\u00eamico Documenta\u00e7\u00e3o Escolar Professor Online Aluno Online Mais Sistemas &gt;&gt; WebMail\" \/>\n<meta property=\"og:url\" content=\"https:\/\/ww16.ce.gov.br\/crede08-seduc\/servicos\/\" \/>\n<meta property=\"og:site_name\" content=\"CREDE08-SEDUC\" \/>\n<meta property=\"article:modified_time\" content=\"2022-07-07T14:49:31+00:00\" \/>\n<meta name=\"twitter:card\" content=\"summary_large_image\" \/>\n<script type=\"application\/ld+json\" class=\"yoast-schema-graph\">{\"@context\":\"https:\/\/schema.org\",\"@graph\":[{\"@type\":\"WebPage\",\"@id\":\"https:\/\/ww16.ce.gov.br\/crede08-seduc\/servicos\/\",\"url\":\"https:\/\/ww16.ce.gov.br\/crede08-seduc\/servicos\/\",\"name\":\"SERVI\u00c7OS - CREDE08-SEDUC\",\"isPartOf\":{\"@id\":\"https:\/\/ww16.ce.gov.br\/crede08-seduc\/#website\"},\"datePublished\":\"2022-07-05T13:06:50+00:00\",\"dateModified\":\"2022-07-07T14:49:31+00:00\",\"breadcrumb\":{\"@id\":\"https:\/\/ww16.ce.gov.br\/crede08-seduc\/servicos\/#breadcrumb\"},\"inLanguage\":\"pt-BR\",\"potentialAction\":[{\"@type\":\"ReadAction\",\"target\":[\"https:\/\/ww16.ce.gov.br\/crede08-seduc\/servicos\/\"]}]},{\"@type\":\"BreadcrumbList\",\"@id\":\"https:\/\/ww16.ce.gov.br\/crede08-seduc\/servicos\/#breadcrumb\",\"itemListElement\":[{\"@type\":\"ListItem\",\"position\":1,\"name\":\"In\u00edcio\",\"item\":\"https:\/\/ww16.ce.gov.br\/crede08-seduc\/\"},{\"@type\":\"ListItem\",\"position\":2,\"name\":\"SERVI\u00c7OS\"}]},{\"@type\":\"WebSite\",\"@id\":\"https:\/\/ww16.ce.gov.br\/crede08-seduc\/#website\",\"url\":\"https:\/\/ww16.ce.gov.br\/crede08-seduc\/\",\"name\":\"CREDE08-SEDUC\",\"description\":\"Portal CREDE08-SEDUC\",\"potentialAction\":[{\"@type\":\"SearchAction\",\"target\":{\"@type\":\"EntryPoint\",\"urlTemplate\":\"https:\/\/ww16.ce.gov.br\/crede08-seduc\/?s={search_term_string}\"},\"query-input\":{\"@type\":\"PropertyValueSpecification\",\"valueRequired\":true,\"valueName\":\"search_term_string\"}}],\"inLanguage\":\"pt-BR\"}]}<\/script>\n<!-- \/ Yoast SEO plugin. -->","yoast_head_json":{"title":"SERVI\u00c7OS - CREDE08-SEDUC","robots":{"index":"index","follow":"follow","max-snippet":"max-snippet:-1","max-image-preview":"max-image-preview:large","max-video-preview":"max-video-preview:-1"},"canonical":"https:\/\/ww16.ce.gov.br\/crede08-seduc\/servicos\/","og_locale":"pt_BR","og_type":"article","og_title":"SERVI\u00c7OS - CREDE08-SEDUC","og_description":"Chamadas P\u00fablicas &nbsp; Chamadas P\u00fablicas em andamento Chamadas P\u00fablicas finalizadas &nbsp; Acesso a Sistemas &nbsp; SIGE Acad\u00eamico Documenta\u00e7\u00e3o Escolar Professor Online Aluno Online Mais Sistemas &gt;&gt; WebMail","og_url":"https:\/\/ww16.ce.gov.br\/crede08-seduc\/servicos\/","og_site_name":"CREDE08-SEDUC","article_modified_time":"2022-07-07T14:49:31+00:00","twitter_card":"summary_large_image","schema":{"@context":"https:\/\/schema.org","@graph":[{"@type":"WebPage","@id":"https:\/\/ww16.ce.gov.br\/crede08-seduc\/servicos\/","url":"https:\/\/ww16.ce.gov.br\/crede08-seduc\/servicos\/","name":"SERVI\u00c7OS - CREDE08-SEDUC","isPartOf":{"@id":"https:\/\/ww16.ce.gov.br\/crede08-seduc\/#website"},"datePublished":"2022-07-05T13:06:50+00:00","dateModified":"2022-07-07T14:49:31+00:00","breadcrumb":{"@id":"https:\/\/ww16.ce.gov.br\/crede08-seduc\/servicos\/#breadcrumb"},"inLanguage":"pt-BR","potentialAction":[{"@type":"ReadAction","target":["https:\/\/ww16.ce.gov.br\/crede08-seduc\/servicos\/"]}]},{"@type":"BreadcrumbList","@id":"https:\/\/ww16.ce.gov.br\/crede08-seduc\/servicos\/#breadcrumb","itemListElement":[{"@type":"ListItem","position":1,"name":"In\u00edcio","item":"https:\/\/ww16.ce.gov.br\/crede08-seduc\/"},{"@type":"ListItem","position":2,"name":"SERVI\u00c7OS"}]},{"@type":"WebSite","@id":"https:\/\/ww16.ce.gov.br\/crede08-seduc\/#website","url":"https:\/\/ww16.ce.gov.br\/crede08-seduc\/","name":"CREDE08-SEDUC","description":"Portal CREDE08-SEDUC","potentialAction":[{"@type":"SearchAction","target":{"@type":"EntryPoint","urlTemplate":"https:\/\/ww16.ce.gov.br\/crede08-seduc\/?s={search_term_string}"},"query-input":{"@type":"PropertyValueSpecification","valueRequired":true,"valueName":"search_term_string"}}],"inLanguage":"pt-BR"}]}},"_links":{"self":[{"href":"https:\/\/ww16.ce.gov.br\/crede08-seduc\/wp-json\/wp\/v2\/pages\/8138","targetHints":{"allow":["GET"]}}],"collection":[{"href":"https:\/\/ww16.ce.gov.br\/crede08-seduc\/wp-json\/wp\/v2\/pages"}],"about":[{"href":"https:\/\/ww16.ce.gov.br\/crede08-seduc\/wp-json\/wp\/v2\/types\/page"}],"author":[{"embeddable":true,"href":"https:\/\/ww16.ce.gov.br\/crede08-seduc\/wp-json\/wp\/v2\/users\/607"}],"replies":[{"embeddable":true,"href":"https:\/\/ww16.ce.gov.br\/crede08-seduc\/wp-json\/wp\/v2\/comments?post=8138"}],"version-history":[{"count":33,"href":"https:\/\/ww16.ce.gov.br\/crede08-seduc\/wp-json\/wp\/v2\/pages\/8138\/revisions"}],"predecessor-version":[{"id":8171,"href":"https:\/\/ww16.ce.gov.br\/crede08-seduc\/wp-json\/wp\/v2\/pages\/8138\/revisions\/8171"}],"wp:attachment":[{"href":"https:\/\/ww16.ce.gov.br\/crede08-seduc\/wp-json\/wp\/v2\/media?parent=8138"}],"curies":[{"name":"wp","href":"https:\/\/api.w.org\/{rel}","templated":true}]}}