{"id":6322,"date":"2022-01-07T13:30:55","date_gmt":"2022-01-07T16:30:55","guid":{"rendered":"http:\/\/www.crede08.seduc.ce.gov.br\/?page_id=6322"},"modified":"2022-01-07T14:23:58","modified_gmt":"2022-01-07T17:23:58","slug":"escolas-estaduais-crede-8","status":"publish","type":"page","link":"https:\/\/ww16.ce.gov.br\/crede08-seduc\/escolas-estaduais-crede-8\/","title":{"rendered":"Escolas de Ensino M\u00e9dio"},"content":{"rendered":"<p>&nbsp;<\/p>\n<ul class=\"ListaEst col2\">\n<li>\n<h3>EEM Almir Pinto (Aracoiaba)<\/h3>\n<h3><\/h3>\n<\/li>\n<\/ul>\n<pre><\/pre>\n<hr \/>\n<p>&nbsp;<\/p>\n<h2>Escolas de Ensino M\u00e9dio em Tempo Integral<\/h2>\n<p>&nbsp;<\/p>\n<ul class=\"ListaEst col2\">\n<li>\n<h3>EEMTI Maria do Carmo Bezerra<\/h3>\n<h3><\/h3>\n<\/li>\n<li>\n<h3>EEMTI Padre Saraiva Le\u00e3o<\/h3>\n<h3><\/h3>\n<\/li>\n<li>\n<h3>EEMTI Jo\u00e3o Alves Moreira<\/h3>\n<h3><\/h3>\n<\/li>\n<li>\n<h3>EEMTI Menezes Pimentel<\/h3>\n<h3><\/h3>\n<\/li>\n<li>\n<h3>EEMTI Professor Milton Fa\u00e7anha<\/h3>\n<h3><\/h3>\n<\/li>\n<\/ul>\n<p>&nbsp;<\/p>\n<hr \/>\n<p>&nbsp;<\/p>\n<h2>Escolas Estaduais de Educa\u00e7\u00e3o Profissional<\/h2>\n<p>&nbsp;<\/p>\n<ul class=\"ListaEst col2\">\n<li>\n<h3>EEEP Adolfo Ferreira de Sousa<\/h3>\n<h3><\/h3>\n<\/li>\n<li>\n<h3>EEEP Doutor Salom\u00e3o Alves de Moura<\/h3>\n<h3><\/h3>\n<\/li>\n<li>\n<h3>EEEP Clemente Olhinto T\u00e1vora Arruda<\/h3>\n<h3><\/h3>\n<\/li>\n<li>\n<h3>EEEP Maria M\u00f4sa da Silva<\/h3>\n<h3><\/h3>\n<\/li>\n<li>\n<h3>EEEP Maria Giselda Coelho Teixeira<\/h3>\n<h3><\/h3>\n<\/li>\n<\/ul>\n<p>&nbsp;<\/p>\n<hr \/>\n<p>&nbsp;<\/p>\n<h3>Centro de Educa\u00e7\u00e3o de Jovens e Adulto<\/h3>\n<p>&nbsp;<\/p>\n<ul class=\"ListaEst col2\">\n<li>\n<h3>CEJA Donaninha Arruda<\/h3>\n<h3><\/h3>\n<\/li>\n<\/ul>\n<p>&nbsp;<\/p>\n<hr \/>\n<p>&nbsp;<\/p>\n<h2>Escola Ind\u00edgena<\/h2>\n<p>&nbsp;<\/p>\n<ul class=\"ListaEst col2\">\n<li>\n<h3>EI Manoel Francisco dos Santo<\/h3>\n<h3><\/h3>\n<\/li>\n<\/ul>\n","protected":false},"excerpt":{"rendered":"<p>&nbsp; EEM Almir Pinto (Aracoiaba) &nbsp; Escolas de Ensino M\u00e9dio em Tempo Integral &nbsp; EEMTI Maria do Carmo Bezerra EEMTI Padre Saraiva Le\u00e3o EEMTI Jo\u00e3o Alves Moreira EEMTI Menezes Pimentel EEMTI Professor Milton Fa\u00e7anha &nbsp; &nbsp; Escolas Estaduais de Educa\u00e7\u00e3o Profissional &nbsp; EEEP Adolfo Ferreira de Sousa EEEP Doutor Salom\u00e3o Alves de Moura EEEP Clemente [&hellip;]<\/p>\n","protected":false},"author":518,"featured_media":0,"parent":0,"menu_order":0,"comment_status":"closed","ping_status":"closed","template":"","meta":{"_acf_changed":false,"inline_featured_image":false,"footnotes":""},"class_list":["post-6322","page","type-page","status-publish","hentry"],"acf":[],"yoast_head":"<!-- This site is optimized with the Yoast SEO plugin v26.9 - https:\/\/yoast.com\/product\/yoast-seo-wordpress\/ -->\n<title>Escolas de Ensino M\u00e9dio - CREDE08-SEDUC<\/title>\n<meta name=\"robots\" content=\"index, follow, max-snippet:-1, max-image-preview:large, max-video-preview:-1\" \/>\n<link rel=\"canonical\" href=\"https:\/\/ww16.ce.gov.br\/crede08-seduc\/escolas-estaduais-crede-8\/\" \/>\n<meta property=\"og:locale\" content=\"pt_BR\" \/>\n<meta property=\"og:type\" content=\"article\" \/>\n<meta property=\"og:title\" content=\"Escolas de Ensino M\u00e9dio - CREDE08-SEDUC\" \/>\n<meta property=\"og:description\" content=\"&nbsp; EEM Almir Pinto (Aracoiaba) &nbsp; Escolas de Ensino M\u00e9dio em Tempo Integral &nbsp; EEMTI Maria do Carmo Bezerra EEMTI Padre Saraiva Le\u00e3o EEMTI Jo\u00e3o Alves Moreira EEMTI Menezes Pimentel EEMTI Professor Milton Fa\u00e7anha &nbsp; &nbsp; Escolas Estaduais de Educa\u00e7\u00e3o Profissional &nbsp; EEEP Adolfo Ferreira de Sousa EEEP Doutor Salom\u00e3o Alves de Moura EEEP Clemente [&hellip;]\" \/>\n<meta property=\"og:url\" content=\"https:\/\/ww16.ce.gov.br\/crede08-seduc\/escolas-estaduais-crede-8\/\" \/>\n<meta property=\"og:site_name\" content=\"CREDE08-SEDUC\" \/>\n<meta property=\"article:modified_time\" content=\"2022-01-07T17:23:58+00:00\" \/>\n<meta name=\"twitter:card\" content=\"summary_large_image\" \/>\n<meta name=\"twitter:label1\" content=\"Est. reading time\" \/>\n\t<meta name=\"twitter:data1\" content=\"1 minuto\" \/>\n<script type=\"application\/ld+json\" class=\"yoast-schema-graph\">{\"@context\":\"https:\/\/schema.org\",\"@graph\":[{\"@type\":\"WebPage\",\"@id\":\"https:\/\/ww16.ce.gov.br\/crede08-seduc\/escolas-estaduais-crede-8\/\",\"url\":\"https:\/\/ww16.ce.gov.br\/crede08-seduc\/escolas-estaduais-crede-8\/\",\"name\":\"Escolas de Ensino M\u00e9dio - CREDE08-SEDUC\",\"isPartOf\":{\"@id\":\"https:\/\/ww16.ce.gov.br\/crede08-seduc\/#website\"},\"datePublished\":\"2022-01-07T16:30:55+00:00\",\"dateModified\":\"2022-01-07T17:23:58+00:00\",\"breadcrumb\":{\"@id\":\"https:\/\/ww16.ce.gov.br\/crede08-seduc\/escolas-estaduais-crede-8\/#breadcrumb\"},\"inLanguage\":\"pt-BR\",\"potentialAction\":[{\"@type\":\"ReadAction\",\"target\":[\"https:\/\/ww16.ce.gov.br\/crede08-seduc\/escolas-estaduais-crede-8\/\"]}]},{\"@type\":\"BreadcrumbList\",\"@id\":\"https:\/\/ww16.ce.gov.br\/crede08-seduc\/escolas-estaduais-crede-8\/#breadcrumb\",\"itemListElement\":[{\"@type\":\"ListItem\",\"position\":1,\"name\":\"In\u00edcio\",\"item\":\"https:\/\/ww16.ce.gov.br\/crede08-seduc\/\"},{\"@type\":\"ListItem\",\"position\":2,\"name\":\"Escolas de Ensino M\u00e9dio\"}]},{\"@type\":\"WebSite\",\"@id\":\"https:\/\/ww16.ce.gov.br\/crede08-seduc\/#website\",\"url\":\"https:\/\/ww16.ce.gov.br\/crede08-seduc\/\",\"name\":\"CREDE08-SEDUC\",\"description\":\"Portal CREDE08-SEDUC\",\"potentialAction\":[{\"@type\":\"SearchAction\",\"target\":{\"@type\":\"EntryPoint\",\"urlTemplate\":\"https:\/\/ww16.ce.gov.br\/crede08-seduc\/?s={search_term_string}\"},\"query-input\":{\"@type\":\"PropertyValueSpecification\",\"valueRequired\":true,\"valueName\":\"search_term_string\"}}],\"inLanguage\":\"pt-BR\"}]}<\/script>\n<!-- \/ Yoast SEO plugin. -->","yoast_head_json":{"title":"Escolas de Ensino M\u00e9dio - CREDE08-SEDUC","robots":{"index":"index","follow":"follow","max-snippet":"max-snippet:-1","max-image-preview":"max-image-preview:large","max-video-preview":"max-video-preview:-1"},"canonical":"https:\/\/ww16.ce.gov.br\/crede08-seduc\/escolas-estaduais-crede-8\/","og_locale":"pt_BR","og_type":"article","og_title":"Escolas de Ensino M\u00e9dio - CREDE08-SEDUC","og_description":"&nbsp; EEM Almir Pinto (Aracoiaba) &nbsp; Escolas de Ensino M\u00e9dio em Tempo Integral &nbsp; EEMTI Maria do Carmo Bezerra EEMTI Padre Saraiva Le\u00e3o EEMTI Jo\u00e3o Alves Moreira EEMTI Menezes Pimentel EEMTI Professor Milton Fa\u00e7anha &nbsp; &nbsp; Escolas Estaduais de Educa\u00e7\u00e3o Profissional &nbsp; EEEP Adolfo Ferreira de Sousa EEEP Doutor Salom\u00e3o Alves de Moura EEEP Clemente [&hellip;]","og_url":"https:\/\/ww16.ce.gov.br\/crede08-seduc\/escolas-estaduais-crede-8\/","og_site_name":"CREDE08-SEDUC","article_modified_time":"2022-01-07T17:23:58+00:00","twitter_card":"summary_large_image","twitter_misc":{"Est. reading time":"1 minuto"},"schema":{"@context":"https:\/\/schema.org","@graph":[{"@type":"WebPage","@id":"https:\/\/ww16.ce.gov.br\/crede08-seduc\/escolas-estaduais-crede-8\/","url":"https:\/\/ww16.ce.gov.br\/crede08-seduc\/escolas-estaduais-crede-8\/","name":"Escolas de Ensino M\u00e9dio - CREDE08-SEDUC","isPartOf":{"@id":"https:\/\/ww16.ce.gov.br\/crede08-seduc\/#website"},"datePublished":"2022-01-07T16:30:55+00:00","dateModified":"2022-01-07T17:23:58+00:00","breadcrumb":{"@id":"https:\/\/ww16.ce.gov.br\/crede08-seduc\/escolas-estaduais-crede-8\/#breadcrumb"},"inLanguage":"pt-BR","potentialAction":[{"@type":"ReadAction","target":["https:\/\/ww16.ce.gov.br\/crede08-seduc\/escolas-estaduais-crede-8\/"]}]},{"@type":"BreadcrumbList","@id":"https:\/\/ww16.ce.gov.br\/crede08-seduc\/escolas-estaduais-crede-8\/#breadcrumb","itemListElement":[{"@type":"ListItem","position":1,"name":"In\u00edcio","item":"https:\/\/ww16.ce.gov.br\/crede08-seduc\/"},{"@type":"ListItem","position":2,"name":"Escolas de Ensino M\u00e9dio"}]},{"@type":"WebSite","@id":"https:\/\/ww16.ce.gov.br\/crede08-seduc\/#website","url":"https:\/\/ww16.ce.gov.br\/crede08-seduc\/","name":"CREDE08-SEDUC","description":"Portal CREDE08-SEDUC","potentialAction":[{"@type":"SearchAction","target":{"@type":"EntryPoint","urlTemplate":"https:\/\/ww16.ce.gov.br\/crede08-seduc\/?s={search_term_string}"},"query-input":{"@type":"PropertyValueSpecification","valueRequired":true,"valueName":"search_term_string"}}],"inLanguage":"pt-BR"}]}},"_links":{"self":[{"href":"https:\/\/ww16.ce.gov.br\/crede08-seduc\/wp-json\/wp\/v2\/pages\/6322","targetHints":{"allow":["GET"]}}],"collection":[{"href":"https:\/\/ww16.ce.gov.br\/crede08-seduc\/wp-json\/wp\/v2\/pages"}],"about":[{"href":"https:\/\/ww16.ce.gov.br\/crede08-seduc\/wp-json\/wp\/v2\/types\/page"}],"author":[{"embeddable":true,"href":"https:\/\/ww16.ce.gov.br\/crede08-seduc\/wp-json\/wp\/v2\/users\/518"}],"replies":[{"embeddable":true,"href":"https:\/\/ww16.ce.gov.br\/crede08-seduc\/wp-json\/wp\/v2\/comments?post=6322"}],"version-history":[{"count":18,"href":"https:\/\/ww16.ce.gov.br\/crede08-seduc\/wp-json\/wp\/v2\/pages\/6322\/revisions"}],"predecessor-version":[{"id":6344,"href":"https:\/\/ww16.ce.gov.br\/crede08-seduc\/wp-json\/wp\/v2\/pages\/6322\/revisions\/6344"}],"wp:attachment":[{"href":"https:\/\/ww16.ce.gov.br\/crede08-seduc\/wp-json\/wp\/v2\/media?parent=6322"}],"curies":[{"name":"wp","href":"https:\/\/api.w.org\/{rel}","templated":true}]}}