{"id":5707,"date":"2021-10-14T18:35:38","date_gmt":"2021-10-14T21:35:38","guid":{"rendered":"http:\/\/www.crede08.seduc.ce.gov.br\/?page_id=5707"},"modified":"2022-02-11T12:04:17","modified_gmt":"2022-02-11T15:04:17","slug":"cegaf","status":"publish","type":"page","link":"https:\/\/ww16.ce.gov.br\/crede08-seduc\/cegaf\/","title":{"rendered":"CEGAF"},"content":{"rendered":"<p>C\u00e9lula de Gest\u00e3o e Administra\u00e7\u00e3o Financeira<\/p>\n<p>C\u00e9lula institucionalizada na orienta\u00e7\u00e3o das escolas estaduais, sob esta jurisdi\u00e7\u00e3o, nas esferas Administrativa e Financeiras em prol da Secretaria de Educa\u00e7\u00e3o do Estado do Cear\u00e1.<\/p>\n<h4>Objetivos:<\/h4>\n<p>&#8211; Analisar os processos de presta\u00e7\u00e3o de contas;<br \/>\n&#8211; Analisar cota\u00e7\u00f5es eletr\u00f4nicas;<br \/>\n&#8211; Fazer o acompanhamento dos processos de licita\u00e7\u00f5es;<br \/>\n&#8211; Orientar os financeiros das escolas estaduais;<br \/>\n&#8211; Lan\u00e7ar chamadas p\u00fablicas e editais financeira das escolas.<\/p>\n<p>&nbsp;<br \/>\n&nbsp;<\/p>\n<h2>Sistemas de Acompanhamento:<\/h2>\n<p>&nbsp;<\/p>\n<ul class=\"ListaEst col2\">\n<li><a href=\"https:\/\/sigesaa.seduc.ce.gov.br\/sige-saa\/login.jsf?originalUrl=\/home.jsf\" target=\"_blank\" rel=\"noopener noreferrer\">Sigesaa<\/a><\/li>\n<li><a href=\"https:\/\/s2gpr.sefaz.ce.gov.br\/licita-web\/paginas\/licita\/PublicacaoList.seam\" target=\"_blank\" rel=\"noopener noreferrer\"> <span class=\"nomeSistema\">Licitaweb<\/span><\/a><\/li>\n<li><a href=\"https:\/\/sigematerial.seduc.ce.gov.br\/sigematerial\/login.jsf\" target=\"_blank\" rel=\"noopener noreferrer\"> SIGE Material<\/a><\/li>\n<li><a href=\"https:\/\/viproc.seplag.ce.gov.br\/viproc\/\" target=\"_blank\" rel=\"noopener noreferrer\"> Viproc <\/a><\/li>\n<li><a href=\"https:\/\/alimentacao.seduc.ce.gov.br\/\" target=\"_blank\" rel=\"noopener noreferrer\"> Alimenta\u00e7\u00e3o Escolar<\/a><\/li>\n<\/ul>\n<p>&nbsp;<br \/>\n&nbsp;<\/p>\n<h2>Checklist:<\/h2>\n<p>&nbsp;<\/p>\n<ul class=\"ListaEst col2\">\n<li><a href=\"https:\/\/www.crede08.seduc.ce.gov.br\/wp-content\/uploads\/sites\/109\/2022\/02\/CHECK_-_PNAE_-_Descentralizado_CRON.pdf\" target=\"_blank\" rel=\"noopener noreferrer\">PNAE &#8211; Centralizado CRON<\/a><\/li>\n<li><a href=\"https:\/\/www.crede08.seduc.ce.gov.br\/wp-content\/uploads\/sites\/109\/2022\/02\/CHECK_LIST__COTACAO__PROJETO_MINHA_ESCOLA_E_DA_COMUNIDADE_PRIORITARIA.pdf\" target=\"_blank\" rel=\"noopener noreferrer\">Cota\u00e7\u00e3o \u2013 Escola da Comunidade Priorit\u00e1ria<\/a><\/li>\n<li><a href=\"https:\/\/www.crede08.seduc.ce.gov.br\/wp-content\/uploads\/sites\/109\/2022\/02\/Check_List_-_Engenharia.pdf\" target=\"_blank\" rel=\"noopener noreferrer\">Engenharia<\/a><\/li>\n<li><a href=\"https:\/\/www.crede08.seduc.ce.gov.br\/wp-content\/uploads\/sites\/109\/2022\/02\/Check_List_-_Manutencao_ORDEM_CRONOLOGICA.pdf\" target=\"_blank\" rel=\"noopener noreferrer\">Manuten\u00e7\u00e3o<\/a><\/li>\n<li><a href=\"https:\/\/www.crede08.seduc.ce.gov.br\/wp-content\/uploads\/sites\/109\/2022\/02\/Check_List_-_Monitoria_e_Tutoria_ORDEM_CRONOLOGICA.pdf\" target=\"_blank\" rel=\"noopener noreferrer\">Monitoria e Tutoria<\/a><\/li>\n<li><a href=\"https:\/\/www.crede08.seduc.ce.gov.br\/wp-content\/uploads\/sites\/109\/2022\/02\/Check_List_Cotacao_-_NOVO_ORDEM_CRONOLOGICA.pdf\" target=\"_blank\" rel=\"noopener noreferrer\">Cota\u00e7\u00e3o<\/a><\/li>\n<li><a href=\"https:\/\/www.crede08.seduc.ce.gov.br\/wp-content\/uploads\/sites\/109\/2022\/02\/Check_List_PDDE.pdf\" target=\"_blank\" rel=\"noopener noreferrer\">PDDE<\/a><\/li>\n<li><a href=\"https:\/\/www.crede08.seduc.ce.gov.br\/wp-content\/uploads\/sites\/109\/2022\/02\/CHECKLIST_CARTA_CONVITE_PROJETO_MINHA_ESCOLA_E_DA_COMUNIDADE_-_REVISADO.pdf\" target=\"_blank\" rel=\"noopener noreferrer\">Carta Convite &#8211; Minha Escola \u00e9 da Comunidade<\/a><\/li>\n<\/ul>\n<p>&nbsp;<\/p>\n<h2>Quem \u00e9 quem<\/h2>\n<p>&nbsp;<\/p>\n<ul class=\"ListaEst col2\">\n<li><a href=\"https:\/\/ww16.ce.gov.br\/crede08-seduc\/institucional\/quem-e-quem\/\" target=\"_blank\" rel=\"noopener noreferrer\">Equipe CEGAF<\/a><\/li>\n<\/ul>\n<\/div>\n<\/div>\n<\/section>\n","protected":false},"excerpt":{"rendered":"<p>C\u00e9lula de Gest\u00e3o e Administra\u00e7\u00e3o Financeira C\u00e9lula institucionalizada na orienta\u00e7\u00e3o das escolas estaduais, sob esta jurisdi\u00e7\u00e3o, nas esferas Administrativa e Financeiras em prol da Secretaria de Educa\u00e7\u00e3o do Estado do Cear\u00e1. Objetivos: &#8211; Analisar os processos de presta\u00e7\u00e3o de contas; &#8211; Analisar cota\u00e7\u00f5es eletr\u00f4nicas; &#8211; Fazer o acompanhamento dos processos de licita\u00e7\u00f5es; &#8211; Orientar os [&hellip;]<\/p>\n","protected":false},"author":364,"featured_media":0,"parent":0,"menu_order":0,"comment_status":"closed","ping_status":"closed","template":"","meta":{"_acf_changed":false,"inline_featured_image":false,"footnotes":""},"class_list":["post-5707","page","type-page","status-publish","hentry"],"acf":[],"yoast_head":"<!-- This site is optimized with the Yoast SEO plugin v26.9 - https:\/\/yoast.com\/product\/yoast-seo-wordpress\/ -->\n<title>CEGAF - CREDE08-SEDUC<\/title>\n<meta name=\"robots\" content=\"index, follow, max-snippet:-1, max-image-preview:large, max-video-preview:-1\" \/>\n<link rel=\"canonical\" href=\"https:\/\/ww16.ce.gov.br\/crede08-seduc\/cegaf\/\" \/>\n<meta property=\"og:locale\" content=\"pt_BR\" \/>\n<meta property=\"og:type\" content=\"article\" \/>\n<meta property=\"og:title\" content=\"CEGAF - CREDE08-SEDUC\" \/>\n<meta property=\"og:description\" content=\"C\u00e9lula de Gest\u00e3o e Administra\u00e7\u00e3o Financeira C\u00e9lula institucionalizada na orienta\u00e7\u00e3o das escolas estaduais, sob esta jurisdi\u00e7\u00e3o, nas esferas Administrativa e Financeiras em prol da Secretaria de Educa\u00e7\u00e3o do Estado do Cear\u00e1. Objetivos: &#8211; Analisar os processos de presta\u00e7\u00e3o de contas; &#8211; Analisar cota\u00e7\u00f5es eletr\u00f4nicas; &#8211; Fazer o acompanhamento dos processos de licita\u00e7\u00f5es; &#8211; Orientar os [&hellip;]\" \/>\n<meta property=\"og:url\" content=\"https:\/\/ww16.ce.gov.br\/crede08-seduc\/cegaf\/\" \/>\n<meta property=\"og:site_name\" content=\"CREDE08-SEDUC\" \/>\n<meta property=\"article:modified_time\" content=\"2022-02-11T15:04:17+00:00\" \/>\n<meta name=\"twitter:card\" content=\"summary_large_image\" \/>\n<meta name=\"twitter:label1\" content=\"Est. reading time\" \/>\n\t<meta name=\"twitter:data1\" content=\"1 minuto\" \/>\n<script type=\"application\/ld+json\" class=\"yoast-schema-graph\">{\"@context\":\"https:\/\/schema.org\",\"@graph\":[{\"@type\":\"WebPage\",\"@id\":\"https:\/\/ww16.ce.gov.br\/crede08-seduc\/cegaf\/\",\"url\":\"https:\/\/ww16.ce.gov.br\/crede08-seduc\/cegaf\/\",\"name\":\"CEGAF - CREDE08-SEDUC\",\"isPartOf\":{\"@id\":\"https:\/\/ww16.ce.gov.br\/crede08-seduc\/#website\"},\"datePublished\":\"2021-10-14T21:35:38+00:00\",\"dateModified\":\"2022-02-11T15:04:17+00:00\",\"breadcrumb\":{\"@id\":\"https:\/\/ww16.ce.gov.br\/crede08-seduc\/cegaf\/#breadcrumb\"},\"inLanguage\":\"pt-BR\",\"potentialAction\":[{\"@type\":\"ReadAction\",\"target\":[\"https:\/\/ww16.ce.gov.br\/crede08-seduc\/cegaf\/\"]}]},{\"@type\":\"BreadcrumbList\",\"@id\":\"https:\/\/ww16.ce.gov.br\/crede08-seduc\/cegaf\/#breadcrumb\",\"itemListElement\":[{\"@type\":\"ListItem\",\"position\":1,\"name\":\"In\u00edcio\",\"item\":\"https:\/\/ww16.ce.gov.br\/crede08-seduc\/\"},{\"@type\":\"ListItem\",\"position\":2,\"name\":\"CEGAF\"}]},{\"@type\":\"WebSite\",\"@id\":\"https:\/\/ww16.ce.gov.br\/crede08-seduc\/#website\",\"url\":\"https:\/\/ww16.ce.gov.br\/crede08-seduc\/\",\"name\":\"CREDE08-SEDUC\",\"description\":\"Portal CREDE08-SEDUC\",\"potentialAction\":[{\"@type\":\"SearchAction\",\"target\":{\"@type\":\"EntryPoint\",\"urlTemplate\":\"https:\/\/ww16.ce.gov.br\/crede08-seduc\/?s={search_term_string}\"},\"query-input\":{\"@type\":\"PropertyValueSpecification\",\"valueRequired\":true,\"valueName\":\"search_term_string\"}}],\"inLanguage\":\"pt-BR\"}]}<\/script>\n<!-- \/ Yoast SEO plugin. -->","yoast_head_json":{"title":"CEGAF - CREDE08-SEDUC","robots":{"index":"index","follow":"follow","max-snippet":"max-snippet:-1","max-image-preview":"max-image-preview:large","max-video-preview":"max-video-preview:-1"},"canonical":"https:\/\/ww16.ce.gov.br\/crede08-seduc\/cegaf\/","og_locale":"pt_BR","og_type":"article","og_title":"CEGAF - CREDE08-SEDUC","og_description":"C\u00e9lula de Gest\u00e3o e Administra\u00e7\u00e3o Financeira C\u00e9lula institucionalizada na orienta\u00e7\u00e3o das escolas estaduais, sob esta jurisdi\u00e7\u00e3o, nas esferas Administrativa e Financeiras em prol da Secretaria de Educa\u00e7\u00e3o do Estado do Cear\u00e1. Objetivos: &#8211; Analisar os processos de presta\u00e7\u00e3o de contas; &#8211; Analisar cota\u00e7\u00f5es eletr\u00f4nicas; &#8211; Fazer o acompanhamento dos processos de licita\u00e7\u00f5es; &#8211; Orientar os [&hellip;]","og_url":"https:\/\/ww16.ce.gov.br\/crede08-seduc\/cegaf\/","og_site_name":"CREDE08-SEDUC","article_modified_time":"2022-02-11T15:04:17+00:00","twitter_card":"summary_large_image","twitter_misc":{"Est. reading time":"1 minuto"},"schema":{"@context":"https:\/\/schema.org","@graph":[{"@type":"WebPage","@id":"https:\/\/ww16.ce.gov.br\/crede08-seduc\/cegaf\/","url":"https:\/\/ww16.ce.gov.br\/crede08-seduc\/cegaf\/","name":"CEGAF - CREDE08-SEDUC","isPartOf":{"@id":"https:\/\/ww16.ce.gov.br\/crede08-seduc\/#website"},"datePublished":"2021-10-14T21:35:38+00:00","dateModified":"2022-02-11T15:04:17+00:00","breadcrumb":{"@id":"https:\/\/ww16.ce.gov.br\/crede08-seduc\/cegaf\/#breadcrumb"},"inLanguage":"pt-BR","potentialAction":[{"@type":"ReadAction","target":["https:\/\/ww16.ce.gov.br\/crede08-seduc\/cegaf\/"]}]},{"@type":"BreadcrumbList","@id":"https:\/\/ww16.ce.gov.br\/crede08-seduc\/cegaf\/#breadcrumb","itemListElement":[{"@type":"ListItem","position":1,"name":"In\u00edcio","item":"https:\/\/ww16.ce.gov.br\/crede08-seduc\/"},{"@type":"ListItem","position":2,"name":"CEGAF"}]},{"@type":"WebSite","@id":"https:\/\/ww16.ce.gov.br\/crede08-seduc\/#website","url":"https:\/\/ww16.ce.gov.br\/crede08-seduc\/","name":"CREDE08-SEDUC","description":"Portal CREDE08-SEDUC","potentialAction":[{"@type":"SearchAction","target":{"@type":"EntryPoint","urlTemplate":"https:\/\/ww16.ce.gov.br\/crede08-seduc\/?s={search_term_string}"},"query-input":{"@type":"PropertyValueSpecification","valueRequired":true,"valueName":"search_term_string"}}],"inLanguage":"pt-BR"}]}},"_links":{"self":[{"href":"https:\/\/ww16.ce.gov.br\/crede08-seduc\/wp-json\/wp\/v2\/pages\/5707","targetHints":{"allow":["GET"]}}],"collection":[{"href":"https:\/\/ww16.ce.gov.br\/crede08-seduc\/wp-json\/wp\/v2\/pages"}],"about":[{"href":"https:\/\/ww16.ce.gov.br\/crede08-seduc\/wp-json\/wp\/v2\/types\/page"}],"author":[{"embeddable":true,"href":"https:\/\/ww16.ce.gov.br\/crede08-seduc\/wp-json\/wp\/v2\/users\/364"}],"replies":[{"embeddable":true,"href":"https:\/\/ww16.ce.gov.br\/crede08-seduc\/wp-json\/wp\/v2\/comments?post=5707"}],"version-history":[{"count":14,"href":"https:\/\/ww16.ce.gov.br\/crede08-seduc\/wp-json\/wp\/v2\/pages\/5707\/revisions"}],"predecessor-version":[{"id":6869,"href":"https:\/\/ww16.ce.gov.br\/crede08-seduc\/wp-json\/wp\/v2\/pages\/5707\/revisions\/6869"}],"wp:attachment":[{"href":"https:\/\/ww16.ce.gov.br\/crede08-seduc\/wp-json\/wp\/v2\/media?parent=5707"}],"curies":[{"name":"wp","href":"https:\/\/api.w.org\/{rel}","templated":true}]}}