{"id":5659,"date":"2021-10-14T15:15:30","date_gmt":"2021-10-14T18:15:30","guid":{"rendered":"http:\/\/www.crede08.seduc.ce.gov.br\/?page_id=5659"},"modified":"2025-01-29T11:36:44","modified_gmt":"2025-01-29T14:36:44","slug":"redencao","status":"publish","type":"page","link":"https:\/\/ww16.ce.gov.br\/crede08-seduc\/redencao\/","title":{"rendered":"Reden\u00e7\u00e3o"},"content":{"rendered":"<p>Reden\u00e7\u00e3o \u00e9 um munic\u00edpio brasileiro do estado do Cear\u00e1. Localiza-se a uma altitude de 88 metros acima do n\u00edvel do mar e a 55 km de dist\u00e2ncia de Fortaleza. Faz parte do Polo Serra de Guaramiranga.<\/p>\n<p>O munic\u00edpio recebe esse nome por ter sido a primeira cidade brasileira a libertar todos os seus escravos.<\/p>\n<p>Segundo o Censo de 2010, sua popula\u00e7\u00e3o era de 26 426 habitantes, destes 13 290 do sexo Feminino e 13 133 do Masculino. Sua popula\u00e7\u00e3o est\u00e1 dividida em: Zona Urbana 15 142 habitantes e Zona Rural 11 218 habitantes.<\/p>\n<p>O nome Reden\u00e7\u00e3o vem do fato de que este (antiga vila do Acarape. Do tupi-guarani acar\u00e1 + pe, caminho dos peixes) foi o primeiro munic\u00edpio do Brasil a libertar os escravos.<\/p>\n<p>&nbsp;<\/p>\n<h4><b>Anivers\u00e1rio e Hino<\/b><\/h4>\n<ul class=\"ListaEst col4\">\n<li><a href=\"https:\/\/www.youtube.com\/watch?v=d275RL74kFk&amp;list=PL4hb7TMNpQ9MqQYWMkd0auEhZm5z-nzJi&amp;index=13&amp;ab_channel=GovernodoCear%C3%A1\">Reden\u00e7\u00e3o<\/a><\/li>\n<\/ul>\n<h4 class=\"-Title\"><b> Site do Munic\u00edpio <\/b><\/h4>\n<ul class=\"ListaEst col4\">\n<li><a href=\"https:\/\/www.redencao.ce.gov.br\/\"> P\u00e1gina<\/a><\/li>\n<\/ul>\n<h4 class=\"-Title\"><b>Geolocaliza\u00e7\u00e3o<\/b><\/h4>\n<ul class=\"ListaEst col4\">\n<li><a href=\"https:\/\/www.google.com\/maps\/d\/u\/0\/viewer?mid=12Lrod9H3S5YCedTW2jHDcdvUAHiQBnw&amp;ll=-4.224286000000018%2C-38.70335500000001&amp;z=11\"> Mapa<\/a><\/li>\n<\/ul>\n<p><strong><a href=\"https:\/\/www.crede08.seduc.ce.gov.br\/wp-content\/uploads\/sites\/109\/2024\/02\/Prancheta-13@4x.png\"><img loading=\"lazy\" decoding=\"async\" class=\"wp-image-10900 alignleft\" src=\"https:\/\/www.crede08.seduc.ce.gov.br\/wp-content\/uploads\/sites\/109\/2024\/02\/Prancheta-13@4x.png\" alt=\"\" width=\"380\" height=\"380\" \/><\/a><\/strong><\/p>\n<p><strong>PREFEITO(A)<\/strong><br \/>\nSELMA MARINHO BARBOSA<\/p>\n<p><strong>VICE-PREFEITO(A)<\/strong><br \/>\n&#8230;<\/p>\n<p>&nbsp;<\/p>\n<h3><\/h3>\n<h3><\/h3>\n<h3><\/h3>\n<h3><\/h3>\n<h3><\/h3>\n<h3><\/h3>\n<h3><\/h3>\n<h3>INFORMA\u00c7\u00d5ES DA(S) UNIDADE(S) ESCOLAR(ES) DO MUNIC\u00cdPIO:<\/h3>\n<table width=\"934\">\n<tbody>\n<tr>\n<th><span style=\"font-size: 16px;letter-spacing: normal\">INEP<\/span><\/th>\n<th><span style=\"font-size: 16px;letter-spacing: normal\">MUNIC\u00cdPIO<\/span><\/th>\n<th><span style=\"font-size: 16px;letter-spacing: normal\">ESCOLA<\/span><\/th>\n<th><span style=\"font-size: 16px;letter-spacing: normal\">TEL ESCOLA<\/span><\/th>\n<th><span style=\"font-size: 16px;letter-spacing: normal\">E-MAIL INSTITUCIONAL<\/span><\/th>\n<\/tr>\n<tr>\n<td><span style=\"font-size: 16px;letter-spacing: normal\">23056592<\/span><\/td>\n<td rowspan=\"4\"><span style=\"font-size: 16px;letter-spacing: normal\">REDEN\u00c7\u00c3O<\/span><\/td>\n<td><span style=\"font-size: 16px;letter-spacing: normal\">EEEP ADOLFO FERREIRA DE SOUSA<\/span><\/td>\n<td width=\"143\"><span style=\"font-size: 16px;letter-spacing: normal\">(85) 3332-1598<\/span><\/td>\n<td width=\"153\"><span style=\"font-size: 16px;letter-spacing: normal\">FRANCISCO LUCIANO LEITE FILHO<\/span><\/td>\n<td><a style=\"font-size: 16px;letter-spacing: normal\">adolfofs@escola.ce.gov.br<\/a><\/td>\n<\/tr>\n<tr>\n<td><span style=\"font-size: 16px;letter-spacing: normal\">23056606<\/span><\/td>\n<td><span style=\"font-size: 16px;letter-spacing: normal\">EEM DR. BRUNILO JAC\u00d3<\/span><\/td>\n<td width=\"143\"><span style=\"font-size: 16px;letter-spacing: normal\">(85) 3332-2652<\/span><\/td>\n<td width=\"153\"><span style=\"font-size: 16px;letter-spacing: normal\">MARCOS DEYVID DA SILVA LIMA<\/span><\/td>\n<td><a style=\"font-size: 16px;letter-spacing: normal\">drbjaco@escola.ce.gov.br<\/a><\/td>\n<\/tr>\n<tr>\n<td><span style=\"font-size: 16px;letter-spacing: normal\">23494000<\/span><\/td>\n<td><span style=\"font-size: 16px;letter-spacing: normal\">EEMTI PE. SARAIVA LE\u00c3O<\/span><\/td>\n<td width=\"143\"><span style=\"font-size: 16px;letter-spacing: normal\">(85) 3332-2654<\/span><\/td>\n<td width=\"153\"><span style=\"font-size: 16px;letter-spacing: normal\">JANIELY MARIA MONTEIRO TEIXEIRA BESSA<\/span><\/td>\n<td><a style=\"font-size: 16px;letter-spacing: normal\">saraivaleao@escola.ce.gov.br<\/a><\/td>\n<\/tr>\n<tr>\n<td><span style=\"font-size: 16px;letter-spacing: normal\">23056860<\/span><\/td>\n<td><span style=\"font-size: 16px;letter-spacing: normal\">EEM CAMILO BRASILIENSE<\/span><\/td>\n<td width=\"143\"><span style=\"font-size: 16px;letter-spacing: normal\">(85) 3332-2670<\/span><\/td>\n<td><a style=\"font-size: 16px;letter-spacing: normal\">camilobrasil@escola.ce.gov.br<\/a><\/td>\n<\/tr>\n<\/tbody>\n<\/table>\n","protected":false},"excerpt":{"rendered":"<p>Reden\u00e7\u00e3o \u00e9 um munic\u00edpio brasileiro do estado do Cear\u00e1. Localiza-se a uma altitude de 88 metros acima do n\u00edvel do mar e a 55 km de dist\u00e2ncia de Fortaleza. Faz parte do Polo Serra de Guaramiranga. O munic\u00edpio recebe esse nome por ter sido a primeira cidade brasileira a libertar todos os seus escravos. Segundo [&hellip;]<\/p>\n","protected":false},"author":518,"featured_media":0,"parent":0,"menu_order":0,"comment_status":"closed","ping_status":"closed","template":"","meta":{"_acf_changed":false,"inline_featured_image":false,"footnotes":""},"class_list":["post-5659","page","type-page","status-publish","hentry"],"acf":[],"yoast_head":"<!-- This site is optimized with the Yoast SEO plugin v26.9 - https:\/\/yoast.com\/product\/yoast-seo-wordpress\/ -->\n<title>Reden\u00e7\u00e3o - CREDE08-SEDUC<\/title>\n<meta name=\"robots\" content=\"index, follow, max-snippet:-1, max-image-preview:large, max-video-preview:-1\" \/>\n<link rel=\"canonical\" href=\"https:\/\/ww16.ce.gov.br\/crede08-seduc\/redencao\/\" \/>\n<meta property=\"og:locale\" content=\"pt_BR\" \/>\n<meta property=\"og:type\" content=\"article\" \/>\n<meta property=\"og:title\" content=\"Reden\u00e7\u00e3o - CREDE08-SEDUC\" \/>\n<meta property=\"og:description\" content=\"Reden\u00e7\u00e3o \u00e9 um munic\u00edpio brasileiro do estado do Cear\u00e1. Localiza-se a uma altitude de 88 metros acima do n\u00edvel do mar e a 55 km de dist\u00e2ncia de Fortaleza. Faz parte do Polo Serra de Guaramiranga. O munic\u00edpio recebe esse nome por ter sido a primeira cidade brasileira a libertar todos os seus escravos. Segundo [&hellip;]\" \/>\n<meta property=\"og:url\" content=\"https:\/\/ww16.ce.gov.br\/crede08-seduc\/redencao\/\" \/>\n<meta property=\"og:site_name\" content=\"CREDE08-SEDUC\" \/>\n<meta property=\"article:modified_time\" content=\"2025-01-29T14:36:44+00:00\" \/>\n<meta property=\"og:image\" content=\"http:\/\/www.crede08.seduc.ce.gov.br\/wp-content\/uploads\/sites\/109\/2024\/02\/Prancheta-13@4x.png\" \/>\n<meta name=\"twitter:card\" content=\"summary_large_image\" \/>\n<meta name=\"twitter:label1\" content=\"Est. reading time\" \/>\n\t<meta name=\"twitter:data1\" content=\"2 minutos\" \/>\n<script type=\"application\/ld+json\" class=\"yoast-schema-graph\">{\"@context\":\"https:\/\/schema.org\",\"@graph\":[{\"@type\":\"WebPage\",\"@id\":\"https:\/\/ww16.ce.gov.br\/crede08-seduc\/redencao\/\",\"url\":\"https:\/\/ww16.ce.gov.br\/crede08-seduc\/redencao\/\",\"name\":\"Reden\u00e7\u00e3o - CREDE08-SEDUC\",\"isPartOf\":{\"@id\":\"https:\/\/ww16.ce.gov.br\/crede08-seduc\/#website\"},\"primaryImageOfPage\":{\"@id\":\"https:\/\/ww16.ce.gov.br\/crede08-seduc\/redencao\/#primaryimage\"},\"image\":{\"@id\":\"https:\/\/ww16.ce.gov.br\/crede08-seduc\/redencao\/#primaryimage\"},\"thumbnailUrl\":\"http:\/\/www.crede08.seduc.ce.gov.br\/wp-content\/uploads\/sites\/109\/2024\/02\/Prancheta-13@4x.png\",\"datePublished\":\"2021-10-14T18:15:30+00:00\",\"dateModified\":\"2025-01-29T14:36:44+00:00\",\"breadcrumb\":{\"@id\":\"https:\/\/ww16.ce.gov.br\/crede08-seduc\/redencao\/#breadcrumb\"},\"inLanguage\":\"pt-BR\",\"potentialAction\":[{\"@type\":\"ReadAction\",\"target\":[\"https:\/\/ww16.ce.gov.br\/crede08-seduc\/redencao\/\"]}]},{\"@type\":\"ImageObject\",\"inLanguage\":\"pt-BR\",\"@id\":\"https:\/\/ww16.ce.gov.br\/crede08-seduc\/redencao\/#primaryimage\",\"url\":\"http:\/\/www.crede08.seduc.ce.gov.br\/wp-content\/uploads\/sites\/109\/2024\/02\/Prancheta-13@4x.png\",\"contentUrl\":\"http:\/\/www.crede08.seduc.ce.gov.br\/wp-content\/uploads\/sites\/109\/2024\/02\/Prancheta-13@4x.png\"},{\"@type\":\"BreadcrumbList\",\"@id\":\"https:\/\/ww16.ce.gov.br\/crede08-seduc\/redencao\/#breadcrumb\",\"itemListElement\":[{\"@type\":\"ListItem\",\"position\":1,\"name\":\"In\u00edcio\",\"item\":\"https:\/\/ww16.ce.gov.br\/crede08-seduc\/\"},{\"@type\":\"ListItem\",\"position\":2,\"name\":\"Reden\u00e7\u00e3o\"}]},{\"@type\":\"WebSite\",\"@id\":\"https:\/\/ww16.ce.gov.br\/crede08-seduc\/#website\",\"url\":\"https:\/\/ww16.ce.gov.br\/crede08-seduc\/\",\"name\":\"CREDE08-SEDUC\",\"description\":\"Portal CREDE08-SEDUC\",\"potentialAction\":[{\"@type\":\"SearchAction\",\"target\":{\"@type\":\"EntryPoint\",\"urlTemplate\":\"https:\/\/ww16.ce.gov.br\/crede08-seduc\/?s={search_term_string}\"},\"query-input\":{\"@type\":\"PropertyValueSpecification\",\"valueRequired\":true,\"valueName\":\"search_term_string\"}}],\"inLanguage\":\"pt-BR\"}]}<\/script>\n<!-- \/ Yoast SEO plugin. -->","yoast_head_json":{"title":"Reden\u00e7\u00e3o - CREDE08-SEDUC","robots":{"index":"index","follow":"follow","max-snippet":"max-snippet:-1","max-image-preview":"max-image-preview:large","max-video-preview":"max-video-preview:-1"},"canonical":"https:\/\/ww16.ce.gov.br\/crede08-seduc\/redencao\/","og_locale":"pt_BR","og_type":"article","og_title":"Reden\u00e7\u00e3o - CREDE08-SEDUC","og_description":"Reden\u00e7\u00e3o \u00e9 um munic\u00edpio brasileiro do estado do Cear\u00e1. Localiza-se a uma altitude de 88 metros acima do n\u00edvel do mar e a 55 km de dist\u00e2ncia de Fortaleza. Faz parte do Polo Serra de Guaramiranga. O munic\u00edpio recebe esse nome por ter sido a primeira cidade brasileira a libertar todos os seus escravos. Segundo [&hellip;]","og_url":"https:\/\/ww16.ce.gov.br\/crede08-seduc\/redencao\/","og_site_name":"CREDE08-SEDUC","article_modified_time":"2025-01-29T14:36:44+00:00","og_image":[{"url":"http:\/\/www.crede08.seduc.ce.gov.br\/wp-content\/uploads\/sites\/109\/2024\/02\/Prancheta-13@4x.png","type":"","width":"","height":""}],"twitter_card":"summary_large_image","twitter_misc":{"Est. reading time":"2 minutos"},"schema":{"@context":"https:\/\/schema.org","@graph":[{"@type":"WebPage","@id":"https:\/\/ww16.ce.gov.br\/crede08-seduc\/redencao\/","url":"https:\/\/ww16.ce.gov.br\/crede08-seduc\/redencao\/","name":"Reden\u00e7\u00e3o - CREDE08-SEDUC","isPartOf":{"@id":"https:\/\/ww16.ce.gov.br\/crede08-seduc\/#website"},"primaryImageOfPage":{"@id":"https:\/\/ww16.ce.gov.br\/crede08-seduc\/redencao\/#primaryimage"},"image":{"@id":"https:\/\/ww16.ce.gov.br\/crede08-seduc\/redencao\/#primaryimage"},"thumbnailUrl":"http:\/\/www.crede08.seduc.ce.gov.br\/wp-content\/uploads\/sites\/109\/2024\/02\/Prancheta-13@4x.png","datePublished":"2021-10-14T18:15:30+00:00","dateModified":"2025-01-29T14:36:44+00:00","breadcrumb":{"@id":"https:\/\/ww16.ce.gov.br\/crede08-seduc\/redencao\/#breadcrumb"},"inLanguage":"pt-BR","potentialAction":[{"@type":"ReadAction","target":["https:\/\/ww16.ce.gov.br\/crede08-seduc\/redencao\/"]}]},{"@type":"ImageObject","inLanguage":"pt-BR","@id":"https:\/\/ww16.ce.gov.br\/crede08-seduc\/redencao\/#primaryimage","url":"http:\/\/www.crede08.seduc.ce.gov.br\/wp-content\/uploads\/sites\/109\/2024\/02\/Prancheta-13@4x.png","contentUrl":"http:\/\/www.crede08.seduc.ce.gov.br\/wp-content\/uploads\/sites\/109\/2024\/02\/Prancheta-13@4x.png"},{"@type":"BreadcrumbList","@id":"https:\/\/ww16.ce.gov.br\/crede08-seduc\/redencao\/#breadcrumb","itemListElement":[{"@type":"ListItem","position":1,"name":"In\u00edcio","item":"https:\/\/ww16.ce.gov.br\/crede08-seduc\/"},{"@type":"ListItem","position":2,"name":"Reden\u00e7\u00e3o"}]},{"@type":"WebSite","@id":"https:\/\/ww16.ce.gov.br\/crede08-seduc\/#website","url":"https:\/\/ww16.ce.gov.br\/crede08-seduc\/","name":"CREDE08-SEDUC","description":"Portal CREDE08-SEDUC","potentialAction":[{"@type":"SearchAction","target":{"@type":"EntryPoint","urlTemplate":"https:\/\/ww16.ce.gov.br\/crede08-seduc\/?s={search_term_string}"},"query-input":{"@type":"PropertyValueSpecification","valueRequired":true,"valueName":"search_term_string"}}],"inLanguage":"pt-BR"}]}},"_links":{"self":[{"href":"https:\/\/ww16.ce.gov.br\/crede08-seduc\/wp-json\/wp\/v2\/pages\/5659","targetHints":{"allow":["GET"]}}],"collection":[{"href":"https:\/\/ww16.ce.gov.br\/crede08-seduc\/wp-json\/wp\/v2\/pages"}],"about":[{"href":"https:\/\/ww16.ce.gov.br\/crede08-seduc\/wp-json\/wp\/v2\/types\/page"}],"author":[{"embeddable":true,"href":"https:\/\/ww16.ce.gov.br\/crede08-seduc\/wp-json\/wp\/v2\/users\/518"}],"replies":[{"embeddable":true,"href":"https:\/\/ww16.ce.gov.br\/crede08-seduc\/wp-json\/wp\/v2\/comments?post=5659"}],"version-history":[{"count":13,"href":"https:\/\/ww16.ce.gov.br\/crede08-seduc\/wp-json\/wp\/v2\/pages\/5659\/revisions"}],"predecessor-version":[{"id":13202,"href":"https:\/\/ww16.ce.gov.br\/crede08-seduc\/wp-json\/wp\/v2\/pages\/5659\/revisions\/13202"}],"wp:attachment":[{"href":"https:\/\/ww16.ce.gov.br\/crede08-seduc\/wp-json\/wp\/v2\/media?parent=5659"}],"curies":[{"name":"wp","href":"https:\/\/api.w.org\/{rel}","templated":true}]}}